[INFO] fetching crate dicebear-core 11.0.0-rc.2...
[INFO] testing dicebear-core-11.0.0-rc.2 against 1.100.0-beta.1+cargoflags=--release for beta-release-1.100-2
[INFO] extracting crate dicebear-core 11.0.0-rc.2 into /workspace/builds/worker-5-tc2/source
[INFO] started tweaking crates.io crate dicebear-core 11.0.0-rc.2
[INFO] removed 0 missing tests
[INFO] finished tweaking crates.io crate dicebear-core 11.0.0-rc.2
[INFO] tweaked toml for crates.io crate dicebear-core 11.0.0-rc.2 written to /workspace/builds/worker-5-tc2/source/Cargo.toml
[INFO] validating manifest of crates.io crate dicebear-core 11.0.0-rc.2 on toolchain 1.100.0-beta.1
[INFO] running `Command { std: CARGO_HOME="/workspace/cargo-home" RUSTUP_HOME="/workspace/rustup-home" "/workspace/cargo-home/bin/cargo" "+1.100.0-beta.1" "metadata" "--manifest-path" "Cargo.toml" "--no-deps", kill_on_drop: false }`
[INFO] crate crates.io crate dicebear-core 11.0.0-rc.2 already has a lockfile, it will not be regenerated
[INFO] running `Command { std: CARGO_HOME="/workspace/cargo-home" RUSTUP_HOME="/workspace/rustup-home" "/workspace/cargo-home/bin/cargo" "+1.100.0-beta.1" "fetch" "--manifest-path" "Cargo.toml", kill_on_drop: false }`
[INFO] running `Command { std: "docker" "create" "-v" "/var/lib/crater-agent-workspace/builds/worker-5-tc2/source:/opt/rustwide/workdir:ro,Z" "-v" "/var/lib/crater-agent-workspace/builds/worker-5-tc2/target:/opt/rustwide/target:rw,Z" "-v" "/var/lib/crater-agent-workspace/cargo-home:/opt/rustwide/cargo-home:ro,Z" "-v" "/var/lib/crater-agent-workspace/rustup-home:/opt/rustwide/rustup-home:ro,Z" "-m" "1610612736" "--network" "none" "ghcr.io/rust-lang/crates-build-env/linux@sha256:77db811e55d90add9212f6832c23229e3de5f1c1f9905e8cb07319ea15df73ac" "sleep" "infinity", kill_on_drop: false }`
[INFO] [stdout] aea7e9dabf2db537f19088a2cde622d85f2cdf4a55fed59820b7ac3b772bce16
[INFO] running `Command { std: "docker" "start" "aea7e9dabf2db537f19088a2cde622d85f2cdf4a55fed59820b7ac3b772bce16", kill_on_drop: false }`
[INFO] running `Command { std: "docker" "inspect" "aea7e9dabf2db537f19088a2cde622d85f2cdf4a55fed59820b7ac3b772bce16", kill_on_drop: false }`
[INFO] running `Command { std: "docker" "exec" "-e" "SOURCE_DIR=/opt/rustwide/workdir" "-e" "CARGO_HOME=/opt/rustwide/cargo-home" "-e" "RUSTUP_HOME=/opt/rustwide/rustup-home" "-e" "CARGO_TARGET_DIR=/opt/rustwide/target" "-w" "/opt/rustwide/workdir" "--user" "0:0" "aea7e9dabf2db537f19088a2cde622d85f2cdf4a55fed59820b7ac3b772bce16" "/opt/rustwide/cargo-home/bin/cargo" "+1.100.0-beta.1" "metadata" "--no-deps" "--format-version=1", kill_on_drop: false }`
[INFO] running `Command { std: "docker" "inspect" "aea7e9dabf2db537f19088a2cde622d85f2cdf4a55fed59820b7ac3b772bce16", kill_on_drop: false }`
[INFO] running `Command { std: "docker" "exec" "-e" "SOURCE_DIR=/opt/rustwide/workdir" "-e" "CARGO_HOME=/opt/rustwide/cargo-home" "-e" "RUSTUP_HOME=/opt/rustwide/rustup-home" "-e" "CARGO_TARGET_DIR=/opt/rustwide/target" "-e" "CARGO_INCREMENTAL=0" "-e" "RUST_BACKTRACE=full" "-e" "RUSTFLAGS=--cap-lints=warn" "-e" "RUSTDOCFLAGS=--cap-lints=warn" "-w" "/opt/rustwide/workdir" "--user" "0:0" "aea7e9dabf2db537f19088a2cde622d85f2cdf4a55fed59820b7ac3b772bce16" "/opt/rustwide/cargo-home/bin/cargo" "+1.100.0-beta.1" "build" "--frozen" "--message-format=json" "--release", kill_on_drop: false }`
[INFO] [stderr]    Compiling libc v0.2.189
[INFO] [stderr]    Compiling futures-core v0.3.34
[INFO] [stderr]    Compiling smallvec v1.16.0
[INFO] [stderr]    Compiling pkg-config v0.3.34
[INFO] [stderr]    Compiling fs_extra v1.3.0
[INFO] [stderr]    Compiling dunce v1.0.5
[INFO] [stderr]    Compiling futures-sink v0.3.34
[INFO] [stderr]    Compiling litemap v0.8.3
[INFO] [stderr]    Compiling aws-lc-rs v1.18.1
[INFO] [stderr]    Compiling writeable v0.6.4
[INFO] [stderr]    Compiling syn v3.0.5
[INFO] [stderr]    Compiling syn v2.0.119
[INFO] [stderr]    Compiling http v1.5.0
[INFO] [stderr]    Compiling icu_normalizer_data v2.3.0
[INFO] [stderr]    Compiling icu_properties_data v2.3.0
[INFO] [stderr]    Compiling indexmap v2.14.2
[INFO] [stderr]    Compiling rustls-pki-types v1.15.1
[INFO] [stderr]    Compiling futures-io v0.3.34
[INFO] [stderr]    Compiling futures-task v0.3.34
[INFO] [stderr]    Compiling rustls v0.23.44
[INFO] [stderr]    Compiling futures-util v0.3.34
[INFO] [stderr]    Compiling num-integer v0.1.47
[INFO] [stderr]    Compiling futures-channel v0.3.34
[INFO] [stderr]    Compiling zerocopy v0.8.56
[INFO] [stderr]    Compiling serde_json v1.0.151
[INFO] [stderr]    Compiling ref-cast v1.0.27
[INFO] [stderr]    Compiling ahash v0.8.12
[INFO] [stderr]    Compiling form_urlencoded v1.2.2
[INFO] [stderr]    Compiling sync_wrapper v1.0.2
[INFO] [stderr]    Compiling aho-corasick v1.1.5
[INFO] [stderr]    Compiling ipnet v2.12.2
[INFO] [stderr]    Compiling num-complex v0.4.6
[INFO] [stderr]    Compiling num-bigint v0.4.8
[INFO] [stderr]    Compiling num-iter v0.1.46
[INFO] [stderr]    Compiling bitflags v2.13.1
[INFO] [stderr]    Compiling rustls-native-certs v0.8.4
[INFO] [stderr]    Compiling unicode-general-category v1.1.0
[INFO] [stderr]    Compiling foldhash v0.2.0
[INFO] [stderr]    Compiling bit-vec v0.8.0
[INFO] [stderr]    Compiling log v0.4.34
[INFO] [stderr]    Compiling borrow-or-share v0.2.4
[INFO] [stderr]    Compiling hashbrown v0.16.1
[INFO] [stderr]    Compiling bit-set v0.8.0
[INFO] [stderr]    Compiling micromap v0.3.0
[INFO] [stderr]    Compiling outref v0.5.2
[INFO] [stderr]    Compiling http-body v1.1.0
[INFO] [stderr]    Compiling vsimd v0.8.0
[INFO] [stderr]    Compiling http-body-util v0.1.5
[INFO] [stderr]    Compiling jsonschema-regex v0.46.10
[INFO] [stderr]    Compiling num-cmp v0.1.0
[INFO] [stderr]    Compiling bytecount v0.6.9
[INFO] [stderr]    Compiling mio v1.2.3
[INFO] [stderr]    Compiling socket2 v0.6.5
[INFO] [stderr]    Compiling jobserver v0.1.35
[INFO] [stderr]    Compiling parking_lot_core v0.9.12
[INFO] [stderr]    Compiling getrandom v0.3.4
[INFO] [stderr]    Compiling uuid-simd v0.8.0
[INFO] [stderr]    Compiling data-encoding v2.11.1
[INFO] [stderr]    Compiling dicebear-schema v2.0.2
[INFO] [stderr]    Compiling cc v1.4.5
[INFO] [stderr]    Compiling parking_lot v0.12.5
[INFO] [stderr]    Compiling regex-automata v0.4.18
[INFO] [stderr]    Compiling tokio v1.53.1
[INFO] [stderr]    Compiling synstructure v0.13.2
[INFO] [stderr]    Compiling num-rational v0.4.2
[INFO] [stderr]    Compiling num v0.4.3
[INFO] [stderr]    Compiling fraction v0.15.4
[INFO] [stderr]    Compiling zerovec-derive v0.11.6
[INFO] [stderr]    Compiling zerofrom-derive v0.1.7
[INFO] [stderr]    Compiling yoke-derive v0.8.2
[INFO] [stderr]    Compiling displaydoc v0.2.7
[INFO] [stderr]    Compiling cmake v0.1.58
[INFO] [stderr]    Compiling serde_derive v1.0.229
[INFO] [stderr]    Compiling ref-cast-impl v1.0.27
[INFO] [stderr]    Compiling zerofrom v0.1.8
[INFO] [stderr]    Compiling aws-lc-sys v0.45.0
[INFO] [stderr]    Compiling yoke v0.8.3
[INFO] [stderr]    Compiling zerovec v0.11.8
[INFO] [stderr]    Compiling zerotrie v0.2.5
[INFO] [stderr]    Compiling tinystr v0.8.4
[INFO] [stderr]    Compiling potential_utf v0.1.6
[INFO] [stderr]    Compiling icu_collections v2.3.0
[INFO] [stderr]    Compiling icu_locale_core v2.3.0
[INFO] [stderr]    Compiling fancy-regex v0.18.0
[INFO] [stderr]    Compiling regex v1.13.1
[INFO] [stderr]    Compiling serde v1.0.229
[INFO] [stderr]    Compiling icu_provider v2.3.1
[INFO] [stderr]    Compiling fluent-uri v0.4.1
[INFO] [stderr]    Compiling icu_properties v2.3.0
[INFO] [stderr]    Compiling icu_normalizer v2.3.0
[INFO] [stderr]    Compiling email_address v0.2.9
[INFO] [stderr]    Compiling tokio-util v0.7.19
[INFO] [stderr]    Compiling tower v0.5.3
[INFO] [stderr]    Compiling referencing v0.46.10
[INFO] [stderr]    Compiling h2 v0.4.19
[INFO] [stderr]    Compiling idna_adapter v1.2.2
[INFO] [stderr]    Compiling idna v1.1.0
[INFO] [stderr]    Compiling url v2.5.8
[INFO] [stderr]    Compiling tower-http v0.6.11
[INFO] [stderr]    Compiling hyper v1.11.1
[INFO] [stderr]    Compiling hyper-util v0.1.20
[INFO] [stderr]    Compiling rustls-webpki v0.103.15
[INFO] [stderr]    Compiling tokio-rustls v0.26.5
[INFO] [stderr]    Compiling rustls-platform-verifier v0.7.0
[INFO] [stderr]    Compiling hyper-rustls v0.27.9
[INFO] [stderr]    Compiling reqwest v0.13.4
[INFO] [stderr]    Compiling jsonschema v0.46.10
[INFO] [stderr]    Compiling dicebear-core v11.0.0-rc.2 (/opt/rustwide/workdir)
[INFO] [stderr]     Finished `release` profile [optimized] target(s) in 2m 44s
[INFO] running `Command { std: "docker" "inspect" "aea7e9dabf2db537f19088a2cde622d85f2cdf4a55fed59820b7ac3b772bce16", kill_on_drop: false }`
[INFO] running `Command { std: "docker" "exec" "-e" "SOURCE_DIR=/opt/rustwide/workdir" "-e" "CARGO_HOME=/opt/rustwide/cargo-home" "-e" "RUSTUP_HOME=/opt/rustwide/rustup-home" "-e" "CARGO_TARGET_DIR=/opt/rustwide/target" "-e" "CARGO_INCREMENTAL=0" "-e" "RUST_BACKTRACE=full" "-e" "RUSTFLAGS=--cap-lints=warn" "-e" "RUSTDOCFLAGS=--cap-lints=warn" "-w" "/opt/rustwide/workdir" "--user" "0:0" "aea7e9dabf2db537f19088a2cde622d85f2cdf4a55fed59820b7ac3b772bce16" "/opt/rustwide/cargo-home/bin/cargo" "+1.100.0-beta.1" "test" "--frozen" "--no-run" "--message-format=json" "--release", kill_on_drop: false }`
[INFO] [stderr]    Compiling dicebear-core v11.0.0-rc.2 (/opt/rustwide/workdir)
[INFO] [stderr]     Finished `release` profile [optimized] target(s) in 11.81s
[INFO] running `Command { std: "docker" "inspect" "aea7e9dabf2db537f19088a2cde622d85f2cdf4a55fed59820b7ac3b772bce16", kill_on_drop: false }`
[INFO] running `Command { std: "docker" "exec" "-e" "SOURCE_DIR=/opt/rustwide/workdir" "-e" "CARGO_HOME=/opt/rustwide/cargo-home" "-e" "RUSTUP_HOME=/opt/rustwide/rustup-home" "-e" "CARGO_TARGET_DIR=/opt/rustwide/target" "-e" "CARGO_INCREMENTAL=0" "-e" "RUST_BACKTRACE=full" "-e" "RUSTFLAGS=--cap-lints=warn" "-e" "RUSTDOCFLAGS=--cap-lints=warn" "-w" "/opt/rustwide/workdir" "--user" "0:0" "aea7e9dabf2db537f19088a2cde622d85f2cdf4a55fed59820b7ac3b772bce16" "/opt/rustwide/cargo-home/bin/cargo" "+1.100.0-beta.1" "test" "--frozen" "--release", kill_on_drop: false }`
[INFO] [stderr]     Finished `release` profile [optimized] target(s) in 0.28s
[INFO] [stderr]      Running unittests src/lib.rs (/opt/rustwide/target/release/build/dicebear-core/67de341b4cce749d/out/dicebear_core-67de341b4cce749d)
[INFO] [stdout] 
[INFO] [stdout] running 48 tests
[INFO] [stdout] test prng::tests::fnv1a_parity ... FAILED
[INFO] [stdout] test prng::tests::mulberry32_parity ... FAILED
[INFO] [stdout] test options::tests::color_order_passes_the_value_through ... ok
[INFO] [stdout] test prng::tests::prng_parity ... FAILED
[INFO] [stdout] test options::tests::color_order_returns_none_when_unset ... ok
[INFO] [stdout] test renderer::tests::per_name_speed_records_the_drawn_factor_in_the_resolved_options ... ok
[INFO] [stdout] test renderer::tests::named_selection_includes_the_switches_in_the_class_namespace ... ok
[INFO] [stdout] test renderer::tests::per_name_speed_ignores_a_name_the_style_does_not_carry ... ok
[INFO] [stdout] test renderer::tests::per_name_speed_lets_the_specific_option_win_over_the_global_one ... ok
[INFO] [stdout] test renderer::tests::delay_lets_a_named_delay_win_over_the_global_one ... ok
[INFO] [stdout] test renderer::tests::per_name_speed_includes_the_named_factor_in_the_class_namespace ... ok
[INFO] [stdout] test renderer::tests::named_selection_switches_a_timeline_off_while_the_rest_play ... ok
[INFO] [stdout] test renderer::tests::named_selection_combines_several_switches ... ok
[INFO] [stdout] test renderer::tests::named_selection_plays_unnamed_timelines_only_through_the_global_switch ... ok
[INFO] [stdout] test resolver::tests::animation_speed_draws_a_specific_range_under_its_own_key ... ok
[INFO] [stdout] test resolver::tests::animation_speed_lets_the_specific_option_win_over_the_global_one ... ok
[INFO] [stdout] test resolver::tests::animation_delay_draws_a_range_under_its_own_key_seeded ... ok
[INFO] [stdout] test resolver::tests::animation_delay_lets_a_named_delay_win_over_the_global_one ... ok
[INFO] [stdout] test renderer::tests::per_name_speed_scales_only_the_named_timeline ... ok
[INFO] [stdout] test resolver::tests::color_order_defaults_to_random ... ok
[INFO] [stdout] test renderer::tests::delay_is_added_after_the_speed_has_scaled_the_authored_one ... ok
[INFO] [stdout] test renderer::tests::delay_is_included_in_the_class_namespace ... ok
[INFO] [stdout] test renderer::tests::named_selection_records_the_switches_in_the_resolved_options ... ok
[INFO] [stdout] test resolver::tests::animation_plays_lets_a_named_switch_win_over_the_global_one ... ok
[INFO] [stdout] test resolver::tests::fixed_order_keeps_a_style_palette_in_definition_order ... ok
[INFO] [stdout] test resolver::tests::fixed_order_always_uses_the_first_color_for_solid_fills ... ok
[INFO] [stdout] test resolver::tests::fixed_order_defaults_the_stop_count_to_the_palette_size ... ok
[INFO] [stdout] test resolver::tests::fixed_order_skips_contrast_sorting_for_a_style_palette ... ok
[INFO] [stdout] test utils::color::tests::normalizes_hex ... ok
[INFO] [stdout] test utils::color::tests::filters_excluded_and_falls_back ... ok
[INFO] [stdout] test resolver::tests::fixed_order_skips_contrast_sorting ... ok
[INFO] [stdout] test resolver::tests::fixed_order_defaults_the_stop_count_to_the_number_of_colors ... ok
[INFO] [stdout] test utils::color::tests::color_parity ... FAILED
[INFO] [stdout] test resolver::tests::fixed_order_keeps_the_given_order_for_gradient_fills ... ok
[INFO] [stdout] test utils::color::tests::parses_channels ... ok
[INFO] [stdout] test renderer::tests::delay_is_recorded_in_the_resolved_options ... ok
[INFO] [stdout] test utils::color::tests::luminance_endpoints ... ok
[INFO] [stdout] test resolver::tests::fixed_order_keeps_the_order_for_every_seed ... ok
[INFO] [stdout] test renderer::tests::named_selection_stays_static_for_a_name_the_style_does_not_carry ... ok
[INFO] [stdout] test utils::color::tests::sorts_by_contrast_descending ... ok
[INFO] [stdout] test resolver::tests::fixed_order_respects_an_explicit_stop_count ... ok
[INFO] [stdout] test renderer::tests::named_selection_plays_only_a_timeline_switched_on_by_name ... ok
[INFO] [stdout] test resolver::tests::fixed_order_still_applies_not_equal_to_filtering ... ok
[INFO] [stdout] test renderer::tests::per_name_speed_leaves_a_timeline_that_does_not_play_untouched ... ok
[INFO] [stdout] test utils::xml::tests::escapes_the_five_entities ... ok
[INFO] [stdout] test utils::initials::tests::initials_parity ... FAILED
[INFO] [stderr] error: test failed, to rerun pass `--lib`
[INFO] [stdout] test utils::number::tests::number_parity ... FAILED
[INFO] [stdout] test utils::xml::tests::leaves_plain_text_untouched ... ok
[INFO] [stdout] 
[INFO] [stdout] failures:
[INFO] [stdout] 
[INFO] [stdout] ---- prng::tests::fnv1a_parity stdout ----
[INFO] [stdout] 
[INFO] [stdout] thread 'prng::tests::fnv1a_parity' (3442) panicked at src/prng.rs:208:58:
[INFO] [stdout] read /opt/rustwide/workdir/../../../tests/fixtures/parity/fnv1a.json: No such file or directory (os error 2)
[INFO] [stdout] stack backtrace:
[INFO] [stdout]    0:     0x5a1fa7df2131 - <<std[617be2ca0a6fd877]::sys::backtrace::BacktraceLock>::print::DisplayBacktrace as core[a373ad73a504971]::fmt::Display>::fmt
[INFO] [stdout]    1:     0x5a1fa7e0a3fa - core[a373ad73a504971]::fmt::write
[INFO] [stdout]    2:     0x5a1fa7df6e9c - <alloc[2e1b2a31b91974c5]::vec::Vec<u8> as core[a373ad73a504971]::io::write::Write>::write_fmt
[INFO] [stdout]    3:     0x5a1fa7dcc316 - std[617be2ca0a6fd877]::panicking::default_hook::{closure#0}
[INFO] [stdout]    4:     0x5a1fa7de93a9 - std[617be2ca0a6fd877]::panicking::default_hook
[INFO] [stdout]    5:     0x5a1fa7717e70 - test[aada8e7e76ba119b]::test_main_inner::{closure#0}
[INFO] [stdout]    6:     0x5a1fa7de96d2 - std[617be2ca0a6fd877]::panicking::panic_with_hook
[INFO] [stdout]    7:     0x5a1fa7dcc3c2 - std[617be2ca0a6fd877]::panicking::panic_handler::{closure#0}
[INFO] [stdout]    8:     0x5a1fa7dc4dc9 - std[617be2ca0a6fd877]::sys::backtrace::__rust_end_short_backtrace::<std[617be2ca0a6fd877]::panicking::panic_handler::{closure#0}, !>
[INFO] [stdout]    9:     0x5a1fa7dcd1bd - __rustc[ea4f61d10b84890b]::rust_begin_unwind
[INFO] [stdout]   10:     0x5a1fa7e0abdc - core[a373ad73a504971]::panicking::panic_fmt
[INFO] [stdout]   11:     0x5a1fa76d8b29 - dicebear_core[d06810195f9afc6]::prng::tests::fixture::{closure#0}
[INFO] [stdout]   12:     0x5a1fa76e0158 - dicebear_core[d06810195f9afc6]::prng::tests::fixture
[INFO] [stdout]   13:     0x5a1fa76e22c4 - <dicebear_core[d06810195f9afc6]::prng::tests::fnv1a_parity::{closure#0} as core[a373ad73a504971]::ops::function::FnOnce<()>>::call_once
[INFO] [stdout]   14:     0x5a1fa770b2bb - test[aada8e7e76ba119b]::__rust_begin_short_backtrace::<core[a373ad73a504971]::result::Result<(), alloc[2e1b2a31b91974c5]::string::String>, fn() -> core[a373ad73a504971]::result::Result<(), alloc[2e1b2a31b91974c5]::string::String>>
[INFO] [stdout]   15:     0x5a1fa7718495 - test[aada8e7e76ba119b]::run_test::{closure#0}
[INFO] [stdout]   16:     0x5a1fa7711d84 - std[617be2ca0a6fd877]::sys::backtrace::__rust_begin_short_backtrace::<test[aada8e7e76ba119b]::run_test::{closure#1}, ()>
[INFO] [stdout]   17:     0x5a1fa771b522 - <std[617be2ca0a6fd877]::thread::lifecycle::spawn_unchecked<test[aada8e7e76ba119b]::run_test::{closure#1}, ()>::{closure#1} as core[a373ad73a504971]::ops::function::FnOnce<()>>::call_once::{shim:vtable#0}
[INFO] [stdout]   18:     0x5a1fa7df127f - <std[617be2ca0a6fd877]::sys::thread::unix::Thread>::new::thread_start
[INFO] [stdout]   19:     0x7632a3c07dfa - <unknown>
[INFO] [stdout]   20:     0x7632a3c9b3d4 - clone
[INFO] [stdout]   21:                0x0 - <unknown>
[INFO] [stdout] 
[INFO] [stdout] ---- prng::tests::mulberry32_parity stdout ----
[INFO] [stdout] 
[INFO] [stdout] thread 'prng::tests::mulberry32_parity' (3443) panicked at src/prng.rs:208:58:
[INFO] [stdout] read /opt/rustwide/workdir/../../../tests/fixtures/parity/mulberry32.json: No such file or directory (os error 2)
[INFO] [stdout] stack backtrace:
[INFO] [stdout]    0:     0x5a1fa7df2131 - <<std[617be2ca0a6fd877]::sys::backtrace::BacktraceLock>::print::DisplayBacktrace as core[a373ad73a504971]::fmt::Display>::fmt
[INFO] [stdout]    1:     0x5a1fa7e0a3fa - core[a373ad73a504971]::fmt::write
[INFO] [stdout]    2:     0x5a1fa7df6e9c - <alloc[2e1b2a31b91974c5]::vec::Vec<u8> as core[a373ad73a504971]::io::write::Write>::write_fmt
[INFO] [stdout]    3:     0x5a1fa7dcc316 - std[617be2ca0a6fd877]::panicking::default_hook::{closure#0}
[INFO] [stdout]    4:     0x5a1fa7de93a9 - std[617be2ca0a6fd877]::panicking::default_hook
[INFO] [stdout]    5:     0x5a1fa7717e70 - test[aada8e7e76ba119b]::test_main_inner::{closure#0}
[INFO] [stdout]    6:     0x5a1fa7de96d2 - std[617be2ca0a6fd877]::panicking::panic_with_hook
[INFO] [stdout]    7:     0x5a1fa7dcc3c2 - std[617be2ca0a6fd877]::panicking::panic_handler::{closure#0}
[INFO] [stdout]    8:     0x5a1fa7dc4dc9 - std[617be2ca0a6fd877]::sys::backtrace::__rust_end_short_backtrace::<std[617be2ca0a6fd877]::panicking::panic_handler::{closure#0}, !>
[INFO] [stdout]    9:     0x5a1fa7dcd1bd - __rustc[ea4f61d10b84890b]::rust_begin_unwind
[INFO] [stdout]   10:     0x5a1fa7e0abdc - core[a373ad73a504971]::panicking::panic_fmt
[INFO] [stdout]   11:     0x5a1fa76d8b29 - dicebear_core[d06810195f9afc6]::prng::tests::fixture::{closure#0}
[INFO] [stdout]   12:     0x5a1fa76e0158 - dicebear_core[d06810195f9afc6]::prng::tests::fixture
[INFO] [stdout]   13:     0x5a1fa76e2754 - <dicebear_core[d06810195f9afc6]::prng::tests::mulberry32_parity::{closure#0} as core[a373ad73a504971]::ops::function::FnOnce<()>>::call_once
[INFO] [stdout]   14:     0x5a1fa770b2bb - test[aada8e7e76ba119b]::__rust_begin_short_backtrace::<core[a373ad73a504971]::result::Result<(), alloc[2e1b2a31b91974c5]::string::String>, fn() -> core[a373ad73a504971]::result::Result<(), alloc[2e1b2a31b91974c5]::string::String>>
[INFO] [stdout]   15:     0x5a1fa7718495 - test[aada8e7e76ba119b]::run_test::{closure#0}
[INFO] [stdout]   16:     0x5a1fa7711d84 - std[617be2ca0a6fd877]::sys::backtrace::__rust_begin_short_backtrace::<test[aada8e7e76ba119b]::run_test::{closure#1}, ()>
[INFO] [stdout]   17:     0x5a1fa771b522 - <std[617be2ca0a6fd877]::thread::lifecycle::spawn_unchecked<test[aada8e7e76ba119b]::run_test::{closure#1}, ()>::{closure#1} as core[a373ad73a504971]::ops::function::FnOnce<()>>::call_once::{shim:vtable#0}
[INFO] [stdout]   18:     0x5a1fa7df127f - <std[617be2ca0a6fd877]::sys::thread::unix::Thread>::new::thread_start
[INFO] [stdout]   19:     0x7632a3c07dfa - <unknown>
[INFO] [stdout]   20:     0x7632a3c9b3d4 - clone
[INFO] [stdout]   21:                0x0 - <unknown>
[INFO] [stdout] 
[INFO] [stdout] ---- prng::tests::prng_parity stdout ----
[INFO] [stdout] 
[INFO] [stdout] thread 'prng::tests::prng_parity' (3444) panicked at src/prng.rs:208:58:
[INFO] [stdout] read /opt/rustwide/workdir/../../../tests/fixtures/parity/prng.json: No such file or directory (os error 2)
[INFO] [stdout] stack backtrace:
[INFO] [stdout]    0:     0x5a1fa7df2131 - <<std[617be2ca0a6fd877]::sys::backtrace::BacktraceLock>::print::DisplayBacktrace as core[a373ad73a504971]::fmt::Display>::fmt
[INFO] [stdout]    1:     0x5a1fa7e0a3fa - core[a373ad73a504971]::fmt::write
[INFO] [stdout]    2:     0x5a1fa7df6e9c - <alloc[2e1b2a31b91974c5]::vec::Vec<u8> as core[a373ad73a504971]::io::write::Write>::write_fmt
[INFO] [stdout]    3:     0x5a1fa7dcc316 - std[617be2ca0a6fd877]::panicking::default_hook::{closure#0}
[INFO] [stdout]    4:     0x5a1fa7de93a9 - std[617be2ca0a6fd877]::panicking::default_hook
[INFO] [stdout]    5:     0x5a1fa7717e70 - test[aada8e7e76ba119b]::test_main_inner::{closure#0}
[INFO] [stdout]    6:     0x5a1fa7de96d2 - std[617be2ca0a6fd877]::panicking::panic_with_hook
[INFO] [stdout]    7:     0x5a1fa7dcc3c2 - std[617be2ca0a6fd877]::panicking::panic_handler::{closure#0}
[INFO] [stdout]    8:     0x5a1fa7dc4dc9 - std[617be2ca0a6fd877]::sys::backtrace::__rust_end_short_backtrace::<std[617be2ca0a6fd877]::panicking::panic_handler::{closure#0}, !>
[INFO] [stdout]    9:     0x5a1fa7dcd1bd - __rustc[ea4f61d10b84890b]::rust_begin_unwind
[INFO] [stdout]   10:     0x5a1fa7e0abdc - core[a373ad73a504971]::panicking::panic_fmt
[INFO] [stdout]   11:     0x5a1fa76d8b29 - dicebear_core[d06810195f9afc6]::prng::tests::fixture::{closure#0}
[INFO] [stdout]   12:     0x5a1fa76e0158 - dicebear_core[d06810195f9afc6]::prng::tests::fixture
[INFO] [stdout]   13:     0x5a1fa76e0475 - <dicebear_core[d06810195f9afc6]::prng::tests::prng_parity::{closure#0} as core[a373ad73a504971]::ops::function::FnOnce<()>>::call_once
[INFO] [stdout]   14:     0x5a1fa770b2bb - test[aada8e7e76ba119b]::__rust_begin_short_backtrace::<core[a373ad73a504971]::result::Result<(), alloc[2e1b2a31b91974c5]::string::String>, fn() -> core[a373ad73a504971]::result::Result<(), alloc[2e1b2a31b91974c5]::string::String>>
[INFO] [stdout]   15:     0x5a1fa7718495 - test[aada8e7e76ba119b]::run_test::{closure#0}
[INFO] [stdout]   16:     0x5a1fa7711d84 - std[617be2ca0a6fd877]::sys::backtrace::__rust_begin_short_backtrace::<test[aada8e7e76ba119b]::run_test::{closure#1}, ()>
[INFO] [stdout]   17:     0x5a1fa771b522 - <std[617be2ca0a6fd877]::thread::lifecycle::spawn_unchecked<test[aada8e7e76ba119b]::run_test::{closure#1}, ()>::{closure#1} as core[a373ad73a504971]::ops::function::FnOnce<()>>::call_once::{shim:vtable#0}
[INFO] [stdout]   18:     0x5a1fa7df127f - <std[617be2ca0a6fd877]::sys::thread::unix::Thread>::new::thread_start
[INFO] [stdout]   19:     0x7632a3c07dfa - <unknown>
[INFO] [stdout]   20:     0x7632a3c9b3d4 - clone
[INFO] [stdout]   21:                0x0 - <unknown>
[INFO] [stdout] 
[INFO] [stdout] ---- utils::color::tests::color_parity stdout ----
[INFO] [stdout] 
[INFO] [stdout] thread 'utils::color::tests::color_parity' (3478) panicked at src/utils/color.rs:160:58:
[INFO] [stdout] read /opt/rustwide/workdir/../../../tests/fixtures/parity/colors.json: No such file or directory (os error 2)
[INFO] [stdout] stack backtrace:
[INFO] [stdout]    0:     0x5a1fa7df2131 - <<std[617be2ca0a6fd877]::sys::backtrace::BacktraceLock>::print::DisplayBacktrace as core[a373ad73a504971]::fmt::Display>::fmt
[INFO] [stdout]    1:     0x5a1fa7e0a3fa - core[a373ad73a504971]::fmt::write
[INFO] [stdout]    2:     0x5a1fa7df6e9c - <alloc[2e1b2a31b91974c5]::vec::Vec<u8> as core[a373ad73a504971]::io::write::Write>::write_fmt
[INFO] [stdout]    3:     0x5a1fa7dcc316 - std[617be2ca0a6fd877]::panicking::default_hook::{closure#0}
[INFO] [stdout]    4:     0x5a1fa7de93a9 - std[617be2ca0a6fd877]::panicking::default_hook
[INFO] [stdout]    5:     0x5a1fa7717e70 - test[aada8e7e76ba119b]::test_main_inner::{closure#0}
[INFO] [stdout]    6:     0x5a1fa7de96d2 - std[617be2ca0a6fd877]::panicking::panic_with_hook
[INFO] [stdout]    7:     0x5a1fa7dcc3c2 - std[617be2ca0a6fd877]::panicking::panic_handler::{closure#0}
[INFO] [stdout]    8:     0x5a1fa7dc4dc9 - std[617be2ca0a6fd877]::sys::backtrace::__rust_end_short_backtrace::<std[617be2ca0a6fd877]::panicking::panic_handler::{closure#0}, !>
[INFO] [stdout]    9:     0x5a1fa7dcd1bd - __rustc[ea4f61d10b84890b]::rust_begin_unwind
[INFO] [stdout]   10:     0x5a1fa7e0abdc - core[a373ad73a504971]::panicking::panic_fmt
[INFO] [stdout]   11:     0x5a1fa76fc359 - dicebear_core[d06810195f9afc6]::utils::color::tests::fixture::{closure#0}
[INFO] [stdout]   12:     0x5a1fa76ff4f3 - <dicebear_core[d06810195f9afc6]::utils::color::tests::color_parity::{closure#0} as core[a373ad73a504971]::ops::function::FnOnce<()>>::call_once
[INFO] [stdout]   13:     0x5a1fa770b2bb - test[aada8e7e76ba119b]::__rust_begin_short_backtrace::<core[a373ad73a504971]::result::Result<(), alloc[2e1b2a31b91974c5]::string::String>, fn() -> core[a373ad73a504971]::result::Result<(), alloc[2e1b2a31b91974c5]::string::String>>
[INFO] [stdout]   14:     0x5a1fa7718495 - test[aada8e7e76ba119b]::run_test::{closure#0}
[INFO] [stdout]   15:     0x5a1fa7711d84 - std[617be2ca0a6fd877]::sys::backtrace::__rust_begin_short_backtrace::<test[aada8e7e76ba119b]::run_test::{closure#1}, ()>
[INFO] [stdout]   16:     0x5a1fa771b522 - <std[617be2ca0a6fd877]::thread::lifecycle::spawn_unchecked<test[aada8e7e76ba119b]::run_test::{closure#1}, ()>::{closure#1} as core[a373ad73a504971]::ops::function::FnOnce<()>>::call_once::{shim:vtable#0}
[INFO] [stdout]   17:     0x5a1fa7df127f - <std[617be2ca0a6fd877]::sys::thread::unix::Thread>::new::thread_start
[INFO] [stdout]   18:     0x7632a3c07dfa - <unknown>
[INFO] [stdout]   19:     0x7632a3c9b3d4 - clone
[INFO] [stdout]   20:                0x0 - <unknown>
[INFO] [stdout] 
[INFO] [stdout] ---- utils::initials::tests::initials_parity stdout ----
[INFO] [stdout] 
[INFO] [stdout] thread 'utils::initials::tests::initials_parity' (3484) panicked at src/utils/initials.rs:83:58:
[INFO] [stdout] read /opt/rustwide/workdir/../../../tests/fixtures/parity/initials.json: No such file or directory (os error 2)
[INFO] [stdout] stack backtrace:
[INFO] [stdout]    0:     0x5a1fa7df2131 - <<std[617be2ca0a6fd877]::sys::backtrace::BacktraceLock>::print::DisplayBacktrace as core[a373ad73a504971]::fmt::Display>::fmt
[INFO] [stdout]    1:     0x5a1fa7e0a3fa - core[a373ad73a504971]::fmt::write
[INFO] [stdout]    2:     0x5a1fa7df6e9c - <alloc[2e1b2a31b91974c5]::vec::Vec<u8> as core[a373ad73a504971]::io::write::Write>::write_fmt
[INFO] [stdout]    3:     0x5a1fa7dcc316 - std[617be2ca0a6fd877]::panicking::default_hook::{closure#0}
[INFO] [stdout]    4:     0x5a1fa7de93a9 - std[617be2ca0a6fd877]::panicking::default_hook
[INFO] [stdout]    5:     0x5a1fa7717e70 - test[aada8e7e76ba119b]::test_main_inner::{closure#0}
[INFO] [stdout]    6:     0x5a1fa7de96d2 - std[617be2ca0a6fd877]::panicking::panic_with_hook
[INFO] [stdout]    7:     0x5a1fa7dcc3c2 - std[617be2ca0a6fd877]::panicking::panic_handler::{closure#0}
[INFO] [stdout]    8:     0x5a1fa7dc4dc9 - std[617be2ca0a6fd877]::sys::backtrace::__rust_end_short_backtrace::<std[617be2ca0a6fd877]::panicking::panic_handler::{closure#0}, !>
[INFO] [stdout]    9:     0x5a1fa7dcd1bd - __rustc[ea4f61d10b84890b]::rust_begin_unwind
[INFO] [stdout]   10:     0x5a1fa7e0abdc - core[a373ad73a504971]::panicking::panic_fmt
[INFO] [stdout]   11:     0x5a1fa76e8b29 - dicebear_core[d06810195f9afc6]::utils::initials::tests::fixture::{closure#0}
[INFO] [stdout]   12:     0x5a1fa76f4631 - <dicebear_core[d06810195f9afc6]::utils::initials::tests::initials_parity::{closure#0} as core[a373ad73a504971]::ops::function::FnOnce<()>>::call_once
[INFO] [stdout]   13:     0x5a1fa770b2bb - test[aada8e7e76ba119b]::__rust_begin_short_backtrace::<core[a373ad73a504971]::result::Result<(), alloc[2e1b2a31b91974c5]::string::String>, fn() -> core[a373ad73a504971]::result::Result<(), alloc[2e1b2a31b91974c5]::string::String>>
[INFO] [stdout]   14:     0x5a1fa7718495 - test[aada8e7e76ba119b]::run_test::{closure#0}
[INFO] [stdout]   15:     0x5a1fa7711d84 - std[617be2ca0a6fd877]::sys::backtrace::__rust_begin_short_backtrace::<test[aada8e7e76ba119b]::run_test::{closure#1}, ()>
[INFO] [stdout]   16:     0x5a1fa771b522 - <std[617be2ca0a6fd877]::thread::lifecycle::spawn_unchecked<test[aada8e7e76ba119b]::run_test::{closure#1}, ()>::{closure#1} as core[a373ad73a504971]::ops::function::FnOnce<()>>::call_once::{shim:vtable#0}
[INFO] [stdout]   17:     0x5a1fa7df127f - <std[617be2ca0a6fd877]::sys::thread::unix::Thread>::new::thread_start
[INFO] [stdout]   18:     0x7632a3c07dfa - <unknown>
[INFO] [stdout]   19:     0x7632a3c9b3d4 - clone
[INFO] [stdout]   20:                0x0 - <unknown>
[INFO] [stdout] 
[INFO] [stdout] ---- utils::number::tests::number_parity stdout ----
[INFO] [stdout] 
[INFO] [stdout] thread 'utils::number::tests::number_parity' (3485) panicked at src/utils/number.rs:66:58:
[INFO] [stdout] read /opt/rustwide/workdir/../../../tests/fixtures/parity/numbers.json: No such file or directory (os error 2)
[INFO] [stdout] stack backtrace:
[INFO] [stdout]    0:     0x5a1fa7df2131 - <<std[617be2ca0a6fd877]::sys::backtrace::BacktraceLock>::print::DisplayBacktrace as core[a373ad73a504971]::fmt::Display>::fmt
[INFO] [stdout]    1:     0x5a1fa7e0a3fa - core[a373ad73a504971]::fmt::write
[INFO] [stdout]    2:     0x5a1fa7df6e9c - <alloc[2e1b2a31b91974c5]::vec::Vec<u8> as core[a373ad73a504971]::io::write::Write>::write_fmt
[INFO] [stdout]    3:     0x5a1fa7dcc316 - std[617be2ca0a6fd877]::panicking::default_hook::{closure#0}
[INFO] [stdout]    4:     0x5a1fa7de93a9 - std[617be2ca0a6fd877]::panicking::default_hook
[INFO] [stdout]    5:     0x5a1fa7717e70 - test[aada8e7e76ba119b]::test_main_inner::{closure#0}
[INFO] [stdout]    6:     0x5a1fa7de96d2 - std[617be2ca0a6fd877]::panicking::panic_with_hook
[INFO] [stdout]    7:     0x5a1fa7dcc3c2 - std[617be2ca0a6fd877]::panicking::panic_handler::{closure#0}
[INFO] [stdout]    8:     0x5a1fa7dc4dc9 - std[617be2ca0a6fd877]::sys::backtrace::__rust_end_short_backtrace::<std[617be2ca0a6fd877]::panicking::panic_handler::{closure#0}, !>
[INFO] [stdout]    9:     0x5a1fa7dcd1bd - __rustc[ea4f61d10b84890b]::rust_begin_unwind
[INFO] [stdout]   10:     0x5a1fa7e0abdc - core[a373ad73a504971]::panicking::panic_fmt
[INFO] [stdout]   11:     0x5a1fa76e8a89 - dicebear_core[d06810195f9afc6]::utils::number::tests::fixture::{closure#0}
[INFO] [stdout]   12:     0x5a1fa76f41d3 - <dicebear_core[d06810195f9afc6]::utils::number::tests::number_parity::{closure#0} as core[a373ad73a504971]::ops::function::FnOnce<()>>::call_once
[INFO] [stdout]   13:     0x5a1fa770b2bb - test[aada8e7e76ba119b]::__rust_begin_short_backtrace::<core[a373ad73a504971]::result::Result<(), alloc[2e1b2a31b91974c5]::string::String>, fn() -> core[a373ad73a504971]::result::Result<(), alloc[2e1b2a31b91974c5]::string::String>>
[INFO] [stdout]   14:     0x5a1fa7718495 - test[aada8e7e76ba119b]::run_test::{closure#0}
[INFO] [stdout]   15:     0x5a1fa7711d84 - std[617be2ca0a6fd877]::sys::backtrace::__rust_begin_short_backtrace::<test[aada8e7e76ba119b]::run_test::{closure#1}, ()>
[INFO] [stdout]   16:     0x5a1fa771b522 - <std[617be2ca0a6fd877]::thread::lifecycle::spawn_unchecked<test[aada8e7e76ba119b]::run_test::{closure#1}, ()>::{closure#1} as core[a373ad73a504971]::ops::function::FnOnce<()>>::call_once::{shim:vtable#0}
[INFO] [stdout]   17:     0x5a1fa7df127f - <std[617be2ca0a6fd877]::sys::thread::unix::Thread>::new::thread_start
[INFO] [stdout]   18:     0x7632a3c07dfa - <unknown>
[INFO] [stdout]   19:     0x7632a3c9b3d4 - clone
[INFO] [stdout]   20:                0x0 - <unknown>
[INFO] [stdout] 
[INFO] [stdout] 
[INFO] [stdout] failures:
[INFO] [stdout]     prng::tests::fnv1a_parity
[INFO] [stdout]     prng::tests::mulberry32_parity
[INFO] [stdout]     prng::tests::prng_parity
[INFO] [stdout]     utils::color::tests::color_parity
[INFO] [stdout]     utils::initials::tests::initials_parity
[INFO] [stdout]     utils::number::tests::number_parity
[INFO] [stdout] 
[INFO] [stdout] test result: FAILED. 42 passed; 6 failed; 0 ignored; 0 measured; 0 filtered out; finished in 0.04s
[INFO] [stdout] 
[INFO] running `Command { std: "docker" "inspect" "aea7e9dabf2db537f19088a2cde622d85f2cdf4a55fed59820b7ac3b772bce16", kill_on_drop: false }`
[INFO] running `Command { std: "docker" "rm" "-f" "aea7e9dabf2db537f19088a2cde622d85f2cdf4a55fed59820b7ac3b772bce16", kill_on_drop: false }`
[INFO] [stdout] aea7e9dabf2db537f19088a2cde622d85f2cdf4a55fed59820b7ac3b772bce16
