[INFO] fetching crate dicebag 0.3.37...
[INFO] testing dicebag-0.3.37 against 1.99.0-beta.8+cargoflags=--release for beta-release-1.100-2
[INFO] extracting crate dicebag 0.3.37 into /workspace/builds/worker-7-tc1/source
[INFO] started tweaking crates.io crate dicebag 0.3.37
[INFO] removed 0 missing tests
[INFO] finished tweaking crates.io crate dicebag 0.3.37
[INFO] tweaked toml for crates.io crate dicebag 0.3.37 written to /workspace/builds/worker-7-tc1/source/Cargo.toml
[INFO] validating manifest of crates.io crate dicebag 0.3.37 on toolchain 1.99.0-beta.8
[INFO] running `Command { std: CARGO_HOME="/workspace/cargo-home" RUSTUP_HOME="/workspace/rustup-home" "/workspace/cargo-home/bin/cargo" "+1.99.0-beta.8" "metadata" "--manifest-path" "Cargo.toml" "--no-deps", kill_on_drop: false }`
[INFO] crate crates.io crate dicebag 0.3.37 already has a lockfile, it will not be regenerated
[INFO] running `Command { std: CARGO_HOME="/workspace/cargo-home" RUSTUP_HOME="/workspace/rustup-home" "/workspace/cargo-home/bin/cargo" "+1.99.0-beta.8" "fetch" "--manifest-path" "Cargo.toml", kill_on_drop: false }`
[INFO] [stderr]     Updating crates.io index
[INFO] [stderr]  Downloading crates ...
[INFO] [stderr]   Downloaded nohash v0.2.0
[INFO] [stderr]   Downloaded rand_xoshiro v0.8.1
[INFO] [stderr]   Downloaded jiff-static v0.2.28
[INFO] [stderr]   Downloaded jiff v0.2.28
[INFO] running `Command { std: "docker" "create" "-v" "/var/lib/crater-agent-workspace/builds/worker-7-tc1/source:/opt/rustwide/workdir:ro,Z" "-v" "/var/lib/crater-agent-workspace/builds/worker-7-tc1/target:/opt/rustwide/target:rw,Z" "-v" "/var/lib/crater-agent-workspace/cargo-home:/opt/rustwide/cargo-home:ro,Z" "-v" "/var/lib/crater-agent-workspace/rustup-home:/opt/rustwide/rustup-home:ro,Z" "-m" "1610612736" "--network" "none" "ghcr.io/rust-lang/crates-build-env/linux@sha256:77db811e55d90add9212f6832c23229e3de5f1c1f9905e8cb07319ea15df73ac" "sleep" "infinity", kill_on_drop: false }`
[INFO] [stdout] 3c7165086358eb9b5dd0c3cc0f09dcc60b5029428a70ea74e8241df488a078cf
[INFO] running `Command { std: "docker" "start" "3c7165086358eb9b5dd0c3cc0f09dcc60b5029428a70ea74e8241df488a078cf", kill_on_drop: false }`
[INFO] running `Command { std: "docker" "inspect" "3c7165086358eb9b5dd0c3cc0f09dcc60b5029428a70ea74e8241df488a078cf", kill_on_drop: false }`
[INFO] running `Command { std: "docker" "exec" "-e" "SOURCE_DIR=/opt/rustwide/workdir" "-e" "CARGO_HOME=/opt/rustwide/cargo-home" "-e" "RUSTUP_HOME=/opt/rustwide/rustup-home" "-e" "CARGO_TARGET_DIR=/opt/rustwide/target" "-w" "/opt/rustwide/workdir" "--user" "0:0" "3c7165086358eb9b5dd0c3cc0f09dcc60b5029428a70ea74e8241df488a078cf" "/opt/rustwide/cargo-home/bin/cargo" "+1.99.0-beta.8" "metadata" "--no-deps" "--format-version=1", kill_on_drop: false }`
[INFO] running `Command { std: "docker" "inspect" "3c7165086358eb9b5dd0c3cc0f09dcc60b5029428a70ea74e8241df488a078cf", kill_on_drop: false }`
[INFO] running `Command { std: "docker" "exec" "-e" "SOURCE_DIR=/opt/rustwide/workdir" "-e" "CARGO_HOME=/opt/rustwide/cargo-home" "-e" "RUSTUP_HOME=/opt/rustwide/rustup-home" "-e" "CARGO_TARGET_DIR=/opt/rustwide/target" "-e" "CARGO_INCREMENTAL=0" "-e" "RUST_BACKTRACE=full" "-e" "RUSTFLAGS=--cap-lints=warn" "-e" "RUSTDOCFLAGS=--cap-lints=warn" "-w" "/opt/rustwide/workdir" "--user" "0:0" "3c7165086358eb9b5dd0c3cc0f09dcc60b5029428a70ea74e8241df488a078cf" "/opt/rustwide/cargo-home/bin/cargo" "+1.99.0-beta.8" "build" "--frozen" "--message-format=json" "--release", kill_on_drop: false }`
[INFO] [stderr]    Compiling proc-macro2 v1.0.106
[INFO] [stderr]    Compiling quote v1.0.45
[INFO] [stderr]    Compiling serde_json v1.0.150
[INFO] [stderr]    Compiling num-integer v0.1.46
[INFO] [stderr]    Compiling num-complex v0.4.6
[INFO] [stderr]    Compiling memchr v2.8.1
[INFO] [stderr]    Compiling rand_xoshiro v0.8.1
[INFO] [stderr]    Compiling log v0.4.30
[INFO] [stderr]    Compiling num-bigint v0.4.6
[INFO] [stderr]    Compiling num-iter v0.1.45
[INFO] [stderr]    Compiling syn v2.0.117
[INFO] [stderr]    Compiling num-rational v0.4.2
[INFO] [stderr]    Compiling num v0.4.3
[INFO] [stderr]    Compiling serde_derive v1.0.228
[INFO] [stderr]    Compiling serde v1.0.228
[INFO] [stderr]    Compiling dicebag v0.3.37 (/opt/rustwide/workdir)
[INFO] [stderr]     Finished `release` profile [optimized] target(s) in 20.53s
[INFO] running `Command { std: "docker" "inspect" "3c7165086358eb9b5dd0c3cc0f09dcc60b5029428a70ea74e8241df488a078cf", kill_on_drop: false }`
[INFO] running `Command { std: "docker" "exec" "-e" "SOURCE_DIR=/opt/rustwide/workdir" "-e" "CARGO_HOME=/opt/rustwide/cargo-home" "-e" "RUSTUP_HOME=/opt/rustwide/rustup-home" "-e" "CARGO_TARGET_DIR=/opt/rustwide/target" "-e" "CARGO_INCREMENTAL=0" "-e" "RUST_BACKTRACE=full" "-e" "RUSTFLAGS=--cap-lints=warn" "-e" "RUSTDOCFLAGS=--cap-lints=warn" "-w" "/opt/rustwide/workdir" "--user" "0:0" "3c7165086358eb9b5dd0c3cc0f09dcc60b5029428a70ea74e8241df488a078cf" "/opt/rustwide/cargo-home/bin/cargo" "+1.99.0-beta.8" "test" "--frozen" "--no-run" "--message-format=json" "--release", kill_on_drop: false }`
[INFO] [stderr]    Compiling aho-corasick v1.1.4
[INFO] [stderr]    Compiling log v0.4.30
[INFO] [stderr]    Compiling anstream v1.0.0
[INFO] [stderr]    Compiling jiff v0.2.28
[INFO] [stderr]    Compiling nohash v0.2.0
[INFO] [stderr]    Compiling dicebag v0.3.37 (/opt/rustwide/workdir)
[INFO] [stderr]    Compiling regex-automata v0.4.14
[INFO] [stderr]    Compiling regex v1.12.3
[INFO] [stderr]    Compiling env_filter v1.0.1
[INFO] [stderr]    Compiling env_logger v0.11.10
[INFO] [stderr]     Finished `release` profile [optimized] target(s) in 41.92s
[INFO] running `Command { std: "docker" "inspect" "3c7165086358eb9b5dd0c3cc0f09dcc60b5029428a70ea74e8241df488a078cf", kill_on_drop: false }`
[INFO] running `Command { std: "docker" "exec" "-e" "SOURCE_DIR=/opt/rustwide/workdir" "-e" "CARGO_HOME=/opt/rustwide/cargo-home" "-e" "RUSTUP_HOME=/opt/rustwide/rustup-home" "-e" "CARGO_TARGET_DIR=/opt/rustwide/target" "-e" "CARGO_INCREMENTAL=0" "-e" "RUST_BACKTRACE=full" "-e" "RUSTFLAGS=--cap-lints=warn" "-e" "RUSTDOCFLAGS=--cap-lints=warn" "-w" "/opt/rustwide/workdir" "--user" "0:0" "3c7165086358eb9b5dd0c3cc0f09dcc60b5029428a70ea74e8241df488a078cf" "/opt/rustwide/cargo-home/bin/cargo" "+1.99.0-beta.8" "test" "--frozen" "--release", kill_on_drop: false }`
[INFO] [stderr]     Finished `release` profile [optimized] target(s) in 0.04s
[INFO] [stderr]      Running unittests src/lib.rs (/opt/rustwide/target/release/deps/dicebag-ce53a1d8c6b90ad4)
[INFO] [stdout] 
[INFO] [stdout] running 2 tests
[INFO] [stdout] test randomrange::prim_irr::prim_irr_tests::irr_8bit_coverage ... ok
[INFO] [stdout] test randomrange::prim_irr::prim_irr_tests::irr_128bit_coverage ... ok
[INFO] [stdout] 
[INFO] [stdout] test result: ok. 2 passed; 0 failed; 0 ignored; 0 measured; 0 filtered out; finished in 0.00s
[INFO] [stdout] 
[INFO] [stdout] 
[INFO] [stderr]      Running tests/dice_test.rs (/opt/rustwide/target/release/deps/dice_test-42830eb418419075)
[INFO] [stdout] running 20 tests
[INFO] [stdout] test chance_macro_works ... ok
[INFO] [stdout] test d6_stay_in_range ... ok
[INFO] [stdout] test drm_roundtrip_chance ... ok
[INFO] [stdout] test dice_roll_modifiers ... ok
[INFO] [stdout] test drm_roundtrip_multi_with_mod ... ok
[INFO] [stdout] test drm_roundtrip_nested_chance ... ok
[INFO] [stdout] test d97_stay_in_range ... ok
[INFO] [stdout] test drm_roundtrip_exact_struct ... ok
[INFO] [stdout] test drm_roundtrip_percentage ... ok
[INFO] [stdout] test full_saturation ... ok
[INFO] [stdout] test hilo ... ok
[INFO] [stdout] test drm_roundtrip_multi ... ok
[INFO] [stdout] test drm_roundtrip_exact_flat ... ok
[INFO] [stdout] test random_of_vec ... ok
[INFO] [stdout] test random_of_f64 ... ok
[INFO] [stdout] test test_concurrent_clobbering ... ok
[INFO] [stdout] test longest_streak_above_50 ... ok
[INFO] [stdout] test appearance_of_1_to_100 ... ok
[INFO] [stdout] test chance_50perc ... ok
[INFO] [stdout] test dicebag_is_completely_non_deterministic ... ok
[INFO] [stdout] 
[INFO] [stdout] test result: ok. 20 passed; 0 failed; 0 ignored; 0 measured; 0 filtered out; finished in 18.27s
[INFO] [stdout] 
[INFO] [stderr]    Doc-tests dicebag
[INFO] [stdout] 
[INFO] [stdout] running 15 tests
[INFO] [stdout] test src/randomrange/prim_irr.rs - randomrange::prim_irr::std::ops::RangeInclusive<i16>::random_of (line 90) ... FAILED
[INFO] [stdout] test src/randomrange/prim_irr.rs - randomrange::prim_irr::std::ops::RangeInclusive<i128>::random_of (line 90) ... FAILED
[INFO] [stdout] test src/randomrange/prim_irr.rs - randomrange::prim_irr::std::ops::RangeInclusive<i8>::random_of (line 90) ... FAILED
[INFO] [stdout] test src/randomrange/prim_irr.rs - randomrange::prim_irr::std::ops::RangeInclusive<isize>::random_of (line 90) ... FAILED
[INFO] [stdout] test src/randomrange/prim_irr.rs - randomrange::prim_irr::std::ops::RangeInclusive<i64>::random_of (line 90) ... FAILED
[INFO] [stdout] test src/randomrange/prim_irr.rs - randomrange::prim_irr::std::ops::RangeInclusive<u128>::random_of (line 90) ... FAILED
[INFO] [stdout] test src/randomrange/prim_irr.rs - randomrange::prim_irr::std::ops::RangeInclusive<i32>::random_of (line 90) ... FAILED
[INFO] [stdout] test src/randomrange/prim_irr.rs - randomrange::prim_irr::std::ops::RangeInclusive<u16>::random_of (line 90) ... FAILED
[INFO] [stdout] test src/diceext.rs - diceext::DiceExt (line 9) ... ok
[INFO] [stdout] test src/randomrange/prim_irr.rs - randomrange::prim_irr::std::ops::RangeInclusive<u32>::random_of (line 90) ... FAILED
[INFO] [stdout] test src/randomrange/prim_irr.rs - randomrange::prim_irr::std::ops::RangeInclusive<u64>::random_of (line 90) ... FAILED
[INFO] [stdout] test src/lib.rs - percentage_chance_of (line 100) ... ok
[INFO] [stdout] test src/randomrange/prim_irr.rs - randomrange::prim_irr::std::ops::RangeInclusive<u8>::random_of (line 90) ... FAILED
[INFO] [stdout] test src/randomrange/prim_irr.rs - randomrange::prim_irr::std::ops::RangeInclusive<usize>::random_of (line 90) ... FAILED
[INFO] [stdout] test src/randomrange/prim_rr.rs - randomrange::prim_rr::std::ops::Range<i32>::random_of (line 6) ... ok
[INFO] [stdout] 
[INFO] [stdout] failures:
[INFO] [stdout] 
[INFO] [stdout] ---- src/randomrange/prim_irr.rs - randomrange::prim_irr::std::ops::RangeInclusive<i16>::random_of (line 90) stdout ----
[INFO] [stdout] error[E0107]: missing generics for struct `std::ops::RangeInclusive`
[INFO] [stdout]   --> src/randomrange/prim_irr.rs:94:12
[INFO] [stdout]    |
[INFO] [stdout] 94 | let range: RI = 6..=12;
[INFO] [stdout]    |            ^^ expected 1 generic argument
[INFO] [stdout]    |
[INFO] [stdout] help: add missing generic argument
[INFO] [stdout]    |
[INFO] [stdout] 94 | let range: RI<Idx> = 6..=12;
[INFO] [stdout]    |              +++++
[INFO] [stdout] 
[INFO] [stdout] error: aborting due to 1 previous error
[INFO] [stdout] 
[INFO] [stdout] For more information about this error, try `rustc --explain E0107`.
[INFO] [stdout] Couldn't compile the test.
[INFO] [stdout] ---- src/randomrange/prim_irr.rs - randomrange::prim_irr::std::ops::RangeInclusive<i128>::random_of (line 90) stdout ----
[INFO] [stdout] error[E0107]: missing generics for struct `std::ops::RangeInclusive`
[INFO] [stdout]   --> src/randomrange/prim_irr.rs:94:12
[INFO] [stdout]    |
[INFO] [stdout] 94 | let range: RI = 6..=12;
[INFO] [stdout]    |            ^^ expected 1 generic argument
[INFO] [stdout]    |
[INFO] [stdout] help: add missing generic argument
[INFO] [stdout]    |
[INFO] [stdout] 94 | let range: RI<Idx> = 6..=12;
[INFO] [stdout]    |              +++++
[INFO] [stdout] 
[INFO] [stdout] error: aborting due to 1 previous error
[INFO] [stdout] 
[INFO] [stdout] For more information about this error, try `rustc --explain E0107`.
[INFO] [stdout] Couldn't compile the test.
[INFO] [stdout] ---- src/randomrange/prim_irr.rs - randomrange::prim_irr::std::ops::RangeInclusive<i8>::random_of (line 90) stdout ----
[INFO] [stdout] error[E0107]: missing generics for struct `std::ops::RangeInclusive`
[INFO] [stdout]   --> src/randomrange/prim_irr.rs:94:12
[INFO] [stdout]    |
[INFO] [stdout] 94 | let range: RI = 6..=12;
[INFO] [stdout]    |            ^^ expected 1 generic argument
[INFO] [stdout]    |
[INFO] [stdout] help: add missing generic argument
[INFO] [stdout]    |
[INFO] [stdout] 94 | let range: RI<Idx> = 6..=12;
[INFO] [stdout]    |              +++++
[INFO] [stdout] 
[INFO] [stdout] error: aborting due to 1 previous error
[INFO] [stdout] 
[INFO] [stdout] For more information about this error, try `rustc --explain E0107`.
[INFO] [stdout] Couldn't compile the test.
[INFO] [stdout] ---- src/randomrange/prim_irr.rs - randomrange::prim_irr::std::ops::RangeInclusive<isize>::random_of (line 90) stdout ----
[INFO] [stdout] error[E0107]: missing generics for struct `std::ops::RangeInclusive`
[INFO] [stdout]   --> src/randomrange/prim_irr.rs:94:12
[INFO] [stdout]    |
[INFO] [stdout] 94 | let range: RI = 6..=12;
[INFO] [stdout]    |            ^^ expected 1 generic argument
[INFO] [stdout]    |
[INFO] [stdout] help: add missing generic argument
[INFO] [stdout]    |
[INFO] [stdout] 94 | let range: RI<Idx> = 6..=12;
[INFO] [stdout]    |              +++++
[INFO] [stdout] 
[INFO] [stdout] error: aborting due to 1 previous error
[INFO] [stdout] 
[INFO] [stdout] For more information about this error, try `rustc --explain E0107`.
[INFO] [stdout] Couldn't compile the test.
[INFO] [stdout] ---- src/randomrange/prim_irr.rs - randomrange::prim_irr::std::ops::RangeInclusive<i64>::random_of (line 90) stdout ----
[INFO] [stdout] error[E0107]: missing generics for struct `std::ops::RangeInclusive`
[INFO] [stdout]   --> src/randomrange/prim_irr.rs:94:12
[INFO] [stdout]    |
[INFO] [stdout] 94 | let range: RI = 6..=12;
[INFO] [stdout]    |            ^^ expected 1 generic argument
[INFO] [stdout]    |
[INFO] [stdout] help: add missing generic argument
[INFO] [stdout]    |
[INFO] [stdout] 94 | let range: RI<Idx> = 6..=12;
[INFO] [stdout]    |              +++++
[INFO] [stdout] 
[INFO] [stdout] error: aborting due to 1 previous error
[INFO] [stdout] 
[INFO] [stdout] For more information about this error, try `rustc --explain E0107`.
[INFO] [stdout] Couldn't compile the test.
[INFO] [stdout] ---- src/randomrange/prim_irr.rs - randomrange::prim_irr::std::ops::RangeInclusive<u128>::random_of (line 90) stdout ----
[INFO] [stdout] error[E0107]: missing generics for struct `std::ops::RangeInclusive`
[INFO] [stdout]   --> src/randomrange/prim_irr.rs:94:12
[INFO] [stdout]    |
[INFO] [stdout] 94 | let range: RI = 6..=12;
[INFO] [stdout]    |            ^^ expected 1 generic argument
[INFO] [stdout]    |
[INFO] [stdout] help: add missing generic argument
[INFO] [stdout]    |
[INFO] [stdout] 94 | let range: RI<Idx> = 6..=12;
[INFO] [stdout]    |              +++++
[INFO] [stdout] 
[INFO] [stdout] error: aborting due to 1 previous error
[INFO] [stdout] 
[INFO] [stdout] For more information about this error, try `rustc --explain E0107`.
[INFO] [stdout] Couldn't compile the test.
[INFO] [stdout] ---- src/randomrange/prim_irr.rs - randomrange::prim_irr::std::ops::RangeInclusive<i32>::random_of (line 90) stdout ----
[INFO] [stdout] error[E0107]: missing generics for struct `std::ops::RangeInclusive`
[INFO] [stdout]   --> src/randomrange/prim_irr.rs:94:12
[INFO] [stdout]    |
[INFO] [stdout] 94 | let range: RI = 6..=12;
[INFO] [stdout]    |            ^^ expected 1 generic argument
[INFO] [stdout]    |
[INFO] [stdout] help: add missing generic argument
[INFO] [stdout]    |
[INFO] [stdout] 94 | let range: RI<Idx> = 6..=12;
[INFO] [stdout]    |              +++++
[INFO] [stdout] 
[INFO] [stdout] error: aborting due to 1 previous error
[INFO] [stdout] 
[INFO] [stdout] For more information about this error, try `rustc --explain E0107`.
[INFO] [stdout] Couldn't compile the test.
[INFO] [stdout] ---- src/randomrange/prim_irr.rs - randomrange::prim_irr::std::ops::RangeInclusive<u16>::random_of (line 90) stdout ----
[INFO] [stdout] error[E0107]: missing generics for struct `std::ops::RangeInclusive`
[INFO] [stdout]   --> src/randomrange/prim_irr.rs:94:12
[INFO] [stdout]    |
[INFO] [stdout] 94 | let range: RI = 6..=12;
[INFO] [stdout]    |            ^^ expected 1 generic argument
[INFO] [stdout]    |
[INFO] [stdout] help: add missing generic argument
[INFO] [stdout]    |
[INFO] [stdout] 94 | let range: RI<Idx> = 6..=12;
[INFO] [stdout]    |              +++++
[INFO] [stdout] 
[INFO] [stdout] error: aborting due to 1 previous error
[INFO] [stdout] 
[INFO] [stdout] For more information about this error, try `rustc --explain E0107`.
[INFO] [stdout] Couldn't compile the test.
[INFO] [stdout] ---- src/randomrange/prim_irr.rs - randomrange::prim_irr::std::ops::RangeInclusive<u32>::random_of (line 90) stdout ----
[INFO] [stdout] error[E0107]: missing generics for struct `std::ops::RangeInclusive`
[INFO] [stdout]   --> src/randomrange/prim_irr.rs:94:12
[INFO] [stdout]    |
[INFO] [stdout] 94 | let range: RI = 6..=12;
[INFO] [stdout]    |            ^^ expected 1 generic argument
[INFO] [stdout]    |
[INFO] [stdout] help: add missing generic argument
[INFO] [stdout]    |
[INFO] [stdout] 94 | let range: RI<Idx> = 6..=12;
[INFO] [stdout]    |              +++++
[INFO] [stdout] 
[INFO] [stdout] error: aborting due to 1 previous error
[INFO] [stdout] 
[INFO] [stdout] For more information about this error, try `rustc --explain E0107`.
[INFO] [stdout] Couldn't compile the test.
[INFO] [stdout] ---- src/randomrange/prim_irr.rs - randomrange::prim_irr::std::ops::RangeInclusive<u64>::random_of (line 90) stdout ----
[INFO] [stdout] error[E0107]: missing generics for struct `std::ops::RangeInclusive`
[INFO] [stdout]   --> src/randomrange/prim_irr.rs:94:12
[INFO] [stdout]    |
[INFO] [stdout] 94 | let range: RI = 6..=12;
[INFO] [stdout]    |            ^^ expected 1 generic argument
[INFO] [stdout]    |
[INFO] [stdout] help: add missing generic argument
[INFO] [stdout]    |
[INFO] [stdout] 94 | let range: RI<Idx> = 6..=12;
[INFO] [stdout]    |              +++++
[INFO] [stdout] 
[INFO] [stdout] error: aborting due to 1 previous error
[INFO] [stdout] 
[INFO] [stdout] For more information about this error, try `rustc --explain E0107`.
[INFO] [stdout] Couldn't compile the test.
[INFO] [stdout] ---- src/randomrange/prim_irr.rs - randomrange::prim_irr::std::ops::RangeInclusive<u8>::random_of (line 90) stdout ----
[INFO] [stdout] error[E0107]: missing generics for struct `std::ops::RangeInclusive`
[INFO] [stdout]   --> src/randomrange/prim_irr.rs:94:12
[INFO] [stdout]    |
[INFO] [stdout] 94 | let range: RI = 6..=12;
[INFO] [stdout]    |            ^^ expected 1 generic argument
[INFO] [stdout]    |
[INFO] [stdout] help: add missing generic argument
[INFO] [stdout]    |
[INFO] [stdout] 94 | let range: RI<Idx> = 6..=12;
[INFO] [stdout]    |              +++++
[INFO] [stdout] 
[INFO] [stdout] error: aborting due to 1 previous error
[INFO] [stdout] 
[INFO] [stdout] For more information about this error, try `rustc --explain E0107`.
[INFO] [stdout] Couldn't compile the test.
[INFO] [stdout] ---- src/randomrange/prim_irr.rs - randomrange::prim_irr::std::ops::RangeInclusive<usize>::random_of (line 90) stdout ----
[INFO] [stdout] error[E0107]: missing generics for struct `std::ops::RangeInclusive`
[INFO] [stdout]   --> src/randomrange/prim_irr.rs:94:12
[INFO] [stdout]    |
[INFO] [stdout] 94 | let range: RI = 6..=12;
[INFO] [stdout]    |            ^^ expected 1 generic argument
[INFO] [stdout]    |
[INFO] [stdout] help: add missing generic argument
[INFO] [stdout]    |
[INFO] [stdout] 94 | let range: RI<Idx> = 6..=12;
[INFO] [stdout]    |              +++++
[INFO] [stdout] 
[INFO] [stdout] error: aborting due to 1 previous error
[INFO] [stdout] 
[INFO] [stdout] For more information about this error, try `rustc --explain E0107`.
[INFO] [stdout] Couldn't compile the test.
[INFO] [stdout] 
[INFO] [stdout] failures:
[INFO] [stdout]     src/randomrange/prim_irr.rs - randomrange::prim_irr::std::ops::RangeInclusive<i128>::random_of (line 90)
[INFO] [stdout]     src/randomrange/prim_irr.rs - randomrange::prim_irr::std::ops::RangeInclusive<i16>::random_of (line 90)
[INFO] [stdout]     src/randomrange/prim_irr.rs - randomrange::prim_irr::std::ops::RangeInclusive<i32>::random_of (line 90)
[INFO] [stdout]     src/randomrange/prim_irr.rs - randomrange::prim_irr::std::ops::RangeInclusive<i64>::random_of (line 90)
[INFO] [stdout]     src/randomrange/prim_irr.rs - randomrange::prim_irr::std::ops::RangeInclusive<i8>::random_of (line 90)
[INFO] [stdout]     src/randomrange/prim_irr.rs - randomrange::prim_irr::std::ops::RangeInclusive<isize>::random_of (line 90)
[INFO] [stdout]     src/randomrange/prim_irr.rs - randomrange::prim_irr::std::ops::RangeInclusive<u128>::random_of (line 90)
[INFO] [stdout]     src/randomrange/prim_irr.rs - randomrange::prim_irr::std::ops::RangeInclusive<u16>::random_of (line 90)
[INFO] [stdout]     src/randomrange/prim_irr.rs - randomrange::prim_irr::std::ops::RangeInclusive<u32>::random_of (line 90)
[INFO] [stdout]     src/randomrange/prim_irr.rs - randomrange::prim_irr::std::ops::RangeInclusive<u64>::random_of (line 90)
[INFO] [stdout]     src/randomrange/prim_irr.rs - randomrange::prim_irr::std::ops::RangeInclusive<u8>::random_of (line 90)
[INFO] [stdout]     src/randomrange/prim_irr.rs - randomrange::prim_irr::std::ops::RangeInclusive<usize>::random_of (line 90)
[INFO] [stdout] 
[INFO] [stdout] test result: FAILED. 3 passed; 12 failed; 0 ignored; 0 measured; 0 filtered out; finished in 0.77s
[INFO] [stdout] 
[INFO] [stdout] all doctests ran in 0.85s; merged doctests compilation took 0.07s
[INFO] [stderr] error: doctest failed, to rerun pass `--doc`
[INFO] running `Command { std: "docker" "inspect" "3c7165086358eb9b5dd0c3cc0f09dcc60b5029428a70ea74e8241df488a078cf", kill_on_drop: false }`
[INFO] running `Command { std: "docker" "rm" "-f" "3c7165086358eb9b5dd0c3cc0f09dcc60b5029428a70ea74e8241df488a078cf", kill_on_drop: false }`
[INFO] [stdout] 3c7165086358eb9b5dd0c3cc0f09dcc60b5029428a70ea74e8241df488a078cf
