[INFO] fetching crate dice 0.1.0...
[INFO] testing dice-0.1.0 against 1.99.0-beta.8+cargoflags=--release for beta-release-1.100-2
[INFO] extracting crate dice 0.1.0 into /workspace/builds/worker-2-tc1/source
[INFO] started tweaking crates.io crate dice 0.1.0
[INFO] finished tweaking crates.io crate dice 0.1.0
[INFO] tweaked toml for crates.io crate dice 0.1.0 written to /workspace/builds/worker-2-tc1/source/Cargo.toml
[INFO] validating manifest of crates.io crate dice 0.1.0 on toolchain 1.99.0-beta.8
[INFO] running `Command { std: CARGO_HOME="/workspace/cargo-home" RUSTUP_HOME="/workspace/rustup-home" "/workspace/cargo-home/bin/cargo" "+1.99.0-beta.8" "metadata" "--manifest-path" "Cargo.toml" "--no-deps", kill_on_drop: false }`
[INFO] running `Command { std: CARGO_HOME="/workspace/cargo-home" RUSTUP_HOME="/workspace/rustup-home" "/workspace/cargo-home/bin/cargo" "+1.99.0-beta.8" "generate-lockfile" "--manifest-path" "Cargo.toml", kill_on_drop: false }`
[INFO] running `Command { std: CARGO_HOME="/workspace/cargo-home" RUSTUP_HOME="/workspace/rustup-home" "/workspace/cargo-home/bin/cargo" "+1.99.0-beta.8" "fetch" "--manifest-path" "Cargo.toml", kill_on_drop: false }`
[INFO] [stderr] warning: Cargo.toml: `package.edition` is unspecified, defaulting to `2015` while the latest is `2024`
[INFO] [stderr] warning: `dice` (manifest) generated 1 warning
[INFO] running `Command { std: "docker" "create" "-v" "/var/lib/crater-agent-workspace/builds/worker-2-tc1/source:/opt/rustwide/workdir:ro,Z" "-v" "/var/lib/crater-agent-workspace/builds/worker-2-tc1/target:/opt/rustwide/target:rw,Z" "-v" "/var/lib/crater-agent-workspace/cargo-home:/opt/rustwide/cargo-home:ro,Z" "-v" "/var/lib/crater-agent-workspace/rustup-home:/opt/rustwide/rustup-home:ro,Z" "-m" "1610612736" "--network" "none" "ghcr.io/rust-lang/crates-build-env/linux@sha256:77db811e55d90add9212f6832c23229e3de5f1c1f9905e8cb07319ea15df73ac" "sleep" "infinity", kill_on_drop: false }`
[INFO] [stdout] 4836d7fa7be3f407334d353981952f541b4a615841145fba5364092fc362841f
[INFO] running `Command { std: "docker" "start" "4836d7fa7be3f407334d353981952f541b4a615841145fba5364092fc362841f", kill_on_drop: false }`
[INFO] running `Command { std: "docker" "inspect" "4836d7fa7be3f407334d353981952f541b4a615841145fba5364092fc362841f", kill_on_drop: false }`
[INFO] running `Command { std: "docker" "exec" "-e" "SOURCE_DIR=/opt/rustwide/workdir" "-e" "CARGO_HOME=/opt/rustwide/cargo-home" "-e" "RUSTUP_HOME=/opt/rustwide/rustup-home" "-e" "CARGO_TARGET_DIR=/opt/rustwide/target" "-w" "/opt/rustwide/workdir" "--user" "0:0" "4836d7fa7be3f407334d353981952f541b4a615841145fba5364092fc362841f" "/opt/rustwide/cargo-home/bin/cargo" "+1.99.0-beta.8" "metadata" "--no-deps" "--format-version=1", kill_on_drop: false }`
[INFO] running `Command { std: "docker" "inspect" "4836d7fa7be3f407334d353981952f541b4a615841145fba5364092fc362841f", kill_on_drop: false }`
[INFO] running `Command { std: "docker" "exec" "-e" "SOURCE_DIR=/opt/rustwide/workdir" "-e" "CARGO_HOME=/opt/rustwide/cargo-home" "-e" "RUSTUP_HOME=/opt/rustwide/rustup-home" "-e" "CARGO_TARGET_DIR=/opt/rustwide/target" "-e" "CARGO_INCREMENTAL=0" "-e" "RUST_BACKTRACE=full" "-e" "RUSTFLAGS=--cap-lints=warn" "-e" "RUSTDOCFLAGS=--cap-lints=warn" "-w" "/opt/rustwide/workdir" "--user" "0:0" "4836d7fa7be3f407334d353981952f541b4a615841145fba5364092fc362841f" "/opt/rustwide/cargo-home/bin/cargo" "+1.99.0-beta.8" "build" "--frozen" "--message-format=json" "--release", kill_on_drop: false }`
[INFO] [stderr] warning: Cargo.toml: `package.edition` is unspecified, defaulting to `2015` while the latest is `2024`
[INFO] [stderr] warning: `dice` (manifest) generated 1 warning
[INFO] [stderr]    Compiling dice v0.1.0 (/opt/rustwide/workdir)
[INFO] [stdout] warning: trait `Die` is never used
[INFO] [stdout]  --> src/lib.rs:8:7
[INFO] [stdout]   |
[INFO] [stdout] 8 | trait Die {
[INFO] [stdout]   |       ^^^
[INFO] [stdout]   |
[INFO] [stdout]   = note: `#[warn(dead_code)]` (part of `#[warn(unused)]`) on by default
[INFO] [stdout] 
[INFO] [stdout] 
[INFO] [stderr]     Finished `release` profile [optimized] target(s) in 0.26s
[INFO] running `Command { std: "docker" "inspect" "4836d7fa7be3f407334d353981952f541b4a615841145fba5364092fc362841f", kill_on_drop: false }`
[INFO] running `Command { std: "docker" "exec" "-e" "SOURCE_DIR=/opt/rustwide/workdir" "-e" "CARGO_HOME=/opt/rustwide/cargo-home" "-e" "RUSTUP_HOME=/opt/rustwide/rustup-home" "-e" "CARGO_TARGET_DIR=/opt/rustwide/target" "-e" "CARGO_INCREMENTAL=0" "-e" "RUST_BACKTRACE=full" "-e" "RUSTFLAGS=--cap-lints=warn" "-e" "RUSTDOCFLAGS=--cap-lints=warn" "-w" "/opt/rustwide/workdir" "--user" "0:0" "4836d7fa7be3f407334d353981952f541b4a615841145fba5364092fc362841f" "/opt/rustwide/cargo-home/bin/cargo" "+1.99.0-beta.8" "test" "--frozen" "--no-run" "--message-format=json" "--release", kill_on_drop: false }`
[INFO] [stderr] warning: Cargo.toml: `package.edition` is unspecified, defaulting to `2015` while the latest is `2024`
[INFO] [stderr] warning: `dice` (manifest) generated 1 warning
[INFO] [stderr]    Compiling dice v0.1.0 (/opt/rustwide/workdir)
[INFO] [stdout] warning: trait `Die` is never used
[INFO] [stdout]  --> src/lib.rs:8:7
[INFO] [stdout]   |
[INFO] [stdout] 8 | trait Die {
[INFO] [stdout]   |       ^^^
[INFO] [stdout]   |
[INFO] [stdout]   = note: `#[warn(dead_code)]` (part of `#[warn(unused)]`) on by default
[INFO] [stdout] 
[INFO] [stdout] 
[INFO] [stdout] warning: trait `Die` is never used
[INFO] [stdout]  --> src/lib.rs:8:7
[INFO] [stdout]   |
[INFO] [stdout] 8 | trait Die {
[INFO] [stdout]   |       ^^^
[INFO] [stdout]   |
[INFO] [stdout]   = note: `#[warn(dead_code)]` (part of `#[warn(unused)]`) on by default
[INFO] [stdout] 
[INFO] [stdout] 
[INFO] [stderr]     Finished `release` profile [optimized] target(s) in 0.61s
[INFO] running `Command { std: "docker" "inspect" "4836d7fa7be3f407334d353981952f541b4a615841145fba5364092fc362841f", kill_on_drop: false }`
[INFO] running `Command { std: "docker" "exec" "-e" "SOURCE_DIR=/opt/rustwide/workdir" "-e" "CARGO_HOME=/opt/rustwide/cargo-home" "-e" "RUSTUP_HOME=/opt/rustwide/rustup-home" "-e" "CARGO_TARGET_DIR=/opt/rustwide/target" "-e" "CARGO_INCREMENTAL=0" "-e" "RUST_BACKTRACE=full" "-e" "RUSTFLAGS=--cap-lints=warn" "-e" "RUSTDOCFLAGS=--cap-lints=warn" "-w" "/opt/rustwide/workdir" "--user" "0:0" "4836d7fa7be3f407334d353981952f541b4a615841145fba5364092fc362841f" "/opt/rustwide/cargo-home/bin/cargo" "+1.99.0-beta.8" "test" "--frozen" "--release", kill_on_drop: false }`
[INFO] [stderr] warning: Cargo.toml: `package.edition` is unspecified, defaulting to `2015` while the latest is `2024`
[INFO] [stderr] warning: `dice` (manifest) generated 1 warning
[INFO] [stderr] warning: trait `Die` is never used
[INFO] [stderr]  --> src/lib.rs:8:7
[INFO] [stderr]   |
[INFO] [stderr] 8 | trait Die {
[INFO] [stderr]   |       ^^^
[INFO] [stderr]   |
[INFO] [stderr]   = note: `#[warn(dead_code)]` (part of `#[warn(unused)]`) on by default
[INFO] [stderr] 
[INFO] [stderr] warning: `dice` (lib) generated 1 warning
[INFO] [stderr] warning: `dice` (lib test) generated 1 warning (1 duplicate)
[INFO] [stderr]     Finished `release` profile [optimized] target(s) in 0.02s
[INFO] [stderr]      Running unittests src/lib.rs (/opt/rustwide/target/release/deps/dice-80949a7d1e619304)
[INFO] [stdout] 
[INFO] [stdout] running 2 tests
[INFO] [stdout] test tests::it_works ... ok
[INFO] [stdout] test tests::com ... FAILED
[INFO] [stdout] 
[INFO] [stdout] failures:
[INFO] [stdout] 
[INFO] [stdout] ---- tests::com stdout ----
[INFO] [stdout] Exact: Table { values: [1, 3, 6, 10, 15, 21, 28, 36, 45, 55, 66, 78, 91, 105, 120, 136, 153, 171, 190, 210, 228, 244, 258, 270, 280, 288, 294, 298, 300, 300, 298, 294, 288, 280, 270, 258, 244, 228, 210, 190, 171, 153, 136, 120, 105, 91, 78, 66, 55, 45, 36, 28, 21, 15, 10, 6, 3, 1], min: 3, norm: 8000 }
[INFO] [stdout] At least: Table { values: [8000, 7999, 7996, 7990, 7980, 7965, 7944, 7916, 7880, 7835, 7780, 7714, 7636, 7545, 7440, 7320, 7184, 7031, 6860, 6670, 6460, 6232, 5988, 5730, 5460, 5180, 4892, 4598, 4300, 4000, 3700, 3402, 3108, 2820, 2540, 2270, 2012, 1768, 1540, 1330, 1140, 969, 816, 680, 560, 455, 364, 286, 220, 165, 120, 84, 56, 35, 20, 10, 4, 1], min: 3, norm: 8000 }
[INFO] [stdout] 
[INFO] [stdout] thread 'tests::com' (148) panicked at src/table.rs:27:20:
[INFO] [stdout] index out of bounds: the len is 58 but the index is 18446744073709551615
[INFO] [stdout] stack backtrace:
[INFO] [stdout]    0:     0x6163cdb55651 - <<std[70759c8f55707aa4]::sys::backtrace::BacktraceLock>::print::DisplayBacktrace as core[df12db4294e9bfd3]::fmt::Display>::fmt
[INFO] [stdout]    1:     0x6163cdb6a3ea - core[df12db4294e9bfd3]::fmt::write
[INFO] [stdout]    2:     0x6163cdb59aec - <alloc[2182bb758b4b3781]::vec::Vec<u8> as core[df12db4294e9bfd3]::io::write::Write>::write_fmt
[INFO] [stdout]    3:     0x6163cdb31c46 - std[70759c8f55707aa4]::panicking::default_hook::{closure#0}
[INFO] [stdout]    4:     0x6163cdb4ddb9 - std[70759c8f55707aa4]::panicking::default_hook
[INFO] [stdout]    5:     0x6163cdaea240 - test[9d35eded1c95d3be]::test_main_inner::<test[9d35eded1c95d3be]::test_main_static::{closure#0}>::{closure#0}
[INFO] [stdout]    6:     0x6163cdb4df72 - std[70759c8f55707aa4]::panicking::panic_with_hook
[INFO] [stdout]    7:     0x6163cdb31cf2 - std[70759c8f55707aa4]::panicking::panic_handler::{closure#0}
[INFO] [stdout]    8:     0x6163cdb2aa79 - std[70759c8f55707aa4]::sys::backtrace::__rust_end_short_backtrace::<std[70759c8f55707aa4]::panicking::panic_handler::{closure#0}, !>
[INFO] [stdout]    9:     0x6163cdb328ed - __rustc[8fa7c3cbc660c2b3]::rust_begin_unwind
[INFO] [stdout]   10:     0x6163cdb6ab1c - core[df12db4294e9bfd3]::panicking::panic_fmt
[INFO] [stdout]   11:     0x6163cdb6a96c - core[df12db4294e9bfd3]::panicking::panic_bounds_check
[INFO] [stdout]   12:     0x6163cdadd0f9 - <dice[27b666069caf94cf]::tests::com::{closure#0} as core[df12db4294e9bfd3]::ops::function::FnOnce<()>>::call_once
[INFO] [stdout]   13:     0x6163cdadd52b - test[9d35eded1c95d3be]::__rust_begin_short_backtrace::<core[df12db4294e9bfd3]::result::Result<(), alloc[2182bb758b4b3781]::string::String>, fn() -> core[df12db4294e9bfd3]::result::Result<(), alloc[2182bb758b4b3781]::string::String>>
[INFO] [stdout]   14:     0x6163cdaeab95 - test[9d35eded1c95d3be]::run_test::{closure#0}
[INFO] [stdout]   15:     0x6163cdae4454 - std[70759c8f55707aa4]::sys::backtrace::__rust_begin_short_backtrace::<test[9d35eded1c95d3be]::run_test::{closure#1}, ()>
[INFO] [stdout]   16:     0x6163cdaedcf2 - <std[70759c8f55707aa4]::thread::lifecycle::spawn_unchecked<test[9d35eded1c95d3be]::run_test::{closure#1}, ()>::{closure#1} as core[df12db4294e9bfd3]::ops::function::FnOnce<()>>::call_once::{shim:vtable#0}
[INFO] [stdout]   17:     0x6163cdb54f29 - <std[70759c8f55707aa4]::sys::thread::unix::Thread>::new::thread_start
[INFO] [stdout]   18:     0x7025b652cdfa - <unknown>
[INFO] [stdout]   19:     0x7025b65c03d4 - clone
[INFO] [stdout]   20:                0x0 - <unknown>
[INFO] [stdout] 
[INFO] [stdout] 
[INFO] [stdout] failures:
[INFO] [stdout]     tests::com
[INFO] [stdout] 
[INFO] [stdout] test result: FAILED. 1 passed; 1 failed; 0 ignored; 0 measured; 0 filtered out; finished in 0.00s
[INFO] [stdout] 
[INFO] [stderr] error: test failed, to rerun pass `--lib`
[INFO] running `Command { std: "docker" "inspect" "4836d7fa7be3f407334d353981952f541b4a615841145fba5364092fc362841f", kill_on_drop: false }`
[INFO] running `Command { std: "docker" "rm" "-f" "4836d7fa7be3f407334d353981952f541b4a615841145fba5364092fc362841f", kill_on_drop: false }`
[INFO] [stdout] 4836d7fa7be3f407334d353981952f541b4a615841145fba5364092fc362841f
