[INFO] fetching crate diapause 0.2.0...
[INFO] testing diapause-0.2.0 against 1.99.0-beta.8+cargoflags=--release for beta-release-1.100-2
[INFO] extracting crate diapause 0.2.0 into /workspace/builds/worker-6-tc1/source
[INFO] started tweaking crates.io crate diapause 0.2.0
[INFO] removed 0 missing tests
[INFO] finished tweaking crates.io crate diapause 0.2.0
[INFO] tweaked toml for crates.io crate diapause 0.2.0 written to /workspace/builds/worker-6-tc1/source/Cargo.toml
[INFO] validating manifest of crates.io crate diapause 0.2.0 on toolchain 1.99.0-beta.8
[INFO] running `Command { std: CARGO_HOME="/workspace/cargo-home" RUSTUP_HOME="/workspace/rustup-home" "/workspace/cargo-home/bin/cargo" "+1.99.0-beta.8" "metadata" "--manifest-path" "Cargo.toml" "--no-deps", kill_on_drop: false }`
[INFO] crate crates.io crate diapause 0.2.0 already has a lockfile, it will not be regenerated
[INFO] running `Command { std: CARGO_HOME="/workspace/cargo-home" RUSTUP_HOME="/workspace/rustup-home" "/workspace/cargo-home/bin/cargo" "+1.99.0-beta.8" "fetch" "--manifest-path" "Cargo.toml", kill_on_drop: false }`
[INFO] [stderr]     Updating crates.io index
[INFO] [stderr]  Downloading crates ...
[INFO] [stderr]   Downloaded toml v1.1.2+spec-1.1.0
[INFO] [stderr]   Downloaded diapause-macro v0.2.0
[INFO] [stderr]   Downloaded zmij v1.0.22
[INFO] [stderr]   Downloaded trybuild v1.0.118
[INFO] [stderr]   Downloaded diapause-macro-core v0.2.0
[INFO] running `Command { std: "docker" "create" "-v" "/var/lib/crater-agent-workspace/builds/worker-6-tc1/source:/opt/rustwide/workdir:ro,Z" "-v" "/var/lib/crater-agent-workspace/builds/worker-6-tc1/target:/opt/rustwide/target:rw,Z" "-v" "/var/lib/crater-agent-workspace/cargo-home:/opt/rustwide/cargo-home:ro,Z" "-v" "/var/lib/crater-agent-workspace/rustup-home:/opt/rustwide/rustup-home:ro,Z" "-m" "1610612736" "--network" "none" "ghcr.io/rust-lang/crates-build-env/linux@sha256:77db811e55d90add9212f6832c23229e3de5f1c1f9905e8cb07319ea15df73ac" "sleep" "infinity", kill_on_drop: false }`
[INFO] [stdout] 7b1ad3421ff56d071a27a6f9472f7f5de9ae4971002bd639bce9b259ec809d39
[INFO] running `Command { std: "docker" "start" "7b1ad3421ff56d071a27a6f9472f7f5de9ae4971002bd639bce9b259ec809d39", kill_on_drop: false }`
[INFO] running `Command { std: "docker" "inspect" "7b1ad3421ff56d071a27a6f9472f7f5de9ae4971002bd639bce9b259ec809d39", kill_on_drop: false }`
[INFO] running `Command { std: "docker" "exec" "-e" "SOURCE_DIR=/opt/rustwide/workdir" "-e" "CARGO_HOME=/opt/rustwide/cargo-home" "-e" "RUSTUP_HOME=/opt/rustwide/rustup-home" "-e" "CARGO_TARGET_DIR=/opt/rustwide/target" "-w" "/opt/rustwide/workdir" "--user" "0:0" "7b1ad3421ff56d071a27a6f9472f7f5de9ae4971002bd639bce9b259ec809d39" "/opt/rustwide/cargo-home/bin/cargo" "+1.99.0-beta.8" "metadata" "--no-deps" "--format-version=1", kill_on_drop: false }`
[INFO] running `Command { std: "docker" "inspect" "7b1ad3421ff56d071a27a6f9472f7f5de9ae4971002bd639bce9b259ec809d39", kill_on_drop: false }`
[INFO] running `Command { std: "docker" "exec" "-e" "SOURCE_DIR=/opt/rustwide/workdir" "-e" "CARGO_HOME=/opt/rustwide/cargo-home" "-e" "RUSTUP_HOME=/opt/rustwide/rustup-home" "-e" "CARGO_TARGET_DIR=/opt/rustwide/target" "-e" "CARGO_INCREMENTAL=0" "-e" "RUST_BACKTRACE=full" "-e" "RUSTFLAGS=--cap-lints=warn" "-e" "RUSTDOCFLAGS=--cap-lints=warn" "-w" "/opt/rustwide/workdir" "--user" "0:0" "7b1ad3421ff56d071a27a6f9472f7f5de9ae4971002bd639bce9b259ec809d39" "/opt/rustwide/cargo-home/bin/cargo" "+1.99.0-beta.8" "build" "--frozen" "--message-format=json" "--release", kill_on_drop: false }`
[INFO] [stderr]    Compiling syn v2.0.118
[INFO] [stderr]    Compiling diapause-macro-core v0.2.0
[INFO] [stderr]    Compiling diapause-macro v0.2.0
[INFO] [stderr]    Compiling diapause v0.2.0 (/opt/rustwide/workdir)
[INFO] [stderr]     Finished `release` profile [optimized] target(s) in 7.87s
[INFO] running `Command { std: "docker" "inspect" "7b1ad3421ff56d071a27a6f9472f7f5de9ae4971002bd639bce9b259ec809d39", kill_on_drop: false }`
[INFO] running `Command { std: "docker" "exec" "-e" "SOURCE_DIR=/opt/rustwide/workdir" "-e" "CARGO_HOME=/opt/rustwide/cargo-home" "-e" "RUSTUP_HOME=/opt/rustwide/rustup-home" "-e" "CARGO_TARGET_DIR=/opt/rustwide/target" "-e" "CARGO_INCREMENTAL=0" "-e" "RUST_BACKTRACE=full" "-e" "RUSTFLAGS=--cap-lints=warn" "-e" "RUSTDOCFLAGS=--cap-lints=warn" "-w" "/opt/rustwide/workdir" "--user" "0:0" "7b1ad3421ff56d071a27a6f9472f7f5de9ae4971002bd639bce9b259ec809d39" "/opt/rustwide/cargo-home/bin/cargo" "+1.99.0-beta.8" "test" "--frozen" "--no-run" "--message-format=json" "--release", kill_on_drop: false }`
[INFO] [stderr]    Compiling serde_core v1.0.228
[INFO] [stderr]    Compiling zmij v1.0.22
[INFO] [stderr]    Compiling winnow v1.0.3
[INFO] [stderr]    Compiling target-triple v1.0.0
[INFO] [stderr]    Compiling toml_writer v1.1.1+spec-1.1.0
[INFO] [stderr]    Compiling glob v0.3.3
[INFO] [stderr]    Compiling termcolor v1.4.1
[INFO] [stderr]    Compiling serde_derive v1.0.228
[INFO] [stderr]    Compiling toml_parser v1.1.2+spec-1.1.0
[INFO] [stderr]    Compiling toml_datetime v1.1.1+spec-1.1.0
[INFO] [stderr]    Compiling serde_spanned v1.1.1
[INFO] [stderr]    Compiling serde v1.0.228
[INFO] [stderr]    Compiling serde_json v1.0.150
[INFO] [stderr]    Compiling toml v1.1.2+spec-1.1.0
[INFO] [stderr]    Compiling trybuild v1.0.118
[INFO] [stderr]    Compiling diapause v0.2.0 (/opt/rustwide/workdir)
[INFO] [stderr]     Finished `release` profile [optimized] target(s) in 23.64s
[INFO] running `Command { std: "docker" "inspect" "7b1ad3421ff56d071a27a6f9472f7f5de9ae4971002bd639bce9b259ec809d39", kill_on_drop: false }`
[INFO] running `Command { std: "docker" "exec" "-e" "SOURCE_DIR=/opt/rustwide/workdir" "-e" "CARGO_HOME=/opt/rustwide/cargo-home" "-e" "RUSTUP_HOME=/opt/rustwide/rustup-home" "-e" "CARGO_TARGET_DIR=/opt/rustwide/target" "-e" "CARGO_INCREMENTAL=0" "-e" "RUST_BACKTRACE=full" "-e" "RUSTFLAGS=--cap-lints=warn" "-e" "RUSTDOCFLAGS=--cap-lints=warn" "-w" "/opt/rustwide/workdir" "--user" "0:0" "7b1ad3421ff56d071a27a6f9472f7f5de9ae4971002bd639bce9b259ec809d39" "/opt/rustwide/cargo-home/bin/cargo" "+1.99.0-beta.8" "test" "--frozen" "--release", kill_on_drop: false }`
[INFO] [stderr]     Finished `release` profile [optimized] target(s) in 0.04s
[INFO] [stderr]      Running unittests src/lib.rs (/opt/rustwide/target/release/deps/diapause-35b65e96c168357c)
[INFO] [stdout] 
[INFO] [stdout] running 0 tests
[INFO] [stdout] 
[INFO] [stdout] test result: ok. 0 passed; 0 failed; 0 ignored; 0 measured; 0 filtered out; finished in 0.00s
[INFO] [stdout] 
[INFO] [stderr]      Running tests/api.rs (/opt/rustwide/target/release/deps/api-ff77f1effd940070)
[INFO] [stdout] 
[INFO] [stdout] running 3 tests
[INFO] [stdout] test coroutine_impl_for_mut_ref ... ok
[INFO] [stdout] test coroutine_is_dyn_compatible ... ok
[INFO] [stdout] test try_start_and_try_resume_follow_status ... ok
[INFO] [stdout] 
[INFO] [stdout] test result: ok. 3 passed; 0 failed; 0 ignored; 0 measured; 0 filtered out; finished in 0.02s
[INFO] [stdout] 
[INFO] [stderr]      Running tests/borrow.rs (/opt/rustwide/target/release/deps/borrow-862ddc88049155e7)
[INFO] [stdout] 
[INFO] [stdout] running 7 tests
[INFO] [stdout] test shared_borrow_is_reconstructed ... ok
[INFO] [stdout] test write_through_reborrow_reaches_the_source ... ok
[INFO] [stdout] test dropped_shadowing_borrow_reads_both_sources ... ok
[INFO] [stdout] test statement_before_a_dropped_borrow_survives_block_merging ... ok
[INFO] [stdout] test borrow_is_reconstructed_in_each_segment ... ok
[INFO] [stdout] test shadowing_a_dead_borrow_source_uses_the_new_binding ... ok
[INFO] [stderr]      Running tests/compile_fail.rs (/opt/rustwide/target/release/deps/compile_fail-164dab4a1406800c)
[INFO] [stdout] test original_borrow_stays_when_used_before_yield ... ok
[INFO] [stdout] 
[INFO] [stdout] test result: ok. 7 passed; 0 failed; 0 ignored; 0 measured; 0 filtered out; finished in 0.00s
[INFO] [stdout] 
[INFO] [stdout] 
[INFO] [stdout] running 1 test
[INFO] [stderr]    Compiling proc-macro2 v1.0.106
[INFO] [stderr]    Compiling unicode-ident v1.0.24
[INFO] [stderr]    Compiling quote v1.0.46
[INFO] [stderr]    Compiling serde_core v1.0.228
[INFO] [stderr]    Compiling zmij v1.0.22
[INFO] [stderr]    Compiling serde v1.0.228
[INFO] [stderr]    Compiling serde_json v1.0.150
[INFO] [stderr]     Checking itoa v1.0.18
[INFO] [stderr]     Checking memchr v2.8.3
[INFO] [stderr]    Compiling syn v2.0.118
[INFO] [stderr]    Compiling diapause-macro-core v0.2.0
[INFO] [stderr]    Compiling serde_derive v1.0.228
[INFO] [stderr]    Compiling diapause-macro v0.2.0
[INFO] [stderr]     Checking diapause v0.2.0 (/opt/rustwide/workdir)
[INFO] [stderr]     Checking diapause-tests v0.0.0 (/opt/rustwide/target/tests/trybuild/diapause)
[INFO] [stderr]     Finished `dev` profile [unoptimized + debuginfo] target(s) in 13.64s
[INFO] [stderr] 
[INFO] [stderr] 
[INFO] [stderr] test tests/compile_fail/arg_destructuring_across_yield.rs ... ok
[INFO] [stderr] test tests/compile_fail/arg_pattern_duplicate_name.rs ... ok
[INFO] [stderr] test tests/compile_fail/bad_attr_args.rs ... ok
[INFO] [stderr] test tests/compile_fail/bad_resume_binding.rs ... ok
[INFO] [stderr] test tests/compile_fail/borrow_source_shadowed.rs ... ok
[INFO] [stderr] test tests/compile_fail/borrowed_source_frozen.rs ... ok
[INFO] [stderr] test tests/compile_fail/break_with_value.rs ... ok
[INFO] [stderr] test tests/compile_fail/for_destructuring_across_yield.rs ... ok
[INFO] [stderr] test tests/compile_fail/for_head_unknown_type.rs ... ok
[INFO] [stderr] test tests/compile_fail/for_over_borrowed_local.rs ... ok
[INFO] [stderr] test tests/compile_fail/if_let_binding_across_yield.rs ... ok
[INFO] [stderr] test tests/compile_fail/if_let_chain_binding_across_yield.rs ... ok
[INFO] [stderr] test tests/compile_fail/into_iterator_requires_unit_resume.rs ... ok
[INFO] [stderr] test tests/compile_fail/let_else_binding_across_yield.rs ... ok
[INFO] [stderr] test tests/compile_fail/loop_crossing_unknown_type.rs ... ok
[INFO] [stderr] test tests/compile_fail/match_arm_binding_across_yield.rs ... ok
[INFO] [stderr] test tests/compile_fail/non_reconstructible_borrow.rs ... ok
[INFO] [stderr] test tests/compile_fail/opaque_jump_shadowed_state.rs ... ok
[INFO] [stderr] test tests/compile_fail/option_try_in_result_coroutine.rs ... ok
[INFO] [stderr] test tests/compile_fail/ref_across_yield_generic.rs ... ok
[INFO] [stderr] test tests/compile_fail/unknown_live_var_type.rs ... ok
[INFO] [stderr] test tests/compile_fail/value_let_missing_annotation.rs ... ok
[INFO] [stderr] test tests/compile_fail/yield_all_call_operand_reference_arg.rs ... ok
[INFO] [stderr] test tests/compile_fail/yield_all_in_break_value.rs ... ok
[INFO] [stderr] test tests/compile_fail/yield_all_method_call_operand.rs ... ok
[INFO] [stderr] test tests/compile_fail/yield_all_non_coroutine_call.rs ... ok
[INFO] [stderr] test tests/compile_fail/yield_all_resume_direct_expression.rs ... ok
[INFO] [stderr] test tests/compile_fail/yield_all_resume_missing_value.rs ... ok
[INFO] [stderr] test tests/compile_fail/yield_all_resume_yield_in_value.rs ... ok
[INFO] [stderr] test tests/compile_fail/yield_all_try_in_expression.rs ... ok
[INFO] [stderr] test tests/compile_fail/yield_all_unknown_type.rs ... ok
[INFO] [stderr] test tests/compile_fail/yield_all_yield_in_call_operand.rs ... ok
[INFO] [stderr] test tests/compile_fail/yield_all_yield_type_mismatch.rs ... ok
[INFO] [stderr] test tests/compile_fail/yield_in_condition.rs ... ok
[INFO] [stderr] test tests/compile_fail/yield_in_expression.rs ... ok
[INFO] [stderr] test tests/compile_fail/yield_in_foreign_macro.rs ... ok
[INFO] [stderr] test tests/compile_fail/yield_in_value_position.rs ... ok
[INFO] [stderr] test tests/compile_fail/yield_outside_coroutine.rs ... ok
[INFO] [stderr] 
[INFO] [stderr] 
[INFO] [stdout] test compile_fail ... ok
[INFO] [stdout] 
[INFO] [stdout] test result: ok. 1 passed; 0 failed; 0 ignored; 0 measured; 0 filtered out; finished in 17.86s
[INFO] [stdout] 
[INFO] [stderr]      Running tests/control_flow.rs (/opt/rustwide/target/release/deps/control_flow-8a1da5ab96eedf82)
[INFO] [stdout] 
[INFO] [stdout] running 35 tests
[INFO] [stdout] test early_return_not_taken ... ok
[INFO] [stdout] test opaque_break_and_continue_in_match_arms ... ok
[INFO] [stdout] test opaque_break_exits_the_loop ... ok
[INFO] [stdout] test opaque_break_out_of_labeled_block ... ok
[INFO] [stdout] test let_else_unmatched_diverges ... ok
[INFO] [stdout] test labeled_break_from_nested_loops ... ok
[INFO] [stdout] test local_breaks_stay_inside_the_opaque_statement ... ok
[INFO] [stdout] test loop_with_break_in_nested_if ... ok
[INFO] [stdout] test opaque_continue_advances_the_for_loop ... ok
[INFO] [stdout] test foreign_macro_beside_an_opaque_break ... ok
[INFO] [stdout] test let_else_break_exits_the_loop ... ok
[INFO] [stdout] test continue_restarts_the_loop ... ok
[INFO] [stdout] test opaque_valued_break_into_let_initializer ... ok
[INFO] [stdout] test yield_in_if_let_chain_pattern_link_fails ... ok
[INFO] [stdout] test yield_in_if_let_chain_trailing_bool_link_fails ... ok
[INFO] [stdout] test yield_in_if_let_matched ... ok
[INFO] [stdout] test yield_in_if_let_unmatched ... ok
[INFO] [stdout] test yield_in_match_arms ... ok
[INFO] [stdout] test yield_in_if_skipped ... ok
[INFO] [stdout] test yield_in_if_taken ... ok
[INFO] [stdout] test yield_in_while_let_chain_stops_at_the_bool_link ... ok
[INFO] [stdout] test yield_in_while ... ok
[INFO] [stdout] test opaque_continue_restarts_the_while_loop ... ok
[INFO] [stdout] test if_let_in_value_position ... ok
[INFO] [stdout] test early_return_completes ... ok
[INFO] [stdout] test let_else_matched_continues ... ok
[INFO] [stdout] test early_return_from_inside_a_loop ... ok
[INFO] [stdout] test yield_in_if_let_chain_all_links_match ... ok
[INFO] [stdout] test yield_in_else_if_let_chain ... ok
[INFO] [stderr]      Running tests/delegation_tail_position.rs (/opt/rustwide/target/release/deps/delegation_tail_position-d7db192c9b5adfa5)
[INFO] [stdout] test branches_with_differing_live_sets ... ok
[INFO] [stdout] test borrow_across_loop_yield_is_rebuilt_each_iteration ... ok
[INFO] [stdout] test while_condition_false_from_the_start ... ok
[INFO] [stdout] test opaque_valued_break_out_of_tail_loop ... ok
[INFO] [stdout] test opaque_labeled_break_from_nested_opaque_loop ... ok
[INFO] [stdout] test yield_in_if_let_chain_bool_link_using_the_binding_fails ... ok
[INFO] [stdout] 
[INFO] [stdout] test result: ok. 35 passed; 0 failed; 0 ignored; 0 measured; 0 filtered out; finished in 0.01s
[INFO] [stdout] 
[INFO] [stdout] 
[INFO] [stdout] running 13 tests
[INFO] [stdout] test arm_tail_in_a_statement_match_discards_the_completion_value ... ok
[INFO] [stdout] test if_else_tails_as_the_function_tail ... ok
[INFO] [stdout] test nested_block_tail_inside_an_arm ... ok
[INFO] [stdout] test resume_delegation_at_an_else_tail ... ok
[INFO] [stdout] test brace_delimited_arm_tail ... ok
[INFO] [stdout] test resume_delegation_with_try_at_an_arm_tail ... ok
[INFO] [stdout] test try_at_a_block_tail ... ok
[INFO] [stdout] test try_at_a_braced_arm_tail ... ok
[INFO] [stdout] test try_at_an_unbraced_arm_tail ... ok
[INFO] [stdout] test unbraced_arm_tail_as_a_let_initializer ... ok
[INFO] [stdout] test block_tail_as_a_let_initializer ... ok
[INFO] [stdout] test boxed_delegation_at_an_arm_tail ... ok
[INFO] [stdout] test braced_arm_tail_as_the_function_tail ... ok
[INFO] [stdout] 
[INFO] [stdout] test result: ok. 13 passed; 0 failed; 0 ignored; 0 measured; 0 filtered out; finished in 0.00s
[INFO] [stdout] 
[INFO] [stderr]      Running tests/derive.rs (/opt/rustwide/target/release/deps/derive-1140f709b23b854c)
[INFO] [stdout] 
[INFO] [stdout] running 4 tests
[INFO] [stdout] test doc_comments_build_cleanly ... ok
[INFO] [stdout] test generic_clone_gets_standard_bounds ... ok
[INFO] [stdout] test multiple_derives_including_debug ... ok
[INFO] [stdout] test cloned_snapshot_resumes_independently ... ok
[INFO] [stdout] 
[INFO] [stdout] test result: ok. 4 passed; 0 failed; 0 ignored; 0 measured; 0 filtered out; finished in 0.00s
[INFO] [stdout] 
[INFO] [stderr]      Running tests/destructuring_args.rs (/opt/rustwide/target/release/deps/destructuring_args-95c14071206595dc)
[INFO] [stdout] 
[INFO] [stdout] running 6 tests
[INFO] [stdout] test mut_pattern_component ... ok
[INFO] [stdout] test rebound_components_cross_yields ... ok
[INFO] [stdout] test tuple_pattern_arg ... ok
[INFO] [stdout] test wildcard_arg ... ok
[INFO] [stdout] test reference_pattern_arg ... ok
[INFO] [stdout] test struct_pattern_arg ... ok
[INFO] [stdout] 
[INFO] [stdout] test result: ok. 6 passed; 0 failed; 0 ignored; 0 measured; 0 filtered out; finished in 0.00s
[INFO] [stdout] 
[INFO] [stderr]      Running tests/diverging_tail.rs (/opt/rustwide/target/release/deps/diverging_tail-12624992ce068e6a)
[INFO] [stdout] 
[INFO] [stdout] running 5 tests
[INFO] [stdout] test a_diverging_statement_return_compiles ... ok
[INFO] [stdout] test a_diverging_let_else_block_compiles ... ok
[INFO] [stdout] test a_diverging_helper_call_as_the_tail_compiles ... ok
[INFO] [stdout] test a_panic_in_the_completion_expression_poisons_the_state ... ok
[INFO] [stdout] test a_diverging_tail_expression_compiles_and_runs ... ok
[INFO] [stdout] 
[INFO] [stdout] test result: ok. 5 passed; 0 failed; 0 ignored; 0 measured; 0 filtered out; finished in 0.00s
[INFO] [stdout] 
[INFO] [stderr]      Running tests/doc_examples.rs (/opt/rustwide/target/release/deps/doc_examples-114baa506d32c745)
[INFO] [stdout] 
[INFO] [stdout] running 7 tests
[INFO] [stdout] test borrow_across_yield ... ok
[INFO] [stdout] test combined_features ... ok
[INFO] [stdout] test resume_argument_passing ... ok
[INFO] [stdout] test simple_case ... ok
[INFO] [stdout] test derive_on_state_enum ... ok
[INFO] [stdout] test generics_and_reference_args ... ok
[INFO] [stderr]      Running tests/early_return.rs (/opt/rustwide/target/release/deps/early_return-14e26869271ea50e)
[INFO] [stdout] test control_flow_yield ... ok
[INFO] [stdout] 
[INFO] [stdout] test result: ok. 7 passed; 0 failed; 0 ignored; 0 measured; 0 filtered out; finished in 0.01s
[INFO] [stdout] 
[INFO] [stdout] 
[INFO] [stdout] running 10 tests
[INFO] [stdout] test bare_return_completes ... ok
[INFO] [stdout] test dead_variable_on_the_returning_path_is_not_stored ... ok
[INFO] [stdout] test try_inside_a_return_value ... ok
[INFO] [stdout] test returns_inside_a_yield_free_tail_expression ... ok
[INFO] [stdout] test all_paths_ending_in_return_need_no_unreachable_tail ... ok
[INFO] [stdout] test opaque_return_completes_from_inside_a_loop ... ok
[INFO] [stderr]      Running tests/for_loop.rs (/opt/rustwide/target/release/deps/for_loop-2cc5e29a81f228a2)
[INFO] [stdout] test returning_branch_may_move_loop_state ... ok
[INFO] [stdout] test yield_value_return_completes_before_suspending ... ok
[INFO] [stdout] test return_of_a_yield_value ... ok
[INFO] [stdout] test match_arm_return_moves_the_accumulator ... ok
[INFO] [stdout] 
[INFO] [stdout] test result: ok. 10 passed; 0 failed; 0 ignored; 0 measured; 0 filtered out; finished in 0.01s
[INFO] [stdout] 
[INFO] [stdout] 
[INFO] [stdout] running 11 tests
[INFO] [stdout] test for_nested_in_for ... ok
[INFO] [stdout] test for_over_a_borrowed_argument ... ok
[INFO] [stdout] test break_and_continue_inside_a_for ... ok
[INFO] [stdout] test wildcard_loop_variable ... ok
[INFO] [stdout] test for_over_a_range ... ok
[INFO] [stdout] test for_over_an_annotated_array ... ok
[INFO] [stdout] test resume_values_feed_the_loop_body ... ok
[INFO] [stdout] test for_over_an_empty_range ... ok
[INFO] [stdout] test mut_loop_variable_crosses_the_yield ... ok
[INFO] [stdout] test for_nested_in_if ... ok
[INFO] [stdout] test labeled_break_from_a_nested_for ... ok
[INFO] [stdout] 
[INFO] [stdout] test result: ok. 11 passed; 0 failed; 0 ignored; 0 measured; 0 filtered out; finished in 0.01s
[INFO] [stdout] 
[INFO] [stdout] 
[INFO] [stdout] running 22 tests
[INFO] [stdout] test body_only_type_param_is_anchored_by_phantom ... ok
[INFO] [stdout] test elided_reference_arg_lives_across_yield ... ok
[INFO] [stdout] test impl_trait_arg_becomes_type_param ... ok
[INFO] [stdout] test impl_trait_with_associated_type ... ok
[INFO] [stdout] test impl_trait_with_into_iterator ... ok
[INFO] [stdout] test generic_coroutine_with_yield_all ... ok
[INFO] [stdout] test const_generic_parameter ... ok
[INFO] [stdout] test impl_trait_and_type_param_mixed ... ok
[INFO] [stdout] test multiple_type_params_in_function ... ok
[INFO] [stdout] test reference_to_slice_argument ... ok
[INFO] [stdout] test reference_to_str_argument ... ok
[INFO] [stdout] test type_param_with_multiple_bounds ... ok
[INFO] [stdout] test mutable_reference_argument ... ok
[INFO] [stdout] test type_params_and_multiple_reference_args ... ok
[INFO] [stdout] test named_lifetime_in_signature_and_return ... ok
[INFO] [stderr]      Running tests/generics.rs (/opt/rustwide/target/release/deps/generics-533d35ed34e6fd4c)
[INFO] [stdout] test type_param_in_yield_type ... ok
[INFO] [stdout] test type_param_with_bound ... ok
[INFO] [stdout] test multiple_impl_trait_args ... ok
[INFO] [stdout] test multiple_reference_args_with_different_lifetimes ... ok
[INFO] [stdout] test slice_reference_across_yield ... ok
[INFO] [stdout] test type_param_in_return_type ... ok
[INFO] [stderr]      Running tests/in_place.rs (/opt/rustwide/target/release/deps/in_place-bfbe40e12a4f618a)
[INFO] [stdout] test where_clause_is_copied ... ok
[INFO] [stdout] 
[INFO] [stdout] test result: ok. 22 passed; 0 failed; 0 ignored; 0 measured; 0 filtered out; finished in 0.01s
[INFO] [stdout] 
[INFO] [stdout] 
[INFO] [stdout] running 6 tests
[INFO] [stdout] test rebound_loop_variable_agrees_with_move_out_codegen ... ok
[INFO] [stdout] test in_place_and_move_out_codegen_agree ... ok
[INFO] [stdout] test serialized_states_are_interchangeable ... ok
[INFO] [stdout] test panic_on_a_completion_path_still_poisons ... ok
[INFO] [stdout] test panic_with_in_place_disabled_poisons_the_state ... ok
[INFO] [stdout] test panic_in_an_in_place_arm_leaves_the_state_suspended ... ok
[INFO] [stdout] 
[INFO] [stdout] test result: ok. 6 passed; 0 failed; 0 ignored; 0 measured; 0 filtered out; finished in 0.00s
[INFO] [stdout] 
[INFO] [stderr]      Running tests/iter.rs (/opt/rustwide/target/release/deps/iter-74eee7b7e9986015)
[INFO] [stdout] 
[INFO] [stdout] running 15 tests
[INFO] [stdout] test into_iterator_default_resume ... ok
[INFO] [stdout] test into_iterator_direct_for_loop ... ok
[INFO] [stdout] test iter_by_mut_ref_partial_iteration ... ok
[INFO] [stdout] test iter_empty_coroutine ... ok
[INFO] [stdout] test iter_get_mut_stays_consistent ... ok
[INFO] [stdout] test into_iterator_generic_coroutine ... ok
[INFO] [stdout] test iter_basic_iteration ... ok
[INFO] [stdout] test into_iterator_into_iter_call ... ok
[INFO] [stdout] test iter_get_ref ... ok
[INFO] [stdout] test iter_with_yield_all_delegation ... ok
[INFO] [stdout] test iter_for_loop ... ok
[INFO] [stdout] test iter_into_iterator_auto_impl ... ok
[INFO] [stdout] test iter_poisoned_panics - should panic ... ok
[INFO] [stdout] test iter_into_inner ... ok
[INFO] [stdout] test iter_consumed_after_iteration ... ok
[INFO] [stdout] 
[INFO] [stdout] test result: ok. 15 passed; 0 failed; 0 ignored; 0 measured; 0 filtered out; finished in 0.01s
[INFO] [stdout] 
[INFO] [stdout] 
[INFO] [stdout] running 9 tests
[INFO] [stdout] test arg_types_resolve_in_generated_mod ... ok
[INFO] [stdout] test visibility_is_propagated ... ok
[INFO] [stdout] test start_runs_body_with_args ... ok
[INFO] [stdout] test status_goes_straight_from_not_started_to_done ... ok
[INFO] [stderr]      Running tests/no_yield.rs (/opt/rustwide/target/release/deps/no_yield-7c9ab0db27ab908c)
[INFO] [stdout] test resume_after_done_panics - should panic ... ok
[INFO] [stdout] test start_completes_unit ... ok
[INFO] [stdout] test double_start_panics - should panic ... ok
[INFO] [stdout] test mut_binding_is_preserved ... ok
[INFO] [stdout] test resume_before_start_panics - should panic ... ok
[INFO] [stdout] 
[INFO] [stdout] test result: ok. 9 passed; 0 failed; 0 ignored; 0 measured; 0 filtered out; finished in 0.00s
[INFO] [stdout] 
[INFO] [stderr]      Running tests/serde.rs (/opt/rustwide/target/release/deps/serde-54f7c117e0ebdf35)
[INFO] [stdout] 
[INFO] [stdout] running 14 tests
[INFO] [stdout] test check_fingerprint_rejects_a_state_from_edited_source ... ok
[INFO] [stdout] test fingerprints_differ_between_edited_sources ... ok
[INFO] [stdout] test serialized_inclusive_iterator_exposes_exhaustion ... FAILED
[INFO] [stdout] test fingerprinted_is_usable_generically ... ok
[INFO] [stdout] test enabling_fingerprint_invalidates_old_persisted_states ... ok
[INFO] [stdout] test serialized_state_exposes_the_iterator_cursor ... ok
[INFO] [stdout] test manual_fingerprint_pins_compatibility_across_edits ... ok
[INFO] [stdout] test inclusive_range_round_trips_at_every_suspension ... ok
[INFO] [stdout] test suspended_delegation_round_trips_through_json ... ok
[INFO] [stdout] test fingerprinted_state_round_trips_through_json ... ok
[INFO] [stdout] test resume_panics_on_a_state_from_edited_source - should panic ... ok
[INFO] [stdout] test suspended_for_loop_round_trips_through_json ... ok
[INFO] [stdout] test fingerprint_const_is_generated_without_the_flag ... ok
[INFO] [stderr] error: test failed, to rerun pass `--test serde`
[INFO] [stdout] test start_panics_on_a_state_from_edited_source - should panic ... ok
[INFO] [stdout] 
[INFO] [stdout] failures:
[INFO] [stdout] 
[INFO] [stdout] ---- serialized_inclusive_iterator_exposes_exhaustion stdout ----
[INFO] [stdout] 
[INFO] [stdout] thread 'serialized_inclusive_iterator_exposes_exhaustion' (2067) panicked at tests/serde.rs:296:5:
[INFO] [stdout] assertion `left == right` failed
[INFO] [stdout]   left: Number(2)
[INFO] [stdout]  right: 1
[INFO] [stdout] stack backtrace:
[INFO] [stdout]    0:     0x60cd07483321 - <<std[70759c8f55707aa4]::sys::backtrace::BacktraceLock>::print::DisplayBacktrace as core[df12db4294e9bfd3]::fmt::Display>::fmt
[INFO] [stdout]    1:     0x60cd07497f9a - core[df12db4294e9bfd3]::fmt::write
[INFO] [stdout]    2:     0x60cd074877bc - <alloc[2182bb758b4b3781]::vec::Vec<u8> as core[df12db4294e9bfd3]::io::write::Write>::write_fmt
[INFO] [stdout]    3:     0x60cd0745f916 - std[70759c8f55707aa4]::panicking::default_hook::{closure#0}
[INFO] [stdout]    4:     0x60cd0747ba89 - std[70759c8f55707aa4]::panicking::default_hook
[INFO] [stdout]    5:     0x60cd07417820 - test[9d35eded1c95d3be]::test_main_inner::<test[9d35eded1c95d3be]::test_main_static::{closure#0}>::{closure#0}
[INFO] [stdout]    6:     0x60cd0747bc42 - std[70759c8f55707aa4]::panicking::panic_with_hook
[INFO] [stdout]    7:     0x60cd0745f9c2 - std[70759c8f55707aa4]::panicking::panic_handler::{closure#0}
[INFO] [stdout]    8:     0x60cd07458749 - std[70759c8f55707aa4]::sys::backtrace::__rust_end_short_backtrace::<std[70759c8f55707aa4]::panicking::panic_handler::{closure#0}, !>
[INFO] [stdout]    9:     0x60cd074605bd - __rustc[8fa7c3cbc660c2b3]::rust_begin_unwind
[INFO] [stdout]   10:     0x60cd074986cc - core[df12db4294e9bfd3]::panicking::panic_fmt
[INFO] [stdout]   11:     0x60cd074985e3 - core[df12db4294e9bfd3]::panicking::assert_failed_inner
[INFO] [stdout]   12:     0x60cd073ffd3a - core[df12db4294e9bfd3]::panicking::assert_failed::<serde_json[f41d2e591a7d2b55]::value::Value, i32>
[INFO] [stdout]   13:     0x60cd073fa1ce - <serde[412aa82c33f07417]::serialized_inclusive_iterator_exposes_exhaustion::{closure#0} as core[df12db4294e9bfd3]::ops::function::FnOnce<()>>::call_once
[INFO] [stdout]   14:     0x60cd0740ab0b - test[9d35eded1c95d3be]::__rust_begin_short_backtrace::<core[df12db4294e9bfd3]::result::Result<(), alloc[2182bb758b4b3781]::string::String>, fn() -> core[df12db4294e9bfd3]::result::Result<(), alloc[2182bb758b4b3781]::string::String>>
[INFO] [stdout]   15:     0x60cd07418175 - test[9d35eded1c95d3be]::run_test::{closure#0}
[INFO] [stdout]   16:     0x60cd07411a34 - std[70759c8f55707aa4]::sys::backtrace::__rust_begin_short_backtrace::<test[9d35eded1c95d3be]::run_test::{closure#1}, ()>
[INFO] [stdout]   17:     0x60cd0741b2d2 - <std[70759c8f55707aa4]::thread::lifecycle::spawn_unchecked<test[9d35eded1c95d3be]::run_test::{closure#1}, ()>::{closure#1} as core[df12db4294e9bfd3]::ops::function::FnOnce<()>>::call_once::{shim:vtable#0}
[INFO] [stdout]   18:     0x60cd07482bf9 - <std[70759c8f55707aa4]::sys::thread::unix::Thread>::new::thread_start
[INFO] [stdout]   19:     0x7076bba4bdfa - <unknown>
[INFO] [stdout]   20:     0x7076bbadf3d4 - clone
[INFO] [stdout]   21:                0x0 - <unknown>
[INFO] [stdout] 
[INFO] [stdout] 
[INFO] [stdout] failures:
[INFO] [stdout]     serialized_inclusive_iterator_exposes_exhaustion
[INFO] [stdout] 
[INFO] [stdout] test result: FAILED. 13 passed; 1 failed; 0 ignored; 0 measured; 0 filtered out; finished in 0.01s
[INFO] [stdout] 
[INFO] running `Command { std: "docker" "inspect" "7b1ad3421ff56d071a27a6f9472f7f5de9ae4971002bd639bce9b259ec809d39", kill_on_drop: false }`
[INFO] running `Command { std: "docker" "rm" "-f" "7b1ad3421ff56d071a27a6f9472f7f5de9ae4971002bd639bce9b259ec809d39", kill_on_drop: false }`
[INFO] [stdout] 7b1ad3421ff56d071a27a6f9472f7f5de9ae4971002bd639bce9b259ec809d39
