[INFO] fetching crate dialogue-macro 0.3.3...
[INFO] testing dialogue-macro-0.3.3 against 1.100.0-beta.1+cargoflags=--release for beta-release-1.100-2
[INFO] extracting crate dialogue-macro 0.3.3 into /workspace/builds/worker-4-tc2/source
[INFO] started tweaking crates.io crate dialogue-macro 0.3.3
[INFO] removed 0 missing tests
[INFO] finished tweaking crates.io crate dialogue-macro 0.3.3
[INFO] tweaked toml for crates.io crate dialogue-macro 0.3.3 written to /workspace/builds/worker-4-tc2/source/Cargo.toml
[INFO] validating manifest of crates.io crate dialogue-macro 0.3.3 on toolchain 1.100.0-beta.1
[INFO] running `Command { std: CARGO_HOME="/workspace/cargo-home" RUSTUP_HOME="/workspace/rustup-home" "/workspace/cargo-home/bin/cargo" "+1.100.0-beta.1" "metadata" "--manifest-path" "Cargo.toml" "--no-deps", kill_on_drop: false }`
[INFO] crate crates.io crate dialogue-macro 0.3.3 already has a lockfile, it will not be regenerated
[INFO] running `Command { std: CARGO_HOME="/workspace/cargo-home" RUSTUP_HOME="/workspace/rustup-home" "/workspace/cargo-home/bin/cargo" "+1.100.0-beta.1" "fetch" "--manifest-path" "Cargo.toml", kill_on_drop: false }`
[INFO] running `Command { std: "docker" "create" "-v" "/var/lib/crater-agent-workspace/builds/worker-4-tc2/source:/opt/rustwide/workdir:ro,Z" "-v" "/var/lib/crater-agent-workspace/builds/worker-4-tc2/target:/opt/rustwide/target:rw,Z" "-v" "/var/lib/crater-agent-workspace/cargo-home:/opt/rustwide/cargo-home:ro,Z" "-v" "/var/lib/crater-agent-workspace/rustup-home:/opt/rustwide/rustup-home:ro,Z" "-m" "1610612736" "--network" "none" "ghcr.io/rust-lang/crates-build-env/linux@sha256:77db811e55d90add9212f6832c23229e3de5f1c1f9905e8cb07319ea15df73ac" "sleep" "infinity", kill_on_drop: false }`
[INFO] [stdout] afa3faf5f36bb25d7c134150099cbf7414b08877ee68d928189a63d27c6b4bdd
[INFO] running `Command { std: "docker" "start" "afa3faf5f36bb25d7c134150099cbf7414b08877ee68d928189a63d27c6b4bdd", kill_on_drop: false }`
[INFO] running `Command { std: "docker" "inspect" "afa3faf5f36bb25d7c134150099cbf7414b08877ee68d928189a63d27c6b4bdd", kill_on_drop: false }`
[INFO] running `Command { std: "docker" "exec" "-e" "SOURCE_DIR=/opt/rustwide/workdir" "-e" "CARGO_HOME=/opt/rustwide/cargo-home" "-e" "RUSTUP_HOME=/opt/rustwide/rustup-home" "-e" "CARGO_TARGET_DIR=/opt/rustwide/target" "-w" "/opt/rustwide/workdir" "--user" "0:0" "afa3faf5f36bb25d7c134150099cbf7414b08877ee68d928189a63d27c6b4bdd" "/opt/rustwide/cargo-home/bin/cargo" "+1.100.0-beta.1" "metadata" "--no-deps" "--format-version=1", kill_on_drop: false }`
[INFO] running `Command { std: "docker" "inspect" "afa3faf5f36bb25d7c134150099cbf7414b08877ee68d928189a63d27c6b4bdd", kill_on_drop: false }`
[INFO] running `Command { std: "docker" "exec" "-e" "SOURCE_DIR=/opt/rustwide/workdir" "-e" "CARGO_HOME=/opt/rustwide/cargo-home" "-e" "RUSTUP_HOME=/opt/rustwide/rustup-home" "-e" "CARGO_TARGET_DIR=/opt/rustwide/target" "-e" "CARGO_INCREMENTAL=0" "-e" "RUST_BACKTRACE=full" "-e" "RUSTFLAGS=--cap-lints=warn" "-e" "RUSTDOCFLAGS=--cap-lints=warn" "-w" "/opt/rustwide/workdir" "--user" "0:0" "afa3faf5f36bb25d7c134150099cbf7414b08877ee68d928189a63d27c6b4bdd" "/opt/rustwide/cargo-home/bin/cargo" "+1.100.0-beta.1" "build" "--frozen" "--message-format=json" "--release", kill_on_drop: false }`
[INFO] [stderr]    Compiling proc-macro2 v1.0.79
[INFO] [stderr]    Compiling libc v0.2.153
[INFO] [stderr]    Compiling rustix v0.38.31
[INFO] [stderr]    Compiling bitflags v2.4.2
[INFO] [stderr]    Compiling linux-raw-sys v0.4.13
[INFO] [stderr]    Compiling thiserror v1.0.58
[INFO] [stderr]    Compiling unicode-width v0.1.11
[INFO] [stderr]    Compiling fastrand v2.0.1
[INFO] [stderr]    Compiling zeroize v1.7.0
[INFO] [stderr]    Compiling shell-words v1.1.0
[INFO] [stderr]    Compiling quote v1.0.35
[INFO] [stderr]    Compiling console v0.15.8
[INFO] [stderr]    Compiling syn v2.0.52
[INFO] [stderr]    Compiling tempfile v3.10.1
[INFO] [stderr]    Compiling thiserror-impl v1.0.58
[INFO] [stderr]    Compiling dialogue-core v0.3.3
[INFO] [stderr]    Compiling dialoguer v0.11.0
[INFO] [stderr]    Compiling dialogue-macro v0.3.3 (/opt/rustwide/workdir)
[INFO] [stdout] warning: unexpected `cfg` condition value: `fuzzy-select`
[INFO] [stdout]   --> src/theme.rs:46:11
[INFO] [stdout]    |
[INFO] [stdout] 46 |     #[cfg(feature = "fuzzy-select")]
[INFO] [stdout]    |           ^^^^^^^^^^^^^^^^^^^^^^^^ help: remove the condition
[INFO] [stdout]    |
[INFO] [stdout]    = note: no expected values for `feature`
[INFO] [stdout]    = help: consider adding `fuzzy-select` as a feature in `Cargo.toml`
[INFO] [stdout]    = note: see <https://doc.rust-lang.org/nightly/rustc/check-cfg/cargo-specifics.html> for more information about checking conditional configuration
[INFO] [stdout]    = note: `#[warn(unexpected_cfgs)]` on by default
[INFO] [stdout] 
[INFO] [stdout] 
[INFO] [stdout] warning: unexpected `cfg` condition value: `fuzzy-select`
[INFO] [stdout]   --> src/theme.rs:49:11
[INFO] [stdout]    |
[INFO] [stdout] 49 |     #[cfg(feature = "fuzzy-select")]
[INFO] [stdout]    |           ^^^^^^^^^^^^^^^^^^^^^^^^ help: remove the condition
[INFO] [stdout]    |
[INFO] [stdout]    = note: no expected values for `feature`
[INFO] [stdout]    = help: consider adding `fuzzy-select` as a feature in `Cargo.toml`
[INFO] [stdout]    = note: see <https://doc.rust-lang.org/nightly/rustc/check-cfg/cargo-specifics.html> for more information about checking conditional configuration
[INFO] [stdout] 
[INFO] [stdout] 
[INFO] [stdout] warning: unexpected `cfg` condition value: `fuzzy-select`
[INFO] [stdout]   --> src/theme.rs:76:19
[INFO] [stdout]    |
[INFO] [stdout] 76 |             #[cfg(feature = "fuzzy-select")]
[INFO] [stdout]    |                   ^^^^^^^^^^^^^^^^^^^^^^^^ help: remove the condition
[INFO] [stdout]    |
[INFO] [stdout]    = note: no expected values for `feature`
[INFO] [stdout]    = help: consider adding `fuzzy-select` as a feature in `Cargo.toml`
[INFO] [stdout]    = note: see <https://doc.rust-lang.org/nightly/rustc/check-cfg/cargo-specifics.html> for more information about checking conditional configuration
[INFO] [stdout] 
[INFO] [stdout] 
[INFO] [stdout] warning: unexpected `cfg` condition value: `fuzzy-select`
[INFO] [stdout]   --> src/theme.rs:78:19
[INFO] [stdout]    |
[INFO] [stdout] 78 |             #[cfg(feature = "fuzzy-select")]
[INFO] [stdout]    |                   ^^^^^^^^^^^^^^^^^^^^^^^^ help: remove the condition
[INFO] [stdout]    |
[INFO] [stdout]    = note: no expected values for `feature`
[INFO] [stdout]    = help: consider adding `fuzzy-select` as a feature in `Cargo.toml`
[INFO] [stdout]    = note: see <https://doc.rust-lang.org/nightly/rustc/check-cfg/cargo-specifics.html> for more information about checking conditional configuration
[INFO] [stdout] 
[INFO] [stdout] 
[INFO] [stdout] warning: unexpected `cfg` condition value: `fuzzy-select`
[INFO] [stdout]    --> src/theme.rs:360:11
[INFO] [stdout]     |
[INFO] [stdout] 360 |     #[cfg(feature = "fuzzy-select")]
[INFO] [stdout]     |           ^^^^^^^^^^^^^^^^^^^^^^^^ help: remove the condition
[INFO] [stdout]     |
[INFO] [stdout]     = note: no expected values for `feature`
[INFO] [stdout]     = help: consider adding `fuzzy-select` as a feature in `Cargo.toml`
[INFO] [stdout]     = note: see <https://doc.rust-lang.org/nightly/rustc/check-cfg/cargo-specifics.html> for more information about checking conditional configuration
[INFO] [stdout] 
[INFO] [stdout] 
[INFO] [stdout] warning: unexpected `cfg` condition value: `fuzzy-select`
[INFO] [stdout]    --> src/theme.rs:411:11
[INFO] [stdout]     |
[INFO] [stdout] 411 |     #[cfg(feature = "fuzzy-select")]
[INFO] [stdout]     |           ^^^^^^^^^^^^^^^^^^^^^^^^ help: remove the condition
[INFO] [stdout]     |
[INFO] [stdout]     = note: no expected values for `feature`
[INFO] [stdout]     = help: consider adding `fuzzy-select` as a feature in `Cargo.toml`
[INFO] [stdout]     = note: see <https://doc.rust-lang.org/nightly/rustc/check-cfg/cargo-specifics.html> for more information about checking conditional configuration
[INFO] [stdout] 
[INFO] [stdout] 
[INFO] [stderr]     Finished `release` profile [optimized] target(s) in 11.09s
[INFO] running `Command { std: "docker" "inspect" "afa3faf5f36bb25d7c134150099cbf7414b08877ee68d928189a63d27c6b4bdd", kill_on_drop: false }`
[INFO] running `Command { std: "docker" "exec" "-e" "SOURCE_DIR=/opt/rustwide/workdir" "-e" "CARGO_HOME=/opt/rustwide/cargo-home" "-e" "RUSTUP_HOME=/opt/rustwide/rustup-home" "-e" "CARGO_TARGET_DIR=/opt/rustwide/target" "-e" "CARGO_INCREMENTAL=0" "-e" "RUST_BACKTRACE=full" "-e" "RUSTFLAGS=--cap-lints=warn" "-e" "RUSTDOCFLAGS=--cap-lints=warn" "-w" "/opt/rustwide/workdir" "--user" "0:0" "afa3faf5f36bb25d7c134150099cbf7414b08877ee68d928189a63d27c6b4bdd" "/opt/rustwide/cargo-home/bin/cargo" "+1.100.0-beta.1" "test" "--frozen" "--no-run" "--message-format=json" "--release", kill_on_drop: false }`
[INFO] [stderr]    Compiling serde v1.0.197
[INFO] [stderr]    Compiling serde_json v1.0.114
[INFO] [stderr]    Compiling itoa v1.0.10
[INFO] [stderr]    Compiling trybuild v1.0.89
[INFO] [stderr]    Compiling ryu v1.0.17
[INFO] [stderr]    Compiling serde_derive v1.0.197
[INFO] [stderr]    Compiling dissimilar v1.0.7
[INFO] [stderr]    Compiling once_cell v1.19.0
[INFO] [stderr]    Compiling termcolor v1.4.1
[INFO] [stderr]    Compiling glob v0.3.1
[INFO] [stdout] warning: unexpected `cfg` condition value: `fuzzy-select`
[INFO] [stdout]   --> src/theme.rs:46:11
[INFO] [stdout]    |
[INFO] [stdout] 46 |     #[cfg(feature = "fuzzy-select")]
[INFO] [stdout]    |           ^^^^^^^^^^^^^^^^^^^^^^^^ help: remove the condition
[INFO] [stdout]    |
[INFO] [stdout]    = note: no expected values for `feature`
[INFO] [stdout]    = help: consider adding `fuzzy-select` as a feature in `Cargo.toml`
[INFO] [stdout]    = note: see <https://doc.rust-lang.org/nightly/rustc/check-cfg/cargo-specifics.html> for more information about checking conditional configuration
[INFO] [stdout]    = note: `#[warn(unexpected_cfgs)]` on by default
[INFO] [stdout] 
[INFO] [stdout] 
[INFO] [stdout] warning: unexpected `cfg` condition value: `fuzzy-select`
[INFO] [stdout]   --> src/theme.rs:49:11
[INFO] [stdout]    |
[INFO] [stdout] 49 |     #[cfg(feature = "fuzzy-select")]
[INFO] [stdout]    |           ^^^^^^^^^^^^^^^^^^^^^^^^ help: remove the condition
[INFO] [stdout]    |
[INFO] [stdout]    = note: no expected values for `feature`
[INFO] [stdout]    = help: consider adding `fuzzy-select` as a feature in `Cargo.toml`
[INFO] [stdout]    = note: see <https://doc.rust-lang.org/nightly/rustc/check-cfg/cargo-specifics.html> for more information about checking conditional configuration
[INFO] [stdout] 
[INFO] [stdout] 
[INFO] [stdout] warning: unexpected `cfg` condition value: `fuzzy-select`
[INFO] [stdout]   --> src/theme.rs:76:19
[INFO] [stdout]    |
[INFO] [stdout] 76 |             #[cfg(feature = "fuzzy-select")]
[INFO] [stdout]    |                   ^^^^^^^^^^^^^^^^^^^^^^^^ help: remove the condition
[INFO] [stdout]    |
[INFO] [stdout]    = note: no expected values for `feature`
[INFO] [stdout]    = help: consider adding `fuzzy-select` as a feature in `Cargo.toml`
[INFO] [stdout]    = note: see <https://doc.rust-lang.org/nightly/rustc/check-cfg/cargo-specifics.html> for more information about checking conditional configuration
[INFO] [stdout] 
[INFO] [stdout] 
[INFO] [stdout] warning: unexpected `cfg` condition value: `fuzzy-select`
[INFO] [stdout]   --> src/theme.rs:78:19
[INFO] [stdout]    |
[INFO] [stdout] 78 |             #[cfg(feature = "fuzzy-select")]
[INFO] [stdout]    |                   ^^^^^^^^^^^^^^^^^^^^^^^^ help: remove the condition
[INFO] [stdout]    |
[INFO] [stdout]    = note: no expected values for `feature`
[INFO] [stdout]    = help: consider adding `fuzzy-select` as a feature in `Cargo.toml`
[INFO] [stdout]    = note: see <https://doc.rust-lang.org/nightly/rustc/check-cfg/cargo-specifics.html> for more information about checking conditional configuration
[INFO] [stdout] 
[INFO] [stdout] 
[INFO] [stdout] warning: unexpected `cfg` condition value: `fuzzy-select`
[INFO] [stdout]    --> src/theme.rs:360:11
[INFO] [stdout]     |
[INFO] [stdout] 360 |     #[cfg(feature = "fuzzy-select")]
[INFO] [stdout]     |           ^^^^^^^^^^^^^^^^^^^^^^^^ help: remove the condition
[INFO] [stdout]     |
[INFO] [stdout]     = note: no expected values for `feature`
[INFO] [stdout]     = help: consider adding `fuzzy-select` as a feature in `Cargo.toml`
[INFO] [stdout]     = note: see <https://doc.rust-lang.org/nightly/rustc/check-cfg/cargo-specifics.html> for more information about checking conditional configuration
[INFO] [stdout] 
[INFO] [stdout] 
[INFO] [stdout] warning: unexpected `cfg` condition value: `fuzzy-select`
[INFO] [stdout]    --> src/theme.rs:411:11
[INFO] [stdout]     |
[INFO] [stdout] 411 |     #[cfg(feature = "fuzzy-select")]
[INFO] [stdout]     |           ^^^^^^^^^^^^^^^^^^^^^^^^ help: remove the condition
[INFO] [stdout]     |
[INFO] [stdout]     = note: no expected values for `feature`
[INFO] [stdout]     = help: consider adding `fuzzy-select` as a feature in `Cargo.toml`
[INFO] [stdout]     = note: see <https://doc.rust-lang.org/nightly/rustc/check-cfg/cargo-specifics.html> for more information about checking conditional configuration
[INFO] [stdout] 
[INFO] [stdout] 
[INFO] [stderr]    Compiling basic-toml v0.1.9
[INFO] [stderr]    Compiling dialogue-macro v0.3.3 (/opt/rustwide/workdir)
[INFO] [stdout] warning: unexpected `cfg` condition value: `fuzzy-select`
[INFO] [stdout]   --> src/theme.rs:46:11
[INFO] [stdout]    |
[INFO] [stdout] 46 |     #[cfg(feature = "fuzzy-select")]
[INFO] [stdout]    |           ^^^^^^^^^^^^^^^^^^^^^^^^ help: remove the condition
[INFO] [stdout]    |
[INFO] [stdout]    = note: no expected values for `feature`
[INFO] [stdout]    = help: consider adding `fuzzy-select` as a feature in `Cargo.toml`
[INFO] [stdout]    = note: see <https://doc.rust-lang.org/nightly/rustc/check-cfg/cargo-specifics.html> for more information about checking conditional configuration
[INFO] [stdout]    = note: `#[warn(unexpected_cfgs)]` on by default
[INFO] [stdout] 
[INFO] [stdout] 
[INFO] [stdout] warning: unexpected `cfg` condition value: `fuzzy-select`
[INFO] [stdout]   --> src/theme.rs:49:11
[INFO] [stdout]    |
[INFO] [stdout] 49 |     #[cfg(feature = "fuzzy-select")]
[INFO] [stdout]    |           ^^^^^^^^^^^^^^^^^^^^^^^^ help: remove the condition
[INFO] [stdout]    |
[INFO] [stdout]    = note: no expected values for `feature`
[INFO] [stdout]    = help: consider adding `fuzzy-select` as a feature in `Cargo.toml`
[INFO] [stdout]    = note: see <https://doc.rust-lang.org/nightly/rustc/check-cfg/cargo-specifics.html> for more information about checking conditional configuration
[INFO] [stdout] 
[INFO] [stdout] 
[INFO] [stdout] warning: unexpected `cfg` condition value: `fuzzy-select`
[INFO] [stdout]   --> src/theme.rs:76:19
[INFO] [stdout]    |
[INFO] [stdout] 76 |             #[cfg(feature = "fuzzy-select")]
[INFO] [stdout]    |                   ^^^^^^^^^^^^^^^^^^^^^^^^ help: remove the condition
[INFO] [stdout]    |
[INFO] [stdout]    = note: no expected values for `feature`
[INFO] [stdout]    = help: consider adding `fuzzy-select` as a feature in `Cargo.toml`
[INFO] [stdout]    = note: see <https://doc.rust-lang.org/nightly/rustc/check-cfg/cargo-specifics.html> for more information about checking conditional configuration
[INFO] [stdout] 
[INFO] [stdout] 
[INFO] [stdout] warning: unexpected `cfg` condition value: `fuzzy-select`
[INFO] [stdout]   --> src/theme.rs:78:19
[INFO] [stdout]    |
[INFO] [stdout] 78 |             #[cfg(feature = "fuzzy-select")]
[INFO] [stdout]    |                   ^^^^^^^^^^^^^^^^^^^^^^^^ help: remove the condition
[INFO] [stdout]    |
[INFO] [stdout]    = note: no expected values for `feature`
[INFO] [stdout]    = help: consider adding `fuzzy-select` as a feature in `Cargo.toml`
[INFO] [stdout]    = note: see <https://doc.rust-lang.org/nightly/rustc/check-cfg/cargo-specifics.html> for more information about checking conditional configuration
[INFO] [stdout] 
[INFO] [stdout] 
[INFO] [stdout] warning: unexpected `cfg` condition value: `fuzzy-select`
[INFO] [stdout]    --> src/theme.rs:360:11
[INFO] [stdout]     |
[INFO] [stdout] 360 |     #[cfg(feature = "fuzzy-select")]
[INFO] [stdout]     |           ^^^^^^^^^^^^^^^^^^^^^^^^ help: remove the condition
[INFO] [stdout]     |
[INFO] [stdout]     = note: no expected values for `feature`
[INFO] [stdout]     = help: consider adding `fuzzy-select` as a feature in `Cargo.toml`
[INFO] [stdout]     = note: see <https://doc.rust-lang.org/nightly/rustc/check-cfg/cargo-specifics.html> for more information about checking conditional configuration
[INFO] [stdout] 
[INFO] [stdout] 
[INFO] [stdout] warning: unexpected `cfg` condition value: `fuzzy-select`
[INFO] [stdout]    --> src/theme.rs:411:11
[INFO] [stdout]     |
[INFO] [stdout] 411 |     #[cfg(feature = "fuzzy-select")]
[INFO] [stdout]     |           ^^^^^^^^^^^^^^^^^^^^^^^^ help: remove the condition
[INFO] [stdout]     |
[INFO] [stdout]     = note: no expected values for `feature`
[INFO] [stdout]     = help: consider adding `fuzzy-select` as a feature in `Cargo.toml`
[INFO] [stdout]     = note: see <https://doc.rust-lang.org/nightly/rustc/check-cfg/cargo-specifics.html> for more information about checking conditional configuration
[INFO] [stdout] 
[INFO] [stdout] 
[INFO] [stderr]     Finished `release` profile [optimized] target(s) in 21.65s
[INFO] running `Command { std: "docker" "inspect" "afa3faf5f36bb25d7c134150099cbf7414b08877ee68d928189a63d27c6b4bdd", kill_on_drop: false }`
[INFO] running `Command { std: "docker" "exec" "-e" "SOURCE_DIR=/opt/rustwide/workdir" "-e" "CARGO_HOME=/opt/rustwide/cargo-home" "-e" "RUSTUP_HOME=/opt/rustwide/rustup-home" "-e" "CARGO_TARGET_DIR=/opt/rustwide/target" "-e" "CARGO_INCREMENTAL=0" "-e" "RUST_BACKTRACE=full" "-e" "RUSTFLAGS=--cap-lints=warn" "-e" "RUSTDOCFLAGS=--cap-lints=warn" "-w" "/opt/rustwide/workdir" "--user" "0:0" "afa3faf5f36bb25d7c134150099cbf7414b08877ee68d928189a63d27c6b4bdd" "/opt/rustwide/cargo-home/bin/cargo" "+1.100.0-beta.1" "test" "--frozen" "--release", kill_on_drop: false }`
[INFO] [stderr] warning: unexpected `cfg` condition value: `fuzzy-select`
[INFO] [stderr]   --> src/theme.rs:46:11
[INFO] [stderr]    |
[INFO] [stderr] 46 |     #[cfg(feature = "fuzzy-select")]
[INFO] [stderr]    |           ^^^^^^^^^^^^^^^^^^^^^^^^ help: remove the condition
[INFO] [stderr]    |
[INFO] [stderr]    = note: no expected values for `feature`
[INFO] [stderr]    = help: consider adding `fuzzy-select` as a feature in `Cargo.toml`
[INFO] [stderr]    = note: see <https://doc.rust-lang.org/nightly/rustc/check-cfg/cargo-specifics.html> for more information about checking conditional configuration
[INFO] [stderr]    = note: `#[warn(unexpected_cfgs)]` on by default
[INFO] [stderr] 
[INFO] [stderr] warning: unexpected `cfg` condition value: `fuzzy-select`
[INFO] [stderr]   --> src/theme.rs:49:11
[INFO] [stderr]    |
[INFO] [stderr] 49 |     #[cfg(feature = "fuzzy-select")]
[INFO] [stderr]    |           ^^^^^^^^^^^^^^^^^^^^^^^^ help: remove the condition
[INFO] [stderr]    |
[INFO] [stderr]    = note: no expected values for `feature`
[INFO] [stderr]    = help: consider adding `fuzzy-select` as a feature in `Cargo.toml`
[INFO] [stderr]    = note: see <https://doc.rust-lang.org/nightly/rustc/check-cfg/cargo-specifics.html> for more information about checking conditional configuration
[INFO] [stderr] 
[INFO] [stderr] warning: unexpected `cfg` condition value: `fuzzy-select`
[INFO] [stderr]   --> src/theme.rs:76:19
[INFO] [stderr]    |
[INFO] [stderr] 76 |             #[cfg(feature = "fuzzy-select")]
[INFO] [stderr]    |                   ^^^^^^^^^^^^^^^^^^^^^^^^ help: remove the condition
[INFO] [stderr]    |
[INFO] [stderr]    = note: no expected values for `feature`
[INFO] [stderr]    = help: consider adding `fuzzy-select` as a feature in `Cargo.toml`
[INFO] [stderr]    = note: see <https://doc.rust-lang.org/nightly/rustc/check-cfg/cargo-specifics.html> for more information about checking conditional configuration
[INFO] [stderr] 
[INFO] [stderr] warning: unexpected `cfg` condition value: `fuzzy-select`
[INFO] [stderr]   --> src/theme.rs:78:19
[INFO] [stderr]    |
[INFO] [stderr] 78 |             #[cfg(feature = "fuzzy-select")]
[INFO] [stderr]    |                   ^^^^^^^^^^^^^^^^^^^^^^^^ help: remove the condition
[INFO] [stderr]    |
[INFO] [stderr]    = note: no expected values for `feature`
[INFO] [stderr]    = help: consider adding `fuzzy-select` as a feature in `Cargo.toml`
[INFO] [stderr]    = note: see <https://doc.rust-lang.org/nightly/rustc/check-cfg/cargo-specifics.html> for more information about checking conditional configuration
[INFO] [stderr] 
[INFO] [stderr] warning: unexpected `cfg` condition value: `fuzzy-select`
[INFO] [stderr]    --> src/theme.rs:360:11
[INFO] [stderr]     |
[INFO] [stderr] 360 |     #[cfg(feature = "fuzzy-select")]
[INFO] [stderr]     |           ^^^^^^^^^^^^^^^^^^^^^^^^ help: remove the condition
[INFO] [stderr]     |
[INFO] [stderr]     = note: no expected values for `feature`
[INFO] [stderr]     = help: consider adding `fuzzy-select` as a feature in `Cargo.toml`
[INFO] [stderr]     = note: see <https://doc.rust-lang.org/nightly/rustc/check-cfg/cargo-specifics.html> for more information about checking conditional configuration
[INFO] [stderr] 
[INFO] [stderr] warning: unexpected `cfg` condition value: `fuzzy-select`
[INFO] [stderr]    --> src/theme.rs:411:11
[INFO] [stderr]     |
[INFO] [stderr] 411 |     #[cfg(feature = "fuzzy-select")]
[INFO] [stderr]     |           ^^^^^^^^^^^^^^^^^^^^^^^^ help: remove the condition
[INFO] [stderr]     |
[INFO] [stderr]     = note: no expected values for `feature`
[INFO] [stderr]     = help: consider adding `fuzzy-select` as a feature in `Cargo.toml`
[INFO] [stderr]     = note: see <https://doc.rust-lang.org/nightly/rustc/check-cfg/cargo-specifics.html> for more information about checking conditional configuration
[INFO] [stderr] 
[INFO] [stderr] warning: `dialogue-macro` (lib) generated 6 warnings
[INFO] [stderr] warning: `dialogue-macro` (lib test) generated 6 warnings (6 duplicates)
[INFO] [stderr]     Finished `release` profile [optimized] target(s) in 0.06s
[INFO] [stderr]      Running unittests src/lib.rs (/opt/rustwide/target/release/build/dialogue-macro/8af20f56b221e922/out/dialogue_macro-8af20f56b221e922)
[INFO] [stdout] 
[INFO] [stdout] running 0 tests
[INFO] [stdout] 
[INFO] [stdout] test result: ok. 0 passed; 0 failed; 0 ignored; 0 measured; 0 filtered out; finished in 0.00s
[INFO] [stdout] 
[INFO] [stderr]      Running tests/progress.rs (/opt/rustwide/target/release/build/dialogue-macro/aca9de91d3007c30/out/tests-aca9de91d3007c30)
[INFO] [stdout] 
[INFO] [stdout] running 1 test
[INFO] [stderr]    Compiling proc-macro2 v1.0.79
[INFO] [stderr]    Compiling unicode-ident v1.0.12
[INFO] [stderr]    Compiling libc v0.2.153
[INFO] [stderr]    Compiling rustix v0.38.31
[INFO] [stderr]    Compiling thiserror v1.0.58
[INFO] [stderr]    Compiling bitflags v2.4.2
[INFO] [stderr]    Compiling linux-raw-sys v0.4.13
[INFO] [stderr]    Compiling cfg-if v1.0.0
[INFO] [stderr]    Compiling fastrand v2.0.1
[INFO] [stderr]    Compiling lazy_static v1.4.0
[INFO] [stderr]    Compiling unicode-width v0.1.11
[INFO] [stderr]    Compiling shell-words v1.1.0
[INFO] [stderr]    Compiling zeroize v1.7.0
[INFO] [stderr]    Compiling quote v1.0.35
[INFO] [stderr]    Compiling console v0.15.8
[INFO] [stderr]    Compiling syn v2.0.52
[INFO] [stderr]    Compiling tempfile v3.10.1
[INFO] [stderr]    Compiling thiserror-impl v1.0.58
[INFO] [stderr]    Compiling dialogue-core v0.3.3
[INFO] [stderr]    Compiling dialoguer v0.11.0
[INFO] [stderr]    Compiling dialogue-macro v0.3.3 (/opt/rustwide/workdir)
[INFO] [stderr] warning: unexpected `cfg` condition value: `fuzzy-select`
[INFO] [stderr]   --> /opt/rustwide/workdir/src/theme.rs:46:11
[INFO] [stderr]    |
[INFO] [stderr] 46 |     #[cfg(feature = "fuzzy-select")]
[INFO] [stderr]    |           ^^^^^^^^^^^^^^^^^^^^^^^^ help: remove the condition
[INFO] [stderr]    |
[INFO] [stderr]    = note: no expected values for `feature`
[INFO] [stderr]    = help: consider adding `fuzzy-select` as a feature in `Cargo.toml`
[INFO] [stderr]    = note: see <https://doc.rust-lang.org/nightly/rustc/check-cfg/cargo-specifics.html> for more information about checking conditional configuration
[INFO] [stderr]    = note: `#[warn(unexpected_cfgs)]` on by default
[INFO] [stderr] 
[INFO] [stderr] warning: unexpected `cfg` condition value: `fuzzy-select`
[INFO] [stderr]   --> /opt/rustwide/workdir/src/theme.rs:49:11
[INFO] [stderr]    |
[INFO] [stderr] 49 |     #[cfg(feature = "fuzzy-select")]
[INFO] [stderr]    |           ^^^^^^^^^^^^^^^^^^^^^^^^ help: remove the condition
[INFO] [stderr]    |
[INFO] [stderr]    = note: no expected values for `feature`
[INFO] [stderr]    = help: consider adding `fuzzy-select` as a feature in `Cargo.toml`
[INFO] [stderr]    = note: see <https://doc.rust-lang.org/nightly/rustc/check-cfg/cargo-specifics.html> for more information about checking conditional configuration
[INFO] [stderr] 
[INFO] [stderr] warning: unexpected `cfg` condition value: `fuzzy-select`
[INFO] [stderr]   --> /opt/rustwide/workdir/src/theme.rs:76:19
[INFO] [stderr]    |
[INFO] [stderr] 76 |             #[cfg(feature = "fuzzy-select")]
[INFO] [stderr]    |                   ^^^^^^^^^^^^^^^^^^^^^^^^ help: remove the condition
[INFO] [stderr]    |
[INFO] [stderr]    = note: no expected values for `feature`
[INFO] [stderr]    = help: consider adding `fuzzy-select` as a feature in `Cargo.toml`
[INFO] [stderr]    = note: see <https://doc.rust-lang.org/nightly/rustc/check-cfg/cargo-specifics.html> for more information about checking conditional configuration
[INFO] [stderr] 
[INFO] [stderr] warning: unexpected `cfg` condition value: `fuzzy-select`
[INFO] [stderr]   --> /opt/rustwide/workdir/src/theme.rs:78:19
[INFO] [stderr]    |
[INFO] [stderr] 78 |             #[cfg(feature = "fuzzy-select")]
[INFO] [stderr]    |                   ^^^^^^^^^^^^^^^^^^^^^^^^ help: remove the condition
[INFO] [stderr]    |
[INFO] [stderr]    = note: no expected values for `feature`
[INFO] [stderr]    = help: consider adding `fuzzy-select` as a feature in `Cargo.toml`
[INFO] [stderr]    = note: see <https://doc.rust-lang.org/nightly/rustc/check-cfg/cargo-specifics.html> for more information about checking conditional configuration
[INFO] [stderr] 
[INFO] [stderr] warning: unexpected `cfg` condition value: `fuzzy-select`
[INFO] [stderr]    --> /opt/rustwide/workdir/src/theme.rs:360:11
[INFO] [stderr]     |
[INFO] [stderr] 360 |     #[cfg(feature = "fuzzy-select")]
[INFO] [stderr]     |           ^^^^^^^^^^^^^^^^^^^^^^^^ help: remove the condition
[INFO] [stderr]     |
[INFO] [stderr]     = note: no expected values for `feature`
[INFO] [stderr]     = help: consider adding `fuzzy-select` as a feature in `Cargo.toml`
[INFO] [stderr]     = note: see <https://doc.rust-lang.org/nightly/rustc/check-cfg/cargo-specifics.html> for more information about checking conditional configuration
[INFO] [stderr] 
[INFO] [stderr] warning: unexpected `cfg` condition value: `fuzzy-select`
[INFO] [stderr]    --> /opt/rustwide/workdir/src/theme.rs:411:11
[INFO] [stderr]     |
[INFO] [stderr] 411 |     #[cfg(feature = "fuzzy-select")]
[INFO] [stderr]     |           ^^^^^^^^^^^^^^^^^^^^^^^^ help: remove the condition
[INFO] [stderr]     |
[INFO] [stderr]     = note: no expected values for `feature`
[INFO] [stderr]     = help: consider adding `fuzzy-select` as a feature in `Cargo.toml`
[INFO] [stderr]     = note: see <https://doc.rust-lang.org/nightly/rustc/check-cfg/cargo-specifics.html> for more information about checking conditional configuration
[INFO] [stderr] 
[INFO] [stderr] warning: `dialogue-macro` (lib) generated 6 warnings
[INFO] [stderr]    Compiling dialogue-macro-tests v0.0.0 (/opt/rustwide/target/tests/trybuild/dialogue-macro)
[INFO] [stderr]     Finished `dev` profile [unoptimized + debuginfo] target(s) in 10.20s
[INFO] [stderr] 
[INFO] [stderr] 
[INFO] [stderr] test tests/fail/01-struct.rs [should fail to compile] ... ok
[INFO] [stderr] test tests/fail/02-theme.rs [should fail to compile] ... mismatch
[INFO] [stderr] 
[INFO] [stderr] EXPECTED:
[INFO] [stderr] ┈┈┈┈┈┈┈┈┈┈┈┈┈┈┈┈┈┈┈┈┈┈┈┈┈┈┈┈┈┈┈┈┈┈┈┈┈┈┈┈┈┈┈┈┈┈┈┈┈┈┈┈┈┈┈┈┈┈┈┈
[INFO] [stderr] error[E0433]: failed to resolve: use of undeclared crate or module `abc`
[INFO] [stderr]  --> tests/fail/02-theme.rs:2:10
[INFO] [stderr]   |
[INFO] [stderr] 2 | #[derive(Asker)]
[INFO] [stderr]   |          ^^^^^ use of undeclared crate or module `abc`
[INFO] [stderr]   |
[INFO] [stderr]   = note: this error originates in the derive macro `Asker` (in Nightly builds, run with -Z macro-backtrace for more info)
[INFO] [stderr] ┈┈┈┈┈┈┈┈┈┈┈┈┈┈┈┈┈┈┈┈┈┈┈┈┈┈┈┈┈┈┈┈┈┈┈┈┈┈┈┈┈┈┈┈┈┈┈┈┈┈┈┈┈┈┈┈┈┈┈┈
[INFO] [stderr] 
[INFO] [stderr] ACTUAL OUTPUT:
[INFO] [stderr] ┈┈┈┈┈┈┈┈┈┈┈┈┈┈┈┈┈┈┈┈┈┈┈┈┈┈┈┈┈┈┈┈┈┈┈┈┈┈┈┈┈┈┈┈┈┈┈┈┈┈┈┈┈┈┈┈┈┈┈┈
[INFO] [stderr] error[E0433]: cannot find module or crate `abc` in this scope
[INFO] [stderr]  --> tests/fail/02-theme.rs:2:10
[INFO] [stderr]   |
[INFO] [stderr] 2 | #[derive(Asker)]
[INFO] [stderr]   |          ^^^^^ use of unresolved module or unlinked crate `abc`
[INFO] [stderr]   |
[INFO] [stderr]   = help: if you wanted to use a crate named `abc`, use `cargo add abc` to add it to your `Cargo.toml`
[INFO] [stderr]   = note: this error originates in the derive macro `Asker` (in Nightly builds, run with -Z macro-backtrace for more info)
[INFO] [stderr] ┈┈┈┈┈┈┈┈┈┈┈┈┈┈┈┈┈┈┈┈┈┈┈┈┈┈┈┈┈┈┈┈┈┈┈┈┈┈┈┈┈┈┈┈┈┈┈┈┈┈┈┈┈┈┈┈┈┈┈┈
[INFO] [stderr] note: If the actual output is the correct output you can bless it by rerunning
[INFO] [stderr]       your test with the environment variable TRYBUILD=overwrite
[INFO] [stderr] 
[INFO] [stderr] test tests/fail/confirm.rs [should fail to compile] ... mismatch
[INFO] [stderr] 
[INFO] [stderr] EXPECTED:
[INFO] [stderr] ┈┈┈┈┈┈┈┈┈┈┈┈┈┈┈┈┈┈┈┈┈┈┈┈┈┈┈┈┈┈┈┈┈┈┈┈┈┈┈┈┈┈┈┈┈┈┈┈┈┈┈┈┈┈┈┈┈┈┈┈
[INFO] [stderr] error: Confirm only support bool or Option<bool> type
[INFO] [stderr]  --> tests/fail/confirm.rs:8:14
[INFO] [stderr]   |
[INFO] [stderr] 8 |     student: Option<String>,
[INFO] [stderr]   |              ^^^^^^^^^^^^^^
[INFO] [stderr] 
[INFO] [stderr] error[E0599]: no function or associated item named `asker` found for struct `User` in the current scope
[INFO] [stderr]   --> tests/fail/confirm.rs:12:22
[INFO] [stderr]    |
[INFO] [stderr] 5  | struct User {
[INFO] [stderr]    | ----------- function or associated item `asker` not found for this struct
[INFO] [stderr] ...
[INFO] [stderr] 12 |     let user = User::asker().boy("你是男孩吗？").student().finish();
[INFO] [stderr]    |                      ^^^^^ function or associated item not found in `User`
[INFO] [stderr] ┈┈┈┈┈┈┈┈┈┈┈┈┈┈┈┈┈┈┈┈┈┈┈┈┈┈┈┈┈┈┈┈┈┈┈┈┈┈┈┈┈┈┈┈┈┈┈┈┈┈┈┈┈┈┈┈┈┈┈┈
[INFO] [stderr] 
[INFO] [stderr] ACTUAL OUTPUT:
[INFO] [stderr] ┈┈┈┈┈┈┈┈┈┈┈┈┈┈┈┈┈┈┈┈┈┈┈┈┈┈┈┈┈┈┈┈┈┈┈┈┈┈┈┈┈┈┈┈┈┈┈┈┈┈┈┈┈┈┈┈┈┈┈┈
[INFO] [stderr] error: Confirm only support bool or Option<bool> type
[INFO] [stderr]  --> tests/fail/confirm.rs:8:14
[INFO] [stderr]   |
[INFO] [stderr] 8 |     student: Option<String>,
[INFO] [stderr]   |              ^^^^^^^^^^^^^^
[INFO] [stderr] 
[INFO] [stderr] error[E0599]: no associated function or constant named `asker` found for struct `User` in the current scope
[INFO] [stderr]  --> tests/fail/confirm.rs:12:22
[INFO] [stderr]   |
[INFO] [stderr]  5 | struct User {
[INFO] [stderr]    | ----------- associated function or constant `asker` not found for this struct
[INFO] [stderr] ...
[INFO] [stderr] 12 |     let user = User::asker().boy("你是男孩吗？").student().finish();
[INFO] [stderr]    |                      ^^^^^ associated function or constant not found in `User`
[INFO] [stderr] ┈┈┈┈┈┈┈┈┈┈┈┈┈┈┈┈┈┈┈┈┈┈┈┈┈┈┈┈┈┈┈┈┈┈┈┈┈┈┈┈┈┈┈┈┈┈┈┈┈┈┈┈┈┈┈┈┈┈┈┈
[INFO] [stderr] note: If the actual output is the correct output you can bless it by rerunning
[INFO] [stderr]       your test with the environment variable TRYBUILD=overwrite
[INFO] [stderr] 
[INFO] [stderr] test tests/fail/input.rs [should fail to compile] ... mismatch
[INFO] [stderr] 
[INFO] [stderr] EXPECTED:
[INFO] [stderr] ┈┈┈┈┈┈┈┈┈┈┈┈┈┈┈┈┈┈┈┈┈┈┈┈┈┈┈┈┈┈┈┈┈┈┈┈┈┈┈┈┈┈┈┈┈┈┈┈┈┈┈┈┈┈┈┈┈┈┈┈
[INFO] [stderr] error: expected attribute arguments in parentheses: #[input(...)]
[INFO] [stderr]  --> tests/fail/input.rs:7:7
[INFO] [stderr]   |
[INFO] [stderr] 7 |     #[input]
[INFO] [stderr]   |       ^^^^^
[INFO] [stderr] 
[INFO] [stderr] error: cannot find attribute `abc` in this scope
[INFO] [stderr]  --> tests/fail/input.rs:5:7
[INFO] [stderr]   |
[INFO] [stderr] 5 |     #[abc]
[INFO] [stderr]   |       ^^^
[INFO] [stderr] 
[INFO] [stderr] error[E0599]: no function or associated item named `asker` found for struct `User` in the current scope
[INFO] [stderr]   --> tests/fail/input.rs:14:26
[INFO] [stderr]    |
[INFO] [stderr] 4  | struct User {
[INFO] [stderr]    | ----------- function or associated item `asker` not found for this struct
[INFO] [stderr] ...
[INFO] [stderr] 14 |     let mut user = User::asker();
[INFO] [stderr]    |                          ^^^^^ function or associated item not found in `User`
[INFO] [stderr] ┈┈┈┈┈┈┈┈┈┈┈┈┈┈┈┈┈┈┈┈┈┈┈┈┈┈┈┈┈┈┈┈┈┈┈┈┈┈┈┈┈┈┈┈┈┈┈┈┈┈┈┈┈┈┈┈┈┈┈┈
[INFO] [stderr] 
[INFO] [stderr] ACTUAL OUTPUT:
[INFO] [stderr] ┈┈┈┈┈┈┈┈┈┈┈┈┈┈┈┈┈┈┈┈┈┈┈┈┈┈┈┈┈┈┈┈┈┈┈┈┈┈┈┈┈┈┈┈┈┈┈┈┈┈┈┈┈┈┈┈┈┈┈┈
[INFO] [stderr] error: expected attribute arguments in parentheses: #[input(...)]
[INFO] [stderr]  --> tests/fail/input.rs:7:7
[INFO] [stderr]   |
[INFO] [stderr] 7 |     #[input]
[INFO] [stderr]   |       ^^^^^
[INFO] [stderr] 
[INFO] [stderr] error: cannot find attribute `abc` in this scope
[INFO] [stderr]  --> tests/fail/input.rs:5:7
[INFO] [stderr]   |
[INFO] [stderr] 5 |     #[abc]
[INFO] [stderr]   |       ^^^
[INFO] [stderr] 
[INFO] [stderr] error[E0599]: no associated function or constant named `asker` found for struct `User` in the current scope
[INFO] [stderr]  --> tests/fail/input.rs:14:26
[INFO] [stderr]   |
[INFO] [stderr]  4 | struct User {
[INFO] [stderr]    | ----------- associated function or constant `asker` not found for this struct
[INFO] [stderr] ...
[INFO] [stderr] 14 |     let mut user = User::asker();
[INFO] [stderr]    |                          ^^^^^ associated function or constant not found in `User`
[INFO] [stderr] ┈┈┈┈┈┈┈┈┈┈┈┈┈┈┈┈┈┈┈┈┈┈┈┈┈┈┈┈┈┈┈┈┈┈┈┈┈┈┈┈┈┈┈┈┈┈┈┈┈┈┈┈┈┈┈┈┈┈┈┈
[INFO] [stderr] note: If the actual output is the correct output you can bless it by rerunning
[INFO] [stderr]       your test with the environment variable TRYBUILD=overwrite
[INFO] [stderr] 
[INFO] [stderr] test tests/fail/password.rs [should fail to compile] ... mismatch
[INFO] [stderr] 
[INFO] [stderr] EXPECTED:
[INFO] [stderr] ┈┈┈┈┈┈┈┈┈┈┈┈┈┈┈┈┈┈┈┈┈┈┈┈┈┈┈┈┈┈┈┈┈┈┈┈┈┈┈┈┈┈┈┈┈┈┈┈┈┈┈┈┈┈┈┈┈┈┈┈
[INFO] [stderr] error: expected `prompt` , `confirmation` , `mismatch` , `validate_with`
[INFO] [stderr]  --> tests/fail/password.rs:8:9
[INFO] [stderr]   |
[INFO] [stderr] 8 |         confirm = "Enter your password again:",
[INFO] [stderr]   |         ^^^^^^^
[INFO] [stderr] 
[INFO] [stderr] error[E0599]: no function or associated item named `asker` found for struct `User` in the current scope
[INFO] [stderr]   --> tests/fail/password.rs:17:22
[INFO] [stderr]    |
[INFO] [stderr] 5  | struct User {
[INFO] [stderr]    | ----------- function or associated item `asker` not found for this struct
[INFO] [stderr] ...
[INFO] [stderr] 17 |     let user = User::asker()
[INFO] [stderr]    |                      ^^^^^ function or associated item not found in `User`
[INFO] [stderr] ┈┈┈┈┈┈┈┈┈┈┈┈┈┈┈┈┈┈┈┈┈┈┈┈┈┈┈┈┈┈┈┈┈┈┈┈┈┈┈┈┈┈┈┈┈┈┈┈┈┈┈┈┈┈┈┈┈┈┈┈
[INFO] [stderr] 
[INFO] [stderr] ACTUAL OUTPUT:
[INFO] [stderr] ┈┈┈┈┈┈┈┈┈┈┈┈┈┈┈┈┈┈┈┈┈┈┈┈┈┈┈┈┈┈┈┈┈┈┈┈┈┈┈┈┈┈┈┈┈┈┈┈┈┈┈┈┈┈┈┈┈┈┈┈
[INFO] [stderr] error: expected `prompt` , `confirmation` , `mismatch` , `validate_with`
[INFO] [stderr]  --> tests/fail/password.rs:8:9
[INFO] [stderr]   |
[INFO] [stderr] 8 |         confirm = "Enter your password again:",
[INFO] [stderr]   |         ^^^^^^^
[INFO] [stderr] 
[INFO] [stderr] error[E0599]: no associated function or constant named `asker` found for struct `User` in the current scope
[INFO] [stderr]  --> tests/fail/password.rs:17:22
[INFO] [stderr]   |
[INFO] [stderr]  5 | struct User {
[INFO] [stderr]    | ----------- associated function or constant `asker` not found for this struct
[INFO] [stderr] ...
[INFO] [stderr] 17 |     let user = User::asker()
[INFO] [stderr]    |                      ^^^^^ associated function or constant not found in `User`
[INFO] [stderr] ┈┈┈┈┈┈┈┈┈┈┈┈┈┈┈┈┈┈┈┈┈┈┈┈┈┈┈┈┈┈┈┈┈┈┈┈┈┈┈┈┈┈┈┈┈┈┈┈┈┈┈┈┈┈┈┈┈┈┈┈
[INFO] [stderr] note: If the actual output is the correct output you can bless it by rerunning
[INFO] [stderr]       your test with the environment variable TRYBUILD=overwrite
[INFO] [stderr] 
[INFO] [stderr] test tests/pass.rs [should pass] ... ok
[INFO] [stderr] 
[INFO] [stderr] STDERR:
[INFO] [stderr] ┈┈┈┈┈┈┈┈┈┈┈┈┈┈┈┈┈┈┈┈┈┈┈┈┈┈┈┈┈┈┈┈┈┈┈┈┈┈┈┈┈┈┈┈┈┈┈┈┈┈┈┈┈┈┈┈┈┈┈┈
[INFO] [stderr] warning: unexpected `cfg` condition value: `fuzzy-select`
[INFO] [stderr]   --> /opt/rustwide/workdir/src/theme.rs:46:11
[INFO] [stderr]    |
[INFO] [stderr] 46 |     #[cfg(feature = "fuzzy-select")]
[INFO] [stderr]    |           ^^^^^^^^^^^^^^^^^^^^^^^^ help: remove the condition
[INFO] [stderr]    |
[INFO] [stderr]    = note: no expected values for `feature`
[INFO] [stderr]    = help: consider adding `fuzzy-select` as a feature in `Cargo.toml`
[INFO] [stderr]    = note: see <https://doc.rust-lang.org/nightly/rustc/check-cfg/cargo-specifics.html> for more information about checking conditional configuration
[INFO] [stderr]    = note: `#[warn(unexpected_cfgs)]` on by default
[INFO] [stderr] 
[INFO] [stderr] warning: unexpected `cfg` condition value: `fuzzy-select`
[INFO] [stderr]   --> /opt/rustwide/workdir/src/theme.rs:49:11
[INFO] [stderr]    |
[INFO] [stderr] 49 |     #[cfg(feature = "fuzzy-select")]
[INFO] [stderr]    |           ^^^^^^^^^^^^^^^^^^^^^^^^ help: remove the condition
[INFO] [stderr]    |
[INFO] [stderr]    = note: no expected values for `feature`
[INFO] [stderr]    = help: consider adding `fuzzy-select` as a feature in `Cargo.toml`
[INFO] [stderr]    = note: see <https://doc.rust-lang.org/nightly/rustc/check-cfg/cargo-specifics.html> for more information about checking conditional configuration
[INFO] [stderr] 
[INFO] [stderr] warning: unexpected `cfg` condition value: `fuzzy-select`
[INFO] [stderr]   --> /opt/rustwide/workdir/src/theme.rs:76:19
[INFO] [stderr]    |
[INFO] [stderr] 76 |             #[cfg(feature = "fuzzy-select")]
[INFO] [stderr]    |                   ^^^^^^^^^^^^^^^^^^^^^^^^ help: remove the condition
[INFO] [stderr]    |
[INFO] [stderr]    = note: no expected values for `feature`
[INFO] [stderr]    = help: consider adding `fuzzy-select` as a feature in `Cargo.toml`
[INFO] [stderr]    = note: see <https://doc.rust-lang.org/nightly/rustc/check-cfg/cargo-specifics.html> for more information about checking conditional configuration
[INFO] [stderr] 
[INFO] [stderr] warning: unexpected `cfg` condition value: `fuzzy-select`
[INFO] [stderr]   --> /opt/rustwide/workdir/src/theme.rs:78:19
[INFO] [stderr]    |
[INFO] [stderr] 78 |             #[cfg(feature = "fuzzy-select")]
[INFO] [stderr]    |                   ^^^^^^^^^^^^^^^^^^^^^^^^ help: remove the condition
[INFO] [stderr]    |
[INFO] [stderr]    = note: no expected values for `feature`
[INFO] [stderr]    = help: consider adding `fuzzy-select` as a feature in `Cargo.toml`
[INFO] [stderr]    = note: see <https://doc.rust-lang.org/nightly/rustc/check-cfg/cargo-specifics.html> for more information about checking conditional configuration
[INFO] [stderr] 
[INFO] [stderr] warning: unexpected `cfg` condition value: `fuzzy-select`
[INFO] [stderr]    --> /opt/rustwide/workdir/src/theme.rs:360:11
[INFO] [stderr]     |
[INFO] [stderr] 360 |     #[cfg(feature = "fuzzy-select")]
[INFO] [stderr]     |           ^^^^^^^^^^^^^^^^^^^^^^^^ help: remove the condition
[INFO] [stderr]     |
[INFO] [stderr]     = note: no expected values for `feature`
[INFO] [stderr]     = help: consider adding `fuzzy-select` as a feature in `Cargo.toml`
[INFO] [stderr]     = note: see <https://doc.rust-lang.org/nightly/rustc/check-cfg/cargo-specifics.html> for more information about checking conditional configuration
[INFO] [stderr] 
[INFO] [stderr] warning: unexpected `cfg` condition value: `fuzzy-select`
[INFO] [stderr]    --> /opt/rustwide/workdir/src/theme.rs:411:11
[INFO] [stderr]     |
[INFO] [stderr] 411 |     #[cfg(feature = "fuzzy-select")]
[INFO] [stderr]     |           ^^^^^^^^^^^^^^^^^^^^^^^^ help: remove the condition
[INFO] [stderr]     |
[INFO] [stderr]     = note: no expected values for `feature`
[INFO] [stderr]     = help: consider adding `fuzzy-select` as a feature in `Cargo.toml`
[INFO] [stderr]     = note: see <https://doc.rust-lang.org/nightly/rustc/check-cfg/cargo-specifics.html> for more information about checking conditional configuration
[INFO] [stderr] ┈┈┈┈┈┈┈┈┈┈┈┈┈┈┈┈┈┈┈┈┈┈┈┈┈┈┈┈┈┈┈┈┈┈┈┈┈┈┈┈┈┈┈┈┈┈┈┈┈┈┈┈┈┈┈┈┈┈┈┈
[INFO] [stderr] 
[INFO] [stderr] 
[INFO] [stderr] 
[INFO] [stdout] test tests ... FAILED
[INFO] [stdout] 
[INFO] [stdout] failures:
[INFO] [stdout] 
[INFO] [stdout] ---- tests stdout ----
[INFO] [stdout] 
[INFO] [stdout] thread 'tests' (1084) panicked at /opt/rustwide/cargo-home/registry/src/index.crates.io-1949cf8c6b5b557f/trybuild-1.0.89/src/run.rs:101:13:
[INFO] [stdout] 4 of 6 tests failed
[INFO] [stdout] stack backtrace:
[INFO] [stdout]    0:     0x5793ad981121 - <<std[617be2ca0a6fd877]::sys::backtrace::BacktraceLock>::print::DisplayBacktrace as core[a373ad73a504971]::fmt::Display>::fmt
[INFO] [stdout]    1:     0x5793ad9967da - core[a373ad73a504971]::fmt::write
[INFO] [stdout]    2:     0x5793ad9859ec - <alloc[2e1b2a31b91974c5]::vec::Vec<u8> as core[a373ad73a504971]::io::write::Write>::write_fmt
[INFO] [stdout]    3:     0x5793ad95a456 - std[617be2ca0a6fd877]::panicking::default_hook::{closure#0}
[INFO] [stdout]    4:     0x5793ad977fd9 - std[617be2ca0a6fd877]::panicking::default_hook
[INFO] [stdout]    5:     0x5793ad9124b0 - test[aada8e7e76ba119b]::test_main_inner::{closure#0}
[INFO] [stdout]    6:     0x5793ad978192 - std[617be2ca0a6fd877]::panicking::panic_with_hook
[INFO] [stdout]    7:     0x5793ad95a502 - std[617be2ca0a6fd877]::panicking::panic_handler::{closure#0}
[INFO] [stdout]    8:     0x5793ad952e99 - std[617be2ca0a6fd877]::sys::backtrace::__rust_end_short_backtrace::<std[617be2ca0a6fd877]::panicking::panic_handler::{closure#0}, !>
[INFO] [stdout]    9:     0x5793ad95b10d - __rustc[ea4f61d10b84890b]::rust_begin_unwind
[INFO] [stdout]   10:     0x5793ad996f0c - core[a373ad73a504971]::panicking::panic_fmt
[INFO] [stdout]   11:     0x5793ad86f7af - <trybuild[d0efad3e8f1bc79a]::Runner>::run
[INFO] [stdout]   12:     0x5793ad8725c0 - <trybuild[d0efad3e8f1bc79a]::TestCases as core[a373ad73a504971]::ops::drop::Drop>::drop
[INFO] [stdout]   13:     0x5793ad86a876 - tests[c82a677bf5a13a64]::tests
[INFO] [stdout]   14:     0x5793ad86aaa9 - <tests[c82a677bf5a13a64]::tests::{closure#0} as core[a373ad73a504971]::ops::function::FnOnce<()>>::call_once
[INFO] [stdout]   15:     0x5793ad9058fb - test[aada8e7e76ba119b]::__rust_begin_short_backtrace::<core[a373ad73a504971]::result::Result<(), alloc[2e1b2a31b91974c5]::string::String>, fn() -> core[a373ad73a504971]::result::Result<(), alloc[2e1b2a31b91974c5]::string::String>>
[INFO] [stdout]   16:     0x5793ad912ad5 - test[aada8e7e76ba119b]::run_test::{closure#0}
[INFO] [stdout]   17:     0x5793ad90c3c4 - std[617be2ca0a6fd877]::sys::backtrace::__rust_begin_short_backtrace::<test[aada8e7e76ba119b]::run_test::{closure#1}, ()>
[INFO] [stdout]   18:     0x5793ad915b62 - <std[617be2ca0a6fd877]::thread::lifecycle::spawn_unchecked<test[aada8e7e76ba119b]::run_test::{closure#1}, ()>::{closure#1} as core[a373ad73a504971]::ops::function::FnOnce<()>>::call_once::{shim:vtable#0}
[INFO] [stdout]   19:     0x5793ad98034f - <std[617be2ca0a6fd877]::sys::thread::unix::Thread>::new::thread_start
[INFO] [stdout]   20:     0x7919347aedfa - <unknown>
[INFO] [stdout]   21:     0x7919348423d4 - clone
[INFO] [stdout]   22:                0x0 - <unknown>
[INFO] [stdout] 
[INFO] [stdout] 
[INFO] [stdout] failures:
[INFO] [stdout]     tests
[INFO] [stdout] 
[INFO] [stdout] test result: FAILED. 0 passed; 1 failed; 0 ignored; 0 measured; 0 filtered out; finished in 11.64s
[INFO] [stdout] 
[INFO] [stderr] error: test failed, to rerun pass `--test tests`
[INFO] running `Command { std: "docker" "inspect" "afa3faf5f36bb25d7c134150099cbf7414b08877ee68d928189a63d27c6b4bdd", kill_on_drop: false }`
[INFO] running `Command { std: "docker" "rm" "-f" "afa3faf5f36bb25d7c134150099cbf7414b08877ee68d928189a63d27c6b4bdd", kill_on_drop: false }`
[INFO] [stdout] afa3faf5f36bb25d7c134150099cbf7414b08877ee68d928189a63d27c6b4bdd
