[INFO] fetching crate dialkit-messaging-generated 0.2.0...
[INFO] testing dialkit-messaging-generated-0.2.0 against 1.99.0-beta.8+cargoflags=--release for beta-release-1.100-2
[INFO] extracting crate dialkit-messaging-generated 0.2.0 into /workspace/builds/worker-0-tc1/source
[INFO] started tweaking crates.io crate dialkit-messaging-generated 0.2.0
[INFO] removed 0 missing tests
[INFO] finished tweaking crates.io crate dialkit-messaging-generated 0.2.0
[INFO] tweaked toml for crates.io crate dialkit-messaging-generated 0.2.0 written to /workspace/builds/worker-0-tc1/source/Cargo.toml
[INFO] validating manifest of crates.io crate dialkit-messaging-generated 0.2.0 on toolchain 1.99.0-beta.8
[INFO] running `Command { std: CARGO_HOME="/workspace/cargo-home" RUSTUP_HOME="/workspace/rustup-home" "/workspace/cargo-home/bin/cargo" "+1.99.0-beta.8" "metadata" "--manifest-path" "Cargo.toml" "--no-deps", kill_on_drop: false }`
[INFO] crate crates.io crate dialkit-messaging-generated 0.2.0 already has a lockfile, it will not be regenerated
[INFO] running `Command { std: CARGO_HOME="/workspace/cargo-home" RUSTUP_HOME="/workspace/rustup-home" "/workspace/cargo-home/bin/cargo" "+1.99.0-beta.8" "fetch" "--manifest-path" "Cargo.toml", kill_on_drop: false }`
[INFO] [stderr]     Updating crates.io index
[INFO] [stderr]  Downloading crates ...
[INFO] [stderr]   Downloaded dialkit-core v0.2.0
[INFO] [stderr]   Downloaded serde_with_macros v3.17.0
[INFO] [stderr]   Downloaded serde_with v3.17.0
[INFO] running `Command { std: "docker" "create" "-v" "/var/lib/crater-agent-workspace/builds/worker-0-tc1/source:/opt/rustwide/workdir:ro,Z" "-v" "/var/lib/crater-agent-workspace/builds/worker-0-tc1/target:/opt/rustwide/target:rw,Z" "-v" "/var/lib/crater-agent-workspace/cargo-home:/opt/rustwide/cargo-home:ro,Z" "-v" "/var/lib/crater-agent-workspace/rustup-home:/opt/rustwide/rustup-home:ro,Z" "-m" "1610612736" "--network" "none" "ghcr.io/rust-lang/crates-build-env/linux@sha256:77db811e55d90add9212f6832c23229e3de5f1c1f9905e8cb07319ea15df73ac" "sleep" "infinity", kill_on_drop: false }`
[INFO] [stdout] 2a3f9d02fa327b6b60797d7534cd8c99b333adecd857d93aed1fc007597d261c
[INFO] running `Command { std: "docker" "start" "2a3f9d02fa327b6b60797d7534cd8c99b333adecd857d93aed1fc007597d261c", kill_on_drop: false }`
[INFO] running `Command { std: "docker" "inspect" "2a3f9d02fa327b6b60797d7534cd8c99b333adecd857d93aed1fc007597d261c", kill_on_drop: false }`
[INFO] running `Command { std: "docker" "exec" "-e" "SOURCE_DIR=/opt/rustwide/workdir" "-e" "CARGO_HOME=/opt/rustwide/cargo-home" "-e" "RUSTUP_HOME=/opt/rustwide/rustup-home" "-e" "CARGO_TARGET_DIR=/opt/rustwide/target" "-w" "/opt/rustwide/workdir" "--user" "0:0" "2a3f9d02fa327b6b60797d7534cd8c99b333adecd857d93aed1fc007597d261c" "/opt/rustwide/cargo-home/bin/cargo" "+1.99.0-beta.8" "metadata" "--no-deps" "--format-version=1", kill_on_drop: false }`
[INFO] running `Command { std: "docker" "inspect" "2a3f9d02fa327b6b60797d7534cd8c99b333adecd857d93aed1fc007597d261c", kill_on_drop: false }`
[INFO] running `Command { std: "docker" "exec" "-e" "SOURCE_DIR=/opt/rustwide/workdir" "-e" "CARGO_HOME=/opt/rustwide/cargo-home" "-e" "RUSTUP_HOME=/opt/rustwide/rustup-home" "-e" "CARGO_TARGET_DIR=/opt/rustwide/target" "-e" "CARGO_INCREMENTAL=0" "-e" "RUST_BACKTRACE=full" "-e" "RUSTFLAGS=--cap-lints=warn" "-e" "RUSTDOCFLAGS=--cap-lints=warn" "-w" "/opt/rustwide/workdir" "--user" "0:0" "2a3f9d02fa327b6b60797d7534cd8c99b333adecd857d93aed1fc007597d261c" "/opt/rustwide/cargo-home/bin/cargo" "+1.99.0-beta.8" "build" "--frozen" "--message-format=json" "--release", kill_on_drop: false }`
[INFO] [stderr]    Compiling find-msvc-tools v0.1.12
[INFO] [stderr]    Compiling zerocopy v0.8.57
[INFO] [stderr]    Compiling rustls v0.23.45
[INFO] [stderr]    Compiling syn v3.0.5
[INFO] [stderr]    Compiling getrandom v0.2.17
[INFO] [stderr]    Compiling tokio v1.53.1
[INFO] [stderr]    Compiling darling_core v0.21.3
[INFO] [stderr]    Compiling tracing v0.1.44
[INFO] [stderr]    Compiling webpki-roots v1.0.9
[INFO] [stderr]    Compiling secrecy v0.10.3
[INFO] [stderr]    Compiling cc v1.4.6
[INFO] [stderr]    Compiling ring v0.17.14
[INFO] [stderr]    Compiling darling_macro v0.21.3
[INFO] [stderr]    Compiling darling v0.21.3
[INFO] [stderr]    Compiling serde_with_macros v3.17.0
[INFO] [stderr]    Compiling serde_with v3.17.0
[INFO] [stderr]    Compiling zerovec-derive v0.11.6
[INFO] [stderr]    Compiling displaydoc v0.2.7
[INFO] [stderr]    Compiling futures-macro v0.3.34
[INFO] [stderr]    Compiling serde_derive v1.0.229
[INFO] [stderr]    Compiling thiserror-impl v2.0.20
[INFO] [stderr]    Compiling serde_repr v0.1.21
[INFO] [stderr]    Compiling zerotrie v0.2.5
[INFO] [stderr]    Compiling ppv-lite86 v0.2.21
[INFO] [stderr]    Compiling futures-util v0.3.34
[INFO] [stderr]    Compiling zerovec v0.11.8
[INFO] [stderr]    Compiling thiserror v2.0.20
[INFO] [stderr]    Compiling rand_chacha v0.9.0
[INFO] [stderr]    Compiling hyper v1.11.1
[INFO] [stderr]    Compiling tokio-util v0.7.19
[INFO] [stderr]    Compiling rand v0.9.5
[INFO] [stderr]    Compiling tinystr v0.8.4
[INFO] [stderr]    Compiling potential_utf v0.1.6
[INFO] [stderr]    Compiling icu_locale_core v2.1.1
[INFO] [stderr]    Compiling icu_collections v2.1.1
[INFO] [stderr]    Compiling icu_provider v2.1.1
[INFO] [stderr]    Compiling icu_normalizer v2.1.1
[INFO] [stderr]    Compiling icu_properties v2.1.2
[INFO] [stderr]    Compiling serde v1.0.229
[INFO] [stderr]    Compiling tower v0.5.3
[INFO] [stderr]    Compiling hyper-util v0.1.20
[INFO] [stderr]    Compiling idna_adapter v1.2.1
[INFO] [stderr]    Compiling idna v1.1.0
[INFO] [stderr]    Compiling serde_urlencoded v0.7.1
[INFO] [stderr]    Compiling chrono v0.4.45
[INFO] [stderr]    Compiling url v2.5.8
[INFO] [stderr]    Compiling tower-http v0.6.11
[INFO] [stderr]    Compiling rustls-webpki v0.103.15
[INFO] [stderr]    Compiling tokio-rustls v0.26.5
[INFO] [stderr]    Compiling hyper-rustls v0.27.9
[INFO] [stderr]    Compiling reqwest v0.12.28
[INFO] [stderr]    Compiling dialkit-core v0.2.0
[INFO] [stderr]    Compiling dialkit-messaging-generated v0.2.0 (/opt/rustwide/workdir)
[INFO] [stderr]     Finished `release` profile [optimized] target(s) in 1m 18s
[INFO] running `Command { std: "docker" "inspect" "2a3f9d02fa327b6b60797d7534cd8c99b333adecd857d93aed1fc007597d261c", kill_on_drop: false }`
[INFO] running `Command { std: "docker" "exec" "-e" "SOURCE_DIR=/opt/rustwide/workdir" "-e" "CARGO_HOME=/opt/rustwide/cargo-home" "-e" "RUSTUP_HOME=/opt/rustwide/rustup-home" "-e" "CARGO_TARGET_DIR=/opt/rustwide/target" "-e" "CARGO_INCREMENTAL=0" "-e" "RUST_BACKTRACE=full" "-e" "RUSTFLAGS=--cap-lints=warn" "-e" "RUSTDOCFLAGS=--cap-lints=warn" "-w" "/opt/rustwide/workdir" "--user" "0:0" "2a3f9d02fa327b6b60797d7534cd8c99b333adecd857d93aed1fc007597d261c" "/opt/rustwide/cargo-home/bin/cargo" "+1.99.0-beta.8" "test" "--frozen" "--no-run" "--message-format=json" "--release", kill_on_drop: false }`
[INFO] [stderr]    Compiling tokio-macros v2.7.2
[INFO] [stderr]    Compiling futures-util v0.3.34
[INFO] [stderr]    Compiling serde_json v1.0.151
[INFO] [stderr]    Compiling deadpool-runtime v0.1.4
[INFO] [stderr]    Compiling toml_datetime v0.7.5+spec-1.1.0
[INFO] [stderr]    Compiling winnow v0.7.15
[INFO] [stderr]    Compiling tokio v1.53.1
[INFO] [stderr]    Compiling assert-json-diff v2.0.2
[INFO] [stderr]    Compiling toml v0.9.12+spec-1.1.0
[INFO] [stderr]    Compiling futures-executor v0.3.34
[INFO] [stderr]    Compiling futures v0.3.34
[INFO] [stderr]    Compiling tokio-util v0.7.19
[INFO] [stderr]    Compiling tower v0.5.3
[INFO] [stderr]    Compiling tokio-rustls v0.26.5
[INFO] [stderr]    Compiling deadpool v0.12.3
[INFO] [stderr]    Compiling tower-http v0.6.11
[INFO] [stderr]    Compiling h2 v0.4.19
[INFO] [stderr]    Compiling hyper v1.11.1
[INFO] [stderr]    Compiling hyper-util v0.1.20
[INFO] [stderr]    Compiling hyper-rustls v0.27.9
[INFO] [stderr]    Compiling wiremock v0.6.5
[INFO] [stderr]    Compiling reqwest v0.12.28
[INFO] [stderr]    Compiling dialkit-core v0.2.0
[INFO] [stderr]    Compiling dialkit-messaging-generated v0.2.0 (/opt/rustwide/workdir)
[INFO] [stderr]     Finished `release` profile [optimized] target(s) in 1m 26s
[INFO] running `Command { std: "docker" "inspect" "2a3f9d02fa327b6b60797d7534cd8c99b333adecd857d93aed1fc007597d261c", kill_on_drop: false }`
[INFO] running `Command { std: "docker" "exec" "-e" "SOURCE_DIR=/opt/rustwide/workdir" "-e" "CARGO_HOME=/opt/rustwide/cargo-home" "-e" "RUSTUP_HOME=/opt/rustwide/rustup-home" "-e" "CARGO_TARGET_DIR=/opt/rustwide/target" "-e" "CARGO_INCREMENTAL=0" "-e" "RUST_BACKTRACE=full" "-e" "RUSTFLAGS=--cap-lints=warn" "-e" "RUSTDOCFLAGS=--cap-lints=warn" "-w" "/opt/rustwide/workdir" "--user" "0:0" "2a3f9d02fa327b6b60797d7534cd8c99b333adecd857d93aed1fc007597d261c" "/opt/rustwide/cargo-home/bin/cargo" "+1.99.0-beta.8" "test" "--frozen" "--release", kill_on_drop: false }`
[INFO] [stderr]     Finished `release` profile [optimized] target(s) in 0.25s
[INFO] [stderr]      Running unittests src/lib.rs (/opt/rustwide/target/release/deps/dialkit_messaging_generated-afd3fe1956a05112)
[INFO] [stderr]      Running tests/contracts.rs (/opt/rustwide/target/release/deps/contracts-eb2d40ebff2db3dc)
[INFO] [stdout] 
[INFO] [stdout] running 0 tests
[INFO] [stdout] 
[INFO] [stdout] test result: ok. 0 passed; 0 failed; 0 ignored; 0 measured; 0 filtered out; finished in 0.00s
[INFO] [stdout] 
[INFO] [stdout] 
[INFO] [stdout] running 3 tests
[INFO] [stdout] test every_messaging_v1_operation_resolves_to_a_unique_runtime_contract ... FAILED
[INFO] [stdout] test compliance_and_links::compliance_and_link_operation_contracts_are_evidenced ... FAILED
[INFO] [stdout] test services_and_senders::services_and_sender_operation_contracts_are_evidenced ... FAILED
[INFO] [stdout] 
[INFO] [stdout] failures:
[INFO] [stdout] 
[INFO] [stdout] ---- every_messaging_v1_operation_resolves_to_a_unique_runtime_contract stdout ----
[INFO] [stdout] 
[INFO] [stdout] thread 'every_messaging_v1_operation_resolves_to_a_unique_runtime_contract' (1960) panicked at tests/contracts.rs:7:83:
[INFO] [stdout] called `Result::unwrap()` on an `Err` value: Os { code: 2, kind: NotFound, message: "No such file or directory" }
[INFO] [stdout] stack backtrace:
[INFO] [stdout]    0:     0x567b7d296af1 - <<std[70759c8f55707aa4]::sys::backtrace::BacktraceLock>::print::DisplayBacktrace as core[df12db4294e9bfd3]::fmt::Display>::fmt
[INFO] [stdout]    1:     0x567b7d2aba6a - core[df12db4294e9bfd3]::fmt::write
[INFO] [stdout]    2:     0x567b7d29af8c - <alloc[2182bb758b4b3781]::vec::Vec<u8> as core[df12db4294e9bfd3]::io::write::Write>::write_fmt
[INFO] [stdout]    3:     0x567b7d272be6 - std[70759c8f55707aa4]::panicking::default_hook::{closure#0}
[INFO] [stdout]    4:     0x567b7d28eee9 - std[70759c8f55707aa4]::panicking::default_hook
[INFO] [stdout]    5:     0x567b7d22ac90 - test[9d35eded1c95d3be]::test_main_inner::<test[9d35eded1c95d3be]::test_main_static::{closure#0}>::{closure#0}
[INFO] [stdout]    6:     0x567b7d28f0a2 - std[70759c8f55707aa4]::panicking::panic_with_hook
[INFO] [stdout]    7:     0x567b7d272c92 - std[70759c8f55707aa4]::panicking::panic_handler::{closure#0}
[INFO] [stdout]    8:     0x567b7d26b889 - std[70759c8f55707aa4]::sys::backtrace::__rust_end_short_backtrace::<std[70759c8f55707aa4]::panicking::panic_handler::{closure#0}, !>
[INFO] [stdout]    9:     0x567b7d27388d - __rustc[8fa7c3cbc660c2b3]::rust_begin_unwind
[INFO] [stdout]   10:     0x567b7d2ac1dc - core[df12db4294e9bfd3]::panicking::panic_fmt
[INFO] [stdout]   11:     0x567b7d2abfb2 - core[df12db4294e9bfd3]::result::unwrap_failed
[INFO] [stdout]   12:     0x567b7d2016e7 - <contracts[537d30ba7fdf861c]::every_messaging_v1_operation_resolves_to_a_unique_runtime_contract::{closure#0} as core[df12db4294e9bfd3]::ops::function::FnOnce<()>>::call_once
[INFO] [stdout]   13:     0x567b7d21df7b - test[9d35eded1c95d3be]::__rust_begin_short_backtrace::<core[df12db4294e9bfd3]::result::Result<(), alloc[2182bb758b4b3781]::string::String>, fn() -> core[df12db4294e9bfd3]::result::Result<(), alloc[2182bb758b4b3781]::string::String>>
[INFO] [stdout]   14:     0x567b7d22b5e5 - test[9d35eded1c95d3be]::run_test::{closure#0}
[INFO] [stdout]   15:     0x567b7d224ea4 - std[70759c8f55707aa4]::sys::backtrace::__rust_begin_short_backtrace::<test[9d35eded1c95d3be]::run_test::{closure#1}, ()>
[INFO] [stdout]   16:     0x567b7d22e742 - <std[70759c8f55707aa4]::thread::lifecycle::spawn_unchecked<test[9d35eded1c95d3be]::run_test::{closure#1}, ()>::{closure#1} as core[df12db4294e9bfd3]::ops::function::FnOnce<()>>::call_once::{shim:vtable#0}
[INFO] [stdout]   17:     0x567b7d296059 - <std[70759c8f55707aa4]::sys::thread::unix::Thread>::new::thread_start
[INFO] [stdout]   18:     0x788a1108ddfa - <unknown>
[INFO] [stdout]   19:     0x788a111213d4 - clone
[INFO] [stdout]   20:                0x0 - <unknown>
[INFO] [stdout] 
[INFO] [stdout] ---- compliance_and_links::compliance_and_link_operation_contracts_are_evidenced stdout ----
[INFO] [stdout] 
[INFO] [stdout] thread 'compliance_and_links::compliance_and_link_operation_contracts_are_evidenced' (1959) panicked at tests/contracts.rs:37:83:
[INFO] [stdout] called `Result::unwrap()` on an `Err` value: Os { code: 2, kind: NotFound, message: "No such file or directory" }
[INFO] [stdout] stack backtrace:
[INFO] [stdout]    0:     0x567b7d296af1 - <<std[70759c8f55707aa4]::sys::backtrace::BacktraceLock>::print::DisplayBacktrace as core[df12db4294e9bfd3]::fmt::Display>::fmt
[INFO] [stdout]    1:     0x567b7d2aba6a - core[df12db4294e9bfd3]::fmt::write
[INFO] [stdout]    2:     0x567b7d29af8c - <alloc[2182bb758b4b3781]::vec::Vec<u8> as core[df12db4294e9bfd3]::io::write::Write>::write_fmt
[INFO] [stdout]    3:     0x567b7d272be6 - std[70759c8f55707aa4]::panicking::default_hook::{closure#0}
[INFO] [stdout]    4:     0x567b7d28eee9 - std[70759c8f55707aa4]::panicking::default_hook
[INFO] [stdout]    5:     0x567b7d22ac90 - test[9d35eded1c95d3be]::test_main_inner::<test[9d35eded1c95d3be]::test_main_static::{closure#0}>::{closure#0}
[INFO] [stdout]    6:     0x567b7d28f0a2 - std[70759c8f55707aa4]::panicking::panic_with_hook
[INFO] [stdout]    7:     0x567b7d272c92 - std[70759c8f55707aa4]::panicking::panic_handler::{closure#0}
[INFO] [stdout]    8:     0x567b7d26b889 - std[70759c8f55707aa4]::sys::backtrace::__rust_end_short_backtrace::<std[70759c8f55707aa4]::panicking::panic_handler::{closure#0}, !>
[INFO] [stdout]    9:     0x567b7d27388d - __rustc[8fa7c3cbc660c2b3]::rust_begin_unwind
[INFO] [stdout]   10:     0x567b7d2ac1dc - core[df12db4294e9bfd3]::panicking::panic_fmt
[INFO] [stdout]   11:     0x567b7d2abfb2 - core[df12db4294e9bfd3]::result::unwrap_failed
[INFO] [stdout]   12:     0x567b7d1ffe5d - contracts[537d30ba7fdf861c]::verify_domains
[INFO] [stdout]   13:     0x567b7d201a45 - <contracts[537d30ba7fdf861c]::compliance_and_links::compliance_and_link_operation_contracts_are_evidenced::{closure#0} as core[df12db4294e9bfd3]::ops::function::FnOnce<()>>::call_once
[INFO] [stdout]   14:     0x567b7d21df7b - test[9d35eded1c95d3be]::__rust_begin_short_backtrace::<core[df12db4294e9bfd3]::result::Result<(), alloc[2182bb758b4b3781]::string::String>, fn() -> core[df12db4294e9bfd3]::result::Result<(), alloc[2182bb758b4b3781]::string::String>>
[INFO] [stdout]   15:     0x567b7d22b5e5 - test[9d35eded1c95d3be]::run_test::{closure#0}
[INFO] [stdout]   16:     0x567b7d224ea4 - std[70759c8f55707aa4]::sys::backtrace::__rust_begin_short_backtrace::<test[9d35eded1c95d3be]::run_test::{closure#1}, ()>
[INFO] [stdout]   17:     0x567b7d22e742 - <std[70759c8f55707aa4]::thread::lifecycle::spawn_unchecked<test[9d35eded1c95d3be]::run_test::{closure#1}, ()>::{closure#1} as core[df12db4294e9bfd3]::ops::function::FnOnce<()>>::call_once::{shim:vtable#0}
[INFO] [stdout]   18:     0x567b7d296059 - <std[70759c8f55707aa4]::sys::thread::unix::Thread>::new::thread_start
[INFO] [stdout]   19:     0x788a1108ddfa - <unknown>
[INFO] [stdout]   20:     0x788a111213d4 - clone
[INFO] [stdout]   21:                0x0 - <unknown>
[INFO] [stdout] 
[INFO] [stdout] ---- services_and_senders::services_and_sender_operation_contracts_are_evidenced stdout ----
[INFO] [stdout] 
[INFO] [stdout] thread 'services_and_senders::services_and_sender_operation_contracts_are_evidenced' (1961) panicked at tests/contracts.rs:37:83:
[INFO] [stdout] called `Result::unwrap()` on an `Err` value: Os { code: 2, kind: NotFound, message: "No such file or directory" }
[INFO] [stdout] stack backtrace:
[INFO] [stdout]    0:     0x567b7d296af1 - <<std[70759c8f55707aa4]::sys::backtrace::BacktraceLock>::print::DisplayBacktrace as core[df12db4294e9bfd3]::fmt::Display>::fmt
[INFO] [stdout]    1:     0x567b7d2aba6a - core[df12db4294e9bfd3]::fmt::write
[INFO] [stdout]    2:     0x567b7d29af8c - <alloc[2182bb758b4b3781]::vec::Vec<u8> as core[df12db4294e9bfd3]::io::write::Write>::write_fmt
[INFO] [stdout]    3:     0x567b7d272be6 - std[70759c8f55707aa4]::panicking::default_hook::{closure#0}
[INFO] [stdout]    4:     0x567b7d28eee9 - std[70759c8f55707aa4]::panicking::default_hook
[INFO] [stdout]    5:     0x567b7d22ac90 - test[9d35eded1c95d3be]::test_main_inner::<test[9d35eded1c95d3be]::test_main_static::{closure#0}>::{closure#0}
[INFO] [stdout]    6:     0x567b7d28f0a2 - std[70759c8f55707aa4]::panicking::panic_with_hook
[INFO] [stdout]    7:     0x567b7d272c92 - std[70759c8f55707aa4]::panicking::panic_handler::{closure#0}
[INFO] [stdout]    8:     0x567b7d26b889 - std[70759c8f55707aa4]::sys::backtrace::__rust_end_short_backtrace::<std[70759c8f55707aa4]::panicking::panic_handler::{closure#0}, !>
[INFO] [stdout]    9:     0x567b7d27388d - __rustc[8fa7c3cbc660c2b3]::rust_begin_unwind
[INFO] [stdout]   10:     0x567b7d2ac1dc - core[df12db4294e9bfd3]::panicking::panic_fmt
[INFO] [stdout]   11:     0x567b7d2abfb2 - core[df12db4294e9bfd3]::result::unwrap_failed
[INFO] [stdout]   12:     0x567b7d1ffe5d - contracts[537d30ba7fdf861c]::verify_domains
[INFO] [stdout]   13:     0x567b7d201a75 - <contracts[537d30ba7fdf861c]::services_and_senders::services_and_sender_operation_contracts_are_evidenced::{closure#0} as core[df12db4294e9bfd3]::ops::function::FnOnce<()>>::call_once
[INFO] [stdout]   14:     0x567b7d21df7b - test[9d35eded1c95d3be]::__rust_begin_short_backtrace::<core[df12db4294e9bfd3]::result::Result<(), alloc[2182bb758b4b3781]::string::String>, fn() -> core[df12db4294e9bfd3]::result::Result<(), alloc[2182bb758b4b3781]::string::String>>
[INFO] [stdout]   15:     0x567b7d22b5e5 - test[9d35eded1c95d3be]::run_test::{closure#0}
[INFO] [stdout]   16:     0x567b7d224ea4 - std[70759c8f55707aa4]::sys::backtrace::__rust_begin_short_backtrace::<test[9d35eded1c95d3be]::run_test::{closure#1}, ()>
[INFO] [stdout]   17:     0x567b7d22e742 - <std[70759c8f55707aa4]::thread::lifecycle::spawn_unchecked<test[9d35eded1c95d3be]::run_test::{closure#1}, ()>::{closure#1} as core[df12db4294e9bfd3]::ops::function::FnOnce<()>>::call_once::{shim:vtable#0}
[INFO] [stdout]   18:     0x567b7d296059 - <std[70759c8f55707aa4]::sys::thread::unix::Thread>::new::thread_start
[INFO] [stdout]   19:     0x788a1108ddfa - <unknown>
[INFO] [stdout]   20:     0x788a111213d4 - clone
[INFO] [stdout]   21:                0x0 - <unknown>
[INFO] [stdout] 
[INFO] [stdout] 
[INFO] [stdout] failures:
[INFO] [stdout]     compliance_and_links::compliance_and_link_operation_contracts_are_evidenced
[INFO] [stdout]     every_messaging_v1_operation_resolves_to_a_unique_runtime_contract
[INFO] [stdout]     services_and_senders::services_and_sender_operation_contracts_are_evidenced
[INFO] [stdout] 
[INFO] [stdout] test result: FAILED. 0 passed; 3 failed; 0 ignored; 0 measured; 0 filtered out; finished in 0.00s
[INFO] [stdout] 
[INFO] [stderr] error: test failed, to rerun pass `--test contracts`
[INFO] running `Command { std: "docker" "inspect" "2a3f9d02fa327b6b60797d7534cd8c99b333adecd857d93aed1fc007597d261c", kill_on_drop: false }`
[INFO] running `Command { std: "docker" "rm" "-f" "2a3f9d02fa327b6b60797d7534cd8c99b333adecd857d93aed1fc007597d261c", kill_on_drop: false }`
[INFO] [stdout] 2a3f9d02fa327b6b60797d7534cd8c99b333adecd857d93aed1fc007597d261c
