[INFO] fetching crate dialasm 0.1.0...
[INFO] testing dialasm-0.1.0 against 1.100.0-beta.1+cargoflags=--release for beta-release-1.100-2
[INFO] extracting crate dialasm 0.1.0 into /workspace/builds/worker-1-tc2/source
[INFO] started tweaking crates.io crate dialasm 0.1.0
[INFO] removed 0 missing tests
[INFO] finished tweaking crates.io crate dialasm 0.1.0
[INFO] tweaked toml for crates.io crate dialasm 0.1.0 written to /workspace/builds/worker-1-tc2/source/Cargo.toml
[INFO] validating manifest of crates.io crate dialasm 0.1.0 on toolchain 1.100.0-beta.1
[INFO] running `Command { std: CARGO_HOME="/workspace/cargo-home" RUSTUP_HOME="/workspace/rustup-home" "/workspace/cargo-home/bin/cargo" "+1.100.0-beta.1" "metadata" "--manifest-path" "Cargo.toml" "--no-deps", kill_on_drop: false }`
[INFO] crate crates.io crate dialasm 0.1.0 already has a lockfile, it will not be regenerated
[INFO] running `Command { std: CARGO_HOME="/workspace/cargo-home" RUSTUP_HOME="/workspace/rustup-home" "/workspace/cargo-home/bin/cargo" "+1.100.0-beta.1" "fetch" "--manifest-path" "Cargo.toml", kill_on_drop: false }`
[INFO] running `Command { std: "docker" "create" "-v" "/var/lib/crater-agent-workspace/builds/worker-1-tc2/source:/opt/rustwide/workdir:ro,Z" "-v" "/var/lib/crater-agent-workspace/builds/worker-1-tc2/target:/opt/rustwide/target:rw,Z" "-v" "/var/lib/crater-agent-workspace/cargo-home:/opt/rustwide/cargo-home:ro,Z" "-v" "/var/lib/crater-agent-workspace/rustup-home:/opt/rustwide/rustup-home:ro,Z" "-m" "1610612736" "--network" "none" "ghcr.io/rust-lang/crates-build-env/linux@sha256:77db811e55d90add9212f6832c23229e3de5f1c1f9905e8cb07319ea15df73ac" "sleep" "infinity", kill_on_drop: false }`
[INFO] [stdout] 9413eb28535efe65e228eddf718a0b247118a855d01081e4b822b97184f34ab4
[INFO] running `Command { std: "docker" "start" "9413eb28535efe65e228eddf718a0b247118a855d01081e4b822b97184f34ab4", kill_on_drop: false }`
[INFO] running `Command { std: "docker" "inspect" "9413eb28535efe65e228eddf718a0b247118a855d01081e4b822b97184f34ab4", kill_on_drop: false }`
[INFO] running `Command { std: "docker" "exec" "-e" "SOURCE_DIR=/opt/rustwide/workdir" "-e" "CARGO_HOME=/opt/rustwide/cargo-home" "-e" "RUSTUP_HOME=/opt/rustwide/rustup-home" "-e" "CARGO_TARGET_DIR=/opt/rustwide/target" "-w" "/opt/rustwide/workdir" "--user" "0:0" "9413eb28535efe65e228eddf718a0b247118a855d01081e4b822b97184f34ab4" "/opt/rustwide/cargo-home/bin/cargo" "+1.100.0-beta.1" "metadata" "--no-deps" "--format-version=1", kill_on_drop: false }`
[INFO] running `Command { std: "docker" "inspect" "9413eb28535efe65e228eddf718a0b247118a855d01081e4b822b97184f34ab4", kill_on_drop: false }`
[INFO] running `Command { std: "docker" "exec" "-e" "SOURCE_DIR=/opt/rustwide/workdir" "-e" "CARGO_HOME=/opt/rustwide/cargo-home" "-e" "RUSTUP_HOME=/opt/rustwide/rustup-home" "-e" "CARGO_TARGET_DIR=/opt/rustwide/target" "-e" "CARGO_INCREMENTAL=0" "-e" "RUST_BACKTRACE=full" "-e" "RUSTFLAGS=--cap-lints=warn" "-e" "RUSTDOCFLAGS=--cap-lints=warn" "-w" "/opt/rustwide/workdir" "--user" "0:0" "9413eb28535efe65e228eddf718a0b247118a855d01081e4b822b97184f34ab4" "/opt/rustwide/cargo-home/bin/cargo" "+1.100.0-beta.1" "build" "--frozen" "--message-format=json" "--release", kill_on_drop: false }`
[INFO] [stderr]    Compiling proc-macro2 v1.0.103
[INFO] [stderr]    Compiling unicode-ident v1.0.22
[INFO] [stderr]    Compiling ucd-trie v0.1.7
[INFO] [stderr]    Compiling pest v2.8.3
[INFO] [stderr]    Compiling quote v1.0.41
[INFO] [stderr]    Compiling syn v2.0.108
[INFO] [stderr]    Compiling pest_meta v2.8.3
[INFO] [stderr]    Compiling pest_generator v2.8.3
[INFO] [stderr]    Compiling thiserror-impl v2.0.17
[INFO] [stderr]    Compiling pest_derive v2.8.3
[INFO] [stderr]    Compiling thiserror v2.0.17
[INFO] [stderr]    Compiling dialasm v0.1.0 (/opt/rustwide/workdir)
[INFO] [stderr]     Finished `release` profile [optimized] target(s) in 10.05s
[INFO] running `Command { std: "docker" "inspect" "9413eb28535efe65e228eddf718a0b247118a855d01081e4b822b97184f34ab4", kill_on_drop: false }`
[INFO] running `Command { std: "docker" "exec" "-e" "SOURCE_DIR=/opt/rustwide/workdir" "-e" "CARGO_HOME=/opt/rustwide/cargo-home" "-e" "RUSTUP_HOME=/opt/rustwide/rustup-home" "-e" "CARGO_TARGET_DIR=/opt/rustwide/target" "-e" "CARGO_INCREMENTAL=0" "-e" "RUST_BACKTRACE=full" "-e" "RUSTFLAGS=--cap-lints=warn" "-e" "RUSTDOCFLAGS=--cap-lints=warn" "-w" "/opt/rustwide/workdir" "--user" "0:0" "9413eb28535efe65e228eddf718a0b247118a855d01081e4b822b97184f34ab4" "/opt/rustwide/cargo-home/bin/cargo" "+1.100.0-beta.1" "test" "--frozen" "--no-run" "--message-format=json" "--release", kill_on_drop: false }`
[INFO] [stderr]    Compiling dialasm v0.1.0 (/opt/rustwide/workdir)
[INFO] [stderr]     Finished `release` profile [optimized] target(s) in 1.83s
[INFO] running `Command { std: "docker" "inspect" "9413eb28535efe65e228eddf718a0b247118a855d01081e4b822b97184f34ab4", kill_on_drop: false }`
[INFO] running `Command { std: "docker" "exec" "-e" "SOURCE_DIR=/opt/rustwide/workdir" "-e" "CARGO_HOME=/opt/rustwide/cargo-home" "-e" "RUSTUP_HOME=/opt/rustwide/rustup-home" "-e" "CARGO_TARGET_DIR=/opt/rustwide/target" "-e" "CARGO_INCREMENTAL=0" "-e" "RUST_BACKTRACE=full" "-e" "RUSTFLAGS=--cap-lints=warn" "-e" "RUSTDOCFLAGS=--cap-lints=warn" "-w" "/opt/rustwide/workdir" "--user" "0:0" "9413eb28535efe65e228eddf718a0b247118a855d01081e4b822b97184f34ab4" "/opt/rustwide/cargo-home/bin/cargo" "+1.100.0-beta.1" "test" "--frozen" "--release", kill_on_drop: false }`
[INFO] [stderr]     Finished `release` profile [optimized] target(s) in 0.04s
[INFO] [stderr]      Running unittests src/lib.rs (/opt/rustwide/target/release/build/dialasm/1fff198848dce8da/out/dialasm-1fff198848dce8da)
[INFO] [stdout] 
[INFO] [stdout] running 0 tests
[INFO] [stdout] 
[INFO] [stdout] test result: ok. 0 passed; 0 failed; 0 ignored; 0 measured; 0 filtered out; finished in 0.00s
[INFO] [stdout] 
[INFO] [stderr]      Running unittests src/main.rs (/opt/rustwide/target/release/build/dialasm/968515dc5aa0e671/out/dialasm-968515dc5aa0e671)
[INFO] [stdout] 
[INFO] [stdout] running 0 tests
[INFO] [stdout] 
[INFO] [stdout] test result: ok. 0 passed; 0 failed; 0 ignored; 0 measured; 0 filtered out; finished in 0.00s
[INFO] [stdout] 
[INFO] [stderr]      Running tests/parser.rs (/opt/rustwide/target/release/build/dialasm/327cab6a33af0516/out/parser-327cab6a33af0516)
[INFO] [stdout] 
[INFO] [stdout] running 7 tests
[INFO] [stdout] test rules::multiple_label_dialogue ... ok
[INFO] [stdout] test rules::choice_dialogue ... FAILED
[INFO] [stdout] test rules::jump_dialogue ... FAILED
[INFO] [stdout] test rules::no_labels_dialogue ... FAILED
[INFO] [stdout] test rules::single_label_dialogue ... ok
[INFO] [stdout] test rules::single_line_dialogue ... FAILED
[INFO] [stdout] test rules::empty_dialogue ... ok
[INFO] [stdout] 
[INFO] [stdout] failures:
[INFO] [stdout] 
[INFO] [stdout] ---- rules::choice_dialogue stdout ----
[INFO] [stdout] 
[INFO] [stdout] thread 'rules::choice_dialogue' (508) panicked at tests/parser.rs:91:42:
[INFO] [stdout] Expected to parse valid input: UndefinedLabel("c")
[INFO] [stdout] stack backtrace:
[INFO] [stdout]    0:     0x5da8395acac1 - <<std[617be2ca0a6fd877]::sys::backtrace::BacktraceLock>::print::DisplayBacktrace as core[a373ad73a504971]::fmt::Display>::fmt
[INFO] [stderr] error: test failed, to rerun pass `--test parser`
[INFO] [stdout]    1:     0x5da8395c11aa - core[a373ad73a504971]::fmt::write
[INFO] [stdout]    2:     0x5da8395b0cdc - <alloc[2e1b2a31b91974c5]::vec::Vec<u8> as core[a373ad73a504971]::io::write::Write>::write_fmt
[INFO] [stdout]    3:     0x5da839588f26 - std[617be2ca0a6fd877]::panicking::default_hook::{closure#0}
[INFO] [stdout]    4:     0x5da8395a5159 - std[617be2ca0a6fd877]::panicking::default_hook
[INFO] [stdout]    5:     0x5da83952d770 - test[aada8e7e76ba119b]::test_main_inner::{closure#0}
[INFO] [stdout]    6:     0x5da8395a5312 - std[617be2ca0a6fd877]::panicking::panic_with_hook
[INFO] [stdout]    7:     0x5da839588fd2 - std[617be2ca0a6fd877]::panicking::panic_handler::{closure#0}
[INFO] [stdout]    8:     0x5da839581ce9 - std[617be2ca0a6fd877]::sys::backtrace::__rust_end_short_backtrace::<std[617be2ca0a6fd877]::panicking::panic_handler::{closure#0}, !>
[INFO] [stdout]    9:     0x5da839589bdd - __rustc[ea4f61d10b84890b]::rust_begin_unwind
[INFO] [stdout]   10:     0x5da8395c18dc - core[a373ad73a504971]::panicking::panic_fmt
[INFO] [stdout]   11:     0x5da8395c16b2 - core[a373ad73a504971]::result::unwrap_failed
[INFO] [stdout]   12:     0x5da83951f356 - <parser[59fe5f7d0ad5922c]::rules::choice_dialogue::{closure#0} as core[a373ad73a504971]::ops::function::FnOnce<()>>::call_once
[INFO] [stdout]   13:     0x5da839520bbb - test[aada8e7e76ba119b]::__rust_begin_short_backtrace::<core[a373ad73a504971]::result::Result<(), alloc[2e1b2a31b91974c5]::string::String>, fn() -> core[a373ad73a504971]::result::Result<(), alloc[2e1b2a31b91974c5]::string::String>>
[INFO] [stdout]   14:     0x5da83952dd95 - test[aada8e7e76ba119b]::run_test::{closure#0}
[INFO] [stdout]   15:     0x5da839527684 - std[617be2ca0a6fd877]::sys::backtrace::__rust_begin_short_backtrace::<test[aada8e7e76ba119b]::run_test::{closure#1}, ()>
[INFO] [stdout]   16:     0x5da839530e22 - <std[617be2ca0a6fd877]::thread::lifecycle::spawn_unchecked<test[aada8e7e76ba119b]::run_test::{closure#1}, ()>::{closure#1} as core[a373ad73a504971]::ops::function::FnOnce<()>>::call_once::{shim:vtable#0}
[INFO] [stdout]   17:     0x5da8395ac31f - <std[617be2ca0a6fd877]::sys::thread::unix::Thread>::new::thread_start
[INFO] [stdout]   18:     0x75be50509dfa - <unknown>
[INFO] [stdout]   19:     0x75be5059d3d4 - clone
[INFO] [stdout]   20:                0x0 - <unknown>
[INFO] [stdout] 
[INFO] [stdout] ---- rules::jump_dialogue stdout ----
[INFO] [stdout] 
[INFO] [stdout] thread 'rules::jump_dialogue' (510) panicked at tests/parser.rs:80:42:
[INFO] [stdout] Expected to parse valid input: UndefinedLabel("fall")
[INFO] [stdout] stack backtrace:
[INFO] [stdout]    0:     0x5da8395acac1 - <<std[617be2ca0a6fd877]::sys::backtrace::BacktraceLock>::print::DisplayBacktrace as core[a373ad73a504971]::fmt::Display>::fmt
[INFO] [stdout]    1:     0x5da8395c11aa - core[a373ad73a504971]::fmt::write
[INFO] [stdout]    2:     0x5da8395b0cdc - <alloc[2e1b2a31b91974c5]::vec::Vec<u8> as core[a373ad73a504971]::io::write::Write>::write_fmt
[INFO] [stdout]    3:     0x5da839588f26 - std[617be2ca0a6fd877]::panicking::default_hook::{closure#0}
[INFO] [stdout]    4:     0x5da8395a5159 - std[617be2ca0a6fd877]::panicking::default_hook
[INFO] [stdout]    5:     0x5da83952d770 - test[aada8e7e76ba119b]::test_main_inner::{closure#0}
[INFO] [stdout]    6:     0x5da8395a5312 - std[617be2ca0a6fd877]::panicking::panic_with_hook
[INFO] [stdout]    7:     0x5da839588fd2 - std[617be2ca0a6fd877]::panicking::panic_handler::{closure#0}
[INFO] [stdout]    8:     0x5da839581ce9 - std[617be2ca0a6fd877]::sys::backtrace::__rust_end_short_backtrace::<std[617be2ca0a6fd877]::panicking::panic_handler::{closure#0}, !>
[INFO] [stdout]    9:     0x5da839589bdd - __rustc[ea4f61d10b84890b]::rust_begin_unwind
[INFO] [stdout]   10:     0x5da8395c18dc - core[a373ad73a504971]::panicking::panic_fmt
[INFO] [stdout]   11:     0x5da8395c16b2 - core[a373ad73a504971]::result::unwrap_failed
[INFO] [stdout]   12:     0x5da83951ea9c - <parser[59fe5f7d0ad5922c]::rules::jump_dialogue::{closure#0} as core[a373ad73a504971]::ops::function::FnOnce<()>>::call_once
[INFO] [stdout]   13:     0x5da839520bbb - test[aada8e7e76ba119b]::__rust_begin_short_backtrace::<core[a373ad73a504971]::result::Result<(), alloc[2e1b2a31b91974c5]::string::String>, fn() -> core[a373ad73a504971]::result::Result<(), alloc[2e1b2a31b91974c5]::string::String>>
[INFO] [stdout]   14:     0x5da83952dd95 - test[aada8e7e76ba119b]::run_test::{closure#0}
[INFO] [stdout]   15:     0x5da839527684 - std[617be2ca0a6fd877]::sys::backtrace::__rust_begin_short_backtrace::<test[aada8e7e76ba119b]::run_test::{closure#1}, ()>
[INFO] [stdout]   16:     0x5da839530e22 - <std[617be2ca0a6fd877]::thread::lifecycle::spawn_unchecked<test[aada8e7e76ba119b]::run_test::{closure#1}, ()>::{closure#1} as core[a373ad73a504971]::ops::function::FnOnce<()>>::call_once::{shim:vtable#0}
[INFO] [stdout]   17:     0x5da8395ac31f - <std[617be2ca0a6fd877]::sys::thread::unix::Thread>::new::thread_start
[INFO] [stdout]   18:     0x75be50509dfa - <unknown>
[INFO] [stdout]   19:     0x75be5059d3d4 - clone
[INFO] [stdout]   20:                0x0 - <unknown>
[INFO] [stdout] 
[INFO] [stdout] ---- rules::no_labels_dialogue stdout ----
[INFO] [stdout] 
[INFO] [stdout] thread 'rules::no_labels_dialogue' (512) panicked at tests/parser.rs:62:42:
[INFO] [stdout] Expected to parse valid input: InvalidProgram(Error { variant: ParsingError { positives: [EOI, statement], negatives: [] }, location: Pos(22), line_col: Pos((2, 9)), path: None, line: "        @m: \"Hello!\"", continued_line: None, parse_attempts: None })
[INFO] [stdout] stack backtrace:
[INFO] [stdout]    0:     0x5da8395acac1 - <<std[617be2ca0a6fd877]::sys::backtrace::BacktraceLock>::print::DisplayBacktrace as core[a373ad73a504971]::fmt::Display>::fmt
[INFO] [stdout]    1:     0x5da8395c11aa - core[a373ad73a504971]::fmt::write
[INFO] [stdout]    2:     0x5da8395b0cdc - <alloc[2e1b2a31b91974c5]::vec::Vec<u8> as core[a373ad73a504971]::io::write::Write>::write_fmt
[INFO] [stdout]    3:     0x5da839588f26 - std[617be2ca0a6fd877]::panicking::default_hook::{closure#0}
[INFO] [stdout]    4:     0x5da8395a5159 - std[617be2ca0a6fd877]::panicking::default_hook
[INFO] [stdout]    5:     0x5da83952d770 - test[aada8e7e76ba119b]::test_main_inner::{closure#0}
[INFO] [stdout]    6:     0x5da8395a5312 - std[617be2ca0a6fd877]::panicking::panic_with_hook
[INFO] [stdout]    7:     0x5da839588fd2 - std[617be2ca0a6fd877]::panicking::panic_handler::{closure#0}
[INFO] [stdout]    8:     0x5da839581ce9 - std[617be2ca0a6fd877]::sys::backtrace::__rust_end_short_backtrace::<std[617be2ca0a6fd877]::panicking::panic_handler::{closure#0}, !>
[INFO] [stdout]    9:     0x5da839589bdd - __rustc[ea4f61d10b84890b]::rust_begin_unwind
[INFO] [stdout]   10:     0x5da8395c18dc - core[a373ad73a504971]::panicking::panic_fmt
[INFO] [stdout]   11:     0x5da8395c16b2 - core[a373ad73a504971]::result::unwrap_failed
[INFO] [stdout]   12:     0x5da83951fba2 - <parser[59fe5f7d0ad5922c]::rules::no_labels_dialogue::{closure#0} as core[a373ad73a504971]::ops::function::FnOnce<()>>::call_once
[INFO] [stdout]   13:     0x5da839520bbb - test[aada8e7e76ba119b]::__rust_begin_short_backtrace::<core[a373ad73a504971]::result::Result<(), alloc[2e1b2a31b91974c5]::string::String>, fn() -> core[a373ad73a504971]::result::Result<(), alloc[2e1b2a31b91974c5]::string::String>>
[INFO] [stdout]   14:     0x5da83952dd95 - test[aada8e7e76ba119b]::run_test::{closure#0}
[INFO] [stdout]   15:     0x5da839527684 - std[617be2ca0a6fd877]::sys::backtrace::__rust_begin_short_backtrace::<test[aada8e7e76ba119b]::run_test::{closure#1}, ()>
[INFO] [stdout]   16:     0x5da839530e22 - <std[617be2ca0a6fd877]::thread::lifecycle::spawn_unchecked<test[aada8e7e76ba119b]::run_test::{closure#1}, ()>::{closure#1} as core[a373ad73a504971]::ops::function::FnOnce<()>>::call_once::{shim:vtable#0}
[INFO] [stdout]   17:     0x5da8395ac31f - <std[617be2ca0a6fd877]::sys::thread::unix::Thread>::new::thread_start
[INFO] [stdout]   18:     0x75be50509dfa - <unknown>
[INFO] [stdout]   19:     0x75be5059d3d4 - clone
[INFO] [stdout]   20:                0x0 - <unknown>
[INFO] [stdout] 
[INFO] [stdout] ---- rules::single_line_dialogue stdout ----
[INFO] [stdout] 
[INFO] [stdout] thread 'rules::single_line_dialogue' (514) panicked at tests/parser.rs:25:9:
[INFO] [stdout] assertion `left == right` failed
[INFO] [stdout]   left: [Phrase([], "Hello.")]
[INFO] [stdout]  right: [Phrase([], "Hello!")]
[INFO] [stdout] stack backtrace:
[INFO] [stdout]    0:     0x5da8395acac1 - <<std[617be2ca0a6fd877]::sys::backtrace::BacktraceLock>::print::DisplayBacktrace as core[a373ad73a504971]::fmt::Display>::fmt
[INFO] [stdout]    1:     0x5da8395c11aa - core[a373ad73a504971]::fmt::write
[INFO] [stdout]    2:     0x5da8395b0cdc - <alloc[2e1b2a31b91974c5]::vec::Vec<u8> as core[a373ad73a504971]::io::write::Write>::write_fmt
[INFO] [stdout]    3:     0x5da839588f26 - std[617be2ca0a6fd877]::panicking::default_hook::{closure#0}
[INFO] [stdout]    4:     0x5da8395a5159 - std[617be2ca0a6fd877]::panicking::default_hook
[INFO] [stdout]    5:     0x5da83952d770 - test[aada8e7e76ba119b]::test_main_inner::{closure#0}
[INFO] [stdout]    6:     0x5da8395a5312 - std[617be2ca0a6fd877]::panicking::panic_with_hook
[INFO] [stdout]    7:     0x5da839588fd2 - std[617be2ca0a6fd877]::panicking::panic_handler::{closure#0}
[INFO] [stdout]    8:     0x5da839581ce9 - std[617be2ca0a6fd877]::sys::backtrace::__rust_end_short_backtrace::<std[617be2ca0a6fd877]::panicking::panic_handler::{closure#0}, !>
[INFO] [stdout]    9:     0x5da839589bdd - __rustc[ea4f61d10b84890b]::rust_begin_unwind
[INFO] [stdout]   10:     0x5da8395c18dc - core[a373ad73a504971]::panicking::panic_fmt
[INFO] [stdout]   11:     0x5da8395c17f3 - core[a373ad73a504971]::panicking::assert_failed_inner
[INFO] [stdout]   12:     0x5da83951dddf - core[a373ad73a504971]::panicking::assert_failed::<&[dialasm[f21668c38dd8ce15]::DialogueEntry], &[dialasm[f21668c38dd8ce15]::DialogueEntry; 1usize]>
[INFO] [stdout]   13:     0x5da839520122 - <parser[59fe5f7d0ad5922c]::rules::single_line_dialogue::{closure#0} as core[a373ad73a504971]::ops::function::FnOnce<()>>::call_once
[INFO] [stdout]   14:     0x5da839520bbb - test[aada8e7e76ba119b]::__rust_begin_short_backtrace::<core[a373ad73a504971]::result::Result<(), alloc[2e1b2a31b91974c5]::string::String>, fn() -> core[a373ad73a504971]::result::Result<(), alloc[2e1b2a31b91974c5]::string::String>>
[INFO] [stdout]   15:     0x5da83952dd95 - test[aada8e7e76ba119b]::run_test::{closure#0}
[INFO] [stdout]   16:     0x5da839527684 - std[617be2ca0a6fd877]::sys::backtrace::__rust_begin_short_backtrace::<test[aada8e7e76ba119b]::run_test::{closure#1}, ()>
[INFO] [stdout]   17:     0x5da839530e22 - <std[617be2ca0a6fd877]::thread::lifecycle::spawn_unchecked<test[aada8e7e76ba119b]::run_test::{closure#1}, ()>::{closure#1} as core[a373ad73a504971]::ops::function::FnOnce<()>>::call_once::{shim:vtable#0}
[INFO] [stdout]   18:     0x5da8395ac31f - <std[617be2ca0a6fd877]::sys::thread::unix::Thread>::new::thread_start
[INFO] [stdout]   19:     0x75be50509dfa - <unknown>
[INFO] [stdout]   20:     0x75be5059d3d4 - clone
[INFO] [stdout]   21:                0x0 - <unknown>
[INFO] [stdout] 
[INFO] [stdout] 
[INFO] [stdout] failures:
[INFO] [stdout]     rules::choice_dialogue
[INFO] [stdout]     rules::jump_dialogue
[INFO] [stdout]     rules::no_labels_dialogue
[INFO] [stdout]     rules::single_line_dialogue
[INFO] [stdout] 
[INFO] [stdout] test result: FAILED. 3 passed; 4 failed; 0 ignored; 0 measured; 0 filtered out; finished in 0.00s
[INFO] [stdout] 
[INFO] running `Command { std: "docker" "inspect" "9413eb28535efe65e228eddf718a0b247118a855d01081e4b822b97184f34ab4", kill_on_drop: false }`
[INFO] running `Command { std: "docker" "rm" "-f" "9413eb28535efe65e228eddf718a0b247118a855d01081e4b822b97184f34ab4", kill_on_drop: false }`
[INFO] [stdout] 9413eb28535efe65e228eddf718a0b247118a855d01081e4b822b97184f34ab4
