[INFO] fetching crate dial9-perf-self-profile 0.5.4...
[INFO] testing dial9-perf-self-profile-0.5.4 against 1.100.0-beta.1+cargoflags=--release for beta-release-1.100-2
[INFO] extracting crate dial9-perf-self-profile 0.5.4 into /workspace/builds/worker-1-tc2/source
[INFO] removed /workspace/builds/worker-1-tc2/source/.cargo/config.toml
[INFO] started tweaking crates.io crate dial9-perf-self-profile 0.5.4
[INFO] removed 0 missing examples
[INFO] removed 0 missing tests
[INFO] finished tweaking crates.io crate dial9-perf-self-profile 0.5.4
[INFO] tweaked toml for crates.io crate dial9-perf-self-profile 0.5.4 written to /workspace/builds/worker-1-tc2/source/Cargo.toml
[INFO] validating manifest of crates.io crate dial9-perf-self-profile 0.5.4 on toolchain 1.100.0-beta.1
[INFO] running `Command { std: CARGO_HOME="/workspace/cargo-home" RUSTUP_HOME="/workspace/rustup-home" "/workspace/cargo-home/bin/cargo" "+1.100.0-beta.1" "metadata" "--manifest-path" "Cargo.toml" "--no-deps", kill_on_drop: false }`
[INFO] crate crates.io crate dial9-perf-self-profile 0.5.4 already has a lockfile, it will not be regenerated
[INFO] running `Command { std: CARGO_HOME="/workspace/cargo-home" RUSTUP_HOME="/workspace/rustup-home" "/workspace/cargo-home/bin/cargo" "+1.100.0-beta.1" "fetch" "--manifest-path" "Cargo.toml", kill_on_drop: false }`
[INFO] running `Command { std: "docker" "create" "-v" "/var/lib/crater-agent-workspace/builds/worker-1-tc2/source:/opt/rustwide/workdir:ro,Z" "-v" "/var/lib/crater-agent-workspace/builds/worker-1-tc2/target:/opt/rustwide/target:rw,Z" "-v" "/var/lib/crater-agent-workspace/cargo-home:/opt/rustwide/cargo-home:ro,Z" "-v" "/var/lib/crater-agent-workspace/rustup-home:/opt/rustwide/rustup-home:ro,Z" "-m" "1610612736" "--network" "none" "ghcr.io/rust-lang/crates-build-env/linux@sha256:77db811e55d90add9212f6832c23229e3de5f1c1f9905e8cb07319ea15df73ac" "sleep" "infinity", kill_on_drop: false }`
[INFO] [stdout] bc6491cf384ec0bda702bbb019961df230b3cdf0fbdaec53a138d87b6cedd800
[INFO] running `Command { std: "docker" "start" "bc6491cf384ec0bda702bbb019961df230b3cdf0fbdaec53a138d87b6cedd800", kill_on_drop: false }`
[INFO] running `Command { std: "docker" "inspect" "bc6491cf384ec0bda702bbb019961df230b3cdf0fbdaec53a138d87b6cedd800", kill_on_drop: false }`
[INFO] running `Command { std: "docker" "exec" "-e" "SOURCE_DIR=/opt/rustwide/workdir" "-e" "CARGO_HOME=/opt/rustwide/cargo-home" "-e" "RUSTUP_HOME=/opt/rustwide/rustup-home" "-e" "CARGO_TARGET_DIR=/opt/rustwide/target" "-w" "/opt/rustwide/workdir" "--user" "0:0" "bc6491cf384ec0bda702bbb019961df230b3cdf0fbdaec53a138d87b6cedd800" "/opt/rustwide/cargo-home/bin/cargo" "+1.100.0-beta.1" "metadata" "--no-deps" "--format-version=1", kill_on_drop: false }`
[INFO] running `Command { std: "docker" "inspect" "bc6491cf384ec0bda702bbb019961df230b3cdf0fbdaec53a138d87b6cedd800", kill_on_drop: false }`
[INFO] running `Command { std: "docker" "exec" "-e" "SOURCE_DIR=/opt/rustwide/workdir" "-e" "CARGO_HOME=/opt/rustwide/cargo-home" "-e" "RUSTUP_HOME=/opt/rustwide/rustup-home" "-e" "CARGO_TARGET_DIR=/opt/rustwide/target" "-e" "CARGO_INCREMENTAL=0" "-e" "RUST_BACKTRACE=full" "-e" "RUSTFLAGS=--cap-lints=warn" "-e" "RUSTDOCFLAGS=--cap-lints=warn" "-w" "/opt/rustwide/workdir" "--user" "0:0" "bc6491cf384ec0bda702bbb019961df230b3cdf0fbdaec53a138d87b6cedd800" "/opt/rustwide/cargo-home/bin/cargo" "+1.100.0-beta.1" "build" "--frozen" "--message-format=json" "--release", kill_on_drop: false }`
[INFO] [stderr]    Compiling zerocopy v0.8.55
[INFO] [stderr]    Compiling memchr v2.8.3
[INFO] [stderr]    Compiling regex-syntax v0.8.11
[INFO] [stderr]    Compiling smallvec v1.15.2
[INFO] [stderr]    Compiling syn v2.0.119
[INFO] [stderr]    Compiling hashbrown v0.16.1
[INFO] [stderr]    Compiling indexmap v2.14.0
[INFO] [stderr]    Compiling serde_core v1.0.229
[INFO] [stderr]    Compiling either v1.17.0
[INFO] [stderr]    Compiling rapidhash v4.5.1
[INFO] [stderr]    Compiling serde v1.0.229
[INFO] [stderr]    Compiling raw-cpuid v11.6.0
[INFO] [stderr]    Compiling endian-type v0.1.2
[INFO] [stderr]    Compiling toml_parser v1.1.3+spec-1.1.0
[INFO] [stderr]    Compiling ordered-float v5.3.0
[INFO] [stderr]    Compiling rand_xoshiro v0.7.0
[INFO] [stderr]    Compiling itertools v0.14.0
[INFO] [stderr]    Compiling sketches-ddsketch v0.3.1
[INFO] [stderr]    Compiling nibble_vec v0.1.0
[INFO] [stderr]    Compiling radix_trie v0.2.1
[INFO] [stderr]    Compiling metrics v0.24.6
[INFO] [stderr]    Compiling aho-corasick v1.1.4
[INFO] [stderr]    Compiling toml_datetime v1.1.1+spec-1.1.0
[INFO] [stderr]    Compiling prettyplease v0.2.37
[INFO] [stderr]    Compiling tracing-subscriber v0.3.23
[INFO] [stderr]    Compiling tokio v1.53.2
[INFO] [stderr]    Compiling crossbeam-queue v0.3.13
[INFO] [stderr]    Compiling memoffset v0.9.1
[INFO] [stderr]    Compiling cpp_demangle v0.5.1
[INFO] [stderr]    Compiling stable_deref_trait v1.2.1
[INFO] [stderr]    Compiling blazesym v0.2.6
[INFO] [stderr]    Compiling metrique-timesource v0.1.10
[INFO] [stderr]    Compiling toml_edit v0.25.13+spec-1.1.0
[INFO] [stderr]    Compiling tempfile v3.27.0
[INFO] [stderr]    Compiling gimli v0.33.0
[INFO] [stderr]    Compiling flate2 v1.1.9
[INFO] [stderr]    Compiling perf-event-open-sys2 v5.0.6
[INFO] [stderr]    Compiling memmap2 v0.9.11
[INFO] [stderr]    Compiling regex-automata v0.4.16
[INFO] [stderr]    Compiling proc-macro-crate v3.5.0
[INFO] [stderr]    Compiling c-enum v0.2.3
[INFO] [stderr]    Compiling perf-event-data v0.1.8
[INFO] [stderr]    Compiling quanta v0.12.6
[INFO] [stderr]    Compiling darling_core v0.23.0
[INFO] [stderr]    Compiling synstructure v0.13.2
[INFO] [stderr]    Compiling regex v1.13.1
[INFO] [stderr]    Compiling derive-where v1.6.1
[INFO] [stderr]    Compiling tracing-attributes v0.1.31
[INFO] [stderr]    Compiling dial9-trace-format-derive v0.5.2
[INFO] [stderr]    Compiling str_inflector v0.12.0
[INFO] [stderr]    Compiling Inflector v0.11.4
[INFO] [stderr]    Compiling ppv-lite86 v0.2.21
[INFO] [stderr]    Compiling ahash v0.8.12
[INFO] [stderr]    Compiling dial9-trace-format v0.5.2
[INFO] [stderr]    Compiling rand_chacha v0.9.0
[INFO] [stderr]    Compiling tracing v0.1.44
[INFO] [stderr]    Compiling metrique-writer-core v0.1.19
[INFO] [stderr]    Compiling rand v0.9.5
[INFO] [stderr]    Compiling metrique-core v0.1.22
[INFO] [stderr]    Compiling metrics-util v0.20.4
[INFO] [stderr]    Compiling ulid v1.2.1
[INFO] [stderr]    Compiling darling_macro v0.23.0
[INFO] [stderr]    Compiling darling v0.23.0
[INFO] [stderr]    Compiling metrique-writer-macro v0.1.10
[INFO] [stderr]    Compiling metrique-macro v0.1.20
[INFO] [stderr]    Compiling bon-macros v3.9.3
[INFO] [stderr]    Compiling metrique-writer v0.1.25
[INFO] [stderr]    Compiling metrique-service-metrics v0.1.23
[INFO] [stderr]    Compiling metrique v0.1.29
[INFO] [stderr]    Compiling bon v3.9.3
[INFO] [stderr]    Compiling dial9-core v0.5.4
[INFO] [stderr]    Compiling dial9-perf-self-profile v0.5.4 (/opt/rustwide/workdir)
[INFO] [stderr]     Finished `release` profile [optimized] target(s) in 58.21s
[INFO] running `Command { std: "docker" "inspect" "bc6491cf384ec0bda702bbb019961df230b3cdf0fbdaec53a138d87b6cedd800", kill_on_drop: false }`
[INFO] running `Command { std: "docker" "exec" "-e" "SOURCE_DIR=/opt/rustwide/workdir" "-e" "CARGO_HOME=/opt/rustwide/cargo-home" "-e" "RUSTUP_HOME=/opt/rustwide/rustup-home" "-e" "CARGO_TARGET_DIR=/opt/rustwide/target" "-e" "CARGO_INCREMENTAL=0" "-e" "RUST_BACKTRACE=full" "-e" "RUSTFLAGS=--cap-lints=warn" "-e" "RUSTDOCFLAGS=--cap-lints=warn" "-w" "/opt/rustwide/workdir" "--user" "0:0" "bc6491cf384ec0bda702bbb019961df230b3cdf0fbdaec53a138d87b6cedd800" "/opt/rustwide/cargo-home/bin/cargo" "+1.100.0-beta.1" "test" "--frozen" "--no-run" "--message-format=json" "--release", kill_on_drop: false }`
[INFO] [stderr]    Compiling either v1.17.0
[INFO] [stderr]    Compiling num-traits v0.2.19
[INFO] [stderr]    Compiling syn v3.0.3
[INFO] [stderr]    Compiling zerocopy-derive v0.8.55
[INFO] [stderr]    Compiling ciborium-io v0.2.2
[INFO] [stderr]    Compiling plotters-backend v0.3.7
[INFO] [stderr]    Compiling serde_json v1.0.151
[INFO] [stderr]    Compiling regex-automata v0.4.16
[INFO] [stderr]    Compiling clap_builder v4.6.2
[INFO] [stderr]    Compiling cast v0.3.0
[INFO] [stderr]    Compiling is-terminal v0.4.17
[INFO] [stderr]    Compiling anes v0.1.6
[INFO] [stderr]    Compiling oorandom v11.1.5
[INFO] [stderr]    Compiling plotters-svg v0.3.7
[INFO] [stderr]    Compiling itertools v0.14.0
[INFO] [stderr]    Compiling itertools v0.10.5
[INFO] [stderr]    Compiling rayon v1.12.0
[INFO] [stderr]    Compiling ordered-float v5.3.0
[INFO] [stderr]    Compiling plotters v0.3.7
[INFO] [stderr]    Compiling zerocopy v0.8.55
[INFO] [stderr]    Compiling criterion-plot v0.5.0
[INFO] [stderr]    Compiling serde_derive v1.0.229
[INFO] [stderr]    Compiling clap v4.6.4
[INFO] [stderr]    Compiling regex v1.13.1
[INFO] [stderr]    Compiling serde v1.0.229
[INFO] [stderr]    Compiling metrique-writer-core v0.1.19
[INFO] [stderr]    Compiling tinytemplate v1.2.1
[INFO] [stderr]    Compiling metrique-core v0.1.22
[INFO] [stderr]    Compiling ppv-lite86 v0.2.21
[INFO] [stderr]    Compiling ahash v0.8.12
[INFO] [stderr]    Compiling half v2.7.1
[INFO] [stderr]    Compiling dial9-trace-format v0.5.2
[INFO] [stderr]    Compiling rand_chacha v0.9.0
[INFO] [stderr]    Compiling ciborium-ll v0.2.2
[INFO] [stderr]    Compiling rand v0.9.5
[INFO] [stderr]    Compiling ciborium v0.2.2
[INFO] [stderr]    Compiling criterion v0.5.1
[INFO] [stderr]    Compiling metrics-util v0.20.4
[INFO] [stderr]    Compiling ulid v1.2.1
[INFO] [stderr]    Compiling metrique-writer v0.1.25
[INFO] [stderr]    Compiling metrique-service-metrics v0.1.23
[INFO] [stderr]    Compiling metrique v0.1.29
[INFO] [stderr]    Compiling dial9-core v0.5.4
[INFO] [stderr]    Compiling dial9-perf-self-profile v0.5.4 (/opt/rustwide/workdir)
[INFO] [stdout] warning: function `install_or_skip` is never used
[INFO] [stdout]   --> tests/handler_replacement.rs:13:4
[INFO] [stdout]    |
[INFO] [stdout] 13 | fn install_or_skip() -> Option<Unwinder> {
[INFO] [stdout]    |    ^^^^^^^^^^^^^^^
[INFO] [stdout]    |
[INFO] [stdout]    = note: `#[warn(dead_code)]` (part of `#[warn(unused)]`) on by default
[INFO] [stdout] 
[INFO] [stdout] 
[INFO] [stderr]     Finished `release` profile [optimized] target(s) in 54.28s
[INFO] running `Command { std: "docker" "inspect" "bc6491cf384ec0bda702bbb019961df230b3cdf0fbdaec53a138d87b6cedd800", kill_on_drop: false }`
[INFO] running `Command { std: "docker" "exec" "-e" "SOURCE_DIR=/opt/rustwide/workdir" "-e" "CARGO_HOME=/opt/rustwide/cargo-home" "-e" "RUSTUP_HOME=/opt/rustwide/rustup-home" "-e" "CARGO_TARGET_DIR=/opt/rustwide/target" "-e" "CARGO_INCREMENTAL=0" "-e" "RUST_BACKTRACE=full" "-e" "RUSTFLAGS=--cap-lints=warn" "-e" "RUSTDOCFLAGS=--cap-lints=warn" "-w" "/opt/rustwide/workdir" "--user" "0:0" "bc6491cf384ec0bda702bbb019961df230b3cdf0fbdaec53a138d87b6cedd800" "/opt/rustwide/cargo-home/bin/cargo" "+1.100.0-beta.1" "test" "--frozen" "--release", kill_on_drop: false }`
[INFO] [stderr] warning: function `install_or_skip` is never used
[INFO] [stderr]   --> tests/handler_replacement.rs:13:4
[INFO] [stderr]    |
[INFO] [stderr] 13 | fn install_or_skip() -> Option<Unwinder> {
[INFO] [stderr]    |    ^^^^^^^^^^^^^^^
[INFO] [stderr]    |
[INFO] [stderr]    = note: `#[warn(dead_code)]` (part of `#[warn(unused)]`) on by default
[INFO] [stderr] 
[INFO] [stderr] warning: `dial9-perf-self-profile` (test "handler_replacement") generated 1 warning
[INFO] [stderr]     Finished `release` profile [optimized] target(s) in 0.19s
[INFO] [stdout] 
[INFO] [stderr]      Running unittests src/lib.rs (/opt/rustwide/target/release/build/dial9-perf-self-profile/2b78085feedec19a/out/dial9_perf_self_profile-2b78085feedec19a)
[INFO] [stdout] running 89 tests
[INFO] [stdout] test offline_symbolize::tests::symbolize_no_stack_frames_writes_nothing ... ok
[INFO] [stdout] test symbolize::tests::parse_maps_line_non_executable ... ok
[INFO] [stdout] test symbolize::tests::parse_proc_maps_filters_correctly ... ok
[INFO] [stdout] test sys::linux::fp_profiler::ctimer::tests::register_thread_fails_when_not_running ... ok
[INFO] [stdout] test offline_symbolize::tests::symbol_table_event_round_trip ... ok
[INFO] [stdout] test offline_symbolize::tests::symbolize_empty_trace_writes_nothing ... ok
[INFO] [stdout] test symbolize::tests::parse_maps_line_executable ... ok
[INFO] [stdout] test offline_symbolize::tests::symbolize_empty_maps_writes_nothing ... ok
[INFO] [stdout] test sys::linux::fp_profiler::ctimer::tests::start_rejects_zero_interval ... ok
[INFO] [stdout] test sys::linux::fp_profiler::ctimer::tests::unregister_thread_is_safe_when_not_registered ... ok
[INFO] [stdout] test symbolize::tests::parse_maps_line_no_path ... ok
[INFO] [stdout] test symbolize::tests::parse_maps_line_malformed ... ok
[INFO] [stdout] test sys::linux::fp_profiler::ctimer::tests::start_rejects_negative_interval ... ok
[INFO] [stdout] test symbolize::tests::parse_maps_line_anon ... ok
[INFO] [stdout] test sys::linux::fp_profiler::sample_buffer::tests::dropped_slot_writer_commits_empty_so_drain_advances ... ok
[INFO] [stdout] test sys::linux::fp_profiler::sample_buffer::tests::round_trip_single_sample ... ok
[INFO] [stdout] test sys::linux::fp_profiler::sample_buffer::tests::drain_stops_at_first_non_ready_slot ... ok
[INFO] [stdout] test sys::linux::fp_profiler::sample_buffer::tests::empty_drain_is_noop ... ok
[INFO] [stdout] test offline_symbolize::tests::offline_symbolizer_reuses_state_across_segments ... ok
[INFO] [stdout] test sys::linux::fp_profiler::sample_buffer::tests::preserves_order_across_ring_wraparound ... ok
[INFO] [stdout] test sys::linux::fp_profiler::unwind::tests::frame_zero_is_always_the_interrupted_pc ... ok
[INFO] [stdout] test sys::linux::fp_profiler::sample_buffer::tests::take_dropped_count_resets ... ok
[INFO] [stdout] test sys::linux::fp_profiler::sample_buffer::tests::failed_claims_do_not_advance_tail ... ok
[INFO] [stdout] test sys::linux::fp_profiler::unwind::tests::respects_output_buffer_limit ... ok
[INFO] [stdout] test sys::linux::fp_profiler::unwind::tests::empty_buffer_reports_truncation ... ok
[INFO] [stdout] test sys::linux::offline_symbolize::tests::symbolize_emits_placeholders_when_elf_missing ... ok
[INFO] [stdout] test sys::linux::fp_profiler::unwind::tests::stops_when_fp_doesnt_advance ... ok
[INFO] [stdout] test sys::linux::fp_profiler::unwind::tests::stops_when_frame_size_exceeds_max ... ok
[INFO] [stdout] test offline_symbolize::tests::offline_symbolizer_reuses_one_blazesym_across_segments ... ok
[INFO] [stdout] test sys::linux::fp_profiler::unwind::tests::stops_when_ret_addr_load_faults ... ok
[INFO] [stdout] test sys::linux::fp_profiler::unwind::tests::stops_at_dead_zone_return_addr ... ok
[INFO] [stdout] test sys::linux::fp_profiler::unwind::tests::stops_when_saved_fp_load_faults ... ok
[INFO] [stdout] test sys::linux::fp_profiler::unwind::tests::stops_when_fp_below_stack ... ok
[INFO] [stdout] test sys::linux::fp_profiler::unwind::tests::walks_valid_frame_chain ... ok
[INFO] [stdout] test sys::linux::fp_profiler::unwind::tests::reports_truncation_when_buffer_fills_before_chain_ends ... ok
[INFO] [stdout] test sys::linux::fp_profiler::unwind::tests::stops_at_misaligned_fp ... ok
[INFO] [stdout] test sys::linux::perf_sampler::tests::filter_callchain_excludes_kernel_addrs_when_not_included ... ok
[INFO] [stdout] test sys::linux::perf_sampler::tests::filter_callchain_rejects_all_context_markers ... ok
[INFO] [stdout] test sys::linux::perf_sampler::tests::filter_callchain_removes_zeros_and_context_markers ... ok
[INFO] [stdout] test sys::linux::perf_sampler::tests::get_affinity_cpus_returns_valid_set ... ok
[INFO] [stdout] test sys::linux::perf_sampler::tests::parse_cpu_list_range ... ok
[INFO] [stdout] test sys::linux::perf_sampler::tests::parse_cpu_list_single ... ok
[INFO] [stdout] test sys::linux::offline_symbolize::tests::symbolize_with_maps_produces_symbol_events ... ok
[INFO] [stdout] test sys::linux::sampler::tests::is_perf_blocked_ignores_other_errors ... ok
[INFO] [stdout] test sys::linux::perf_sampler::tests::filter_callchain_adjusts_user_return_addrs_but_not_the_sampled_pc ... ok
[INFO] [stdout] test sys::linux::perf_sampler::tests::filter_callchain_includes_kernel_addrs_when_included ... ok
[INFO] [stdout] test sys::linux::perf_sampler::tests::parse_cpu_list_mixed ... ok
[INFO] [stdout] test sys::linux::offline_symbolize::tests::symbolize_with_maps_handles_multi_segment_pooled_stacks ... ok
[INFO] [stdout] test tracepoint::tests::data_loc_trace_format_mapping ... ok
[INFO] [stdout] test tracepoint::tests::extract_data_loc_field ... ok
[INFO] [stdout] test tracepoint::tests::extract_fields_from_raw_data ... ok
[INFO] [stdout] test tracepoint::tests::extract_fields_too_short_errors ... ok
[INFO] [stdout] test tracepoint::tests::parse_data_loc_field ... ok
[INFO] [stdout] test tracepoint::tests::parse_kmalloc_format ... ok
[INFO] [stdout] test tracepoint::tests::parse_sched_switch_format ... ok
[INFO] [stdout] test tracepoint::tests::split_type_name_array ... ok
[INFO] [stdout] test tracepoint::tests::split_type_name_simple ... ok
[INFO] [stdout] test tracepoint::tests::trace_format_field_mapping ... ok
[INFO] [stdout] test tracepoint::tests::trace_format_round_trip ... ok
[INFO] [stdout] test tracepoint::tests::trace_format_value_conversion ... ok
[INFO] [stdout] test tracepoint::tests::type_mapping_char_array ... ok
[INFO] [stdout] test tracepoint::tests::split_type_name_pointer ... ok
[INFO] [stdout] test tracepoint::tests::type_mapping_signed_fields ... ok
[INFO] [stdout] test unwinder::platform::tests::implausible_caller_frame_pointer_retains_frame_zero ... ok
[INFO] [stdout] test tracepoint::tests::type_mapping_unsigned_fields ... ok
[INFO] [stdout] test unwinder::platform::tests::implausible_frame_pointer_degrades_to_no_frames ... ok
[INFO] [stdout] test unwinder::platform::tests::implausible_return_address_degrades_to_no_frames ... ok
[INFO] [stdout] test unwinder::platform::tests::valid_frame_record_is_read ... ok
[INFO] [stdout] test unwinder::tests::from_panic_payload_extracts_string_message ... ok
[INFO] [stdout] test unwinder::tests::from_panic_payload_extracts_str_message ... ok
[INFO] [stdout] test unwinder::platform::tests::unreadable_return_address_degrades_to_no_frames ... ok
[INFO] [stdout] test sys::linux::sampler::tests::is_perf_blocked_recognizes_blocked_errors ... ok
[INFO] [stdout] test unwinder::tests::linux::capture_respects_output_buffer_limit ... ok
[INFO] [stdout] test unwinder::tests::linux::capture_with_empty_buffer_reports_truncation ... ok
[INFO] [stdout] test unwinder::tests::linux::install_is_idempotent ... ok
[INFO] [stdout] test unwinder::tests::linux::frame_zero_points_into_caller_of_capture ... FAILED
[INFO] [stdout] test unwinder::tests::linux::capture_produces_frames ... ok
[INFO] [stdout] test unwinder::tests::linux::capture_reports_truncation_with_tiny_buffer ... ok
[INFO] [stdout] test unwinder::tests::linux::verify_handler_true_after_install ... ok
[INFO] [stdout] test unwinder::tests::from_panic_payload_falls_back_on_unknown_type ... ok
[INFO] [stdout] test tracepoint::tests::common_fields_are_excluded ... ok
[INFO] [stdout] test sys::linux::ctimer_sampler::tests::start_rejects_period_mode ... ok
[INFO] [stdout] test unwinder::platform::tests::unreadable_caller_fp_retains_frame_zero ... ok
[INFO] [stdout] test offline_symbolize::tests::symbolize_bytes_matches_symbolize_slice ... ok
[INFO] [stdout] test sys::linux::fp_profiler::sample_buffer::tests::concurrent_producers_conserve_samples ... ok
[INFO] [stdout] test unwinder::tests::linux::install_is_idempotent_across_threads ... ok
[INFO] [stdout] test sys::linux::fp_profiler::supported::tests::concurrent_installer_waits_for_installation_to_finish ... ok
[INFO] [stdout] test sys::linux::fp_profiler::ctimer::tests::register_thread_fires_samples_under_cpu_load ... ok
[INFO] [stdout] test sys::linux::symbolize::tests::resolve_kernel_symbol_returns_name ... ok
[INFO] [stdout] 
[INFO] [stdout] failures:
[INFO] [stdout] 
[INFO] [stdout] ---- unwinder::tests::linux::frame_zero_points_into_caller_of_capture stdout ----
[INFO] [stdout] 
[INFO] [stdout] thread 'unwinder::tests::linux::frame_zero_points_into_caller_of_capture' (2716) panicked at src/unwinder.rs:674:13:
[INFO] [stdout] assertion `left == right` failed: frame 0 0x567a50edb475 should symbolize to `helper`, got "test::run_test::{closure#0}"
[INFO] [stdout]   left: "{closure#0}"
[INFO] [stdout]  right: "helper"
[INFO] [stdout] stack backtrace:
[INFO] [stdout]    0:     0x567a51010221 - <<std[617be2ca0a6fd877]::sys::backtrace::BacktraceLock>::print::DisplayBacktrace as core[a373ad73a504971]::fmt::Display>::fmt
[INFO] [stdout]    1:     0x567a51025daa - core[a373ad73a504971]::fmt::write
[INFO] [stdout]    2:     0x567a51014a8c - <alloc[2e1b2a31b91974c5]::vec::Vec<u8> as core[a373ad73a504971]::io::write::Write>::write_fmt
[INFO] [stdout]    3:     0x567a50feaf06 - std[617be2ca0a6fd877]::panicking::default_hook::{closure#0}
[INFO] [stdout]    4:     0x567a51008179 - std[617be2ca0a6fd877]::panicking::default_hook
[INFO] [stdout]    5:     0x567a50edae50 - test[aada8e7e76ba119b]::test_main_inner::{closure#0}
[INFO] [stdout]    6:     0x567a51008332 - std[617be2ca0a6fd877]::panicking::panic_with_hook
[INFO] [stdout]    7:     0x567a50feafb2 - std[617be2ca0a6fd877]::panicking::panic_handler::{closure#0}
[INFO] [stdout]    8:     0x567a50fe34c9 - std[617be2ca0a6fd877]::sys::backtrace::__rust_end_short_backtrace::<std[617be2ca0a6fd877]::panicking::panic_handler::{closure#0}, !>
[INFO] [stdout]    9:     0x567a50febccd - __rustc[ea4f61d10b84890b]::rust_begin_unwind
[INFO] [stdout]   10:     0x567a5102650c - core[a373ad73a504971]::panicking::panic_fmt
[INFO] [stdout]   11:     0x567a51026483 - core[a373ad73a504971]::panicking::assert_failed_inner
[INFO] [stdout]   12:     0x567a50eb280d - core[a373ad73a504971]::panicking::assert_failed::<&str, &str>
[INFO] [stdout]   13:     0x567a50eb5272 - <dial9_perf_self_profile[2f43ee222fc42b3e]::unwinder::tests::linux::frame_zero_points_into_caller_of_capture::{closure#0} as core[a373ad73a504971]::ops::function::FnOnce<()>>::call_once
[INFO] [stdout]   14:     0x567a50ece29b - test[aada8e7e76ba119b]::__rust_begin_short_backtrace::<core[a373ad73a504971]::result::Result<(), alloc[2e1b2a31b91974c5]::string::String>, fn() -> core[a373ad73a504971]::result::Result<(), alloc[2e1b2a31b91974c5]::string::String>>
[INFO] [stdout]   15:     0x567a50edb475 - test[aada8e7e76ba119b]::run_test::{closure#0}
[INFO] [stdout]   16:     0x567a50ed4d64 - std[617be2ca0a6fd877]::sys::backtrace::__rust_begin_short_backtrace::<test[aada8e7e76ba119b]::run_test::{closure#1}, ()>
[INFO] [stdout]   17:     0x567a50ede502 - <std[617be2ca0a6fd877]::thread::lifecycle::spawn_unchecked<test[aada8e7e76ba119b]::run_test::{closure#1}, ()>::{closure#1} as core[a373ad73a504971]::ops::function::FnOnce<()>>::call_once::{shim:vtable#0}
[INFO] [stdout]   18:     0x567a5100f6ef - <std[617be2ca0a6fd877]::sys::thread::unix::Thread>::new::thread_start
[INFO] [stdout]   19:     0x7a3814bc8dfa - <unknown>
[INFO] [stdout]   20:     0x7a3814c5c3d4 - clone
[INFO] [stdout]   21:                0x0 - <unknown>
[INFO] [stdout] 
[INFO] [stdout] 
[INFO] [stdout] failures:
[INFO] [stdout]     unwinder::tests::linux::frame_zero_points_into_caller_of_capture
[INFO] [stdout] 
[INFO] [stdout] test result: FAILED. 88 passed; 1 failed; 0 ignored; 0 measured; 0 filtered out; finished in 0.24s
[INFO] [stdout] 
[INFO] [stderr] error: test failed, to rerun pass `--lib`
[INFO] running `Command { std: "docker" "inspect" "bc6491cf384ec0bda702bbb019961df230b3cdf0fbdaec53a138d87b6cedd800", kill_on_drop: false }`
[INFO] running `Command { std: "docker" "rm" "-f" "bc6491cf384ec0bda702bbb019961df230b3cdf0fbdaec53a138d87b6cedd800", kill_on_drop: false }`
[INFO] [stdout] bc6491cf384ec0bda702bbb019961df230b3cdf0fbdaec53a138d87b6cedd800
