[INFO] fetching crate dial9-core 0.5.4...
[INFO] testing dial9-core-0.5.4 against 1.100.0-beta.1+cargoflags=--release for beta-release-1.100-2
[INFO] extracting crate dial9-core 0.5.4 into /workspace/builds/worker-7-tc2/source
[INFO] started tweaking crates.io crate dial9-core 0.5.4
[INFO] finished tweaking crates.io crate dial9-core 0.5.4
[INFO] tweaked toml for crates.io crate dial9-core 0.5.4 written to /workspace/builds/worker-7-tc2/source/Cargo.toml
[INFO] validating manifest of crates.io crate dial9-core 0.5.4 on toolchain 1.100.0-beta.1
[INFO] running `Command { std: CARGO_HOME="/workspace/cargo-home" RUSTUP_HOME="/workspace/rustup-home" "/workspace/cargo-home/bin/cargo" "+1.100.0-beta.1" "metadata" "--manifest-path" "Cargo.toml" "--no-deps", kill_on_drop: false }`
[INFO] crate crates.io crate dial9-core 0.5.4 already has a lockfile, it will not be regenerated
[INFO] running `Command { std: CARGO_HOME="/workspace/cargo-home" RUSTUP_HOME="/workspace/rustup-home" "/workspace/cargo-home/bin/cargo" "+1.100.0-beta.1" "fetch" "--manifest-path" "Cargo.toml", kill_on_drop: false }`
[INFO] running `Command { std: "docker" "create" "-v" "/var/lib/crater-agent-workspace/builds/worker-7-tc2/source:/opt/rustwide/workdir:ro,Z" "-v" "/var/lib/crater-agent-workspace/builds/worker-7-tc2/target:/opt/rustwide/target:rw,Z" "-v" "/var/lib/crater-agent-workspace/cargo-home:/opt/rustwide/cargo-home:ro,Z" "-v" "/var/lib/crater-agent-workspace/rustup-home:/opt/rustwide/rustup-home:ro,Z" "-m" "1610612736" "--network" "none" "ghcr.io/rust-lang/crates-build-env/linux@sha256:77db811e55d90add9212f6832c23229e3de5f1c1f9905e8cb07319ea15df73ac" "sleep" "infinity", kill_on_drop: false }`
[INFO] [stdout] bf1fd5695aa2eb408a5c62676925f3186d43e18b9b2f511c3141c20bd1dd3a97
[INFO] running `Command { std: "docker" "start" "bf1fd5695aa2eb408a5c62676925f3186d43e18b9b2f511c3141c20bd1dd3a97", kill_on_drop: false }`
[INFO] running `Command { std: "docker" "inspect" "bf1fd5695aa2eb408a5c62676925f3186d43e18b9b2f511c3141c20bd1dd3a97", kill_on_drop: false }`
[INFO] running `Command { std: "docker" "exec" "-e" "SOURCE_DIR=/opt/rustwide/workdir" "-e" "CARGO_HOME=/opt/rustwide/cargo-home" "-e" "RUSTUP_HOME=/opt/rustwide/rustup-home" "-e" "CARGO_TARGET_DIR=/opt/rustwide/target" "-w" "/opt/rustwide/workdir" "--user" "0:0" "bf1fd5695aa2eb408a5c62676925f3186d43e18b9b2f511c3141c20bd1dd3a97" "/opt/rustwide/cargo-home/bin/cargo" "+1.100.0-beta.1" "metadata" "--no-deps" "--format-version=1", kill_on_drop: false }`
[INFO] running `Command { std: "docker" "inspect" "bf1fd5695aa2eb408a5c62676925f3186d43e18b9b2f511c3141c20bd1dd3a97", kill_on_drop: false }`
[INFO] running `Command { std: "docker" "exec" "-e" "SOURCE_DIR=/opt/rustwide/workdir" "-e" "CARGO_HOME=/opt/rustwide/cargo-home" "-e" "RUSTUP_HOME=/opt/rustwide/rustup-home" "-e" "CARGO_TARGET_DIR=/opt/rustwide/target" "-e" "CARGO_INCREMENTAL=0" "-e" "RUST_BACKTRACE=full" "-e" "RUSTFLAGS=--cap-lints=warn" "-e" "RUSTDOCFLAGS=--cap-lints=warn" "-w" "/opt/rustwide/workdir" "--user" "0:0" "bf1fd5695aa2eb408a5c62676925f3186d43e18b9b2f511c3141c20bd1dd3a97" "/opt/rustwide/cargo-home/bin/cargo" "+1.100.0-beta.1" "build" "--frozen" "--message-format=json" "--release", kill_on_drop: false }`
[INFO] [stderr]    Compiling zerocopy v0.8.55
[INFO] [stderr]    Compiling memchr v2.8.3
[INFO] [stderr]    Compiling regex-syntax v0.8.11
[INFO] [stderr]    Compiling lazy_static v1.5.0
[INFO] [stderr]    Compiling tracing-core v0.1.36
[INFO] [stderr]    Compiling ahash v0.8.12
[INFO] [stderr]    Compiling either v1.17.0
[INFO] [stderr]    Compiling bitflags v2.13.1
[INFO] [stderr]    Compiling serde_core v1.0.229
[INFO] [stderr]    Compiling syn v2.0.119
[INFO] [stderr]    Compiling getrandom v0.3.4
[INFO] [stderr]    Compiling rapidhash v4.5.1
[INFO] [stderr]    Compiling serde v1.0.229
[INFO] [stderr]    Compiling nibble_vec v0.1.0
[INFO] [stderr]    Compiling winnow v1.0.4
[INFO] [stderr]    Compiling endian-type v0.1.2
[INFO] [stderr]    Compiling indexmap v2.14.0
[INFO] [stderr]    Compiling sharded-slab v0.1.7
[INFO] [stderr]    Compiling radix_trie v0.2.1
[INFO] [stderr]    Compiling hashbrown v0.16.1
[INFO] [stderr]    Compiling itertools v0.14.0
[INFO] [stderr]    Compiling rand_core v0.9.5
[INFO] [stderr]    Compiling raw-cpuid v11.6.0
[INFO] [stderr]    Compiling metrics v0.24.6
[INFO] [stderr]    Compiling rand_xoshiro v0.7.0
[INFO] [stderr]    Compiling tracing-log v0.2.0
[INFO] [stderr]    Compiling ordered-float v5.3.0
[INFO] [stderr]    Compiling thread_local v1.1.10
[INFO] [stderr]    Compiling aho-corasick v1.1.4
[INFO] [stderr]    Compiling nu-ansi-term v0.50.3
[INFO] [stderr]    Compiling smallvec v1.15.2
[INFO] [stderr]    Compiling toml_datetime v1.1.1+spec-1.1.0
[INFO] [stderr]    Compiling prettyplease v0.2.37
[INFO] [stderr]    Compiling sketches-ddsketch v0.3.1
[INFO] [stderr]    Compiling tracing-subscriber v0.3.23
[INFO] [stderr]    Compiling tokio v1.53.2
[INFO] [stderr]    Compiling toml_parser v1.1.3+spec-1.1.0
[INFO] [stderr]    Compiling crossbeam-queue v0.3.13
[INFO] [stderr]    Compiling typeid v1.0.3
[INFO] [stderr]    Compiling metrique-timesource v0.1.10
[INFO] [stderr]    Compiling arc-swap v1.9.2
[INFO] [stderr]    Compiling toml_edit v0.25.13+spec-1.1.0
[INFO] [stderr]    Compiling regex-automata v0.4.16
[INFO] [stderr]    Compiling proc-macro-crate v3.5.0
[INFO] [stderr]    Compiling quanta v0.12.6
[INFO] [stderr]    Compiling regex v1.13.1
[INFO] [stderr]    Compiling str_inflector v0.12.0
[INFO] [stderr]    Compiling Inflector v0.11.4
[INFO] [stderr]    Compiling darling_core v0.23.0
[INFO] [stderr]    Compiling synstructure v0.13.2
[INFO] [stderr]    Compiling ppv-lite86 v0.2.21
[INFO] [stderr]    Compiling derive-where v1.6.1
[INFO] [stderr]    Compiling tracing-attributes v0.1.31
[INFO] [stderr]    Compiling dial9-trace-format-derive v0.5.2
[INFO] [stderr]    Compiling dial9-trace-format v0.5.2
[INFO] [stderr]    Compiling rand_chacha v0.9.0
[INFO] [stderr]    Compiling rand v0.9.5
[INFO] [stderr]    Compiling tracing v0.1.44
[INFO] [stderr]    Compiling metrique-writer-core v0.1.19
[INFO] [stderr]    Compiling metrics-util v0.20.4
[INFO] [stderr]    Compiling ulid v1.2.1
[INFO] [stderr]    Compiling darling_macro v0.23.0
[INFO] [stderr]    Compiling metrique-core v0.1.22
[INFO] [stderr]    Compiling darling v0.23.0
[INFO] [stderr]    Compiling metrique-writer-macro v0.1.10
[INFO] [stderr]    Compiling bon-macros v3.9.3
[INFO] [stderr]    Compiling metrique-macro v0.1.20
[INFO] [stderr]    Compiling metrique-writer v0.1.25
[INFO] [stderr]    Compiling metrique-service-metrics v0.1.23
[INFO] [stderr]    Compiling metrique v0.1.29
[INFO] [stderr]    Compiling bon v3.9.3
[INFO] [stderr]    Compiling dial9-core v0.5.4 (/opt/rustwide/workdir)
[INFO] [stderr] warning: unused dependency `ulid`
[INFO] [stderr]   --> Cargo.toml:60:15
[INFO] [stderr]    |
[INFO] [stderr] 60 | [dependencies.ulid]
[INFO] [stderr]    |               ^^^^^
[INFO] [stderr]    |
[INFO] [stderr]    = note: `cargo::unused_dependencies` is set to `warn` by default
[INFO] [stderr] help: consider removing the dependency on `ulid`
[INFO] [stderr] warning: `dial9-core` (manifest) generated 1 warning
[INFO] [stderr]     Finished `release` profile [optimized] target(s) in 43.12s
[INFO] running `Command { std: "docker" "inspect" "bf1fd5695aa2eb408a5c62676925f3186d43e18b9b2f511c3141c20bd1dd3a97", kill_on_drop: false }`
[INFO] running `Command { std: "docker" "exec" "-e" "SOURCE_DIR=/opt/rustwide/workdir" "-e" "CARGO_HOME=/opt/rustwide/cargo-home" "-e" "RUSTUP_HOME=/opt/rustwide/rustup-home" "-e" "CARGO_TARGET_DIR=/opt/rustwide/target" "-e" "CARGO_INCREMENTAL=0" "-e" "RUST_BACKTRACE=full" "-e" "RUSTFLAGS=--cap-lints=warn" "-e" "RUSTDOCFLAGS=--cap-lints=warn" "-w" "/opt/rustwide/workdir" "--user" "0:0" "bf1fd5695aa2eb408a5c62676925f3186d43e18b9b2f511c3141c20bd1dd3a97" "/opt/rustwide/cargo-home/bin/cargo" "+1.100.0-beta.1" "test" "--frozen" "--no-run" "--message-format=json" "--release", kill_on_drop: false }`
[INFO] [stderr]    Compiling bitflags v2.13.1
[INFO] [stderr]    Compiling num-traits v0.2.19
[INFO] [stderr]    Compiling rustix v1.1.4
[INFO] [stderr]    Compiling syn v3.0.3
[INFO] [stderr]    Compiling tokio-macros v2.7.1
[INFO] [stderr]    Compiling linux-raw-sys v0.12.1
[INFO] [stderr]    Compiling assert2-macros v0.4.0
[INFO] [stderr]    Compiling fastrand v2.5.0
[INFO] [stderr]    Compiling wait-timeout v0.2.1
[INFO] [stderr]    Compiling bit-vec v0.8.0
[INFO] [stderr]    Compiling quick-error v1.2.3
[INFO] [stderr]    Compiling rand_xorshift v0.4.0
[INFO] [stderr]    Compiling yansi v1.0.1
[INFO] [stderr]    Compiling unarray v0.1.4
[INFO] [stderr]    Compiling diff v0.1.13
[INFO] [stderr]    Compiling raw-cpuid v11.6.0
[INFO] [stderr]    Compiling bit-set v0.8.0
[INFO] [stderr]    Compiling tokio v1.53.2
[INFO] [stderr]    Compiling ordered-float v5.3.0
[INFO] [stderr]    Compiling quanta v0.12.6
[INFO] [stderr]    Compiling metrics-util v0.20.4
[INFO] [stderr]    Compiling serde_derive v1.0.229
[INFO] [stderr]    Compiling tempfile v3.27.0
[INFO] [stderr]    Compiling terminal_size v0.4.4
[INFO] [stderr]    Compiling assert2 v0.4.0
[INFO] [stderr]    Compiling rusty-fork v0.3.1
[INFO] [stderr]    Compiling proptest v1.11.0
[INFO] [stderr]    Compiling metrique-timesource v0.1.10
[INFO] [stderr]    Compiling serde v1.0.229
[INFO] [stderr]    Compiling metrique-writer-core v0.1.19
[INFO] [stderr]    Compiling dial9-trace-format v0.5.2
[INFO] [stderr]    Compiling metrique-core v0.1.22
[INFO] [stderr]    Compiling metrique-writer v0.1.25
[INFO] [stderr]    Compiling metrique-service-metrics v0.1.23
[INFO] [stderr]    Compiling metrique v0.1.29
[INFO] [stderr]    Compiling dial9-core v0.5.4 (/opt/rustwide/workdir)
[INFO] [stderr] warning: unused dependency `ulid`
[INFO] [stderr]   --> Cargo.toml:60:15
[INFO] [stderr]    |
[INFO] [stderr] 60 | [dependencies.ulid]
[INFO] [stderr]    |               ^^^^^
[INFO] [stderr]    |
[INFO] [stderr]    = note: `cargo::unused_dependencies` is set to `warn` by default
[INFO] [stderr] help: consider removing the dependency on `ulid`
[INFO] [stderr] warning: `dial9-core` (manifest) generated 1 warning
[INFO] [stderr]     Finished `release` profile [optimized] target(s) in 39.78s
[INFO] running `Command { std: "docker" "inspect" "bf1fd5695aa2eb408a5c62676925f3186d43e18b9b2f511c3141c20bd1dd3a97", kill_on_drop: false }`
[INFO] running `Command { std: "docker" "exec" "-e" "SOURCE_DIR=/opt/rustwide/workdir" "-e" "CARGO_HOME=/opt/rustwide/cargo-home" "-e" "RUSTUP_HOME=/opt/rustwide/rustup-home" "-e" "CARGO_TARGET_DIR=/opt/rustwide/target" "-e" "CARGO_INCREMENTAL=0" "-e" "RUST_BACKTRACE=full" "-e" "RUSTFLAGS=--cap-lints=warn" "-e" "RUSTDOCFLAGS=--cap-lints=warn" "-w" "/opt/rustwide/workdir" "--user" "0:0" "bf1fd5695aa2eb408a5c62676925f3186d43e18b9b2f511c3141c20bd1dd3a97" "/opt/rustwide/cargo-home/bin/cargo" "+1.100.0-beta.1" "test" "--frozen" "--release", kill_on_drop: false }`
[INFO] [stderr] warning: unused dependency `ulid`
[INFO] [stderr]   --> Cargo.toml:60:15
[INFO] [stderr]    |
[INFO] [stderr] 60 | [dependencies.ulid]
[INFO] [stderr]    |               ^^^^^
[INFO] [stderr]    |
[INFO] [stderr]    = note: `cargo::unused_dependencies` is set to `warn` by default
[INFO] [stderr] help: consider removing the dependency on `ulid`
[INFO] [stderr] warning: `dial9-core` (manifest) generated 1 warning
[INFO] [stderr]     Finished `release` profile [optimized] target(s) in 0.17s
[INFO] [stderr]      Running unittests src/lib.rs (/opt/rustwide/target/release/build/dial9-core/df90787fb8f006c6/out/dial9_core-df90787fb8f006c6)
[INFO] [stdout] 
[INFO] [stdout] running 135 tests
[INFO] [stdout] test boot_id::tests::is_valid_boot_id_accepts_valid ... ok
[INFO] [stdout] test boot_id::tests::is_recognized_artifact_rejects_unknown ... ok
[INFO] [stdout] test boot_id::tests::setup_namespace_creates_subdir ... ok
[INFO] [stdout] test boot_id::tests::gc_skips_namespace_with_unrecognized_file ... ok
[INFO] [stdout] test boot_id::tests::gc_removes_dead_namespace ... ok
[INFO] [stdout] test boot_id::tests::is_valid_boot_id_rejects_invalid ... ok
[INFO] [stdout] test boot_id::tests::acquire_and_detect_lock ... ok
[INFO] [stdout] test boot_id::tests::second_acquire_conflicts_while_first_held ... ok
[INFO] [stdout] test boot_id::tests::setup_namespace_without_gc_keeps_dead_peer ... ok
[INFO] [stdout] test boot_id::tests::gc_preserves_live_peer_holding_lock ... ok
[INFO] [stdout] test buffer::tests::builder_defaults_max_file_size_from_total_size ... ok
[INFO] [stdout] test buffer::tests::builder_honors_explicit_max_file_size ... ok
[INFO] [stdout] test buffer::tests::in_memory_builder_enforces_3x_segment_min_total_size ... ok
[INFO] [stdout] test buffer::tests::derive_max_file_size_caps_large_budgets_at_100_mib ... ok
[INFO] [stdout] test buffer::tests::derive_max_file_size_uses_quarter_of_small_budgets ... ok
[INFO] [stdout] test boot_id::tests::gc_skips_live_namespace ... ok
[INFO] [stdout] test boot_id::tests::generate_boot_id_matches_pattern ... ok
[INFO] [stdout] test boot_id::tests::gc_skips_non_boot_id_directories ... ok
[INFO] [stdout] test boot_id::tests::is_recognized_artifact_accepts_known ... ok
[INFO] [stdout] test buffer::tests::test_binary_format_header ... ok
[INFO] [stdout] test buffer::tests::test_available_parallelism_in_segment_metadata ... ok
[INFO] [stdout] test buffer::tests::test_dial9_version_user_override_wins ... ok
[INFO] [stdout] test buffer::tests::test_clock_sync_offset_recovers_wall_clock_for_recent_event ... ok
[INFO] [stdout] test buffer::tests::test_builder_rotation_period_default ... ok
[INFO] [stdout] test boot_id::tests::two_live_owners_get_isolated_namespaces ... ok
[INFO] [stdout] test buffer::tests::test_eviction_keeps_most_recent_segment_when_over_budget ... ok
[INFO] [stdout] test buffer::tests::test_dynamic_metadata_merged_on_rotation ... ok
[INFO] [stdout] test buffer::tests::test_clock_sync_precedes_first_data_event ... ok
[INFO] [stdout] test buffer::tests::test_drained_recovers_when_parent_dir_deleted ... ok
[INFO] [stdout] test buffer::tests::test_drained_recovers_when_active_file_deleted ... ok
[INFO] [stdout] test buffer::tests::test_finalize_removes_empty_segment_after_rotation ... ok
[INFO] [stdout] test buffer::tests::test_finalize_renames_current_file ... ok
[INFO] [stdout] test buffer::tests::test_finalize_after_time_rotation ... ok
[INFO] [stdout] test buffer::tests::test_clock_sync_written_in_every_rotated_file ... ok
[INFO] [stdout] test buffer::tests::test_first_rotation_uses_monotonic_period_not_wallclock_alignment ... ok
[INFO] [stdout] test buffer::tests::test_dial9_version_in_segment_metadata ... ok
[INFO] [stdout] test buffer::tests::test_finalize_evicts_to_budget ... ok
[INFO] [stdout] test buffer::tests::test_active_suffix_while_writing ... ok
[INFO] [stdout] test buffer::tests::test_legacy_trace_without_clock_sync_still_decodes ... ok
[INFO] [stdout] test buffer::tests::test_eviction_removes_gz_variant ... ok
[INFO] [stdout] test buffer::tests::test_new_uses_default_rotation_period ... ok
[INFO] [stdout] test buffer::tests::in_memory_builder_wires_custom_options ... ok
[INFO] [stdout] test buffer::tests::test_merge_preserves_s3_metadata_across_runtime_updates ... ok
[INFO] [stdout] test buffer::tests::in_memory_rejects_zero_total_size ... ok
[INFO] [stdout] test buffer::tests::test_event_exactly_on_max_file_size_boundary ... ok
[INFO] [stdout] test buffer::tests::test_adaptive_rotation_starts_at_the_floor ... ok
[INFO] [stdout] test buffer::tests::test_flush_after_stop ... ok
[INFO] [stdout] test buffer::tests::test_mixed_event_sizes ... ok
[INFO] [stdout] test buffer::tests::test_rotation_period_clamps_to_floor ... ok
[INFO] [stdout] test buffer::tests::test_rotation_period_grows_one_step_at_a_time ... ok
[INFO] [stdout] test buffer::tests::test_restart_counts_gz_siblings_toward_budget ... ok
[INFO] [stdout] test buffer::tests::test_restart_discards_stale_active_files ... ok
[INFO] [stdout] test buffer::tests::test_restart_seeds_closed_files_and_evicts ... ok
[INFO] [stdout] test buffer::tests::test_rotated_files_have_valid_headers ... ok
[INFO] [stdout] test buffer::tests::test_seal_metadata_records_an_overflow_and_its_successor ... ok
[INFO] [stdout] test buffer::tests::test_rotating_writer_eviction ... ok
[INFO] [stdout] test buffer::tests::test_seal_metadata_keeps_the_segment_entries ... ok
[INFO] [stdout] test buffer::tests::test_seal_metadata_records_a_drained_rotation ... ok
[INFO] [stdout] test buffer::tests::test_segment_metadata_empty_entries ... ok
[INFO] [stdout] test buffer::tests::test_rotation_period_grows_to_the_ceiling ... ok
[INFO] [stdout] test buffer::tests::test_rotation_period_honours_the_configured_bounds ... ok
[INFO] [stdout] test buffer::tests::test_rotation_period_ignores_unusable_samples ... ok
[INFO] [stdout] test buffer::tests::test_rotation_seals_previous_file ... ok
[INFO] [stdout] test buffer::tests::test_rotation_period_shrinks_in_one_step ... ok
[INFO] [stdout] test buffer::tests::test_rotation_period_is_fixed_without_a_config ... ok
[INFO] [stdout] test buffer::tests::test_rotating_writer_creation ... ok
[INFO] [stdout] test buffer::tests::test_segment_metadata_roundtrip ... ok
[INFO] [stdout] test buffer::tests::test_segment_metadata_timestamp_is_monotonic_scale ... ok
[INFO] [stdout] test buffer::tests::test_single_file_period_never_adapts ... ok
[INFO] [stdout] test buffer::tests::test_segment_metadata_written_in_every_rotated_file ... ok
[INFO] [stdout] test buffer::tests::test_single_file_no_active_suffix ... ok
[INFO] [stdout] test buffer::tests::test_rotating_writer_rotation ... ok
[INFO] [stdout] test buffer::tests::test_writer_creation ... ok
[INFO] [stdout] test buffer::tests::test_time_rotation_triggers_on_expired_boundary ... ok
[INFO] [stdout] test buffer::tests::test_stale_boundary_does_not_rotate_first_event ... ok
[INFO] [stdout] test buffer::tests::test_rotating_writer_stops_when_over_budget ... ok
[INFO] [stdout] test buffer::tests::test_size_rotation_still_works_with_time_disabled ... ok
[INFO] [stdout] test buffer::tests::test_write_batch_sizes ... ok
[INFO] [stdout] test collector::tests::test_drain_clears_buffers ... ok
[INFO] [stdout] test buffer::tests::test_write_event ... ok
[INFO] [stdout] test buffer::tests::test_rotating_writer_file_naming ... ok
[INFO] [stdout] test collector::tests::test_bounded_evicts_oldest_when_full ... ok
[INFO] [stdout] test buffer::tests::test_time_rotation_skips_when_no_real_events ... ok
[INFO] [stdout] test buffer::tests::test_update_segment_metadata_appears_in_trace ... ok
[INFO] [stdout] test buffer::tests::test_update_segment_metadata_no_op_when_unchanged ... ok
[INFO] [stdout] test custom_events::tests::source_records_callback_events ... ok
[INFO] [stdout] test custom_events::tests::source_respects_minimum_interval ... ok
[INFO] [stdout] test custom_events::tests::zero_minimum_interval_does_not_throttle ... ok
[INFO] [stdout] test custom_events::tests::default_minimum_interval_runs_every_flush_cycle ... ok
[INFO] [stdout] test encoder::tests::bench_location_intern ... ignored
[INFO] [stdout] test encoder::tests::location_ids_are_refreshed_after_flush ... ok
[INFO] [stdout] test encoder::tests::test_buffer_creation ... ok
[INFO] [stdout] test encoder::tests::test_flush ... ok
[INFO] [stdout] test encoder::tests::test_flush_epoch_store_load ... ok
[INFO] [stdout] test encoder::tests::test_mutex_accessible_from_another_thread ... ok
[INFO] [stdout] test encoder::tests::test_flush_epoch_stamped_on_self_flush ... ok
[INFO] [stdout] test encoder::tests::test_flush_epoch_shared_across_threads ... ok
[INFO] [stdout] test recorder::single_recorder_tests::a_second_recorder_in_the_process_is_refused ... FAILED
[INFO] [stdout] test buffer::tests::test_time_rotation_respects_eviction_budget ... ok
[INFO] [stdout] test encoder::tests::test_record_event ... ok
[INFO] [stdout] test recorder::tests::paused_build_waits_for_enable ... FAILED
[INFO] [stdout] test recorder::tests::recording_thread_hook_runs_on_dial9_threads ... FAILED
[INFO] [stdout] test recorder::tests::on_recording_start_runs_once_when_recording_starts ... ok
[INFO] [stdout] test recorder::tests::segment_metadata_merges_last_key_wins ... ok
[INFO] [stdout] test recorder::tests::records_source_events_to_disk ... FAILED
[INFO] [stdout] test encoder::tests::test_should_flush_default_batch_size ... ok
[INFO] [stdout] test encoder::tests::test_should_flush_respects_batch_size ... ok
[INFO] [stdout] test recorder::tests::build_starts_recording ... FAILED
[INFO] [stdout] test sampling::tests::draw_exponential_handles_large_mean ... ok
[INFO] [stdout] test sampling::tests::splitmix_deterministic_with_fixed_seed ... ok
[INFO] [stdout] test encoder::tests::borrowed_trace_event_is_encodable ... ok
[INFO] [stdout] test buffer::tests::test_write_batch_across_rotation_boundary ... ok
[INFO] [stdout] test sampling::tests::draw_exponential_returns_at_least_1 ... ok
[INFO] [stdout] test recording::tests::source_panic_during_segment_metadata_skips_only_that_source ... FAILED
[INFO] [stdout] test shared_state::tests::drain_all_tl_buffers_from_another_thread ... ok
[INFO] [stdout] test shared_state::tests::drain_prunes_dead_handles ... ok
[INFO] [stdout] test shared_state::tests::drain_all_tl_buffers_flushes_idle_buffer ... ok
[INFO] [stdout] test shared_state::tests::drain_skips_busy_buffer ... ok
[INFO] [stdout] test shared_state::tests::record_event_registers_tl_buffer_handle ... ok
[INFO] [stdout] test sampling::tests::draw_exponential_mean_approximates_target ... ok
[INFO] [stdout] test recording::tests::flush_panic_on_exit_cycle_is_recorded_via_teardown ... ok
[INFO] [stdout] test shared_state::tests::second_record_event_does_not_re_register ... ok
[INFO] [stdout] test thread::tests::a_failing_source_rolls_back_the_started_ones ... FAILED
[INFO] [stdout] test thread::tests::disabled_handle_hands_back_an_inert_guard ... ok
[INFO] [stdout] test thread::tests::guard_tracks_the_thread_until_it_drops ... ok
[INFO] [stdout] test thread::tid_tests::cached_tid_matches_current_tid_and_is_stable ... ok
[INFO] [stdout] test shared_state::tests::drain_flushes_live_worker_buffer ... ok
[INFO] [stdout] test shared_state::tests::concurrent_record_and_drain_preserves_event_count ... ok
[INFO] [stdout] test buffer::tests::test_adaptive_rotation_keeps_segments_off_the_size_path ... ok
[INFO] [stdout] test buffer::tests::test_adaptive_rotation_covers_memory_mode ... ok
[INFO] [stdout] test buffer::tests::test_writer_stops_on_tiny_overshoot_after_eviction ... ok
[INFO] [stdout] test recording::tests::flush_panic_is_recorded_in_next_cycles_metadata ... FAILED
[INFO] [stdout] test recording::tests::distinct_panicking_flush_sources_are_each_warned_about ... FAILED
[INFO] [stdout] test recording::tests::distinct_panicking_metadata_sources_are_each_warned_about ... FAILED
[INFO] [stdout] test recording::tests::source_panic_does_not_skip_thread_teardown ... FAILED
[INFO] [stdout] 
[INFO] [stdout] failures:
[INFO] [stdout] 
[INFO] [stdout] ---- recorder::single_recorder_tests::a_second_recorder_in_the_process_is_refused stdout ----
[INFO] [stdout] 
[INFO] [stdout] thread 'recorder::single_recorder_tests::a_second_recorder_in_the_process_is_refused' (2105) panicked at src/recorder.rs:899:9:
[INFO] [stdout] the first one records
[INFO] [stdout] stack backtrace:
[INFO] [stdout]    0:     0x64932b3fc981 - <<std[617be2ca0a6fd877]::sys::backtrace::BacktraceLock>::print::DisplayBacktrace as core[a373ad73a504971]::fmt::Display>::fmt
[INFO] [stdout]    1:     0x64932b4131fa - core[a373ad73a504971]::fmt::write
[INFO] [stdout]    2:     0x64932b4014ec - <alloc[2e1b2a31b91974c5]::vec::Vec<u8> as core[a373ad73a504971]::io::write::Write>::write_fmt
[INFO] [stdout]    3:     0x64932b3d5306 - std[617be2ca0a6fd877]::panicking::default_hook::{closure#0}
[INFO] [stdout]    4:     0x64932b3f36c9 - std[617be2ca0a6fd877]::panicking::default_hook
[INFO] [stdout]    5:     0x64932b35b160 - test[aada8e7e76ba119b]::test_main_inner::{closure#0}
[INFO] [stdout]    6:     0x64932b3f3882 - std[617be2ca0a6fd877]::panicking::panic_with_hook
[INFO] [stdout]    7:     0x64932b3d53e4 - std[617be2ca0a6fd877]::panicking::panic_handler::{closure#0}
[INFO] [stdout]    8:     0x64932b3cdce9 - std[617be2ca0a6fd877]::sys::backtrace::__rust_end_short_backtrace::<std[617be2ca0a6fd877]::panicking::panic_handler::{closure#0}, !>
[INFO] [stdout]    9:     0x64932b3d60ad - __rustc[ea4f61d10b84890b]::rust_begin_unwind
[INFO] [stdout]   10:     0x64932b41395c - core[a373ad73a504971]::panicking::panic_fmt
[INFO] [stdout]   11:     0x64932b2fca77 - <dial9_core[f38e8f55092c0b47]::recorder::single_recorder_tests::a_second_recorder_in_the_process_is_refused::{closure#0} as core[a373ad73a504971]::ops::function::FnOnce<()>>::call_once
[INFO] [stdout]   12:     0x64932b34e5ab - test[aada8e7e76ba119b]::__rust_begin_short_backtrace::<core[a373ad73a504971]::result::Result<(), alloc[2e1b2a31b91974c5]::string::String>, fn() -> core[a373ad73a504971]::result::Result<(), alloc[2e1b2a31b91974c5]::string::String>>
[INFO] [stdout]   13:     0x64932b35b785 - test[aada8e7e76ba119b]::run_test::{closure#0}
[INFO] [stdout]   14:     0x64932b355074 - std[617be2ca0a6fd877]::sys::backtrace::__rust_begin_short_backtrace::<test[aada8e7e76ba119b]::run_test::{closure#1}, ()>
[INFO] [stdout]   15:     0x64932b35e812 - <std[617be2ca0a6fd877]::thread::lifecycle::spawn_unchecked<test[aada8e7e76ba119b]::run_test::{closure#1}, ()>::{closure#1} as core[a373ad73a504971]::ops::function::FnOnce<()>>::call_once::{shim:vtable#0}
[INFO] [stdout]   16:     0x64932b3fbcbf - <std[617be2ca0a6fd877]::sys::thread::unix::Thread>::new::thread_start
[INFO] [stdout]   17:     0x7ff41b2f2dfa - <unknown>
[INFO] [stdout]   18:     0x7ff41b3863d4 - clone
[INFO] [stdout]   19:                0x0 - <unknown>
[INFO] [stdout] 
[INFO] [stdout] ---- recorder::tests::paused_build_waits_for_enable stdout ----
[INFO] [stdout] 
[INFO] [stdout] thread 'recorder::tests::paused_build_waits_for_enable' (2108) panicked at src/recorder.rs:583:32:
[INFO] [stdout] live recorder
[INFO] [stdout] stack backtrace:
[INFO] [stdout]    0:     0x64932b3fc981 - <<std[617be2ca0a6fd877]::sys::backtrace::BacktraceLock>::print::DisplayBacktrace as core[a373ad73a504971]::fmt::Display>::fmt
[INFO] [stdout]    1:     0x64932b4131fa - core[a373ad73a504971]::fmt::write
[INFO] [stdout]    2:     0x64932b4014ec - <alloc[2e1b2a31b91974c5]::vec::Vec<u8> as core[a373ad73a504971]::io::write::Write>::write_fmt
[INFO] [stdout]    3:     0x64932b3d5306 - std[617be2ca0a6fd877]::panicking::default_hook::{closure#0}
[INFO] [stdout]    4:     0x64932b3f36c9 - std[617be2ca0a6fd877]::panicking::default_hook
[INFO] [stdout]    5:     0x64932b35b160 - test[aada8e7e76ba119b]::test_main_inner::{closure#0}
[INFO] [stdout]    6:     0x64932b3f3882 - std[617be2ca0a6fd877]::panicking::panic_with_hook
[INFO] [stdout]    7:     0x64932b3d53b2 - std[617be2ca0a6fd877]::panicking::panic_handler::{closure#0}
[INFO] [stdout]    8:     0x64932b3cdce9 - std[617be2ca0a6fd877]::sys::backtrace::__rust_end_short_backtrace::<std[617be2ca0a6fd877]::panicking::panic_handler::{closure#0}, !>
[INFO] [stdout]    9:     0x64932b3d60ad - __rustc[ea4f61d10b84890b]::rust_begin_unwind
[INFO] [stdout]   10:     0x64932b41395c - core[a373ad73a504971]::panicking::panic_fmt
[INFO] [stdout]   11:     0x64932b4136b4 - core[a373ad73a504971]::option::expect_failed
[INFO] [stdout]   12:     0x64932b2fcebb - <dial9_core[f38e8f55092c0b47]::recorder::tests::paused_build_waits_for_enable::{closure#0} as core[a373ad73a504971]::ops::function::FnOnce<()>>::call_once
[INFO] [stdout]   13:     0x64932b34e5ab - test[aada8e7e76ba119b]::__rust_begin_short_backtrace::<core[a373ad73a504971]::result::Result<(), alloc[2e1b2a31b91974c5]::string::String>, fn() -> core[a373ad73a504971]::result::Result<(), alloc[2e1b2a31b91974c5]::string::String>>
[INFO] [stdout]   14:     0x64932b35b785 - test[aada8e7e76ba119b]::run_test::{closure#0}
[INFO] [stdout]   15:     0x64932b355074 - std[617be2ca0a6fd877]::sys::backtrace::__rust_begin_short_backtrace::<test[aada8e7e76ba119b]::run_test::{closure#1}, ()>
[INFO] [stdout]   16:     0x64932b35e812 - <std[617be2ca0a6fd877]::thread::lifecycle::spawn_unchecked<test[aada8e7e76ba119b]::run_test::{closure#1}, ()>::{closure#1} as core[a373ad73a504971]::ops::function::FnOnce<()>>::call_once::{shim:vtable#0}
[INFO] [stdout]   17:     0x64932b3fbcbf - <std[617be2ca0a6fd877]::sys::thread::unix::Thread>::new::thread_start
[INFO] [stdout]   18:     0x7ff41b2f2dfa - <unknown>
[INFO] [stdout]   19:     0x7ff41b3863d4 - clone
[INFO] [stdout]   20:                0x0 - <unknown>
[INFO] [stdout] 
[INFO] [stdout] ---- recorder::tests::recording_thread_hook_runs_on_dial9_threads stdout ----
[INFO] [stdout] 
[INFO] [stdout] thread 'recorder::tests::recording_thread_hook_runs_on_dial9_threads' (2112) panicked at src/recorder.rs:880:9:
[INFO] [stdout] the hook should run on the flush thread, ran 0 times
[INFO] [stdout] stack backtrace:
[INFO] [stdout]    0:     0x64932b3fc981 - <<std[617be2ca0a6fd877]::sys::backtrace::BacktraceLock>::print::DisplayBacktrace as core[a373ad73a504971]::fmt::Display>::fmt
[INFO] [stdout]    1:     0x64932b4131fa - core[a373ad73a504971]::fmt::write
[INFO] [stdout]    2:     0x64932b4014ec - <alloc[2e1b2a31b91974c5]::vec::Vec<u8> as core[a373ad73a504971]::io::write::Write>::write_fmt
[INFO] [stdout]    3:     0x64932b3d5306 - std[617be2ca0a6fd877]::panicking::default_hook::{closure#0}
[INFO] [stdout]    4:     0x64932b3f36c9 - std[617be2ca0a6fd877]::panicking::default_hook
[INFO] [stdout]    5:     0x64932b35b160 - test[aada8e7e76ba119b]::test_main_inner::{closure#0}
[INFO] [stdout]    6:     0x64932b3f3882 - std[617be2ca0a6fd877]::panicking::panic_with_hook
[INFO] [stdout]    7:     0x64932b3d53b2 - std[617be2ca0a6fd877]::panicking::panic_handler::{closure#0}
[INFO] [stdout]    8:     0x64932b3cdce9 - std[617be2ca0a6fd877]::sys::backtrace::__rust_end_short_backtrace::<std[617be2ca0a6fd877]::panicking::panic_handler::{closure#0}, !>
[INFO] [stdout]    9:     0x64932b3d60ad - __rustc[ea4f61d10b84890b]::rust_begin_unwind
[INFO] [stdout]   10:     0x64932b41395c - core[a373ad73a504971]::panicking::panic_fmt
[INFO] [stdout]   11:     0x64932b2fe274 - <dial9_core[f38e8f55092c0b47]::recorder::tests::recording_thread_hook_runs_on_dial9_threads::{closure#0} as core[a373ad73a504971]::ops::function::FnOnce<()>>::call_once
[INFO] [stdout]   12:     0x64932b34e5ab - test[aada8e7e76ba119b]::__rust_begin_short_backtrace::<core[a373ad73a504971]::result::Result<(), alloc[2e1b2a31b91974c5]::string::String>, fn() -> core[a373ad73a504971]::result::Result<(), alloc[2e1b2a31b91974c5]::string::String>>
[INFO] [stdout]   13:     0x64932b35b785 - test[aada8e7e76ba119b]::run_test::{closure#0}
[INFO] [stdout]   14:     0x64932b355074 - std[617be2ca0a6fd877]::sys::backtrace::__rust_begin_short_backtrace::<test[aada8e7e76ba119b]::run_test::{closure#1}, ()>
[INFO] [stdout]   15:     0x64932b35e812 - <std[617be2ca0a6fd877]::thread::lifecycle::spawn_unchecked<test[aada8e7e76ba119b]::run_test::{closure#1}, ()>::{closure#1} as core[a373ad73a504971]::ops::function::FnOnce<()>>::call_once::{shim:vtable#0}
[INFO] [stdout]   16:     0x64932b3fbcbf - <std[617be2ca0a6fd877]::sys::thread::unix::Thread>::new::thread_start
[INFO] [stdout]   17:     0x7ff41b2f2dfa - <unknown>
[INFO] [stdout]   18:     0x7ff41b3863d4 - clone
[INFO] [stdout]   19:                0x0 - <unknown>
[INFO] [stdout] 
[INFO] [stdout] ---- recorder::tests::records_source_events_to_disk stdout ----
[INFO] [stdout] 
[INFO] [stdout] thread 'recorder::tests::records_source_events_to_disk' (2113) panicked at src/test_support.rs:77:10:
[INFO] [stdout] a sealed .bin segment
[INFO] [stdout] stack backtrace:
[INFO] [stdout]    0:     0x64932b3fc981 - <<std[617be2ca0a6fd877]::sys::backtrace::BacktraceLock>::print::DisplayBacktrace as core[a373ad73a504971]::fmt::Display>::fmt
[INFO] [stdout]    1:     0x64932b4131fa - core[a373ad73a504971]::fmt::write
[INFO] [stdout]    2:     0x64932b4014ec - <alloc[2e1b2a31b91974c5]::vec::Vec<u8> as core[a373ad73a504971]::io::write::Write>::write_fmt
[INFO] [stdout]    3:     0x64932b3d5306 - std[617be2ca0a6fd877]::panicking::default_hook::{closure#0}
[INFO] [stdout]    4:     0x64932b3f36c9 - std[617be2ca0a6fd877]::panicking::default_hook
[INFO] [stdout]    5:     0x64932b35b160 - test[aada8e7e76ba119b]::test_main_inner::{closure#0}
[INFO] [stdout]    6:     0x64932b3f3882 - std[617be2ca0a6fd877]::panicking::panic_with_hook
[INFO] [stdout]    7:     0x64932b3d53b2 - std[617be2ca0a6fd877]::panicking::panic_handler::{closure#0}
[INFO] [stdout]    8:     0x64932b3cdce9 - std[617be2ca0a6fd877]::sys::backtrace::__rust_end_short_backtrace::<std[617be2ca0a6fd877]::panicking::panic_handler::{closure#0}, !>
[INFO] [stdout]    9:     0x64932b3d60ad - __rustc[ea4f61d10b84890b]::rust_begin_unwind
[INFO] [stdout]   10:     0x64932b41395c - core[a373ad73a504971]::panicking::panic_fmt
[INFO] [stdout]   11:     0x64932b4136b4 - core[a373ad73a504971]::option::expect_failed
[INFO] [stdout]   12:     0x64932b30a167 - dial9_core[f38e8f55092c0b47]::test_support::sealed_segment
[INFO] [stdout]   13:     0x64932b2fd0e7 - <dial9_core[f38e8f55092c0b47]::recorder::tests::records_source_events_to_disk::{closure#0} as core[a373ad73a504971]::ops::function::FnOnce<()>>::call_once
[INFO] [stdout]   14:     0x64932b34e5ab - test[aada8e7e76ba119b]::__rust_begin_short_backtrace::<core[a373ad73a504971]::result::Result<(), alloc[2e1b2a31b91974c5]::string::String>, fn() -> core[a373ad73a504971]::result::Result<(), alloc[2e1b2a31b91974c5]::string::String>>
[INFO] [stdout]   15:     0x64932b35b785 - test[aada8e7e76ba119b]::run_test::{closure#0}
[INFO] [stdout]   16:     0x64932b355074 - std[617be2ca0a6fd877]::sys::backtrace::__rust_begin_short_backtrace::<test[aada8e7e76ba119b]::run_test::{closure#1}, ()>
[INFO] [stdout]   17:     0x64932b35e812 - <std[617be2ca0a6fd877]::thread::lifecycle::spawn_unchecked<test[aada8e7e76ba119b]::run_test::{closure#1}, ()>::{closure#1} as core[a373ad73a504971]::ops::function::FnOnce<()>>::call_once::{shim:vtable#0}
[INFO] [stdout]   18:     0x64932b3fbcbf - <std[617be2ca0a6fd877]::sys::thread::unix::Thread>::new::thread_start
[INFO] [stdout]   19:     0x7ff41b2f2dfa - <unknown>
[INFO] [stdout]   20:     0x7ff41b3863d4 - clone
[INFO] [stdout]   21:                0x0 - <unknown>
[INFO] [stdout] 
[INFO] [stdout] ---- recorder::tests::build_starts_recording stdout ----
[INFO] [stdout] 
[INFO] [stdout] thread 'recorder::tests::build_starts_recording' (2106) panicked at src/recorder.rs:572:31:
[INFO] [stdout] live recorder
[INFO] [stdout] stack backtrace:
[INFO] [stdout]    0:     0x64932b3fc981 - <<std[617be2ca0a6fd877]::sys::backtrace::BacktraceLock>::print::DisplayBacktrace as core[a373ad73a504971]::fmt::Display>::fmt
[INFO] [stdout]    1:     0x64932b4131fa - core[a373ad73a504971]::fmt::write
[INFO] [stdout]    2:     0x64932b4014ec - <alloc[2e1b2a31b91974c5]::vec::Vec<u8> as core[a373ad73a504971]::io::write::Write>::write_fmt
[INFO] [stdout]    3:     0x64932b3d5306 - std[617be2ca0a6fd877]::panicking::default_hook::{closure#0}
[INFO] [stdout]    4:     0x64932b3f36c9 - std[617be2ca0a6fd877]::panicking::default_hook
[INFO] [stdout]    5:     0x64932b35b160 - test[aada8e7e76ba119b]::test_main_inner::{closure#0}
[INFO] [stdout]    6:     0x64932b3f3882 - std[617be2ca0a6fd877]::panicking::panic_with_hook
[INFO] [stdout]    7:     0x64932b3d53b2 - std[617be2ca0a6fd877]::panicking::panic_handler::{closure#0}
[INFO] [stdout]    8:     0x64932b3cdce9 - std[617be2ca0a6fd877]::sys::backtrace::__rust_end_short_backtrace::<std[617be2ca0a6fd877]::panicking::panic_handler::{closure#0}, !>
[INFO] [stdout]    9:     0x64932b3d60ad - __rustc[ea4f61d10b84890b]::rust_begin_unwind
[INFO] [stdout]   10:     0x64932b41395c - core[a373ad73a504971]::panicking::panic_fmt
[INFO] [stdout]   11:     0x64932b4136b4 - core[a373ad73a504971]::option::expect_failed
[INFO] [stdout]   12:     0x64932b2fccc4 - <dial9_core[f38e8f55092c0b47]::recorder::tests::build_starts_recording::{closure#0} as core[a373ad73a504971]::ops::function::FnOnce<()>>::call_once
[INFO] [stdout]   13:     0x64932b34e5ab - test[aada8e7e76ba119b]::__rust_begin_short_backtrace::<core[a373ad73a504971]::result::Result<(), alloc[2e1b2a31b91974c5]::string::String>, fn() -> core[a373ad73a504971]::result::Result<(), alloc[2e1b2a31b91974c5]::string::String>>
[INFO] [stdout]   14:     0x64932b35b785 - test[aada8e7e76ba119b]::run_test::{closure#0}
[INFO] [stdout]   15:     0x64932b355074 - std[617be2ca0a6fd877]::sys::backtrace::__rust_begin_short_backtrace::<test[aada8e7e76ba119b]::run_test::{closure#1}, ()>
[INFO] [stdout]   16:     0x64932b35e812 - <std[617be2ca0a6fd877]::thread::lifecycle::spawn_unchecked<test[aada8e7e76ba119b]::run_test::{closure#1}, ()>::{closure#1} as core[a373ad73a504971]::ops::function::FnOnce<()>>::call_once::{shim:vtable#0}
[INFO] [stdout]   17:     0x64932b3fbcbf - <std[617be2ca0a6fd877]::sys::thread::unix::Thread>::new::thread_start
[INFO] [stdout]   18:     0x7ff41b2f2dfa - <unknown>
[INFO] [stdout]   19:     0x7ff41b3863d4 - clone
[INFO] [stdout]   20:                0x0 - <unknown>
[INFO] [stdout] 
[INFO] [stdout] ---- recording::tests::source_panic_during_segment_metadata_skips_only_that_source stdout ----
[INFO] [stdout] 
[INFO] [stdout] thread 'recording::tests::source_panic_during_segment_metadata_skips_only_that_source' (2121) panicked at src/test_support.rs:77:10:
[INFO] [stdout] a sealed .bin segment
[INFO] [stdout] stack backtrace:
[INFO] [stdout]    0:     0x64932b3fc981 - <<std[617be2ca0a6fd877]::sys::backtrace::BacktraceLock>::print::DisplayBacktrace as core[a373ad73a504971]::fmt::Display>::fmt
[INFO] [stdout]    1:     0x64932b4131fa - core[a373ad73a504971]::fmt::write
[INFO] [stdout]    2:     0x64932b4014ec - <alloc[2e1b2a31b91974c5]::vec::Vec<u8> as core[a373ad73a504971]::io::write::Write>::write_fmt
[INFO] [stdout]    3:     0x64932b3d5306 - std[617be2ca0a6fd877]::panicking::default_hook::{closure#0}
[INFO] [stdout]    4:     0x64932b3f36c9 - std[617be2ca0a6fd877]::panicking::default_hook
[INFO] [stdout]    5:     0x64932b35b160 - test[aada8e7e76ba119b]::test_main_inner::{closure#0}
[INFO] [stdout]    6:     0x64932b3f3882 - std[617be2ca0a6fd877]::panicking::panic_with_hook
[INFO] [stdout]    7:     0x64932b3d53b2 - std[617be2ca0a6fd877]::panicking::panic_handler::{closure#0}
[INFO] [stdout]    8:     0x64932b3cdce9 - std[617be2ca0a6fd877]::sys::backtrace::__rust_end_short_backtrace::<std[617be2ca0a6fd877]::panicking::panic_handler::{closure#0}, !>
[INFO] [stdout]    9:     0x64932b3d60ad - __rustc[ea4f61d10b84890b]::rust_begin_unwind
[INFO] [stdout]   10:     0x64932b41395c - core[a373ad73a504971]::panicking::panic_fmt
[INFO] [stdout]   11:     0x64932b4136b4 - core[a373ad73a504971]::option::expect_failed
[INFO] [stdout]   12:     0x64932b30a167 - dial9_core[f38e8f55092c0b47]::test_support::sealed_segment
[INFO] [stdout]   13:     0x64932b2ebb5f - <dial9_core[f38e8f55092c0b47]::recording::tests::source_panic_during_segment_metadata_skips_only_that_source::{closure#0} as core[a373ad73a504971]::ops::function::FnOnce<()>>::call_once
[INFO] [stdout]   14:     0x64932b34e5ab - test[aada8e7e76ba119b]::__rust_begin_short_backtrace::<core[a373ad73a504971]::result::Result<(), alloc[2e1b2a31b91974c5]::string::String>, fn() -> core[a373ad73a504971]::result::Result<(), alloc[2e1b2a31b91974c5]::string::String>>
[INFO] [stdout]   15:     0x64932b35b785 - test[aada8e7e76ba119b]::run_test::{closure#0}
[INFO] [stdout]   16:     0x64932b355074 - std[617be2ca0a6fd877]::sys::backtrace::__rust_begin_short_backtrace::<test[aada8e7e76ba119b]::run_test::{closure#1}, ()>
[INFO] [stdout]   17:     0x64932b35e812 - <std[617be2ca0a6fd877]::thread::lifecycle::spawn_unchecked<test[aada8e7e76ba119b]::run_test::{closure#1}, ()>::{closure#1} as core[a373ad73a504971]::ops::function::FnOnce<()>>::call_once::{shim:vtable#0}
[INFO] [stdout]   18:     0x64932b3fbcbf - <std[617be2ca0a6fd877]::sys::thread::unix::Thread>::new::thread_start
[INFO] [stdout]   19:     0x7ff41b2f2dfa - <unknown>
[INFO] [stdout]   20:     0x7ff41b3863d4 - clone
[INFO] [stdout]   21:                0x0 - <unknown>
[INFO] [stdout] 
[INFO] [stdout] ---- thread::tests::a_failing_source_rolls_back_the_started_ones stdout ----
[INFO] [stdout] 
[INFO] [stdout] thread 'thread::tests::a_failing_source_rolls_back_the_started_ones' (2146) panicked at src/thread.rs:210:14:
[INFO] [stdout] second source fails: ThreadTrackingGuard { .. }
[INFO] [stdout] stack backtrace:
[INFO] [stdout]    0:     0x64932b3fc981 - <<std[617be2ca0a6fd877]::sys::backtrace::BacktraceLock>::print::DisplayBacktrace as core[a373ad73a504971]::fmt::Display>::fmt
[INFO] [stdout]    1:     0x64932b4131fa - core[a373ad73a504971]::fmt::write
[INFO] [stdout]    2:     0x64932b4014ec - <alloc[2e1b2a31b91974c5]::vec::Vec<u8> as core[a373ad73a504971]::io::write::Write>::write_fmt
[INFO] [stdout]    3:     0x64932b3d5306 - std[617be2ca0a6fd877]::panicking::default_hook::{closure#0}
[INFO] [stdout]    4:     0x64932b3f36c9 - std[617be2ca0a6fd877]::panicking::default_hook
[INFO] [stdout]    5:     0x64932b35b160 - test[aada8e7e76ba119b]::test_main_inner::{closure#0}
[INFO] [stdout]    6:     0x64932b3f3882 - std[617be2ca0a6fd877]::panicking::panic_with_hook
[INFO] [stdout]    7:     0x64932b3d53b2 - std[617be2ca0a6fd877]::panicking::panic_handler::{closure#0}
[INFO] [stdout]    8:     0x64932b3cdce9 - std[617be2ca0a6fd877]::sys::backtrace::__rust_end_short_backtrace::<std[617be2ca0a6fd877]::panicking::panic_handler::{closure#0}, !>
[INFO] [stdout]    9:     0x64932b3d60ad - __rustc[ea4f61d10b84890b]::rust_begin_unwind
[INFO] [stdout]   10:     0x64932b41395c - core[a373ad73a504971]::panicking::panic_fmt
[INFO] [stdout]   11:     0x64932b413732 - core[a373ad73a504971]::result::unwrap_failed
[INFO] [stdout]   12:     0x64932b2fa8b4 - <dial9_core[f38e8f55092c0b47]::thread::tests::a_failing_source_rolls_back_the_started_ones::{closure#0} as core[a373ad73a504971]::ops::function::FnOnce<()>>::call_once
[INFO] [stdout]   13:     0x64932b34e5ab - test[aada8e7e76ba119b]::__rust_begin_short_backtrace::<core[a373ad73a504971]::result::Result<(), alloc[2e1b2a31b91974c5]::string::String>, fn() -> core[a373ad73a504971]::result::Result<(), alloc[2e1b2a31b91974c5]::string::String>>
[INFO] [stdout]   14:     0x64932b35b785 - test[aada8e7e76ba119b]::run_test::{closure#0}
[INFO] [stdout]   15:     0x64932b355074 - std[617be2ca0a6fd877]::sys::backtrace::__rust_begin_short_backtrace::<test[aada8e7e76ba119b]::run_test::{closure#1}, ()>
[INFO] [stdout]   16:     0x64932b35e812 - <std[617be2ca0a6fd877]::thread::lifecycle::spawn_unchecked<test[aada8e7e76ba119b]::run_test::{closure#1}, ()>::{closure#1} as core[a373ad73a504971]::ops::function::FnOnce<()>>::call_once::{shim:vtable#0}
[INFO] [stdout]   17:     0x64932b3fbcbf - <std[617be2ca0a6fd877]::sys::thread::unix::Thread>::new::thread_start
[INFO] [stdout]   18:     0x7ff41b2f2dfa - <unknown>
[INFO] [stdout]   19:     0x7ff41b3863d4 - clone
[INFO] [stdout]   20:                0x0 - <unknown>
[INFO] [stdout] 
[INFO] [stdout] ---- recording::tests::flush_panic_is_recorded_in_next_cycles_metadata stdout ----
[INFO] [stdout] 
[INFO] [stdout] thread 'recording::tests::flush_panic_is_recorded_in_next_cycles_metadata' (2117) panicked at src/recording.rs:311:13:
[INFO] [stdout] condition not met within 5s
[INFO] [stdout] stack backtrace:
[INFO] [stdout]    0:     0x64932b3fc981 - <<std[617be2ca0a6fd877]::sys::backtrace::BacktraceLock>::print::DisplayBacktrace as core[a373ad73a504971]::fmt::Display>::fmt
[INFO] [stdout]    1:     0x64932b4131fa - core[a373ad73a504971]::fmt::write
[INFO] [stdout]    2:     0x64932b4014ec - <alloc[2e1b2a31b91974c5]::vec::Vec<u8> as core[a373ad73a504971]::io::write::Write>::write_fmt
[INFO] [stdout]    3:     0x64932b3d5306 - std[617be2ca0a6fd877]::panicking::default_hook::{closure#0}
[INFO] [stdout]    4:     0x64932b3f36c9 - std[617be2ca0a6fd877]::panicking::default_hook
[INFO] [stdout]    5:     0x64932b35b160 - test[aada8e7e76ba119b]::test_main_inner::{closure#0}
[INFO] [stdout]    6:     0x64932b3f3882 - std[617be2ca0a6fd877]::panicking::panic_with_hook
[INFO] [stdout]    7:     0x64932b3d53b2 - std[617be2ca0a6fd877]::panicking::panic_handler::{closure#0}
[INFO] [stdout]    8:     0x64932b3cdce9 - std[617be2ca0a6fd877]::sys::backtrace::__rust_end_short_backtrace::<std[617be2ca0a6fd877]::panicking::panic_handler::{closure#0}, !>
[INFO] [stdout]    9:     0x64932b3d60ad - __rustc[ea4f61d10b84890b]::rust_begin_unwind
[INFO] [stdout]   10:     0x64932b41395c - core[a373ad73a504971]::panicking::panic_fmt
[INFO] [stdout]   11:     0x64932b2e9709 - <dial9_core[f38e8f55092c0b47]::recording::tests::flush_panic_is_recorded_in_next_cycles_metadata::{closure#0} as core[a373ad73a504971]::ops::function::FnOnce<()>>::call_once
[INFO] [stdout]   12:     0x64932b34e5ab - test[aada8e7e76ba119b]::__rust_begin_short_backtrace::<core[a373ad73a504971]::result::Result<(), alloc[2e1b2a31b91974c5]::string::String>, fn() -> core[a373ad73a504971]::result::Result<(), alloc[2e1b2a31b91974c5]::string::String>>
[INFO] [stdout]   13:     0x64932b35b785 - test[aada8e7e76ba119b]::run_test::{closure#0}
[INFO] [stdout]   14:     0x64932b355074 - std[617be2ca0a6fd877]::sys::backtrace::__rust_begin_short_backtrace::<test[aada8e7e76ba119b]::run_test::{closure#1}, ()>
[INFO] [stdout]   15:     0x64932b35e812 - <std[617be2ca0a6fd877]::thread::lifecycle::spawn_unchecked<test[aada8e7e76ba119b]::run_test::{closure#1}, ()>::{closure#1} as core[a373ad73a504971]::ops::function::FnOnce<()>>::call_once::{shim:vtable#0}
[INFO] [stdout]   16:     0x64932b3fbcbf - <std[617be2ca0a6fd877]::sys::thread::unix::Thread>::new::thread_start
[INFO] [stdout]   17:     0x7ff41b2f2dfa - <unknown>
[INFO] [stdout]   18:     0x7ff41b3863d4 - clone
[INFO] [stdout]   19:                0x0 - <unknown>
[INFO] [stdout] 
[INFO] [stdout] ---- recording::tests::distinct_panicking_flush_sources_are_each_warned_about stdout ----
[INFO] [stdout] 
[INFO] [stdout] thread 'recording::tests::distinct_panicking_flush_sources_are_each_warned_about' (2115) panicked at src/recording.rs:311:13:
[INFO] [stdout] condition not met within 5s
[INFO] [stdout] stack backtrace:
[INFO] [stdout]    0:     0x64932b3fc981 - <<std[617be2ca0a6fd877]::sys::backtrace::BacktraceLock>::print::DisplayBacktrace as core[a373ad73a504971]::fmt::Display>::fmt
[INFO] [stdout]    1:     0x64932b4131fa - core[a373ad73a504971]::fmt::write
[INFO] [stdout]    2:     0x64932b4014ec - <alloc[2e1b2a31b91974c5]::vec::Vec<u8> as core[a373ad73a504971]::io::write::Write>::write_fmt
[INFO] [stdout]    3:     0x64932b3d5306 - std[617be2ca0a6fd877]::panicking::default_hook::{closure#0}
[INFO] [stdout]    4:     0x64932b3f36c9 - std[617be2ca0a6fd877]::panicking::default_hook
[INFO] [stdout]    5:     0x64932b35b160 - test[aada8e7e76ba119b]::test_main_inner::{closure#0}
[INFO] [stdout]    6:     0x64932b3f3882 - std[617be2ca0a6fd877]::panicking::panic_with_hook
[INFO] [stdout]    7:     0x64932b3d53b2 - std[617be2ca0a6fd877]::panicking::panic_handler::{closure#0}
[INFO] [stdout]    8:     0x64932b3cdce9 - std[617be2ca0a6fd877]::sys::backtrace::__rust_end_short_backtrace::<std[617be2ca0a6fd877]::panicking::panic_handler::{closure#0}, !>
[INFO] [stdout]    9:     0x64932b3d60ad - __rustc[ea4f61d10b84890b]::rust_begin_unwind
[INFO] [stdout]   10:     0x64932b41395c - core[a373ad73a504971]::panicking::panic_fmt
[INFO] [stdout]   11:     0x64932b2ea8ee - <dial9_core[f38e8f55092c0b47]::recording::tests::distinct_panicking_flush_sources_are_each_warned_about::{closure#0} as core[a373ad73a504971]::ops::function::FnOnce<()>>::call_once
[INFO] [stdout]   12:     0x64932b34e5ab - test[aada8e7e76ba119b]::__rust_begin_short_backtrace::<core[a373ad73a504971]::result::Result<(), alloc[2e1b2a31b91974c5]::string::String>, fn() -> core[a373ad73a504971]::result::Result<(), alloc[2e1b2a31b91974c5]::string::String>>
[INFO] [stdout]   13:     0x64932b35b785 - test[aada8e7e76ba119b]::run_test::{closure#0}
[INFO] [stdout]   14:     0x64932b355074 - std[617be2ca0a6fd877]::sys::backtrace::__rust_begin_short_backtrace::<test[aada8e7e76ba119b]::run_test::{closure#1}, ()>
[INFO] [stdout]   15:     0x64932b35e812 - <std[617be2ca0a6fd877]::thread::lifecycle::spawn_unchecked<test[aada8e7e76ba119b]::run_test::{closure#1}, ()>::{closure#1} as core[a373ad73a504971]::ops::function::FnOnce<()>>::call_once::{shim:vtable#0}
[INFO] [stdout]   16:     0x64932b3fbcbf - <std[617be2ca0a6fd877]::sys::thread::unix::Thread>::new::thread_start
[INFO] [stdout]   17:     0x7ff41b2f2dfa - <unknown>
[INFO] [stdout]   18:     0x7ff41b3863d4 - clone
[INFO] [stdout]   19:                0x0 - <unknown>
[INFO] [stdout] 
[INFO] [stdout] ---- recording::tests::distinct_panicking_metadata_sources_are_each_warned_about stdout ----
[INFO] [stdout] 
[INFO] [stdout] thread 'recording::tests::distinct_panicking_metadata_sources_are_each_warned_about' (2116) panicked at src/recording.rs:311:13:
[INFO] [stdout] condition not met within 5s
[INFO] [stdout] stack backtrace:
[INFO] [stdout]    0:     0x64932b3fc981 - <<std[617be2ca0a6fd877]::sys::backtrace::BacktraceLock>::print::DisplayBacktrace as core[a373ad73a504971]::fmt::Display>::fmt
[INFO] [stdout]    1:     0x64932b4131fa - core[a373ad73a504971]::fmt::write
[INFO] [stdout]    2:     0x64932b4014ec - <alloc[2e1b2a31b91974c5]::vec::Vec<u8> as core[a373ad73a504971]::io::write::Write>::write_fmt
[INFO] [stdout]    3:     0x64932b3d5306 - std[617be2ca0a6fd877]::panicking::default_hook::{closure#0}
[INFO] [stdout]    4:     0x64932b3f36c9 - std[617be2ca0a6fd877]::panicking::default_hook
[INFO] [stdout]    5:     0x64932b35b160 - test[aada8e7e76ba119b]::test_main_inner::{closure#0}
[INFO] [stdout]    6:     0x64932b3f3882 - std[617be2ca0a6fd877]::panicking::panic_with_hook
[INFO] [stdout]    7:     0x64932b3d53b2 - std[617be2ca0a6fd877]::panicking::panic_handler::{closure#0}
[INFO] [stdout]    8:     0x64932b3cdce9 - std[617be2ca0a6fd877]::sys::backtrace::__rust_end_short_backtrace::<std[617be2ca0a6fd877]::panicking::panic_handler::{closure#0}, !>
[INFO] [stdout]    9:     0x64932b3d60ad - __rustc[ea4f61d10b84890b]::rust_begin_unwind
[INFO] [stdout]   10:     0x64932b41395c - core[a373ad73a504971]::panicking::panic_fmt
[INFO] [stdout]   11:     0x64932b2eb27e - <dial9_core[f38e8f55092c0b47]::recording::tests::distinct_panicking_metadata_sources_are_each_warned_about::{closure#0} as core[a373ad73a504971]::ops::function::FnOnce<()>>::call_once
[INFO] [stdout]   12:     0x64932b34e5ab - test[aada8e7e76ba119b]::__rust_begin_short_backtrace::<core[a373ad73a504971]::result::Result<(), alloc[2e1b2a31b91974c5]::string::String>, fn() -> core[a373ad73a504971]::result::Result<(), alloc[2e1b2a31b91974c5]::string::String>>
[INFO] [stdout]   13:     0x64932b35b785 - test[aada8e7e76ba119b]::run_test::{closure#0}
[INFO] [stdout]   14:     0x64932b355074 - std[617be2ca0a6fd877]::sys::backtrace::__rust_begin_short_backtrace::<test[aada8e7e76ba119b]::run_test::{closure#1}, ()>
[INFO] [stdout]   15:     0x64932b35e812 - <std[617be2ca0a6fd877]::thread::lifecycle::spawn_unchecked<test[aada8e7e76ba119b]::run_test::{closure#1}, ()>::{closure#1} as core[a373ad73a504971]::ops::function::FnOnce<()>>::call_once::{shim:vtable#0}
[INFO] [stdout]   16:     0x64932b3fbcbf - <std[617be2ca0a6fd877]::sys::thread::unix::Thread>::new::thread_start
[INFO] [stdout]   17:     0x7ff41b2f2dfa - <unknown>
[INFO] [stdout]   18:     0x7ff41b3863d4 - clone
[INFO] [stdout]   19:                0x0 - <unknown>
[INFO] [stdout] 
[INFO] [stdout] ---- recording::tests::source_panic_does_not_skip_thread_teardown stdout ----
[INFO] [stdout] 
[INFO] [stdout] thread 'recording::tests::source_panic_does_not_skip_thread_teardown' (2119) panicked at src/recording.rs:311:13:
[INFO] [stdout] condition not met within 5s
[INFO] [stdout] stack backtrace:
[INFO] [stdout]    0:     0x64932b3fc981 - <<std[617be2ca0a6fd877]::sys::backtrace::BacktraceLock>::print::DisplayBacktrace as core[a373ad73a504971]::fmt::Display>::fmt
[INFO] [stdout]    1:     0x64932b4131fa - core[a373ad73a504971]::fmt::write
[INFO] [stdout]    2:     0x64932b4014ec - <alloc[2e1b2a31b91974c5]::vec::Vec<u8> as core[a373ad73a504971]::io::write::Write>::write_fmt
[INFO] [stdout]    3:     0x64932b3d5306 - std[617be2ca0a6fd877]::panicking::default_hook::{closure#0}
[INFO] [stdout]    4:     0x64932b3f36c9 - std[617be2ca0a6fd877]::panicking::default_hook
[INFO] [stdout]    5:     0x64932b35b160 - test[aada8e7e76ba119b]::test_main_inner::{closure#0}
[INFO] [stdout]    6:     0x64932b3f3882 - std[617be2ca0a6fd877]::panicking::panic_with_hook
[INFO] [stdout]    7:     0x64932b3d53b2 - std[617be2ca0a6fd877]::panicking::panic_handler::{closure#0}
[INFO] [stdout]    8:     0x64932b3cdce9 - std[617be2ca0a6fd877]::sys::backtrace::__rust_end_short_backtrace::<std[617be2ca0a6fd877]::panicking::panic_handler::{closure#0}, !>
[INFO] [stdout]    9:     0x64932b3d60ad - __rustc[ea4f61d10b84890b]::rust_begin_unwind
[INFO] [stdout]   10:     0x64932b41395c - core[a373ad73a504971]::panicking::panic_fmt
[INFO] [stdout]   11:     0x64932b2e906d - <dial9_core[f38e8f55092c0b47]::recording::tests::source_panic_does_not_skip_thread_teardown::{closure#0} as core[a373ad73a504971]::ops::function::FnOnce<()>>::call_once
[INFO] [stdout]   12:     0x64932b34e5ab - test[aada8e7e76ba119b]::__rust_begin_short_backtrace::<core[a373ad73a504971]::result::Result<(), alloc[2e1b2a31b91974c5]::string::String>, fn() -> core[a373ad73a504971]::result::Result<(), alloc[2e1b2a31b91974c5]::string::String>>
[INFO] [stdout]   13:     0x64932b35b785 - test[aada8e7e76ba119b]::run_test::{closure#0}
[INFO] [stdout]   14:     0x64932b355074 - std[617be2ca0a6fd877]::sys::backtrace::__rust_begin_short_backtrace::<test[aada8e7e76ba119b]::run_test::{closure#1}, ()>
[INFO] [stdout]   15:     0x64932b35e812 - <std[617be2ca0a6fd877]::thread::lifecycle::spawn_unchecked<test[aada8e7e76ba119b]::run_test::{closure#1}, ()>::{closure#1} as core[a373ad73a504971]::ops::function::FnOnce<()>>::call_once::{shim:vtable#0}
[INFO] [stdout]   16:     0x64932b3fbcbf - <std[617be2ca0a6fd877]::sys::thread::unix::Thread>::new::thread_start
[INFO] [stdout]   17:     0x7ff41b2f2dfa - <unknown>
[INFO] [stdout]   18:     0x7ff41b3863d4 - clone
[INFO] [stdout]   19:                0x0 - <unknown>
[INFO] [stdout] 
[INFO] [stdout] 
[INFO] [stdout] failures:
[INFO] [stdout]     recorder::single_recorder_tests::a_second_recorder_in_the_process_is_refused
[INFO] [stdout]     recorder::tests::build_starts_recording
[INFO] [stdout]     recorder::tests::paused_build_waits_for_enable
[INFO] [stdout]     recorder::tests::recording_thread_hook_runs_on_dial9_threads
[INFO] [stdout]     recorder::tests::records_source_events_to_disk
[INFO] [stdout]     recording::tests::distinct_panicking_flush_sources_are_each_warned_about
[INFO] [stdout]     recording::tests::distinct_panicking_metadata_sources_are_each_warned_about
[INFO] [stdout]     recording::tests::flush_panic_is_recorded_in_next_cycles_metadata
[INFO] [stdout]     recording::tests::source_panic_does_not_skip_thread_teardown
[INFO] [stdout]     recording::tests::source_panic_during_segment_metadata_skips_only_that_source
[INFO] [stdout]     thread::tests::a_failing_source_rolls_back_the_started_ones
[INFO] [stdout] 
[INFO] [stdout] test result: FAILED. 123 passed; 11 failed; 1 ignored; 0 measured; 0 filtered out; finished in 5.07s
[INFO] [stdout] 
[INFO] [stderr] error: test failed, to rerun pass `--lib`
[INFO] running `Command { std: "docker" "inspect" "bf1fd5695aa2eb408a5c62676925f3186d43e18b9b2f511c3141c20bd1dd3a97", kill_on_drop: false }`
[INFO] running `Command { std: "docker" "rm" "-f" "bf1fd5695aa2eb408a5c62676925f3186d43e18b9b2f511c3141c20bd1dd3a97", kill_on_drop: false }`
[INFO] [stdout] bf1fd5695aa2eb408a5c62676925f3186d43e18b9b2f511c3141c20bd1dd3a97
