[INFO] fetching crate dhcplease 0.2.1...
[INFO] testing dhcplease-0.2.1 against 1.99.0-beta.8+cargoflags=--release for beta-release-1.100-2
[INFO] extracting crate dhcplease 0.2.1 into /workspace/builds/worker-1-tc1/source
[INFO] started tweaking crates.io crate dhcplease 0.2.1
[INFO] removed 0 missing tests
[INFO] finished tweaking crates.io crate dhcplease 0.2.1
[INFO] tweaked toml for crates.io crate dhcplease 0.2.1 written to /workspace/builds/worker-1-tc1/source/Cargo.toml
[INFO] validating manifest of crates.io crate dhcplease 0.2.1 on toolchain 1.99.0-beta.8
[INFO] running `Command { std: CARGO_HOME="/workspace/cargo-home" RUSTUP_HOME="/workspace/rustup-home" "/workspace/cargo-home/bin/cargo" "+1.99.0-beta.8" "metadata" "--manifest-path" "Cargo.toml" "--no-deps", kill_on_drop: false }`
[INFO] crate crates.io crate dhcplease 0.2.1 already has a lockfile, it will not be regenerated
[INFO] running `Command { std: CARGO_HOME="/workspace/cargo-home" RUSTUP_HOME="/workspace/rustup-home" "/workspace/cargo-home/bin/cargo" "+1.99.0-beta.8" "fetch" "--manifest-path" "Cargo.toml", kill_on_drop: false }`
[INFO] [stderr]  Downloading crates ...
[INFO] [stderr]   Downloaded tokio-test v0.4.5
[INFO] [stderr]   Downloaded wasm-bindgen-macro v0.2.108
[INFO] [stderr]   Downloaded wasm-bindgen-shared v0.2.108
[INFO] [stderr]   Downloaded clap_lex v0.7.7
[INFO] [stderr]   Downloaded find-msvc-tools v0.1.8
[INFO] [stderr]   Downloaded zmij v1.0.17
[INFO] [stderr]   Downloaded tokio-stream v0.1.18
[INFO] [stderr]   Downloaded thread_local v1.1.9
[INFO] [stderr]   Downloaded wasm-bindgen v0.2.108
[INFO] [stderr]   Downloaded iana-time-zone v0.1.64
[INFO] [stderr]   Downloaded wasm-bindgen-macro-support v0.2.108
[INFO] [stderr]   Downloaded js-sys v0.3.85
[INFO] [stderr]   Downloaded socket2 v0.6.2
[INFO] [stderr]   Downloaded cc v1.2.54
[INFO] [stderr]   Downloaded zerocopy-derive v0.8.35
[INFO] [stderr]   Downloaded tracing-subscriber v0.3.22
[INFO] [stderr]   Downloaded chrono v0.4.43
[INFO] [stderr]   Downloaded zerocopy v0.8.35
[INFO] [stderr]   Downloaded tokio v1.49.0
[INFO] running `Command { std: "docker" "create" "-v" "/var/lib/crater-agent-workspace/builds/worker-1-tc1/source:/opt/rustwide/workdir:ro,Z" "-v" "/var/lib/crater-agent-workspace/builds/worker-1-tc1/target:/opt/rustwide/target:rw,Z" "-v" "/var/lib/crater-agent-workspace/cargo-home:/opt/rustwide/cargo-home:ro,Z" "-v" "/var/lib/crater-agent-workspace/rustup-home:/opt/rustwide/rustup-home:ro,Z" "-m" "1610612736" "--network" "none" "ghcr.io/rust-lang/crates-build-env/linux@sha256:77db811e55d90add9212f6832c23229e3de5f1c1f9905e8cb07319ea15df73ac" "sleep" "infinity", kill_on_drop: false }`
[INFO] [stdout] ffbc2ed55383936cb69c7973ea5ffc716ca91d38468420b9d1b5716435db06c1
[INFO] running `Command { std: "docker" "start" "ffbc2ed55383936cb69c7973ea5ffc716ca91d38468420b9d1b5716435db06c1", kill_on_drop: false }`
[INFO] running `Command { std: "docker" "inspect" "ffbc2ed55383936cb69c7973ea5ffc716ca91d38468420b9d1b5716435db06c1", kill_on_drop: false }`
[INFO] running `Command { std: "docker" "exec" "-e" "SOURCE_DIR=/opt/rustwide/workdir" "-e" "CARGO_HOME=/opt/rustwide/cargo-home" "-e" "RUSTUP_HOME=/opt/rustwide/rustup-home" "-e" "CARGO_TARGET_DIR=/opt/rustwide/target" "-w" "/opt/rustwide/workdir" "--user" "0:0" "ffbc2ed55383936cb69c7973ea5ffc716ca91d38468420b9d1b5716435db06c1" "/opt/rustwide/cargo-home/bin/cargo" "+1.99.0-beta.8" "metadata" "--no-deps" "--format-version=1", kill_on_drop: false }`
[INFO] running `Command { std: "docker" "inspect" "ffbc2ed55383936cb69c7973ea5ffc716ca91d38468420b9d1b5716435db06c1", kill_on_drop: false }`
[INFO] running `Command { std: "docker" "exec" "-e" "SOURCE_DIR=/opt/rustwide/workdir" "-e" "CARGO_HOME=/opt/rustwide/cargo-home" "-e" "RUSTUP_HOME=/opt/rustwide/rustup-home" "-e" "CARGO_TARGET_DIR=/opt/rustwide/target" "-e" "CARGO_INCREMENTAL=0" "-e" "RUST_BACKTRACE=full" "-e" "RUSTFLAGS=--cap-lints=warn" "-e" "RUSTDOCFLAGS=--cap-lints=warn" "-w" "/opt/rustwide/workdir" "--user" "0:0" "ffbc2ed55383936cb69c7973ea5ffc716ca91d38468420b9d1b5716435db06c1" "/opt/rustwide/cargo-home/bin/cargo" "+1.99.0-beta.8" "build" "--frozen" "--message-format=json" "--release", kill_on_drop: false }`
[INFO] [stderr]    Compiling quote v1.0.44
[INFO] [stderr]    Compiling unicode-ident v1.0.22
[INFO] [stderr]    Compiling libc v0.2.180
[INFO] [stderr]    Compiling cfg-if v1.0.4
[INFO] [stderr]    Compiling serde_core v1.0.228
[INFO] [stderr]    Compiling smallvec v1.15.1
[INFO] [stderr]    Compiling once_cell v1.21.3
[INFO] [stderr]    Compiling utf8parse v0.2.2
[INFO] [stderr]    Compiling autocfg v1.5.0
[INFO] [stderr]    Compiling is_terminal_polyfill v1.70.2
[INFO] [stderr]    Compiling regex-syntax v0.8.8
[INFO] [stderr]    Compiling pin-project-lite v0.2.16
[INFO] [stderr]    Compiling colorchoice v1.0.4
[INFO] [stderr]    Compiling serde v1.0.228
[INFO] [stderr]    Compiling anstyle-query v1.1.5
[INFO] [stderr]    Compiling anstyle v1.0.13
[INFO] [stderr]    Compiling anstyle-parse v0.2.7
[INFO] [stderr]    Compiling zmij v1.0.17
[INFO] [stderr]    Compiling strsim v0.11.1
[INFO] [stderr]    Compiling lazy_static v1.5.0
[INFO] [stderr]    Compiling serde_json v1.0.149
[INFO] [stderr]    Compiling log v0.4.29
[INFO] [stderr]    Compiling thiserror v2.0.18
[INFO] [stderr]    Compiling clap_lex v0.7.7
[INFO] [stderr]    Compiling proc-macro2 v1.0.106
[INFO] [stderr]    Compiling anstream v0.6.21
[INFO] [stderr]    Compiling sharded-slab v0.1.7
[INFO] [stderr]    Compiling thread_local v1.1.9
[INFO] [stderr]    Compiling memchr v2.7.6
[INFO] [stderr]    Compiling tracing-core v0.1.36
[INFO] [stderr]    Compiling bytes v1.11.0
[INFO] [stderr]    Compiling itoa v1.0.17
[INFO] [stderr]    Compiling iana-time-zone v0.1.64
[INFO] [stderr]    Compiling num-traits v0.2.19
[INFO] [stderr]    Compiling clap_builder v4.5.54
[INFO] [stderr]    Compiling tracing-log v0.2.0
[INFO] [stderr]    Compiling syn v2.0.114
[INFO] [stderr]    Compiling errno v0.3.14
[INFO] [stderr]    Compiling parking_lot_core v0.9.12
[INFO] [stderr]    Compiling mio v1.1.1
[INFO] [stderr]    Compiling socket2 v0.6.2
[INFO] [stderr]    Compiling socket2 v0.5.10
[INFO] [stderr]    Compiling signal-hook-registry v1.4.8
[INFO] [stderr]    Compiling parking_lot v0.12.5
[INFO] [stderr]    Compiling regex-automata v0.4.13
[INFO] [stderr]    Compiling matchers v0.2.0
[INFO] [stderr]    Compiling tracing-attributes v0.1.31
[INFO] [stderr]    Compiling serde_derive v1.0.228
[INFO] [stderr]    Compiling tokio-macros v2.6.0
[INFO] [stderr]    Compiling thiserror-impl v2.0.18
[INFO] [stderr]    Compiling clap_derive v4.5.49
[INFO] [stderr]    Compiling tokio v1.49.0
[INFO] [stderr]    Compiling tracing v0.1.44
[INFO] [stderr]    Compiling tracing-subscriber v0.3.22
[INFO] [stderr]    Compiling clap v4.5.54
[INFO] [stderr]    Compiling chrono v0.4.43
[INFO] [stderr]    Compiling dhcplease v0.2.1 (/opt/rustwide/workdir)
[INFO] [stderr]     Finished `release` profile [optimized] target(s) in 55.88s
[INFO] running `Command { std: "docker" "inspect" "ffbc2ed55383936cb69c7973ea5ffc716ca91d38468420b9d1b5716435db06c1", kill_on_drop: false }`
[INFO] running `Command { std: "docker" "exec" "-e" "SOURCE_DIR=/opt/rustwide/workdir" "-e" "CARGO_HOME=/opt/rustwide/cargo-home" "-e" "RUSTUP_HOME=/opt/rustwide/rustup-home" "-e" "CARGO_TARGET_DIR=/opt/rustwide/target" "-e" "CARGO_INCREMENTAL=0" "-e" "RUST_BACKTRACE=full" "-e" "RUSTFLAGS=--cap-lints=warn" "-e" "RUSTDOCFLAGS=--cap-lints=warn" "-w" "/opt/rustwide/workdir" "--user" "0:0" "ffbc2ed55383936cb69c7973ea5ffc716ca91d38468420b9d1b5716435db06c1" "/opt/rustwide/cargo-home/bin/cargo" "+1.99.0-beta.8" "test" "--frozen" "--no-run" "--message-format=json" "--release", kill_on_drop: false }`
[INFO] [stderr]    Compiling getrandom v0.3.4
[INFO] [stderr]    Compiling regex-syntax v0.8.8
[INFO] [stderr]    Compiling num-traits v0.2.19
[INFO] [stderr]    Compiling rustix v1.1.3
[INFO] [stderr]    Compiling zerocopy v0.8.35
[INFO] [stderr]    Compiling linux-raw-sys v0.11.0
[INFO] [stderr]    Compiling bitflags v2.10.0
[INFO] [stderr]    Compiling tokio v1.49.0
[INFO] [stderr]    Compiling fastrand v2.3.0
[INFO] [stderr]    Compiling wait-timeout v0.2.1
[INFO] [stderr]    Compiling quick-error v1.2.3
[INFO] [stderr]    Compiling bit-vec v0.8.0
[INFO] [stderr]    Compiling fnv v1.0.7
[INFO] [stderr]    Compiling unarray v0.1.4
[INFO] [stderr]    Compiling bit-set v0.8.0
[INFO] [stderr]    Compiling rand_core v0.9.5
[INFO] [stderr]    Compiling rand_xorshift v0.4.0
[INFO] [stderr]    Compiling rand v0.9.2
[INFO] [stderr]    Compiling chrono v0.4.43
[INFO] [stderr]    Compiling regex-automata v0.4.13
[INFO] [stderr]    Compiling tempfile v3.24.0
[INFO] [stderr]    Compiling rusty-fork v0.3.1
[INFO] [stderr]    Compiling matchers v0.2.0
[INFO] [stderr]    Compiling tracing-subscriber v0.3.22
[INFO] [stderr]    Compiling ppv-lite86 v0.2.21
[INFO] [stderr]    Compiling rand_chacha v0.9.0
[INFO] [stderr]    Compiling proptest v1.9.0
[INFO] [stderr]    Compiling tokio-stream v0.1.18
[INFO] [stderr]    Compiling tokio-test v0.4.5
[INFO] [stderr]    Compiling dhcplease v0.2.1 (/opt/rustwide/workdir)
[INFO] [stderr]     Finished `release` profile [optimized] target(s) in 53.87s
[INFO] running `Command { std: "docker" "inspect" "ffbc2ed55383936cb69c7973ea5ffc716ca91d38468420b9d1b5716435db06c1", kill_on_drop: false }`
[INFO] running `Command { std: "docker" "exec" "-e" "SOURCE_DIR=/opt/rustwide/workdir" "-e" "CARGO_HOME=/opt/rustwide/cargo-home" "-e" "RUSTUP_HOME=/opt/rustwide/rustup-home" "-e" "CARGO_TARGET_DIR=/opt/rustwide/target" "-e" "CARGO_INCREMENTAL=0" "-e" "RUST_BACKTRACE=full" "-e" "RUSTFLAGS=--cap-lints=warn" "-e" "RUSTDOCFLAGS=--cap-lints=warn" "-w" "/opt/rustwide/workdir" "--user" "0:0" "ffbc2ed55383936cb69c7973ea5ffc716ca91d38468420b9d1b5716435db06c1" "/opt/rustwide/cargo-home/bin/cargo" "+1.99.0-beta.8" "test" "--frozen" "--release", kill_on_drop: false }`
[INFO] [stderr]     Finished `release` profile [optimized] target(s) in 0.14s
[INFO] [stderr]      Running unittests src/lib.rs (/opt/rustwide/target/release/deps/dhcplease-eedcc21744e9be78)
[INFO] [stdout] 
[INFO] [stdout] running 126 tests
[INFO] [stdout] test config::tests::test_is_valid_mac_detailed ... ok
[INFO] [stdout] test config::tests::test_ip_in_pool_boundaries ... ok
[INFO] [stdout] test config::tests::test_mac_functions ... ok
[INFO] [stdout] test config::tests::test_multiple_unique_static_bindings_valid ... ok
[INFO] [stdout] test config::tests::test_pool_boundary_validation ... ok
[INFO] [stdout] test config::tests::test_config_validation ... ok
[INFO] [stdout] test config::tests::test_gateway_pool_boundary ... ok
[INFO] [stdout] test config::tests::test_domain_name_validation ... ok
[INFO] [stdout] test config::tests::test_pool_functions ... ok
[INFO] [stdout] test config::tests::test_pool_size_calculation ... ok
[INFO] [stdout] test config::tests::test_config_load_creates_default_when_missing ... FAILED
[INFO] [stdout] test config::tests::test_config_save_and_load ... FAILED
[INFO] [stdout] test config::tests::test_sanitize_hostname ... ok
[INFO] [stdout] test config::tests::test_sanitize_domain_name ... ok
[INFO] [stdout] test config::tests::test_server_ip_pool_boundary ... ok
[INFO] [stdout] test config::tests::test_single_static_binding_valid ... ok
[INFO] [stdout] test lease::tests::test_cleanup_pending_offers_expiration ... ok
[INFO] [stdout] test lease::tests::test_client_can_renew_same_ip ... ok
[INFO] [stdout] test lease::tests::test_decline_and_availability ... ok
[INFO] [stdout] test lease::tests::test_decline_ip_not_in_pool ... ok
[INFO] [stdout] test lease::tests::test_client_changes_ip ... ok
[INFO] [stdout] test lease::tests::test_ip_allocation ... ok
[INFO] [stdout] test lease::tests::test_ip_already_leased_to_different_client ... ok
[INFO] [stdout] test config::tests::test_static_binding_conflicts ... ok
[INFO] [stdout] test lease::tests::test_is_ip_available_declined ... ok
[INFO] [stdout] test config::tests::test_static_binding_duplicate_detection ... ok
[INFO] [stdout] test lease::tests::test_active_lease_count ... ok
[INFO] [stdout] test lease::tests::test_free_ip_tracking ... ok
[INFO] [stdout] test lease::tests::test_is_ip_available_for_different_client ... ok
[INFO] [stdout] test lease::tests::test_expired_lease_cleanup ... FAILED
[INFO] [stdout] test lease::tests::test_concurrent_allocations ... ok
[INFO] [stdout] test lease::tests::test_create_lease_releases_old_ip ... ok
[INFO] [stdout] test lease::tests::test_decline_removes_lease ... ok
[INFO] [stdout] test lease::tests::test_is_ip_available_pending_offer ... ok
[INFO] [stdout] test lease::tests::test_lease_is_expired_boundary ... ok
[INFO] [stdout] test lease::tests::test_lease_lifecycle ... ok
[INFO] [stdout] test lease::tests::test_concurrent_create_and_release ... ok
[INFO] [stdout] test lease::tests::test_offer_tracking ... ok
[INFO] [stdout] test config::tests::test_subnet_mask_validation ... ok
[INFO] [stdout] test lease::tests::test_cleanup_expired_returns_zero_when_none_expired ... ok
[INFO] [stdout] test lease::tests::test_renew_nonexistent_lease ... ok
[INFO] [stdout] test lease::tests::test_static_binding ... ok
[INFO] [stdout] test lease::tests::test_is_ip_available_free ... ok
[INFO] [stdout] test options::tests::test_dns_server_empty_data_rejected ... ok
[INFO] [stdout] test lease::tests::test_allocate_returns_existing_lease ... ok
[INFO] [stdout] test lease::tests::test_get_lease_by_ip ... ok
[INFO] [stdout] test lease::tests::test_list_leases ... ok
[INFO] [stdout] test lease::tests::test_static_binding_client_id_format ... ok
[INFO] [stdout] test lease::tests::test_lease_struct ... ok
[INFO] [stdout] test options::tests::test_message_type_conversions ... ok
[INFO] [stdout] test lease::tests::test_pool_exhaustion ... ok
[INFO] [stdout] test options::tests::test_unknown_option ... ok
[INFO] [stdout] test packet::tests::test_client_id_from_chaddr ... ok
[INFO] [stdout] test packet::tests::test_create_reply_copies_htype ... ok
[INFO] [stdout] test options::tests::test_message_type_display ... ok
[INFO] [stdout] test packet::tests::test_giaddr_preserved_in_reply ... ok
[INFO] [stdout] test options::tests::test_option_encode_decode_roundtrip ... ok
[INFO] [stdout] test options::tests::test_option_invalid_lengths ... ok
[INFO] [stdout] test packet::tests::test_client_id_with_option ... ok
[INFO] [stdout] test packet::tests::test_all_zero_chaddr ... ok
[INFO] [stdout] test packet::tests::test_flags_preserved_in_reply ... ok
[INFO] [stdout] test packet::tests::test_create_bootp_reply ... ok
[INFO] [stdout] test packet::tests::test_chaddr_bytes_respects_hlen ... ok
[INFO] [stdout] test packet::tests::test_hostname_max_length_truncation ... ok
[INFO] [stdout] test packet::tests::test_create_reply ... ok
[INFO] [stdout] test lease::tests::test_static_binding_wrong_mac ... ok
[INFO] [stdout] test packet::tests::test_hlen_validation ... ok
[INFO] [stdout] test packet::tests::test_minimum_valid_packet ... ok
[INFO] [stdout] test packet::tests::test_hops_limit ... ok
[INFO] [stdout] test lease::tests::test_lease_persistence ... FAILED
[INFO] [stdout] test lease::tests::test_release_mismatched_ciaddr ... ok
[INFO] [stdout] test packet::tests::test_min_packet_size_on_encode ... ok
[INFO] [stdout] test packet::tests::test_option_overload_file ... ok
[INFO] [stdout] test packet::tests::test_packet_with_only_end_option ... ok
[INFO] [stdout] test packet::tests::test_option_with_zero_length ... ok
[INFO] [stdout] test packet::tests::test_invalid_packets ... ok
[INFO] [stdout] test packet::tests::test_packet_with_pad_options ... ok
[INFO] [stdout] test packet::tests::test_option_overload_both ... ok
[INFO] [stdout] test packet::tests::test_parse_and_roundtrip ... ok
[INFO] [stdout] test packet::tests::test_option_with_max_length ... ok
[INFO] [stdout] test options::tests::test_router_empty_data_rejected ... ok
[INFO] [stdout] test packet::tests::test_packet_field_offsets_correct ... ok
[INFO] [stdout] test packet::tests::test_encode_produces_correct_offsets ... ok
[INFO] [stdout] test packet::tests::test_parse_with_options ... ok
[INFO] [stdout] test packet::tests::test_truncated_option_length ... ok
[INFO] [stdout] test packet::tests::test_duplicate_message_type_options ... ok
[INFO] [stdout] test server::tests::test_handle_decline ... ok
[INFO] [stdout] test server::tests::test_handle_discover_allocates_ip ... ok
[INFO] [stdout] test server::tests::test_handle_discover_with_requested_ip ... ok
[INFO] [stdout] test packet::tests::test_truncated_option_data ... ok
[INFO] [stdout] test server::tests::test_handle_bootp_packet ... ok
[INFO] [stdout] test packet::tests::test_unicast_flag ... ok
[INFO] [stdout] test packet::tests::test_unknown_option_preserved ... ok
[INFO] [stdout] test server::tests::test_handle_inform ... ok
[INFO] [stdout] test packet::tests::test_option_overload_sname ... ok
[INFO] [stdout] test server::tests::test_filter_options_by_prl ... ok
[INFO] [stdout] test server::tests::test_build_offer_options_renewal_time_calculation ... ok
[INFO] [stdout] test server::tests::test_full_dora_flow_packet_contents ... ok
[INFO] [stdout] test server::tests::test_build_offer_options ... ok
[INFO] [stdout] test packet::tests::test_relay_agent_info_parsing ... ok
[INFO] [stdout] test packet::tests::test_server_identifier_parsing ... ok
[INFO] [stdout] test server::tests::test_handle_packet_dispatches_to_decline ... ok
[INFO] [stdout] test server::tests::test_build_inform_options ... ok
[INFO] [stdout] test server::tests::test_handle_packet_dispatches_to_inform ... ok
[INFO] [stdout] test server::tests::test_handle_packet_dispatches_to_discover ... ok
[INFO] [stdout] test server::tests::test_handle_packet_dispatches_to_release ... ok
[INFO] [stdout] test server::tests::test_handle_release ... ok
[INFO] [stdout] test server::tests::test_handle_release_no_ciaddr ... ok
[INFO] [stdout] test server::tests::test_handle_request_creates_lease ... ok
[INFO] [stdout] test server::tests::test_negotiate_lease_time_clamps_minimum ... ok
[INFO] [stdout] test server::tests::test_negotiate_lease_time_uses_requested ... ok
[INFO] [stdout] test server::tests::test_pool_exhaustion ... ok
[INFO] [stdout] test server::tests::test_handle_packet_dispatches_to_request ... ok
[INFO] [stdout] test server::tests::test_renewal_flow ... ok
[INFO] [stdout] test server::tests::test_handle_packet_rejects_bootreply ... ok
[INFO] [stdout] test server::tests::test_reply_destination_relay ... ok
[INFO] [stdout] test server::tests::test_handle_request_with_ciaddr ... ok
[INFO] [stdout] test server::tests::test_relay_agent_info_echoed_in_options ... ok
[INFO] [stdout] test server::tests::test_static_binding_check ... ok
[INFO] [stdout] test server::tests::test_is_rate_limited_boundary ... ok
[INFO] [stdout] test server::tests::test_handle_request_different_server ... ok
[INFO] [stdout] test server::tests::test_rate_limiting ... ok
[INFO] [stdout] test server::tests::test_negotiate_lease_time_clamps_maximum ... ok
[INFO] [stdout] test server::tests::test_handle_request_ip_not_in_pool ... ok
[INFO] [stdout] test server::tests::test_reply_destination_broadcast ... ok
[INFO] [stdout] test server::tests::test_rate_limit_cleanup ... ok
[INFO] [stderr] error: test failed, to rerun pass `--lib`
[INFO] [stdout] 
[INFO] [stdout] failures:
[INFO] [stdout] 
[INFO] [stdout] ---- config::tests::test_config_load_creates_default_when_missing stdout ----
[INFO] [stdout] 
[INFO] [stdout] thread 'config::tests::test_config_load_creates_default_when_missing' (2093) panicked at src/config.rs:825:9:
[INFO] [stdout] assertion failed: result.is_ok()
[INFO] [stdout] stack backtrace:
[INFO] [stdout]    0:     0x613ce44b7f91 - <<std[70759c8f55707aa4]::sys::backtrace::BacktraceLock>::print::DisplayBacktrace as core[df12db4294e9bfd3]::fmt::Display>::fmt
[INFO] [stdout]    1:     0x613ce44ce43a - core[df12db4294e9bfd3]::fmt::write
[INFO] [stdout]    2:     0x613ce44bc95c - <alloc[2182bb758b4b3781]::vec::Vec<u8> as core[df12db4294e9bfd3]::io::write::Write>::write_fmt
[INFO] [stdout]    3:     0x613ce4493396 - std[70759c8f55707aa4]::panicking::default_hook::{closure#0}
[INFO] [stdout]    4:     0x613ce44afb19 - std[70759c8f55707aa4]::panicking::default_hook
[INFO] [stdout]    5:     0x613ce441f140 - test[9d35eded1c95d3be]::test_main_inner::<test[9d35eded1c95d3be]::test_main_static::{closure#0}>::{closure#0}
[INFO] [stdout]    6:     0x613ce44afcd2 - std[70759c8f55707aa4]::panicking::panic_with_hook
[INFO] [stdout]    7:     0x613ce4493474 - std[70759c8f55707aa4]::panicking::panic_handler::{closure#0}
[INFO] [stdout]    8:     0x613ce448bed9 - std[70759c8f55707aa4]::sys::backtrace::__rust_end_short_backtrace::<std[70759c8f55707aa4]::panicking::panic_handler::{closure#0}, !>
[INFO] [stdout]    9:     0x613ce449422d - __rustc[8fa7c3cbc660c2b3]::rust_begin_unwind
[INFO] [stdout]   10:     0x613ce44ceb9c - core[df12db4294e9bfd3]::panicking::panic_fmt
[INFO] [stdout]   11:     0x613ce44ceb62 - core[df12db4294e9bfd3]::panicking::panic
[INFO] [stdout]   12:     0x613ce43e7fd6 - dhcplease[b186cdfd169b7a54]::config::tests::test_config_load_creates_default_when_missing::{closure#0}
[INFO] [stdout]   13:     0x613ce4403af3 - <tokio[e4fbf44362c9ff59]::runtime::scheduler::current_thread::Context>::enter::<core[df12db4294e9bfd3]::task::poll::Poll<()>, <tokio[e4fbf44362c9ff59]::runtime::scheduler::current_thread::CoreGuard>::block_on<core[df12db4294e9bfd3]::pin::Pin<&mut core[df12db4294e9bfd3]::pin::Pin<&mut dyn core[df12db4294e9bfd3]::future::future::Future<Output = ()>>>>::{closure#0}::{closure#0}>
[INFO] [stdout]   14:     0x613ce43f672c - <tokio[e4fbf44362c9ff59]::runtime::context::scoped::Scoped<tokio[e4fbf44362c9ff59]::runtime::scheduler::Context>>::set::<<tokio[e4fbf44362c9ff59]::runtime::scheduler::current_thread::CoreGuard>::enter<<tokio[e4fbf44362c9ff59]::runtime::scheduler::current_thread::CoreGuard>::block_on<core[df12db4294e9bfd3]::pin::Pin<&mut core[df12db4294e9bfd3]::pin::Pin<&mut dyn core[df12db4294e9bfd3]::future::future::Future<Output = ()>>>>::{closure#0}, core[df12db4294e9bfd3]::option::Option<()>>::{closure#0}, (alloc[2182bb758b4b3781]::boxed::Box<tokio[e4fbf44362c9ff59]::runtime::scheduler::current_thread::Core>, core[df12db4294e9bfd3]::option::Option<()>)>
[INFO] [stdout]   15:     0x613ce4404147 - <tokio[e4fbf44362c9ff59]::runtime::scheduler::current_thread::CoreGuard>::block_on::<core[df12db4294e9bfd3]::pin::Pin<&mut core[df12db4294e9bfd3]::pin::Pin<&mut dyn core[df12db4294e9bfd3]::future::future::Future<Output = ()>>>>
[INFO] [stdout]   16:     0x613ce43fd8e7 - tokio[e4fbf44362c9ff59]::runtime::context::runtime::enter_runtime::<<tokio[e4fbf44362c9ff59]::runtime::scheduler::current_thread::CurrentThread>::block_on<core[df12db4294e9bfd3]::pin::Pin<&mut dyn core[df12db4294e9bfd3]::future::future::Future<Output = ()>>>::{closure#0}, ()>
[INFO] [stdout]   17:     0x613ce44039d5 - <tokio[e4fbf44362c9ff59]::runtime::runtime::Runtime>::block_on::<core[df12db4294e9bfd3]::pin::Pin<&mut dyn core[df12db4294e9bfd3]::future::future::Future<Output = ()>>>
[INFO] [stdout]   18:     0x613ce43ebdcb - dhcplease[b186cdfd169b7a54]::config::tests::test_config_load_creates_default_when_missing
[INFO] [stdout]   19:     0x613ce43e3fb9 - <dhcplease[b186cdfd169b7a54]::config::tests::test_config_load_creates_default_when_missing::{closure#0} as core[df12db4294e9bfd3]::ops::function::FnOnce<()>>::call_once
[INFO] [stdout]   20:     0x613ce441242b - test[9d35eded1c95d3be]::__rust_begin_short_backtrace::<core[df12db4294e9bfd3]::result::Result<(), alloc[2182bb758b4b3781]::string::String>, fn() -> core[df12db4294e9bfd3]::result::Result<(), alloc[2182bb758b4b3781]::string::String>>
[INFO] [stdout]   21:     0x613ce441fa95 - test[9d35eded1c95d3be]::run_test::{closure#0}
[INFO] [stdout]   22:     0x613ce4419354 - std[70759c8f55707aa4]::sys::backtrace::__rust_begin_short_backtrace::<test[9d35eded1c95d3be]::run_test::{closure#1}, ()>
[INFO] [stdout]   23:     0x613ce4422bf2 - <std[70759c8f55707aa4]::thread::lifecycle::spawn_unchecked<test[9d35eded1c95d3be]::run_test::{closure#1}, ()>::{closure#1} as core[df12db4294e9bfd3]::ops::function::FnOnce<()>>::call_once::{shim:vtable#0}
[INFO] [stdout]   24:     0x613ce44b6f69 - <std[70759c8f55707aa4]::sys::thread::unix::Thread>::new::thread_start
[INFO] [stdout]   25:     0x73b882617dfa - <unknown>
[INFO] [stdout]   26:     0x73b8826ab3d4 - clone
[INFO] [stdout]   27:                0x0 - <unknown>
[INFO] [stdout] 
[INFO] [stdout] ---- config::tests::test_config_save_and_load stdout ----
[INFO] [stdout] 
[INFO] [stdout] thread 'config::tests::test_config_save_and_load' (2094) panicked at src/config.rs:797:33:
[INFO] [stdout] called `Result::unwrap()` on an `Err` value: Io(Os { code: 30, kind: ReadOnlyFilesystem, message: "Read-only file system" })
[INFO] [stdout] stack backtrace:
[INFO] [stdout]    0:     0x613ce44b7f91 - <<std[70759c8f55707aa4]::sys::backtrace::BacktraceLock>::print::DisplayBacktrace as core[df12db4294e9bfd3]::fmt::Display>::fmt
[INFO] [stdout]    1:     0x613ce44ce43a - core[df12db4294e9bfd3]::fmt::write
[INFO] [stdout]    2:     0x613ce44bc95c - <alloc[2182bb758b4b3781]::vec::Vec<u8> as core[df12db4294e9bfd3]::io::write::Write>::write_fmt
[INFO] [stdout]    3:     0x613ce4493396 - std[70759c8f55707aa4]::panicking::default_hook::{closure#0}
[INFO] [stdout]    4:     0x613ce44afb19 - std[70759c8f55707aa4]::panicking::default_hook
[INFO] [stdout]    5:     0x613ce441f140 - test[9d35eded1c95d3be]::test_main_inner::<test[9d35eded1c95d3be]::test_main_static::{closure#0}>::{closure#0}
[INFO] [stdout]    6:     0x613ce44afcd2 - std[70759c8f55707aa4]::panicking::panic_with_hook
[INFO] [stdout]    7:     0x613ce4493442 - std[70759c8f55707aa4]::panicking::panic_handler::{closure#0}
[INFO] [stdout]    8:     0x613ce448bed9 - std[70759c8f55707aa4]::sys::backtrace::__rust_end_short_backtrace::<std[70759c8f55707aa4]::panicking::panic_handler::{closure#0}, !>
[INFO] [stdout]    9:     0x613ce449422d - __rustc[8fa7c3cbc660c2b3]::rust_begin_unwind
[INFO] [stdout]   10:     0x613ce44ceb9c - core[df12db4294e9bfd3]::panicking::panic_fmt
[INFO] [stdout]   11:     0x613ce44ce972 - core[df12db4294e9bfd3]::result::unwrap_failed
[INFO] [stdout]   12:     0x613ce43e7a6b - dhcplease[b186cdfd169b7a54]::config::tests::test_config_save_and_load::{closure#0}
[INFO] [stdout]   13:     0x613ce4403af3 - <tokio[e4fbf44362c9ff59]::runtime::scheduler::current_thread::Context>::enter::<core[df12db4294e9bfd3]::task::poll::Poll<()>, <tokio[e4fbf44362c9ff59]::runtime::scheduler::current_thread::CoreGuard>::block_on<core[df12db4294e9bfd3]::pin::Pin<&mut core[df12db4294e9bfd3]::pin::Pin<&mut dyn core[df12db4294e9bfd3]::future::future::Future<Output = ()>>>>::{closure#0}::{closure#0}>
[INFO] [stdout]   14:     0x613ce43f672c - <tokio[e4fbf44362c9ff59]::runtime::context::scoped::Scoped<tokio[e4fbf44362c9ff59]::runtime::scheduler::Context>>::set::<<tokio[e4fbf44362c9ff59]::runtime::scheduler::current_thread::CoreGuard>::enter<<tokio[e4fbf44362c9ff59]::runtime::scheduler::current_thread::CoreGuard>::block_on<core[df12db4294e9bfd3]::pin::Pin<&mut core[df12db4294e9bfd3]::pin::Pin<&mut dyn core[df12db4294e9bfd3]::future::future::Future<Output = ()>>>>::{closure#0}, core[df12db4294e9bfd3]::option::Option<()>>::{closure#0}, (alloc[2182bb758b4b3781]::boxed::Box<tokio[e4fbf44362c9ff59]::runtime::scheduler::current_thread::Core>, core[df12db4294e9bfd3]::option::Option<()>)>
[INFO] [stdout]   15:     0x613ce4404147 - <tokio[e4fbf44362c9ff59]::runtime::scheduler::current_thread::CoreGuard>::block_on::<core[df12db4294e9bfd3]::pin::Pin<&mut core[df12db4294e9bfd3]::pin::Pin<&mut dyn core[df12db4294e9bfd3]::future::future::Future<Output = ()>>>>
[INFO] [stdout]   16:     0x613ce43fd8e7 - tokio[e4fbf44362c9ff59]::runtime::context::runtime::enter_runtime::<<tokio[e4fbf44362c9ff59]::runtime::scheduler::current_thread::CurrentThread>::block_on<core[df12db4294e9bfd3]::pin::Pin<&mut dyn core[df12db4294e9bfd3]::future::future::Future<Output = ()>>>::{closure#0}, ()>
[INFO] [stdout]   17:     0x613ce44039d5 - <tokio[e4fbf44362c9ff59]::runtime::runtime::Runtime>::block_on::<core[df12db4294e9bfd3]::pin::Pin<&mut dyn core[df12db4294e9bfd3]::future::future::Future<Output = ()>>>
[INFO] [stdout]   18:     0x613ce43e941b - dhcplease[b186cdfd169b7a54]::config::tests::test_config_save_and_load
[INFO] [stdout]   19:     0x613ce43e3d09 - <dhcplease[b186cdfd169b7a54]::config::tests::test_config_save_and_load::{closure#0} as core[df12db4294e9bfd3]::ops::function::FnOnce<()>>::call_once
[INFO] [stdout]   20:     0x613ce441242b - test[9d35eded1c95d3be]::__rust_begin_short_backtrace::<core[df12db4294e9bfd3]::result::Result<(), alloc[2182bb758b4b3781]::string::String>, fn() -> core[df12db4294e9bfd3]::result::Result<(), alloc[2182bb758b4b3781]::string::String>>
[INFO] [stdout]   21:     0x613ce441fa95 - test[9d35eded1c95d3be]::run_test::{closure#0}
[INFO] [stdout]   22:     0x613ce4419354 - std[70759c8f55707aa4]::sys::backtrace::__rust_begin_short_backtrace::<test[9d35eded1c95d3be]::run_test::{closure#1}, ()>
[INFO] [stdout]   23:     0x613ce4422bf2 - <std[70759c8f55707aa4]::thread::lifecycle::spawn_unchecked<test[9d35eded1c95d3be]::run_test::{closure#1}, ()>::{closure#1} as core[df12db4294e9bfd3]::ops::function::FnOnce<()>>::call_once::{shim:vtable#0}
[INFO] [stdout]   24:     0x613ce44b6f69 - <std[70759c8f55707aa4]::sys::thread::unix::Thread>::new::thread_start
[INFO] [stdout]   25:     0x73b882617dfa - <unknown>
[INFO] [stdout]   26:     0x73b8826ab3d4 - clone
[INFO] [stdout]   27:                0x0 - <unknown>
[INFO] [stdout] 
[INFO] [stdout] ---- lease::tests::test_expired_lease_cleanup stdout ----
[INFO] [stdout] 
[INFO] [stdout] thread 'lease::tests::test_expired_lease_cleanup' (2126) panicked at src/lease.rs:1106:60:
[INFO] [stdout] called `Result::unwrap()` on an `Err` value: Io(Os { code: 30, kind: ReadOnlyFilesystem, message: "Read-only file system" })
[INFO] [stdout] stack backtrace:
[INFO] [stdout]    0:     0x613ce44b7f91 - <<std[70759c8f55707aa4]::sys::backtrace::BacktraceLock>::print::DisplayBacktrace as core[df12db4294e9bfd3]::fmt::Display>::fmt
[INFO] [stdout]    1:     0x613ce44ce43a - core[df12db4294e9bfd3]::fmt::write
[INFO] [stdout]    2:     0x613ce44bc95c - <alloc[2182bb758b4b3781]::vec::Vec<u8> as core[df12db4294e9bfd3]::io::write::Write>::write_fmt
[INFO] [stdout]    3:     0x613ce4493396 - std[70759c8f55707aa4]::panicking::default_hook::{closure#0}
[INFO] [stdout]    4:     0x613ce44afb19 - std[70759c8f55707aa4]::panicking::default_hook
[INFO] [stdout]    5:     0x613ce441f140 - test[9d35eded1c95d3be]::test_main_inner::<test[9d35eded1c95d3be]::test_main_static::{closure#0}>::{closure#0}
[INFO] [stdout]    6:     0x613ce44afcd2 - std[70759c8f55707aa4]::panicking::panic_with_hook
[INFO] [stdout]    7:     0x613ce4493442 - std[70759c8f55707aa4]::panicking::panic_handler::{closure#0}
[INFO] [stdout]    8:     0x613ce448bed9 - std[70759c8f55707aa4]::sys::backtrace::__rust_end_short_backtrace::<std[70759c8f55707aa4]::panicking::panic_handler::{closure#0}, !>
[INFO] [stdout]    9:     0x613ce449422d - __rustc[8fa7c3cbc660c2b3]::rust_begin_unwind
[INFO] [stdout]   10:     0x613ce44ceb9c - core[df12db4294e9bfd3]::panicking::panic_fmt
[INFO] [stdout]   11:     0x613ce44ce972 - core[df12db4294e9bfd3]::result::unwrap_failed
[INFO] [stdout]   12:     0x613ce43bd8cd - dhcplease[b186cdfd169b7a54]::lease::tests::test_expired_lease_cleanup::{closure#0}
[INFO] [stdout]   13:     0x613ce4403af3 - <tokio[e4fbf44362c9ff59]::runtime::scheduler::current_thread::Context>::enter::<core[df12db4294e9bfd3]::task::poll::Poll<()>, <tokio[e4fbf44362c9ff59]::runtime::scheduler::current_thread::CoreGuard>::block_on<core[df12db4294e9bfd3]::pin::Pin<&mut core[df12db4294e9bfd3]::pin::Pin<&mut dyn core[df12db4294e9bfd3]::future::future::Future<Output = ()>>>>::{closure#0}::{closure#0}>
[INFO] [stdout]   14:     0x613ce43f672c - <tokio[e4fbf44362c9ff59]::runtime::context::scoped::Scoped<tokio[e4fbf44362c9ff59]::runtime::scheduler::Context>>::set::<<tokio[e4fbf44362c9ff59]::runtime::scheduler::current_thread::CoreGuard>::enter<<tokio[e4fbf44362c9ff59]::runtime::scheduler::current_thread::CoreGuard>::block_on<core[df12db4294e9bfd3]::pin::Pin<&mut core[df12db4294e9bfd3]::pin::Pin<&mut dyn core[df12db4294e9bfd3]::future::future::Future<Output = ()>>>>::{closure#0}, core[df12db4294e9bfd3]::option::Option<()>>::{closure#0}, (alloc[2182bb758b4b3781]::boxed::Box<tokio[e4fbf44362c9ff59]::runtime::scheduler::current_thread::Core>, core[df12db4294e9bfd3]::option::Option<()>)>
[INFO] [stdout]   15:     0x613ce4404147 - <tokio[e4fbf44362c9ff59]::runtime::scheduler::current_thread::CoreGuard>::block_on::<core[df12db4294e9bfd3]::pin::Pin<&mut core[df12db4294e9bfd3]::pin::Pin<&mut dyn core[df12db4294e9bfd3]::future::future::Future<Output = ()>>>>
[INFO] [stdout]   16:     0x613ce43fd8e7 - tokio[e4fbf44362c9ff59]::runtime::context::runtime::enter_runtime::<<tokio[e4fbf44362c9ff59]::runtime::scheduler::current_thread::CurrentThread>::block_on<core[df12db4294e9bfd3]::pin::Pin<&mut dyn core[df12db4294e9bfd3]::future::future::Future<Output = ()>>>::{closure#0}, ()>
[INFO] [stdout]   17:     0x613ce44039d5 - <tokio[e4fbf44362c9ff59]::runtime::runtime::Runtime>::block_on::<core[df12db4294e9bfd3]::pin::Pin<&mut dyn core[df12db4294e9bfd3]::future::future::Future<Output = ()>>>
[INFO] [stdout]   18:     0x613ce43c78db - dhcplease[b186cdfd169b7a54]::lease::tests::test_expired_lease_cleanup
[INFO] [stdout]   19:     0x613ce43e3a29 - <dhcplease[b186cdfd169b7a54]::lease::tests::test_expired_lease_cleanup::{closure#0} as core[df12db4294e9bfd3]::ops::function::FnOnce<()>>::call_once
[INFO] [stdout]   20:     0x613ce441242b - test[9d35eded1c95d3be]::__rust_begin_short_backtrace::<core[df12db4294e9bfd3]::result::Result<(), alloc[2182bb758b4b3781]::string::String>, fn() -> core[df12db4294e9bfd3]::result::Result<(), alloc[2182bb758b4b3781]::string::String>>
[INFO] [stdout]   21:     0x613ce441fa95 - test[9d35eded1c95d3be]::run_test::{closure#0}
[INFO] [stdout]   22:     0x613ce4419354 - std[70759c8f55707aa4]::sys::backtrace::__rust_begin_short_backtrace::<test[9d35eded1c95d3be]::run_test::{closure#1}, ()>
[INFO] [stdout]   23:     0x613ce4422bf2 - <std[70759c8f55707aa4]::thread::lifecycle::spawn_unchecked<test[9d35eded1c95d3be]::run_test::{closure#1}, ()>::{closure#1} as core[df12db4294e9bfd3]::ops::function::FnOnce<()>>::call_once::{shim:vtable#0}
[INFO] [stdout]   24:     0x613ce44b6f69 - <std[70759c8f55707aa4]::sys::thread::unix::Thread>::new::thread_start
[INFO] [stdout]   25:     0x73b882617dfa - <unknown>
[INFO] [stdout]   26:     0x73b8826ab3d4 - clone
[INFO] [stdout]   27:                0x0 - <unknown>
[INFO] [stdout] 
[INFO] [stdout] ---- lease::tests::test_lease_persistence stdout ----
[INFO] [stdout] 
[INFO] [stdout] thread 'lease::tests::test_lease_persistence' (2138) panicked at src/lease.rs:1074:34:
[INFO] [stdout] called `Result::unwrap()` on an `Err` value: Io(Os { code: 30, kind: ReadOnlyFilesystem, message: "Read-only file system" })
[INFO] [stdout] stack backtrace:
[INFO] [stdout]    0:     0x613ce44b7f91 - <<std[70759c8f55707aa4]::sys::backtrace::BacktraceLock>::print::DisplayBacktrace as core[df12db4294e9bfd3]::fmt::Display>::fmt
[INFO] [stdout]    1:     0x613ce44ce43a - core[df12db4294e9bfd3]::fmt::write
[INFO] [stdout]    2:     0x613ce44bc95c - <alloc[2182bb758b4b3781]::vec::Vec<u8> as core[df12db4294e9bfd3]::io::write::Write>::write_fmt
[INFO] [stdout]    3:     0x613ce4493396 - std[70759c8f55707aa4]::panicking::default_hook::{closure#0}
[INFO] [stdout]    4:     0x613ce44afb19 - std[70759c8f55707aa4]::panicking::default_hook
[INFO] [stdout]    5:     0x613ce441f140 - test[9d35eded1c95d3be]::test_main_inner::<test[9d35eded1c95d3be]::test_main_static::{closure#0}>::{closure#0}
[INFO] [stdout]    6:     0x613ce44afcd2 - std[70759c8f55707aa4]::panicking::panic_with_hook
[INFO] [stdout]    7:     0x613ce4493442 - std[70759c8f55707aa4]::panicking::panic_handler::{closure#0}
[INFO] [stdout]    8:     0x613ce448bed9 - std[70759c8f55707aa4]::sys::backtrace::__rust_end_short_backtrace::<std[70759c8f55707aa4]::panicking::panic_handler::{closure#0}, !>
[INFO] [stdout]    9:     0x613ce449422d - __rustc[8fa7c3cbc660c2b3]::rust_begin_unwind
[INFO] [stdout]   10:     0x613ce44ceb9c - core[df12db4294e9bfd3]::panicking::panic_fmt
[INFO] [stdout]   11:     0x613ce44ce972 - core[df12db4294e9bfd3]::result::unwrap_failed
[INFO] [stdout]   12:     0x613ce43bb7a9 - dhcplease[b186cdfd169b7a54]::lease::tests::test_lease_persistence::{closure#0}
[INFO] [stdout]   13:     0x613ce4403af3 - <tokio[e4fbf44362c9ff59]::runtime::scheduler::current_thread::Context>::enter::<core[df12db4294e9bfd3]::task::poll::Poll<()>, <tokio[e4fbf44362c9ff59]::runtime::scheduler::current_thread::CoreGuard>::block_on<core[df12db4294e9bfd3]::pin::Pin<&mut core[df12db4294e9bfd3]::pin::Pin<&mut dyn core[df12db4294e9bfd3]::future::future::Future<Output = ()>>>>::{closure#0}::{closure#0}>
[INFO] [stdout]   14:     0x613ce43f672c - <tokio[e4fbf44362c9ff59]::runtime::context::scoped::Scoped<tokio[e4fbf44362c9ff59]::runtime::scheduler::Context>>::set::<<tokio[e4fbf44362c9ff59]::runtime::scheduler::current_thread::CoreGuard>::enter<<tokio[e4fbf44362c9ff59]::runtime::scheduler::current_thread::CoreGuard>::block_on<core[df12db4294e9bfd3]::pin::Pin<&mut core[df12db4294e9bfd3]::pin::Pin<&mut dyn core[df12db4294e9bfd3]::future::future::Future<Output = ()>>>>::{closure#0}, core[df12db4294e9bfd3]::option::Option<()>>::{closure#0}, (alloc[2182bb758b4b3781]::boxed::Box<tokio[e4fbf44362c9ff59]::runtime::scheduler::current_thread::Core>, core[df12db4294e9bfd3]::option::Option<()>)>
[INFO] [stdout]   15:     0x613ce4404147 - <tokio[e4fbf44362c9ff59]::runtime::scheduler::current_thread::CoreGuard>::block_on::<core[df12db4294e9bfd3]::pin::Pin<&mut core[df12db4294e9bfd3]::pin::Pin<&mut dyn core[df12db4294e9bfd3]::future::future::Future<Output = ()>>>>
[INFO] [stdout]   16:     0x613ce43fd8e7 - tokio[e4fbf44362c9ff59]::runtime::context::runtime::enter_runtime::<<tokio[e4fbf44362c9ff59]::runtime::scheduler::current_thread::CurrentThread>::block_on<core[df12db4294e9bfd3]::pin::Pin<&mut dyn core[df12db4294e9bfd3]::future::future::Future<Output = ()>>>::{closure#0}, ()>
[INFO] [stdout]   17:     0x613ce44039d5 - <tokio[e4fbf44362c9ff59]::runtime::runtime::Runtime>::block_on::<core[df12db4294e9bfd3]::pin::Pin<&mut dyn core[df12db4294e9bfd3]::future::future::Future<Output = ()>>>
[INFO] [stdout]   18:     0x613ce43c739b - dhcplease[b186cdfd169b7a54]::lease::tests::test_lease_persistence
[INFO] [stdout]   19:     0x613ce43e39a9 - <dhcplease[b186cdfd169b7a54]::lease::tests::test_lease_persistence::{closure#0} as core[df12db4294e9bfd3]::ops::function::FnOnce<()>>::call_once
[INFO] [stdout]   20:     0x613ce441242b - test[9d35eded1c95d3be]::__rust_begin_short_backtrace::<core[df12db4294e9bfd3]::result::Result<(), alloc[2182bb758b4b3781]::string::String>, fn() -> core[df12db4294e9bfd3]::result::Result<(), alloc[2182bb758b4b3781]::string::String>>
[INFO] [stdout]   21:     0x613ce441fa95 - test[9d35eded1c95d3be]::run_test::{closure#0}
[INFO] [stdout]   22:     0x613ce4419354 - std[70759c8f55707aa4]::sys::backtrace::__rust_begin_short_backtrace::<test[9d35eded1c95d3be]::run_test::{closure#1}, ()>
[INFO] [stdout]   23:     0x613ce4422bf2 - <std[70759c8f55707aa4]::thread::lifecycle::spawn_unchecked<test[9d35eded1c95d3be]::run_test::{closure#1}, ()>::{closure#1} as core[df12db4294e9bfd3]::ops::function::FnOnce<()>>::call_once::{shim:vtable#0}
[INFO] [stdout]   24:     0x613ce44b6f69 - <std[70759c8f55707aa4]::sys::thread::unix::Thread>::new::thread_start
[INFO] [stdout]   25:     0x73b882617dfa - <unknown>
[INFO] [stdout]   26:     0x73b8826ab3d4 - clone
[INFO] [stdout]   27:                0x0 - <unknown>
[INFO] [stdout] 
[INFO] [stdout] 
[INFO] [stdout] failures:
[INFO] [stdout]     config::tests::test_config_load_creates_default_when_missing
[INFO] [stdout]     config::tests::test_config_save_and_load
[INFO] [stdout]     lease::tests::test_expired_lease_cleanup
[INFO] [stdout]     lease::tests::test_lease_persistence
[INFO] [stdout] 
[INFO] [stdout] test result: FAILED. 122 passed; 4 failed; 0 ignored; 0 measured; 0 filtered out; finished in 0.04s
[INFO] [stdout] 
[INFO] running `Command { std: "docker" "inspect" "ffbc2ed55383936cb69c7973ea5ffc716ca91d38468420b9d1b5716435db06c1", kill_on_drop: false }`
[INFO] running `Command { std: "docker" "rm" "-f" "ffbc2ed55383936cb69c7973ea5ffc716ca91d38468420b9d1b5716435db06c1", kill_on_drop: false }`
[INFO] [stdout] ffbc2ed55383936cb69c7973ea5ffc716ca91d38468420b9d1b5716435db06c1
