[INFO] fetching crate dharitri-sdk 1.19.0...
[INFO] testing dharitri-sdk-1.19.0 against 1.100.0-beta.1+cargoflags=--release for beta-release-1.100-2
[INFO] extracting crate dharitri-sdk 1.19.0 into /workspace/builds/worker-4-tc2/source
[INFO] started tweaking crates.io crate dharitri-sdk 1.19.0
[INFO] removed 0 missing examples
[INFO] removed 0 missing tests
[INFO] finished tweaking crates.io crate dharitri-sdk 1.19.0
[INFO] tweaked toml for crates.io crate dharitri-sdk 1.19.0 written to /workspace/builds/worker-4-tc2/source/Cargo.toml
[INFO] validating manifest of crates.io crate dharitri-sdk 1.19.0 on toolchain 1.100.0-beta.1
[INFO] running `Command { std: CARGO_HOME="/workspace/cargo-home" RUSTUP_HOME="/workspace/rustup-home" "/workspace/cargo-home/bin/cargo" "+1.100.0-beta.1" "metadata" "--manifest-path" "Cargo.toml" "--no-deps", kill_on_drop: false }`
[INFO] crate crates.io crate dharitri-sdk 1.19.0 already has a lockfile, it will not be regenerated
[INFO] running `Command { std: CARGO_HOME="/workspace/cargo-home" RUSTUP_HOME="/workspace/rustup-home" "/workspace/cargo-home/bin/cargo" "+1.100.0-beta.1" "fetch" "--manifest-path" "Cargo.toml", kill_on_drop: false }`
[INFO] running `Command { std: "docker" "create" "-v" "/var/lib/crater-agent-workspace/builds/worker-4-tc2/source:/opt/rustwide/workdir:ro,Z" "-v" "/var/lib/crater-agent-workspace/builds/worker-4-tc2/target:/opt/rustwide/target:rw,Z" "-v" "/var/lib/crater-agent-workspace/cargo-home:/opt/rustwide/cargo-home:ro,Z" "-v" "/var/lib/crater-agent-workspace/rustup-home:/opt/rustwide/rustup-home:ro,Z" "-m" "1610612736" "--network" "none" "ghcr.io/rust-lang/crates-build-env/linux@sha256:77db811e55d90add9212f6832c23229e3de5f1c1f9905e8cb07319ea15df73ac" "sleep" "infinity", kill_on_drop: false }`
[INFO] [stdout] c0635be18710f6c950e1183859269e141a88b4120b3d08a3657af68ab3a5cf42
[INFO] running `Command { std: "docker" "start" "c0635be18710f6c950e1183859269e141a88b4120b3d08a3657af68ab3a5cf42", kill_on_drop: false }`
[INFO] running `Command { std: "docker" "inspect" "c0635be18710f6c950e1183859269e141a88b4120b3d08a3657af68ab3a5cf42", kill_on_drop: false }`
[INFO] running `Command { std: "docker" "exec" "-e" "SOURCE_DIR=/opt/rustwide/workdir" "-e" "CARGO_HOME=/opt/rustwide/cargo-home" "-e" "RUSTUP_HOME=/opt/rustwide/rustup-home" "-e" "CARGO_TARGET_DIR=/opt/rustwide/target" "-w" "/opt/rustwide/workdir" "--user" "0:0" "c0635be18710f6c950e1183859269e141a88b4120b3d08a3657af68ab3a5cf42" "/opt/rustwide/cargo-home/bin/cargo" "+1.100.0-beta.1" "metadata" "--no-deps" "--format-version=1", kill_on_drop: false }`
[INFO] running `Command { std: "docker" "inspect" "c0635be18710f6c950e1183859269e141a88b4120b3d08a3657af68ab3a5cf42", kill_on_drop: false }`
[INFO] running `Command { std: "docker" "exec" "-e" "SOURCE_DIR=/opt/rustwide/workdir" "-e" "CARGO_HOME=/opt/rustwide/cargo-home" "-e" "RUSTUP_HOME=/opt/rustwide/rustup-home" "-e" "CARGO_TARGET_DIR=/opt/rustwide/target" "-e" "CARGO_INCREMENTAL=0" "-e" "RUST_BACKTRACE=full" "-e" "RUSTFLAGS=--cap-lints=warn" "-e" "RUSTDOCFLAGS=--cap-lints=warn" "-w" "/opt/rustwide/workdir" "--user" "0:0" "c0635be18710f6c950e1183859269e141a88b4120b3d08a3657af68ab3a5cf42" "/opt/rustwide/cargo-home/bin/cargo" "+1.100.0-beta.1" "build" "--frozen" "--message-format=json" "--release", kill_on_drop: false }`
[INFO] [stderr]    Compiling libc v0.2.172
[INFO] [stderr]    Compiling bitcoin-internals v0.2.0
[INFO] [stderr]    Compiling serde v1.0.219
[INFO] [stderr]    Compiling syn v2.0.101
[INFO] [stderr]    Compiling inout v0.1.4
[INFO] [stderr]    Compiling anyhow v1.0.98
[INFO] [stderr]    Compiling unwrap-infallible v0.1.5
[INFO] [stderr]    Compiling hmac v0.12.1
[INFO] [stderr]    Compiling hex-conservative v0.1.2
[INFO] [stderr]    Compiling cipher v0.4.4
[INFO] [stderr]    Compiling arrayvec v0.7.6
[INFO] [stderr]    Compiling base64ct v1.7.3
[INFO] [stderr]    Compiling serde_json v1.0.140
[INFO] [stderr]    Compiling hashbrown v0.15.3
[INFO] [stderr]    Compiling pbkdf2 v0.12.2
[INFO] [stderr]    Compiling salsa20 v0.10.2
[INFO] [stderr]    Compiling bitcoin_hashes v0.13.0
[INFO] [stderr]    Compiling sha2 v0.10.9
[INFO] [stderr]    Compiling unicode-normalization v0.1.22
[INFO] [stderr]    Compiling either v1.15.0
[INFO] [stderr]    Compiling keccak v0.1.5
[INFO] [stderr]    Compiling memchr v2.7.4
[INFO] [stderr]    Compiling getrandom v0.2.16
[INFO] [stderr]    Compiling indexmap v2.9.0
[INFO] [stderr]    Compiling rand_core v0.6.4
[INFO] [stderr]    Compiling getrandom v0.3.3
[INFO] [stderr]    Compiling rand_chacha v0.3.1
[INFO] [stderr]    Compiling password-hash v0.5.0
[INFO] [stderr]    Compiling rand v0.8.5
[INFO] [stderr]    Compiling scrypt v0.11.0
[INFO] [stderr]    Compiling uuid v1.17.0
[INFO] [stderr]    Compiling pem v3.0.5
[INFO] [stderr]    Compiling itertools v0.14.0
[INFO] [stderr]    Compiling sha3 v0.10.8
[INFO] [stderr]    Compiling aes v0.8.4
[INFO] [stderr]    Compiling ctr v0.9.2
[INFO] [stderr]    Compiling bech32 v0.11.0
[INFO] [stderr]    Compiling serde_derive v1.0.219
[INFO] [stderr]    Compiling dharitri-sc-codec-derive v1.19.0
[INFO] [stderr]    Compiling serde_repr v0.1.20
[INFO] [stderr]    Compiling dharitri-sc-codec v1.19.0
[INFO] [stderr]    Compiling dharitri-chain-core v1.19.0
[INFO] [stderr]    Compiling bip39 v2.1.0
[INFO] [stderr]    Compiling dharitri-sdk v1.19.0 (/opt/rustwide/workdir)
[INFO] [stderr]     Finished `release` profile [optimized] target(s) in 49.97s
[INFO] running `Command { std: "docker" "inspect" "c0635be18710f6c950e1183859269e141a88b4120b3d08a3657af68ab3a5cf42", kill_on_drop: false }`
[INFO] running `Command { std: "docker" "exec" "-e" "SOURCE_DIR=/opt/rustwide/workdir" "-e" "CARGO_HOME=/opt/rustwide/cargo-home" "-e" "RUSTUP_HOME=/opt/rustwide/rustup-home" "-e" "CARGO_TARGET_DIR=/opt/rustwide/target" "-e" "CARGO_INCREMENTAL=0" "-e" "RUST_BACKTRACE=full" "-e" "RUSTFLAGS=--cap-lints=warn" "-e" "RUSTDOCFLAGS=--cap-lints=warn" "-w" "/opt/rustwide/workdir" "--user" "0:0" "c0635be18710f6c950e1183859269e141a88b4120b3d08a3657af68ab3a5cf42" "/opt/rustwide/cargo-home/bin/cargo" "+1.100.0-beta.1" "test" "--frozen" "--no-run" "--message-format=json" "--release", kill_on_drop: false }`
[INFO] [stderr]    Compiling dharitri-sdk v1.19.0 (/opt/rustwide/workdir)
[INFO] [stderr]     Finished `release` profile [optimized] target(s) in 6.10s
[INFO] running `Command { std: "docker" "inspect" "c0635be18710f6c950e1183859269e141a88b4120b3d08a3657af68ab3a5cf42", kill_on_drop: false }`
[INFO] running `Command { std: "docker" "exec" "-e" "SOURCE_DIR=/opt/rustwide/workdir" "-e" "CARGO_HOME=/opt/rustwide/cargo-home" "-e" "RUSTUP_HOME=/opt/rustwide/rustup-home" "-e" "CARGO_TARGET_DIR=/opt/rustwide/target" "-e" "CARGO_INCREMENTAL=0" "-e" "RUST_BACKTRACE=full" "-e" "RUSTFLAGS=--cap-lints=warn" "-e" "RUSTDOCFLAGS=--cap-lints=warn" "-w" "/opt/rustwide/workdir" "--user" "0:0" "c0635be18710f6c950e1183859269e141a88b4120b3d08a3657af68ab3a5cf42" "/opt/rustwide/cargo-home/bin/cargo" "+1.100.0-beta.1" "test" "--frozen" "--release", kill_on_drop: false }`
[INFO] [stderr]     Finished `release` profile [optimized] target(s) in 0.17s
[INFO] [stdout] 
[INFO] [stderr]      Running unittests src/lib.rs (/opt/rustwide/target/release/build/dharitri-sdk/e129342dcaa52513/out/dharitri_sdk-e129342dcaa52513)
[INFO] [stdout] running 5 tests
[INFO] [stdout] test data::sdk_address::tests::test_decode_address ... ok
[INFO] [stdout] test data::transaction::test::parse_transaction_info_no_signature ... ok
[INFO] [stdout] test data::transaction::test::parse_event_log_1 ... ok
[INFO] [stdout] test data::transaction::test::parse_event_log_2 ... ok
[INFO] [stdout] test data::transaction::test::parse_event_log_0 ... ok
[INFO] [stdout] 
[INFO] [stdout] test result: ok. 5 passed; 0 failed; 0 ignored; 0 measured; 0 filtered out; finished in 0.01s
[INFO] [stdout] 
[INFO] [stderr]      Running tests/retrieve_tx_on_network_test.rs (/opt/rustwide/target/release/build/dharitri-sdk/de88b5dcc189cc3b/out/retrieve_tx_on_network_test-de88b5dcc189cc3b)
[INFO] [stdout] 
[INFO] [stdout] running 5 tests
[INFO] [stdout] test parse_reason_sc_panic_test ... ok
[INFO] [stdout] test parse_reason_empty_test ... ok
[INFO] [stdout] test parse_reason_invalid_contract_test ... ok
[INFO] [stdout] test parse_reason_test ... ok
[INFO] [stdout] test parse_reason_only_message_test ... ok
[INFO] [stdout] 
[INFO] [stdout] test result: ok. 5 passed; 0 failed; 0 ignored; 0 measured; 0 filtered out; finished in 0.00s
[INFO] [stderr]      Running tests/wallet_test.rs (/opt/rustwide/target/release/build/dharitri-sdk/ce63f9d945c886df/out/wallet_test-ce63f9d945c886df)
[INFO] [stdout] 
[INFO] [stdout] 
[INFO] [stdout] running 5 tests
[INFO] [stdout] test test_get_shard ... ok
[INFO] [stdout] test test_load_from_pem ... ok
[INFO] [stdout] test test_private_key_from_mnemonic ... ok
[INFO] [stdout] test test_wallet_convert_keystore_to_pem ... FAILED
[INFO] [stdout] test test_wallet_convert_pem_to_keystore ... FAILED
[INFO] [stdout] 
[INFO] [stdout] failures:
[INFO] [stdout] 
[INFO] [stdout] ---- test_wallet_convert_keystore_to_pem stdout ----
[INFO] [stdout] 
[INFO] [stdout] thread 'test_wallet_convert_keystore_to_pem' (846) panicked at tests/wallet_test.rs:82:39:
[INFO] [stdout] called `Result::unwrap()` on an `Err` value: Os { code: 30, kind: ReadOnlyFilesystem, message: "Read-only file system" }
[INFO] [stdout] stack backtrace:
[INFO] [stdout]    0:     0x650d9cdbced1 - <<std[617be2ca0a6fd877]::sys::backtrace::BacktraceLock>::print::DisplayBacktrace as core[a373ad73a504971]::fmt::Display>::fmt
[INFO] [stdout]    1:     0x650d9cdd1b9a - core[a373ad73a504971]::fmt::write
[INFO] [stdout]    2:     0x650d9cdc15ec - <alloc[2e1b2a31b91974c5]::vec::Vec<u8> as core[a373ad73a504971]::io::write::Write>::write_fmt
[INFO] [stdout]    3:     0x650d9cd98976 - std[617be2ca0a6fd877]::panicking::default_hook::{closure#0}
[INFO] [stdout]    4:     0x650d9cdb5109 - std[617be2ca0a6fd877]::panicking::default_hook
[INFO] [stdout]    5:     0x650d9cd1a8b0 - test[aada8e7e76ba119b]::test_main_inner::{closure#0}
[INFO] [stdout]    6:     0x650d9cdb52c2 - std[617be2ca0a6fd877]::panicking::panic_with_hook
[INFO] [stdout]    7:     0x650d9cd98a22 - std[617be2ca0a6fd877]::panicking::panic_handler::{closure#0}
[INFO] [stdout]    8:     0x650d9cd90f69 - std[617be2ca0a6fd877]::sys::backtrace::__rust_end_short_backtrace::<std[617be2ca0a6fd877]::panicking::panic_handler::{closure#0}, !>
[INFO] [stdout]    9:     0x650d9cd9973d - __rustc[ea4f61d10b84890b]::rust_begin_unwind
[INFO] [stdout]   10:     0x650d9cdd22cc - core[a373ad73a504971]::panicking::panic_fmt
[INFO] [stdout]   11:     0x650d9cdd20a2 - core[a373ad73a504971]::result::unwrap_failed
[INFO] [stdout]   12:     0x650d9cd0be8a - wallet_test[8185e5382684c0cd]::write_to_file
[INFO] [stdout]   13:     0x650d9cd0c23a - wallet_test[8185e5382684c0cd]::create_keystore_file_from_scratch
[INFO] [stdout]   14:     0x650d9cd0d4ab - <wallet_test[8185e5382684c0cd]::test_wallet_convert_keystore_to_pem::{closure#0} as core[a373ad73a504971]::ops::function::FnOnce<()>>::call_once
[INFO] [stdout]   15:     0x650d9cd0dcfb - test[aada8e7e76ba119b]::__rust_begin_short_backtrace::<core[a373ad73a504971]::result::Result<(), alloc[2e1b2a31b91974c5]::string::String>, fn() -> core[a373ad73a504971]::result::Result<(), alloc[2e1b2a31b91974c5]::string::String>>
[INFO] [stdout]   16:     0x650d9cd1aed5 - test[aada8e7e76ba119b]::run_test::{closure#0}
[INFO] [stdout]   17:     0x650d9cd147c4 - std[617be2ca0a6fd877]::sys::backtrace::__rust_begin_short_backtrace::<test[aada8e7e76ba119b]::run_test::{closure#1}, ()>
[INFO] [stdout]   18:     0x650d9cd1df62 - <std[617be2ca0a6fd877]::thread::lifecycle::spawn_unchecked<test[aada8e7e76ba119b]::run_test::{closure#1}, ()>::{closure#1} as core[a373ad73a504971]::ops::function::FnOnce<()>>::call_once::{shim:vtable#0}
[INFO] [stdout]   19:     0x650d9cdbc3cf - <std[617be2ca0a6fd877]::sys::thread::unix::Thread>::new::thread_start
[INFO] [stdout]   20:     0x7872380b8dfa - <unknown>
[INFO] [stdout]   21:     0x78723814c3d4 - clone
[INFO] [stdout]   22:                0x0 - <unknown>
[INFO] [stdout] 
[INFO] [stdout] ---- test_wallet_convert_pem_to_keystore stdout ----
[INFO] [stdout] 
[INFO] [stdout] thread 'test_wallet_convert_pem_to_keystore' (847) panicked at tests/wallet_test.rs:82:39:
[INFO] [stdout] called `Result::unwrap()` on an `Err` value: Os { code: 30, kind: ReadOnlyFilesystem, message: "Read-only file system" }
[INFO] [stdout] stack backtrace:
[INFO] [stdout]    0:     0x650d9cdbced1 - <<std[617be2ca0a6fd877]::sys::backtrace::BacktraceLock>::print::DisplayBacktrace as core[a373ad73a504971]::fmt::Display>::fmt
[INFO] [stdout]    1:     0x650d9cdd1b9a - core[a373ad73a504971]::fmt::write
[INFO] [stdout]    2:     0x650d9cdc15ec - <alloc[2e1b2a31b91974c5]::vec::Vec<u8> as core[a373ad73a504971]::io::write::Write>::write_fmt
[INFO] [stdout]    3:     0x650d9cd98976 - std[617be2ca0a6fd877]::panicking::default_hook::{closure#0}
[INFO] [stdout]    4:     0x650d9cdb5109 - std[617be2ca0a6fd877]::panicking::default_hook
[INFO] [stdout]    5:     0x650d9cd1a8b0 - test[aada8e7e76ba119b]::test_main_inner::{closure#0}
[INFO] [stdout]    6:     0x650d9cdb52c2 - std[617be2ca0a6fd877]::panicking::panic_with_hook
[INFO] [stdout]    7:     0x650d9cd98a22 - std[617be2ca0a6fd877]::panicking::panic_handler::{closure#0}
[INFO] [stdout]    8:     0x650d9cd90f69 - std[617be2ca0a6fd877]::sys::backtrace::__rust_end_short_backtrace::<std[617be2ca0a6fd877]::panicking::panic_handler::{closure#0}, !>
[INFO] [stdout]    9:     0x650d9cd9973d - __rustc[ea4f61d10b84890b]::rust_begin_unwind
[INFO] [stdout]   10:     0x650d9cdd22cc - core[a373ad73a504971]::panicking::panic_fmt
[INFO] [stdout]   11:     0x650d9cdd20a2 - core[a373ad73a504971]::result::unwrap_failed
[INFO] [stdout]   12:     0x650d9cd0be8a - wallet_test[8185e5382684c0cd]::write_to_file
[INFO] [stdout]   13:     0x650d9cd0c23a - wallet_test[8185e5382684c0cd]::create_keystore_file_from_scratch
[INFO] [stdout]   14:     0x650d9cd0d987 - <wallet_test[8185e5382684c0cd]::test_wallet_convert_pem_to_keystore::{closure#0} as core[a373ad73a504971]::ops::function::FnOnce<()>>::call_once
[INFO] [stdout]   15:     0x650d9cd0dcfb - test[aada8e7e76ba119b]::__rust_begin_short_backtrace::<core[a373ad73a504971]::result::Result<(), alloc[2e1b2a31b91974c5]::string::String>, fn() -> core[a373ad73a504971]::result::Result<(), alloc[2e1b2a31b91974c5]::string::String>>
[INFO] [stdout]   16:     0x650d9cd1aed5 - test[aada8e7e76ba119b]::run_test::{closure#0}
[INFO] [stdout]   17:     0x650d9cd147c4 - std[617be2ca0a6fd877]::sys::backtrace::__rust_begin_short_backtrace::<test[aada8e7e76ba119b]::run_test::{closure#1}, ()>
[INFO] [stdout]   18:     0x650d9cd1df62 - <std[617be2ca0a6fd877]::thread::lifecycle::spawn_unchecked<test[aada8e7e76ba119b]::run_test::{closure#1}, ()>::{closure#1} as core[a373ad73a504971]::ops::function::FnOnce<()>>::call_once::{shim:vtable#0}
[INFO] [stdout]   19:     0x650d9cdbc3cf - <std[617be2ca0a6fd877]::sys::thread::unix::Thread>::new::thread_start
[INFO] [stdout]   20:     0x7872380b8dfa - <unknown>
[INFO] [stdout]   21:     0x78723814c3d4 - clone
[INFO] [stdout]   22:                0x0 - <unknown>
[INFO] [stdout] 
[INFO] [stdout] 
[INFO] [stdout] failures:
[INFO] [stdout]     test_wallet_convert_keystore_to_pem
[INFO] [stdout]     test_wallet_convert_pem_to_keystore
[INFO] [stdout] 
[INFO] [stdout] test result: FAILED. 3 passed; 2 failed; 0 ignored; 0 measured; 0 filtered out; finished in 0.06s
[INFO] [stdout] 
[INFO] [stderr] error: test failed, to rerun pass `--test wallet_test`
[INFO] running `Command { std: "docker" "inspect" "c0635be18710f6c950e1183859269e141a88b4120b3d08a3657af68ab3a5cf42", kill_on_drop: false }`
[INFO] running `Command { std: "docker" "rm" "-f" "c0635be18710f6c950e1183859269e141a88b4120b3d08a3657af68ab3a5cf42", kill_on_drop: false }`
[INFO] [stdout] c0635be18710f6c950e1183859269e141a88b4120b3d08a3657af68ab3a5cf42
