[INFO] fetching crate dhandho 0.3.0...
[INFO] testing dhandho-0.3.0 against 1.99.0-beta.8+cargoflags=--release for beta-release-1.100-2
[INFO] extracting crate dhandho 0.3.0 into /workspace/builds/worker-7-tc1/source
[INFO] started tweaking crates.io crate dhandho 0.3.0
[INFO] finished tweaking crates.io crate dhandho 0.3.0
[INFO] tweaked toml for crates.io crate dhandho 0.3.0 written to /workspace/builds/worker-7-tc1/source/Cargo.toml
[INFO] validating manifest of crates.io crate dhandho 0.3.0 on toolchain 1.99.0-beta.8
[INFO] running `Command { std: CARGO_HOME="/workspace/cargo-home" RUSTUP_HOME="/workspace/rustup-home" "/workspace/cargo-home/bin/cargo" "+1.99.0-beta.8" "metadata" "--manifest-path" "Cargo.toml" "--no-deps", kill_on_drop: false }`
[INFO] crate crates.io crate dhandho 0.3.0 already has a lockfile, it will not be regenerated
[INFO] running `Command { std: CARGO_HOME="/workspace/cargo-home" RUSTUP_HOME="/workspace/rustup-home" "/workspace/cargo-home/bin/cargo" "+1.99.0-beta.8" "fetch" "--manifest-path" "Cargo.toml", kill_on_drop: false }`
[INFO] [stderr]  Downloading crates ...
[INFO] [stderr]   Downloaded comfy-table v7.2.2
[INFO] [stderr]   Downloaded bitflags v2.11.0
[INFO] [stderr]   Downloaded clap_lex v1.0.0
[INFO] [stderr]   Downloaded anstyle v1.0.13
[INFO] [stderr]   Downloaded quote v1.0.44
[INFO] [stderr]   Downloaded anstream v0.6.21
[INFO] [stderr]   Downloaded clap_derive v4.5.55
[INFO] [stderr]   Downloaded clap v4.5.60
[INFO] [stderr]   Downloaded clap_builder v4.5.60
[INFO] [stderr]   Downloaded rustix v1.1.3
[INFO] [stderr]   Downloaded libc v0.2.182
[INFO] [stderr]   Downloaded linux-raw-sys v0.11.0
[INFO] running `Command { std: "docker" "create" "-v" "/var/lib/crater-agent-workspace/builds/worker-7-tc1/source:/opt/rustwide/workdir:ro,Z" "-v" "/var/lib/crater-agent-workspace/builds/worker-7-tc1/target:/opt/rustwide/target:rw,Z" "-v" "/var/lib/crater-agent-workspace/cargo-home:/opt/rustwide/cargo-home:ro,Z" "-v" "/var/lib/crater-agent-workspace/rustup-home:/opt/rustwide/rustup-home:ro,Z" "-m" "1610612736" "--network" "none" "ghcr.io/rust-lang/crates-build-env/linux@sha256:77db811e55d90add9212f6832c23229e3de5f1c1f9905e8cb07319ea15df73ac" "sleep" "infinity", kill_on_drop: false }`
[INFO] [stdout] c32113818a88f452a787b53edf3060b986e7e1b720dfc4f109ad93e20bca5cff
[INFO] running `Command { std: "docker" "start" "c32113818a88f452a787b53edf3060b986e7e1b720dfc4f109ad93e20bca5cff", kill_on_drop: false }`
[INFO] running `Command { std: "docker" "inspect" "c32113818a88f452a787b53edf3060b986e7e1b720dfc4f109ad93e20bca5cff", kill_on_drop: false }`
[INFO] running `Command { std: "docker" "exec" "-e" "SOURCE_DIR=/opt/rustwide/workdir" "-e" "CARGO_HOME=/opt/rustwide/cargo-home" "-e" "RUSTUP_HOME=/opt/rustwide/rustup-home" "-e" "CARGO_TARGET_DIR=/opt/rustwide/target" "-w" "/opt/rustwide/workdir" "--user" "0:0" "c32113818a88f452a787b53edf3060b986e7e1b720dfc4f109ad93e20bca5cff" "/opt/rustwide/cargo-home/bin/cargo" "+1.99.0-beta.8" "metadata" "--no-deps" "--format-version=1", kill_on_drop: false }`
[INFO] running `Command { std: "docker" "inspect" "c32113818a88f452a787b53edf3060b986e7e1b720dfc4f109ad93e20bca5cff", kill_on_drop: false }`
[INFO] running `Command { std: "docker" "exec" "-e" "SOURCE_DIR=/opt/rustwide/workdir" "-e" "CARGO_HOME=/opt/rustwide/cargo-home" "-e" "RUSTUP_HOME=/opt/rustwide/rustup-home" "-e" "CARGO_TARGET_DIR=/opt/rustwide/target" "-e" "CARGO_INCREMENTAL=0" "-e" "RUST_BACKTRACE=full" "-e" "RUSTFLAGS=--cap-lints=warn" "-e" "RUSTDOCFLAGS=--cap-lints=warn" "-w" "/opt/rustwide/workdir" "--user" "0:0" "c32113818a88f452a787b53edf3060b986e7e1b720dfc4f109ad93e20bca5cff" "/opt/rustwide/cargo-home/bin/cargo" "+1.99.0-beta.8" "build" "--frozen" "--message-format=json" "--release", kill_on_drop: false }`
[INFO] [stderr]    Compiling proc-macro2 v1.0.106
[INFO] [stderr]    Compiling libc v0.2.182
[INFO] [stderr]    Compiling quote v1.0.44
[INFO] [stderr]    Compiling parking_lot_core v0.9.12
[INFO] [stderr]    Compiling unicode-ident v1.0.24
[INFO] [stderr]    Compiling scopeguard v1.2.0
[INFO] [stderr]    Compiling smallvec v1.15.1
[INFO] [stderr]    Compiling rustix v1.1.3
[INFO] [stderr]    Compiling cfg-if v1.0.4
[INFO] [stderr]    Compiling linux-raw-sys v0.11.0
[INFO] [stderr]    Compiling litrs v1.0.0
[INFO] [stderr]    Compiling bitflags v2.11.0
[INFO] [stderr]    Compiling is_terminal_polyfill v1.70.2
[INFO] [stderr]    Compiling anstyle v1.0.13
[INFO] [stderr]    Compiling anstyle-query v1.1.5
[INFO] [stderr]    Compiling heck v0.5.0
[INFO] [stderr]    Compiling strsim v0.11.1
[INFO] [stderr]    Compiling lock_api v0.4.14
[INFO] [stderr]    Compiling clap_lex v1.0.0
[INFO] [stderr]    Compiling unicode-segmentation v1.12.0
[INFO] [stderr]    Compiling anstream v0.6.21
[INFO] [stderr]    Compiling unicode-width v0.2.2
[INFO] [stderr]    Compiling clap_builder v4.5.60
[INFO] [stderr]    Compiling document-features v0.2.12
[INFO] [stderr]    Compiling syn v2.0.117
[INFO] [stderr]    Compiling parking_lot v0.12.5
[INFO] [stderr]    Compiling crossterm v0.29.0
[INFO] [stderr]    Compiling comfy-table v7.2.2
[INFO] [stderr]    Compiling clap_derive v4.5.55
[INFO] [stderr]    Compiling clap v4.5.60
[INFO] [stderr]    Compiling dhandho v0.3.0 (/opt/rustwide/workdir)
[INFO] [stderr]     Finished `release` profile [optimized] target(s) in 17.45s
[INFO] running `Command { std: "docker" "inspect" "c32113818a88f452a787b53edf3060b986e7e1b720dfc4f109ad93e20bca5cff", kill_on_drop: false }`
[INFO] running `Command { std: "docker" "exec" "-e" "SOURCE_DIR=/opt/rustwide/workdir" "-e" "CARGO_HOME=/opt/rustwide/cargo-home" "-e" "RUSTUP_HOME=/opt/rustwide/rustup-home" "-e" "CARGO_TARGET_DIR=/opt/rustwide/target" "-e" "CARGO_INCREMENTAL=0" "-e" "RUST_BACKTRACE=full" "-e" "RUSTFLAGS=--cap-lints=warn" "-e" "RUSTDOCFLAGS=--cap-lints=warn" "-w" "/opt/rustwide/workdir" "--user" "0:0" "c32113818a88f452a787b53edf3060b986e7e1b720dfc4f109ad93e20bca5cff" "/opt/rustwide/cargo-home/bin/cargo" "+1.99.0-beta.8" "test" "--frozen" "--no-run" "--message-format=json" "--release", kill_on_drop: false }`
[INFO] [stderr]    Compiling dhandho v0.3.0 (/opt/rustwide/workdir)
[INFO] [stderr]     Finished `release` profile [optimized] target(s) in 1.08s
[INFO] running `Command { std: "docker" "inspect" "c32113818a88f452a787b53edf3060b986e7e1b720dfc4f109ad93e20bca5cff", kill_on_drop: false }`
[INFO] running `Command { std: "docker" "exec" "-e" "SOURCE_DIR=/opt/rustwide/workdir" "-e" "CARGO_HOME=/opt/rustwide/cargo-home" "-e" "RUSTUP_HOME=/opt/rustwide/rustup-home" "-e" "CARGO_TARGET_DIR=/opt/rustwide/target" "-e" "CARGO_INCREMENTAL=0" "-e" "RUST_BACKTRACE=full" "-e" "RUSTFLAGS=--cap-lints=warn" "-e" "RUSTDOCFLAGS=--cap-lints=warn" "-w" "/opt/rustwide/workdir" "--user" "0:0" "c32113818a88f452a787b53edf3060b986e7e1b720dfc4f109ad93e20bca5cff" "/opt/rustwide/cargo-home/bin/cargo" "+1.99.0-beta.8" "test" "--frozen" "--release", kill_on_drop: false }`
[INFO] [stderr]     Finished `release` profile [optimized] target(s) in 0.09s
[INFO] [stderr]      Running unittests src/main.rs (/opt/rustwide/target/release/deps/dhandho-4bad0f444fd7c7b5)
[INFO] [stdout] 
[INFO] [stdout] running 8 tests
[INFO] [stderr] error: test failed, to rerun pass `--bin dhandho`
[INFO] [stdout] test core::kelly_builder::tests::test_add_kelly_assumptions ... ok
[INFO] [stdout] test core::growth_assumption_builder::tests::should_create_one_assumption_per_year_with_specified_increment ... ok
[INFO] [stdout] test utils::financial::tests::test_present_value_formula ... ok
[INFO] [stdout] test core::kelly_builder::tests::test_should_return_the_number_for_the_allocation ... ok
[INFO] [stdout] test utils::financial::tests::test_cagr_value_formula ... ok
[INFO] [stdout] test core::growth_assumption_builder::tests::should_create_one_assumption_per_year_with_specified_plus_increment ... ok
[INFO] [stdout] test core::intrinsic_builder::tests::test_intrisic_builder ... ok
[INFO] [stdout] test core::intrinsic_builder::tests::test_compute_on_simple_example ... FAILED
[INFO] [stdout] 
[INFO] [stdout] failures:
[INFO] [stdout] 
[INFO] [stdout] ---- core::intrinsic_builder::tests::test_compute_on_simple_example stdout ----
[INFO] [stdout] 
[INFO] [stdout] ┌─────────────────────────────────┐   ┌────────────────────────────────┐    ┌─────────────────────────────────┐
[INFO] [stdout] │ Assumptions      Value          │   │ Year       FV         PV       │    │ Adjustments      Value          │
[INFO] [stdout] ╞═════════════════════════════════╡   ╞════════════════════════════════╡    ╞═════════════════════════════════╡
[INFO] [stdout] │ Initial Value    $15.00         │   │ 0          0.00       15.00    │    │ NPV              $154.48        │
[INFO] [stdout] │ (FCF)                           │   │ 1          15.75      13.70    │    │ = Intrinsic      $154.48        │
[INFO] [stdout] │ Discount Rate    15.0%          │   │ 2          16.54      12.50    │    └─────────────────────────────────┘
[INFO] [stdout] │ Growth           Year 1: 5.0%   │   │ 3          17.36      11.42    │    
[INFO] [stdout] │ Assumptions      Year 2: 5.0%   │   │ 4          18.23      10.42    │    
[INFO] [stdout] │                  Year 3: 5.0%   │   │ 5          19.14      9.52     │    
[INFO] [stdout] │                  Year 4: 5.0%   │   │ 6          20.10      8.69     │    
[INFO] [stdout] │                  Year 5: 5.0%   │   │ 7          21.11      7.93     │    
[INFO] [stdout] │                  Year 6: 5.0%   │   │ 8          22.16      7.24     │    
[INFO] [stdout] │                  Year 7: 5.0%   │   │ 9          23.27      6.61     │    
[INFO] [stdout] │                  Year 8: 5.0%   │   │ 10         24.43      6.04     │    
[INFO] [stdout] │                  Year 9: 5.0%   │   │ TV         244.33     60.40    │    
[INFO] [stdout] │                  Year 10: 5.0%  │   │ NPV                   $154.48  │    
[INFO] [stdout] └─────────────────────────────────┘   └────────────────────────────────┘    
[INFO] [stdout] 
[INFO] [stdout] 
[INFO] [stdout] thread 'core::intrinsic_builder::tests::test_compute_on_simple_example' (740) panicked at src/core/intrinsic_builder.rs:322:9:
[INFO] [stdout] assertion `left == right` failed
[INFO] [stdout]   left: 154.48015
[INFO] [stdout]  right: 184.67798
[INFO] [stdout] stack backtrace:
[INFO] [stdout]    0:     0x649f15cf2b71 - <<std[70759c8f55707aa4]::sys::backtrace::BacktraceLock>::print::DisplayBacktrace as core[df12db4294e9bfd3]::fmt::Display>::fmt
[INFO] [stdout]    1:     0x649f15d07bfa - core[df12db4294e9bfd3]::fmt::write
[INFO] [stdout]    2:     0x649f15cf700c - <alloc[2182bb758b4b3781]::vec::Vec<u8> as core[df12db4294e9bfd3]::io::write::Write>::write_fmt
[INFO] [stdout]    3:     0x649f15ccefb6 - std[70759c8f55707aa4]::panicking::default_hook::{closure#0}
[INFO] [stdout]    4:     0x649f15ceb229 - std[70759c8f55707aa4]::panicking::default_hook
[INFO] [stdout]    5:     0x649f15c6f8e0 - test[9d35eded1c95d3be]::test_main_inner::<test[9d35eded1c95d3be]::test_main_static::{closure#0}>::{closure#0}
[INFO] [stdout]    6:     0x649f15ceb3e2 - std[70759c8f55707aa4]::panicking::panic_with_hook
[INFO] [stdout]    7:     0x649f15ccf062 - std[70759c8f55707aa4]::panicking::panic_handler::{closure#0}
[INFO] [stdout]    8:     0x649f15cc7de9 - std[70759c8f55707aa4]::sys::backtrace::__rust_end_short_backtrace::<std[70759c8f55707aa4]::panicking::panic_handler::{closure#0}, !>
[INFO] [stdout]    9:     0x649f15ccfc5d - __rustc[8fa7c3cbc660c2b3]::rust_begin_unwind
[INFO] [stdout]   10:     0x649f15d0832c - core[df12db4294e9bfd3]::panicking::panic_fmt
[INFO] [stdout]   11:     0x649f15d08243 - core[df12db4294e9bfd3]::panicking::assert_failed_inner
[INFO] [stdout]   12:     0x649f15c5d21e - core[df12db4294e9bfd3]::panicking::assert_failed::<f32, f32>
[INFO] [stdout]   13:     0x649f15c5dc95 - dhandho[1421dfc8cb49dd4]::core::intrinsic_builder::tests::test_compute_on_simple_example
[INFO] [stdout]   14:     0x649f15c5e519 - <dhandho[1421dfc8cb49dd4]::core::intrinsic_builder::tests::test_compute_on_simple_example::{closure#0} as core[df12db4294e9bfd3]::ops::function::FnOnce<()>>::call_once
[INFO] [stdout]   15:     0x649f15c62bcb - test[9d35eded1c95d3be]::__rust_begin_short_backtrace::<core[df12db4294e9bfd3]::result::Result<(), alloc[2182bb758b4b3781]::string::String>, fn() -> core[df12db4294e9bfd3]::result::Result<(), alloc[2182bb758b4b3781]::string::String>>
[INFO] [stdout]   16:     0x649f15c70235 - test[9d35eded1c95d3be]::run_test::{closure#0}
[INFO] [stdout]   17:     0x649f15c69af4 - std[70759c8f55707aa4]::sys::backtrace::__rust_begin_short_backtrace::<test[9d35eded1c95d3be]::run_test::{closure#1}, ()>
[INFO] [stdout]   18:     0x649f15c73392 - <std[70759c8f55707aa4]::thread::lifecycle::spawn_unchecked<test[9d35eded1c95d3be]::run_test::{closure#1}, ()>::{closure#1} as core[df12db4294e9bfd3]::ops::function::FnOnce<()>>::call_once::{shim:vtable#0}
[INFO] [stdout]   19:     0x649f15cf2449 - <std[70759c8f55707aa4]::sys::thread::unix::Thread>::new::thread_start
[INFO] [stdout]   20:     0x74f7759afdfa - <unknown>
[INFO] [stdout]   21:     0x74f775a433d4 - clone
[INFO] [stdout]   22:                0x0 - <unknown>
[INFO] [stdout] 
[INFO] [stdout] 
[INFO] [stdout] failures:
[INFO] [stdout]     core::intrinsic_builder::tests::test_compute_on_simple_example
[INFO] [stdout] 
[INFO] [stdout] test result: FAILED. 7 passed; 1 failed; 0 ignored; 0 measured; 0 filtered out; finished in 0.01s
[INFO] [stdout] 
[INFO] running `Command { std: "docker" "inspect" "c32113818a88f452a787b53edf3060b986e7e1b720dfc4f109ad93e20bca5cff", kill_on_drop: false }`
[INFO] running `Command { std: "docker" "rm" "-f" "c32113818a88f452a787b53edf3060b986e7e1b720dfc4f109ad93e20bca5cff", kill_on_drop: false }`
[INFO] [stdout] c32113818a88f452a787b53edf3060b986e7e1b720dfc4f109ad93e20bca5cff
