[INFO] fetching crate dg_network_manager 1.0.0...
[INFO] testing dg_network_manager-1.0.0 against 1.99.0-beta.8+cargoflags=--release for beta-release-1.100-2
[INFO] extracting crate dg_network_manager 1.0.0 into /workspace/builds/worker-2-tc1/source
[INFO] started tweaking crates.io crate dg_network_manager 1.0.0
[INFO] finished tweaking crates.io crate dg_network_manager 1.0.0
[INFO] tweaked toml for crates.io crate dg_network_manager 1.0.0 written to /workspace/builds/worker-2-tc1/source/Cargo.toml
[INFO] validating manifest of crates.io crate dg_network_manager 1.0.0 on toolchain 1.99.0-beta.8
[INFO] running `Command { std: CARGO_HOME="/workspace/cargo-home" RUSTUP_HOME="/workspace/rustup-home" "/workspace/cargo-home/bin/cargo" "+1.99.0-beta.8" "metadata" "--manifest-path" "Cargo.toml" "--no-deps", kill_on_drop: false }`
[INFO] crate crates.io crate dg_network_manager 1.0.0 already has a lockfile, it will not be regenerated
[INFO] running `Command { std: CARGO_HOME="/workspace/cargo-home" RUSTUP_HOME="/workspace/rustup-home" "/workspace/cargo-home/bin/cargo" "+1.99.0-beta.8" "fetch" "--manifest-path" "Cargo.toml", kill_on_drop: false }`
[INFO] [stderr]     Blocking waiting for file lock on package cache
[INFO] [stderr]     Blocking waiting for file lock on package cache
[INFO] [stderr]  Downloading crates ...
[INFO] [stderr]   Downloaded zvariant_derive v5.5.3
[INFO] [stderr]   Downloaded zvariant_utils v3.2.0
[INFO] [stderr]   Downloaded zvariant v5.5.3
[INFO] [stderr]   Downloaded enumflags2_derive v0.7.11
[INFO] [stderr]   Downloaded enumflags2 v0.7.11
[INFO] [stderr]   Downloaded zbus_names v4.2.0
[INFO] [stderr]   Downloaded async-executor v1.13.2
[INFO] [stderr]   Downloaded futures-lite v2.6.0
[INFO] [stderr]   Downloaded zbus_macros v5.7.1
[INFO] [stderr]   Downloaded async-io v2.4.1
[INFO] [stderr]   Downloaded zbus v5.7.1
[INFO] running `Command { std: "docker" "create" "-v" "/var/lib/crater-agent-workspace/builds/worker-2-tc1/source:/opt/rustwide/workdir:ro,Z" "-v" "/var/lib/crater-agent-workspace/builds/worker-2-tc1/target:/opt/rustwide/target:rw,Z" "-v" "/var/lib/crater-agent-workspace/cargo-home:/opt/rustwide/cargo-home:ro,Z" "-v" "/var/lib/crater-agent-workspace/rustup-home:/opt/rustwide/rustup-home:ro,Z" "-m" "1610612736" "--network" "none" "ghcr.io/rust-lang/crates-build-env/linux@sha256:77db811e55d90add9212f6832c23229e3de5f1c1f9905e8cb07319ea15df73ac" "sleep" "infinity", kill_on_drop: false }`
[INFO] [stdout] 9141b0c35b0ae9eb692e64cf098056f0011222320cb6c2d33d5343795a93c4f7
[INFO] running `Command { std: "docker" "start" "9141b0c35b0ae9eb692e64cf098056f0011222320cb6c2d33d5343795a93c4f7", kill_on_drop: false }`
[INFO] running `Command { std: "docker" "inspect" "9141b0c35b0ae9eb692e64cf098056f0011222320cb6c2d33d5343795a93c4f7", kill_on_drop: false }`
[INFO] running `Command { std: "docker" "exec" "-e" "SOURCE_DIR=/opt/rustwide/workdir" "-e" "CARGO_HOME=/opt/rustwide/cargo-home" "-e" "RUSTUP_HOME=/opt/rustwide/rustup-home" "-e" "CARGO_TARGET_DIR=/opt/rustwide/target" "-w" "/opt/rustwide/workdir" "--user" "0:0" "9141b0c35b0ae9eb692e64cf098056f0011222320cb6c2d33d5343795a93c4f7" "/opt/rustwide/cargo-home/bin/cargo" "+1.99.0-beta.8" "metadata" "--no-deps" "--format-version=1", kill_on_drop: false }`
[INFO] running `Command { std: "docker" "inspect" "9141b0c35b0ae9eb692e64cf098056f0011222320cb6c2d33d5343795a93c4f7", kill_on_drop: false }`
[INFO] running `Command { std: "docker" "exec" "-e" "SOURCE_DIR=/opt/rustwide/workdir" "-e" "CARGO_HOME=/opt/rustwide/cargo-home" "-e" "RUSTUP_HOME=/opt/rustwide/rustup-home" "-e" "CARGO_TARGET_DIR=/opt/rustwide/target" "-e" "CARGO_INCREMENTAL=0" "-e" "RUST_BACKTRACE=full" "-e" "RUSTFLAGS=--cap-lints=warn" "-e" "RUSTDOCFLAGS=--cap-lints=warn" "-w" "/opt/rustwide/workdir" "--user" "0:0" "9141b0c35b0ae9eb692e64cf098056f0011222320cb6c2d33d5343795a93c4f7" "/opt/rustwide/cargo-home/bin/cargo" "+1.99.0-beta.8" "build" "--frozen" "--message-format=json" "--release", kill_on_drop: false }`
[INFO] [stderr]    Compiling proc-macro2 v1.0.95
[INFO] [stderr]    Compiling serde v1.0.219
[INFO] [stderr]    Compiling crossbeam-utils v0.8.21
[INFO] [stderr]    Compiling libc v0.2.172
[INFO] [stderr]    Compiling winnow v0.7.10
[INFO] [stderr]    Compiling hashbrown v0.15.3
[INFO] [stderr]    Compiling toml_datetime v0.6.9
[INFO] [stderr]    Compiling bitflags v2.9.1
[INFO] [stderr]    Compiling futures-io v0.3.31
[INFO] [stderr]    Compiling rustix v1.0.7
[INFO] [stderr]    Compiling unicode-ident v1.0.18
[INFO] [stderr]    Compiling linux-raw-sys v0.9.4
[INFO] [stderr]    Compiling tracing-core v0.1.33
[INFO] [stderr]    Compiling rustix v0.38.44
[INFO] [stderr]    Compiling endi v1.1.0
[INFO] [stderr]    Compiling futures-lite v2.6.0
[INFO] [stderr]    Compiling linux-raw-sys v0.4.15
[INFO] [stderr]    Compiling nix v0.30.1
[INFO] [stderr]    Compiling piper v0.2.4
[INFO] [stderr]    Compiling colored v2.2.0
[INFO] [stderr]    Compiling quote v1.0.40
[INFO] [stderr]    Compiling ordered-stream v0.2.0
[INFO] [stderr]    Compiling log v0.4.27
[INFO] [stderr]    Compiling indexmap v2.9.0
[INFO] [stderr]    Compiling syn v2.0.101
[INFO] [stderr]    Compiling concurrent-queue v2.5.0
[INFO] [stderr]    Compiling event-listener v5.4.0
[INFO] [stderr]    Compiling event-listener-strategy v0.5.4
[INFO] [stderr]    Compiling async-lock v3.4.0
[INFO] [stderr]    Compiling async-channel v2.3.1
[INFO] [stderr]    Compiling async-broadcast v0.7.2
[INFO] [stderr]    Compiling async-executor v1.13.2
[INFO] [stderr]    Compiling blocking v1.6.1
[INFO] [stderr]    Compiling toml_edit v0.22.26
[INFO] [stderr]    Compiling signal-hook-registry v1.4.5
[INFO] [stderr]    Compiling socket2 v0.5.9
[INFO] [stderr]    Compiling mio v1.0.4
[INFO] [stderr]    Compiling time v0.3.41
[INFO] [stderr]    Compiling simple_logger v5.0.0
[INFO] [stderr]    Compiling proc-macro-crate v3.3.0
[INFO] [stderr]    Compiling serde_derive v1.0.219
[INFO] [stderr]    Compiling enumflags2_derive v0.7.11
[INFO] [stderr]    Compiling tracing-attributes v0.1.28
[INFO] [stderr]    Compiling tokio-macros v2.5.0
[INFO] [stderr]    Compiling serde_repr v0.1.20
[INFO] [stderr]    Compiling async-trait v0.1.88
[INFO] [stderr]    Compiling tokio v1.45.1
[INFO] [stderr]    Compiling tracing v0.1.41
[INFO] [stderr]    Compiling polling v3.8.0
[INFO] [stderr]    Compiling async-io v2.4.1
[INFO] [stderr]    Compiling async-signal v0.2.10
[INFO] [stderr]    Compiling async-process v2.3.0
[INFO] [stderr]    Compiling enumflags2 v0.7.11
[INFO] [stderr]    Compiling zvariant_utils v3.2.0
[INFO] [stderr]    Compiling zvariant_derive v5.5.3
[INFO] [stderr]    Compiling zvariant v5.5.3
[INFO] [stderr]    Compiling zbus_names v4.2.0
[INFO] [stderr]    Compiling zbus_macros v5.7.1
[INFO] [stderr]    Compiling zbus v5.7.1
[INFO] [stderr]    Compiling dg_network_manager v1.0.0 (/opt/rustwide/workdir)
[INFO] [stderr]     Finished `release` profile [optimized] target(s) in 2m 21s
[INFO] running `Command { std: "docker" "inspect" "9141b0c35b0ae9eb692e64cf098056f0011222320cb6c2d33d5343795a93c4f7", kill_on_drop: false }`
[INFO] running `Command { std: "docker" "exec" "-e" "SOURCE_DIR=/opt/rustwide/workdir" "-e" "CARGO_HOME=/opt/rustwide/cargo-home" "-e" "RUSTUP_HOME=/opt/rustwide/rustup-home" "-e" "CARGO_TARGET_DIR=/opt/rustwide/target" "-e" "CARGO_INCREMENTAL=0" "-e" "RUST_BACKTRACE=full" "-e" "RUSTFLAGS=--cap-lints=warn" "-e" "RUSTDOCFLAGS=--cap-lints=warn" "-w" "/opt/rustwide/workdir" "--user" "0:0" "9141b0c35b0ae9eb692e64cf098056f0011222320cb6c2d33d5343795a93c4f7" "/opt/rustwide/cargo-home/bin/cargo" "+1.99.0-beta.8" "test" "--frozen" "--no-run" "--message-format=json" "--release", kill_on_drop: false }`
[INFO] [stderr]    Compiling dg_network_manager v1.0.0 (/opt/rustwide/workdir)
[INFO] [stderr]     Finished `release` profile [optimized] target(s) in 21.24s
[INFO] running `Command { std: "docker" "inspect" "9141b0c35b0ae9eb692e64cf098056f0011222320cb6c2d33d5343795a93c4f7", kill_on_drop: false }`
[INFO] running `Command { std: "docker" "exec" "-e" "SOURCE_DIR=/opt/rustwide/workdir" "-e" "CARGO_HOME=/opt/rustwide/cargo-home" "-e" "RUSTUP_HOME=/opt/rustwide/rustup-home" "-e" "CARGO_TARGET_DIR=/opt/rustwide/target" "-e" "CARGO_INCREMENTAL=0" "-e" "RUST_BACKTRACE=full" "-e" "RUSTFLAGS=--cap-lints=warn" "-e" "RUSTDOCFLAGS=--cap-lints=warn" "-w" "/opt/rustwide/workdir" "--user" "0:0" "9141b0c35b0ae9eb692e64cf098056f0011222320cb6c2d33d5343795a93c4f7" "/opt/rustwide/cargo-home/bin/cargo" "+1.99.0-beta.8" "test" "--frozen" "--release", kill_on_drop: false }`
[INFO] [stderr]     Finished `release` profile [optimized] target(s) in 0.12s
[INFO] [stderr]      Running unittests src/lib.rs (/opt/rustwide/target/release/deps/dg_network_manager-2e7a839a81f67d49)
[INFO] [stdout] 
[INFO] [stdout] running 9 tests
[INFO] [stdout] test test_all::test_restart_hotspot ... FAILED
[INFO] [stdout] test test_all::test_create_hotspot ... FAILED
[INFO] [stdout] test test_all::test_scan_all_ssids ... FAILED
[INFO] [stdout] test test_all::test_destroy_hotspot ... FAILED
[INFO] [stdout] test test_all::test_connect_to_ssid ... FAILED
[INFO] [stdout] test test_all::test_bad_connect_to_ssid ... FAILED
[INFO] [stdout] test test_all::test_disconnect_device ... FAILED
[INFO] [stdout] test test_all::test_wireless_devices ... FAILED
[INFO] [stdout] test test_all::test_list_devices ... FAILED
[INFO] [stdout] 
[INFO] [stdout] failures:
[INFO] [stdout] 
[INFO] [stdout] ---- test_all::test_restart_hotspot stdout ----
[INFO] [stdout] 
[INFO] [stdout] thread 'test_all::test_restart_hotspot' (1477) panicked at src/test_all.rs:188:10:
[INFO] [stdout] called `Result::unwrap()` on an `Err` value: SetLoggerError(())
[INFO] [stdout] stack backtrace:
[INFO] [stdout]    0:     0x60574e1c5f81 - <<std[70759c8f55707aa4]::sys::backtrace::BacktraceLock>::print::DisplayBacktrace as core[df12db4294e9bfd3]::fmt::Display>::fmt
[INFO] [stdout]    1:     0x60574e1dc45a - core[df12db4294e9bfd3]::fmt::write
[INFO] [stdout]    2:     0x60574e1cad6c - <alloc[2182bb758b4b3781]::vec::Vec<u8> as core[df12db4294e9bfd3]::io::write::Write>::write_fmt
[INFO] [stdout]    3:     0x60574e19fb16 - std[70759c8f55707aa4]::panicking::default_hook::{closure#0}
[INFO] [stdout]    4:     0x60574e1bce69 - std[70759c8f55707aa4]::panicking::default_hook
[INFO] [stdout]    5:     0x60574e048810 - test[9d35eded1c95d3be]::test_main_inner::<test[9d35eded1c95d3be]::test_main_static::{closure#0}>::{closure#0}
[INFO] [stdout]    6:     0x60574e1bd192 - std[70759c8f55707aa4]::panicking::panic_with_hook
[INFO] [stdout]    7:     0x60574e19fbc2 - std[70759c8f55707aa4]::panicking::panic_handler::{closure#0}
[INFO] [stdout]    8:     0x60574e1986d9 - std[70759c8f55707aa4]::sys::backtrace::__rust_end_short_backtrace::<std[70759c8f55707aa4]::panicking::panic_handler::{closure#0}, !>
[INFO] [stdout]    9:     0x60574e1a09ad - __rustc[8fa7c3cbc660c2b3]::rust_begin_unwind
[INFO] [stdout]   10:     0x60574e1dcbbc - core[df12db4294e9bfd3]::panicking::panic_fmt
[INFO] [stdout]   11:     0x60574e1dc992 - core[df12db4294e9bfd3]::result::unwrap_failed
[INFO] [stdout]   12:     0x60574dfa739d - dg_network_manager[4a86269dc5c52710]::test_all::test_restart_hotspot::{closure#0}
[INFO] [stdout]   13:     0x60574e0210d3 - <tokio[d71bbdeaedca42fb]::runtime::scheduler::current_thread::Context>::enter::<core[df12db4294e9bfd3]::task::poll::Poll<()>, <tokio[d71bbdeaedca42fb]::runtime::scheduler::current_thread::CoreGuard>::block_on<core[df12db4294e9bfd3]::pin::Pin<&mut core[df12db4294e9bfd3]::pin::Pin<&mut dyn core[df12db4294e9bfd3]::future::future::Future<Output = ()>>>>::{closure#0}::{closure#0}>
[INFO] [stdout]   14:     0x60574e00388c - <tokio[d71bbdeaedca42fb]::runtime::context::scoped::Scoped<tokio[d71bbdeaedca42fb]::runtime::scheduler::Context>>::set::<<tokio[d71bbdeaedca42fb]::runtime::scheduler::current_thread::CoreGuard>::enter<<tokio[d71bbdeaedca42fb]::runtime::scheduler::current_thread::CoreGuard>::block_on<core[df12db4294e9bfd3]::pin::Pin<&mut core[df12db4294e9bfd3]::pin::Pin<&mut dyn core[df12db4294e9bfd3]::future::future::Future<Output = ()>>>>::{closure#0}, core[df12db4294e9bfd3]::option::Option<()>>::{closure#0}, (alloc[2182bb758b4b3781]::boxed::Box<tokio[d71bbdeaedca42fb]::runtime::scheduler::current_thread::Core>, core[df12db4294e9bfd3]::option::Option<()>)>
[INFO] [stdout]   15:     0x60574e021627 - <tokio[d71bbdeaedca42fb]::runtime::scheduler::current_thread::CoreGuard>::block_on::<core[df12db4294e9bfd3]::pin::Pin<&mut core[df12db4294e9bfd3]::pin::Pin<&mut dyn core[df12db4294e9bfd3]::future::future::Future<Output = ()>>>>
[INFO] [stdout]   16:     0x60574dffc1fd - tokio[d71bbdeaedca42fb]::runtime::context::runtime::enter_runtime::<<tokio[d71bbdeaedca42fb]::runtime::scheduler::current_thread::CurrentThread>::block_on<core[df12db4294e9bfd3]::pin::Pin<&mut dyn core[df12db4294e9bfd3]::future::future::Future<Output = ()>>>::{closure#0}, ()>
[INFO] [stdout]   17:     0x60574dff5f8e - <tokio[d71bbdeaedca42fb]::runtime::runtime::Runtime>::block_on::<core[df12db4294e9bfd3]::pin::Pin<&mut dyn core[df12db4294e9bfd3]::future::future::Future<Output = ()>>>
[INFO] [stdout]   18:     0x60574dfaca6b - dg_network_manager[4a86269dc5c52710]::test_all::test_restart_hotspot
[INFO] [stdout]   19:     0x60574e011999 - <dg_network_manager[4a86269dc5c52710]::test_all::test_restart_hotspot::{closure#0} as core[df12db4294e9bfd3]::ops::function::FnOnce<()>>::call_once
[INFO] [stdout]   20:     0x60574e03bafb - test[9d35eded1c95d3be]::__rust_begin_short_backtrace::<core[df12db4294e9bfd3]::result::Result<(), alloc[2182bb758b4b3781]::string::String>, fn() -> core[df12db4294e9bfd3]::result::Result<(), alloc[2182bb758b4b3781]::string::String>>
[INFO] [stdout]   21:     0x60574e049165 - test[9d35eded1c95d3be]::run_test::{closure#0}
[INFO] [stdout]   22:     0x60574e042a24 - std[70759c8f55707aa4]::sys::backtrace::__rust_begin_short_backtrace::<test[9d35eded1c95d3be]::run_test::{closure#1}, ()>
[INFO] [stdout]   23:     0x60574e04c2c2 - <std[70759c8f55707aa4]::thread::lifecycle::spawn_unchecked<test[9d35eded1c95d3be]::run_test::{closure#1}, ()>::{closure#1} as core[df12db4294e9bfd3]::ops::function::FnOnce<()>>::call_once::{shim:vtable#0}
[INFO] [stdout]   24:     0x60574e1c49e9 - <std[70759c8f55707aa4]::sys::thread::unix::Thread>::new::thread_start
[INFO] [stdout]   25:     0x770ed3945dfa - <unknown>
[INFO] [stdout]   26:     0x770ed39d93d4 - clone
[INFO] [stdout]   27:                0x0 - <unknown>
[INFO] [stdout] 
[INFO] [stdout] ---- test_all::test_create_hotspot stdout ----
[INFO] [stdout] 
[INFO] [stdout] thread 'test_all::test_create_hotspot' (1473) panicked at src/test_all.rs:139:10:
[INFO] [stdout] called `Result::unwrap()` on an `Err` value: SetLoggerError(())
[INFO] [stdout] stack backtrace:
[INFO] [stdout]    0:     0x60574e1c5f81 - <<std[70759c8f55707aa4]::sys::backtrace::BacktraceLock>::print::DisplayBacktrace as core[df12db4294e9bfd3]::fmt::Display>::fmt
[INFO] [stdout]    1:     0x60574e1dc45a - core[df12db4294e9bfd3]::fmt::write
[INFO] [stdout]    2:     0x60574e1cad6c - <alloc[2182bb758b4b3781]::vec::Vec<u8> as core[df12db4294e9bfd3]::io::write::Write>::write_fmt
[INFO] [stdout]    3:     0x60574e19fb16 - std[70759c8f55707aa4]::panicking::default_hook::{closure#0}
[INFO] [stdout]    4:     0x60574e1bce69 - std[70759c8f55707aa4]::panicking::default_hook
[INFO] [stdout]    5:     0x60574e048810 - test[9d35eded1c95d3be]::test_main_inner::<test[9d35eded1c95d3be]::test_main_static::{closure#0}>::{closure#0}
[INFO] [stdout]    6:     0x60574e1bd192 - std[70759c8f55707aa4]::panicking::panic_with_hook
[INFO] [stdout]    7:     0x60574e19fbc2 - std[70759c8f55707aa4]::panicking::panic_handler::{closure#0}
[INFO] [stdout]    8:     0x60574e1986d9 - std[70759c8f55707aa4]::sys::backtrace::__rust_end_short_backtrace::<std[70759c8f55707aa4]::panicking::panic_handler::{closure#0}, !>
[INFO] [stdout]    9:     0x60574e1a09ad - __rustc[8fa7c3cbc660c2b3]::rust_begin_unwind
[INFO] [stdout]   10:     0x60574e1dcbbc - core[df12db4294e9bfd3]::panicking::panic_fmt
[INFO] [stdout]   11:     0x60574e1dc992 - core[df12db4294e9bfd3]::result::unwrap_failed
[INFO] [stdout]   12:     0x60574dfa42eb - dg_network_manager[4a86269dc5c52710]::test_all::test_create_hotspot::{closure#0}
[INFO] [stdout]   13:     0x60574e0210d3 - <tokio[d71bbdeaedca42fb]::runtime::scheduler::current_thread::Context>::enter::<core[df12db4294e9bfd3]::task::poll::Poll<()>, <tokio[d71bbdeaedca42fb]::runtime::scheduler::current_thread::CoreGuard>::block_on<core[df12db4294e9bfd3]::pin::Pin<&mut core[df12db4294e9bfd3]::pin::Pin<&mut dyn core[df12db4294e9bfd3]::future::future::Future<Output = ()>>>>::{closure#0}::{closure#0}>
[INFO] [stdout]   14:     0x60574e00388c - <tokio[d71bbdeaedca42fb]::runtime::context::scoped::Scoped<tokio[d71bbdeaedca42fb]::runtime::scheduler::Context>>::set::<<tokio[d71bbdeaedca42fb]::runtime::scheduler::current_thread::CoreGuard>::enter<<tokio[d71bbdeaedca42fb]::runtime::scheduler::current_thread::CoreGuard>::block_on<core[df12db4294e9bfd3]::pin::Pin<&mut core[df12db4294e9bfd3]::pin::Pin<&mut dyn core[df12db4294e9bfd3]::future::future::Future<Output = ()>>>>::{closure#0}, core[df12db4294e9bfd3]::option::Option<()>>::{closure#0}, (alloc[2182bb758b4b3781]::boxed::Box<tokio[d71bbdeaedca42fb]::runtime::scheduler::current_thread::Core>, core[df12db4294e9bfd3]::option::Option<()>)>
[INFO] [stdout]   15:     0x60574e021627 - <tokio[d71bbdeaedca42fb]::runtime::scheduler::current_thread::CoreGuard>::block_on::<core[df12db4294e9bfd3]::pin::Pin<&mut core[df12db4294e9bfd3]::pin::Pin<&mut dyn core[df12db4294e9bfd3]::future::future::Future<Output = ()>>>>
[INFO] [stdout]   16:     0x60574dffc1fd - tokio[d71bbdeaedca42fb]::runtime::context::runtime::enter_runtime::<<tokio[d71bbdeaedca42fb]::runtime::scheduler::current_thread::CurrentThread>::block_on<core[df12db4294e9bfd3]::pin::Pin<&mut dyn core[df12db4294e9bfd3]::future::future::Future<Output = ()>>>::{closure#0}, ()>
[INFO] [stdout]   17:     0x60574dff5f8e - <tokio[d71bbdeaedca42fb]::runtime::runtime::Runtime>::block_on::<core[df12db4294e9bfd3]::pin::Pin<&mut dyn core[df12db4294e9bfd3]::future::future::Future<Output = ()>>>
[INFO] [stdout]   18:     0x60574dfac3cb - dg_network_manager[4a86269dc5c52710]::test_all::test_create_hotspot
[INFO] [stdout]   19:     0x60574e011919 - <dg_network_manager[4a86269dc5c52710]::test_all::test_create_hotspot::{closure#0} as core[df12db4294e9bfd3]::ops::function::FnOnce<()>>::call_once
[INFO] [stdout]   20:     0x60574e03bafb - test[9d35eded1c95d3be]::__rust_begin_short_backtrace::<core[df12db4294e9bfd3]::result::Result<(), alloc[2182bb758b4b3781]::string::String>, fn() -> core[df12db4294e9bfd3]::result::Result<(), alloc[2182bb758b4b3781]::string::String>>
[INFO] [stdout]   21:     0x60574e049165 - test[9d35eded1c95d3be]::run_test::{closure#0}
[INFO] [stdout]   22:     0x60574e042a24 - std[70759c8f55707aa4]::sys::backtrace::__rust_begin_short_backtrace::<test[9d35eded1c95d3be]::run_test::{closure#1}, ()>
[INFO] [stdout]   23:     0x60574e04c2c2 - <std[70759c8f55707aa4]::thread::lifecycle::spawn_unchecked<test[9d35eded1c95d3be]::run_test::{closure#1}, ()>::{closure#1} as core[df12db4294e9bfd3]::ops::function::FnOnce<()>>::call_once::{shim:vtable#0}
[INFO] [stdout]   24:     0x60574e1c49e9 - <std[70759c8f55707aa4]::sys::thread::unix::Thread>::new::thread_start
[INFO] [stdout]   25:     0x770ed3945dfa - <unknown>
[INFO] [stdout]   26:     0x770ed39d93d4 - clone
[INFO] [stdout]   27:                0x0 - <unknown>
[INFO] [stdout] 
[INFO] [stdout] ---- test_all::test_scan_all_ssids stdout ----
[INFO] [stdout] 
[INFO] [stdout] thread 'test_all::test_scan_all_ssids' (1478) panicked at src/test_all.rs:36:10:
[INFO] [stdout] called `Result::unwrap()` on an `Err` value: SetLoggerError(())
[INFO] [stdout] stack backtrace:
[INFO] [stdout]    0:     0x60574e1c5f81 - <<std[70759c8f55707aa4]::sys::backtrace::BacktraceLock>::print::DisplayBacktrace as core[df12db4294e9bfd3]::fmt::Display>::fmt
[INFO] [stdout]    1:     0x60574e1dc45a - core[df12db4294e9bfd3]::fmt::write
[INFO] [stdout]    2:     0x60574e1cad6c - <alloc[2182bb758b4b3781]::vec::Vec<u8> as core[df12db4294e9bfd3]::io::write::Write>::write_fmt
[INFO] [stdout]    3:     0x60574e19fb16 - std[70759c8f55707aa4]::panicking::default_hook::{closure#0}
[INFO] [stdout]    4:     0x60574e1bce69 - std[70759c8f55707aa4]::panicking::default_hook
[INFO] [stdout]    5:     0x60574e048810 - test[9d35eded1c95d3be]::test_main_inner::<test[9d35eded1c95d3be]::test_main_static::{closure#0}>::{closure#0}
[INFO] [stdout]    6:     0x60574e1bd192 - std[70759c8f55707aa4]::panicking::panic_with_hook
[INFO] [stdout]    7:     0x60574e19fbc2 - std[70759c8f55707aa4]::panicking::panic_handler::{closure#0}
[INFO] [stdout]    8:     0x60574e1986d9 - std[70759c8f55707aa4]::sys::backtrace::__rust_end_short_backtrace::<std[70759c8f55707aa4]::panicking::panic_handler::{closure#0}, !>
[INFO] [stdout]    9:     0x60574e1a09ad - __rustc[8fa7c3cbc660c2b3]::rust_begin_unwind
[INFO] [stdout]   10:     0x60574e1dcbbc - core[df12db4294e9bfd3]::panicking::panic_fmt
[INFO] [stdout]   11:     0x60574e1dc992 - core[df12db4294e9bfd3]::result::unwrap_failed
[INFO] [stdout]   12:     0x60574dfa4832 - dg_network_manager[4a86269dc5c52710]::test_all::test_scan_all_ssids::{closure#0}
[INFO] [stdout]   13:     0x60574e0210d3 - <tokio[d71bbdeaedca42fb]::runtime::scheduler::current_thread::Context>::enter::<core[df12db4294e9bfd3]::task::poll::Poll<()>, <tokio[d71bbdeaedca42fb]::runtime::scheduler::current_thread::CoreGuard>::block_on<core[df12db4294e9bfd3]::pin::Pin<&mut core[df12db4294e9bfd3]::pin::Pin<&mut dyn core[df12db4294e9bfd3]::future::future::Future<Output = ()>>>>::{closure#0}::{closure#0}>
[INFO] [stdout]   14:     0x60574e00388c - <tokio[d71bbdeaedca42fb]::runtime::context::scoped::Scoped<tokio[d71bbdeaedca42fb]::runtime::scheduler::Context>>::set::<<tokio[d71bbdeaedca42fb]::runtime::scheduler::current_thread::CoreGuard>::enter<<tokio[d71bbdeaedca42fb]::runtime::scheduler::current_thread::CoreGuard>::block_on<core[df12db4294e9bfd3]::pin::Pin<&mut core[df12db4294e9bfd3]::pin::Pin<&mut dyn core[df12db4294e9bfd3]::future::future::Future<Output = ()>>>>::{closure#0}, core[df12db4294e9bfd3]::option::Option<()>>::{closure#0}, (alloc[2182bb758b4b3781]::boxed::Box<tokio[d71bbdeaedca42fb]::runtime::scheduler::current_thread::Core>, core[df12db4294e9bfd3]::option::Option<()>)>
[INFO] [stdout]   15:     0x60574e021627 - <tokio[d71bbdeaedca42fb]::runtime::scheduler::current_thread::CoreGuard>::block_on::<core[df12db4294e9bfd3]::pin::Pin<&mut core[df12db4294e9bfd3]::pin::Pin<&mut dyn core[df12db4294e9bfd3]::future::future::Future<Output = ()>>>>
[INFO] [stdout]   16:     0x60574dffc1fd - tokio[d71bbdeaedca42fb]::runtime::context::runtime::enter_runtime::<<tokio[d71bbdeaedca42fb]::runtime::scheduler::current_thread::CurrentThread>::block_on<core[df12db4294e9bfd3]::pin::Pin<&mut dyn core[df12db4294e9bfd3]::future::future::Future<Output = ()>>>::{closure#0}, ()>
[INFO] [stdout]   17:     0x60574dff5f8e - <tokio[d71bbdeaedca42fb]::runtime::runtime::Runtime>::block_on::<core[df12db4294e9bfd3]::pin::Pin<&mut dyn core[df12db4294e9bfd3]::future::future::Future<Output = ()>>>
[INFO] [stdout]   18:     0x60574dfac57b - dg_network_manager[4a86269dc5c52710]::test_all::test_scan_all_ssids
[INFO] [stdout]   19:     0x60574e011939 - <dg_network_manager[4a86269dc5c52710]::test_all::test_scan_all_ssids::{closure#0} as core[df12db4294e9bfd3]::ops::function::FnOnce<()>>::call_once
[INFO] [stdout]   20:     0x60574e03bafb - test[9d35eded1c95d3be]::__rust_begin_short_backtrace::<core[df12db4294e9bfd3]::result::Result<(), alloc[2182bb758b4b3781]::string::String>, fn() -> core[df12db4294e9bfd3]::result::Result<(), alloc[2182bb758b4b3781]::string::String>>
[INFO] [stdout]   21:     0x60574e049165 - test[9d35eded1c95d3be]::run_test::{closure#0}
[INFO] [stdout]   22:     0x60574e042a24 - std[70759c8f55707aa4]::sys::backtrace::__rust_begin_short_backtrace::<test[9d35eded1c95d3be]::run_test::{closure#1}, ()>
[INFO] [stdout]   23:     0x60574e04c2c2 - <std[70759c8f55707aa4]::thread::lifecycle::spawn_unchecked<test[9d35eded1c95d3be]::run_test::{closure#1}, ()>::{closure#1} as core[df12db4294e9bfd3]::ops::function::FnOnce<()>>::call_once::{shim:vtable#0}
[INFO] [stdout]   24:     0x60574e1c49e9 - <std[70759c8f55707aa4]::sys::thread::unix::Thread>::new::thread_start
[INFO] [stdout]   25:     0x770ed3945dfa - <unknown>
[INFO] [stdout]   26:     0x770ed39d93d4 - clone
[INFO] [stdout]   27:                0x0 - <unknown>
[INFO] [stdout] 
[INFO] [stdout] ---- test_all::test_destroy_hotspot stdout ----
[INFO] [stdout] 
[INFO] [stdout] thread 'test_all::test_destroy_hotspot' (1474) panicked at src/test_all.rs:169:10:
[INFO] [stdout] called `Result::unwrap()` on an `Err` value: SetLoggerError(())
[INFO] [stdout] stack backtrace:
[INFO] [stdout]    0:     0x60574e1c5f81 - <<std[70759c8f55707aa4]::sys::backtrace::BacktraceLock>::print::DisplayBacktrace as core[df12db4294e9bfd3]::fmt::Display>::fmt
[INFO] [stdout]    1:     0x60574e1dc45a - core[df12db4294e9bfd3]::fmt::write
[INFO] [stdout]    2:     0x60574e1cad6c - <alloc[2182bb758b4b3781]::vec::Vec<u8> as core[df12db4294e9bfd3]::io::write::Write>::write_fmt
[INFO] [stdout]    3:     0x60574e19fb16 - std[70759c8f55707aa4]::panicking::default_hook::{closure#0}
[INFO] [stdout]    4:     0x60574e1bce69 - std[70759c8f55707aa4]::panicking::default_hook
[INFO] [stdout]    5:     0x60574e048810 - test[9d35eded1c95d3be]::test_main_inner::<test[9d35eded1c95d3be]::test_main_static::{closure#0}>::{closure#0}
[INFO] [stdout]    6:     0x60574e1bd192 - std[70759c8f55707aa4]::panicking::panic_with_hook
[INFO] [stdout]    7:     0x60574e19fbc2 - std[70759c8f55707aa4]::panicking::panic_handler::{closure#0}
[INFO] [stdout]    8:     0x60574e1986d9 - std[70759c8f55707aa4]::sys::backtrace::__rust_end_short_backtrace::<std[70759c8f55707aa4]::panicking::panic_handler::{closure#0}, !>
[INFO] [stdout]    9:     0x60574e1a09ad - __rustc[8fa7c3cbc660c2b3]::rust_begin_unwind
[INFO] [stdout]   10:     0x60574e1dcbbc - core[df12db4294e9bfd3]::panicking::panic_fmt
[INFO] [stdout]   11:     0x60574e1dc992 - core[df12db4294e9bfd3]::result::unwrap_failed
[INFO] [stdout]   12:     0x60574dfa5685 - dg_network_manager[4a86269dc5c52710]::test_all::test_destroy_hotspot::{closure#0}
[INFO] [stdout]   13:     0x60574e0210d3 - <tokio[d71bbdeaedca42fb]::runtime::scheduler::current_thread::Context>::enter::<core[df12db4294e9bfd3]::task::poll::Poll<()>, <tokio[d71bbdeaedca42fb]::runtime::scheduler::current_thread::CoreGuard>::block_on<core[df12db4294e9bfd3]::pin::Pin<&mut core[df12db4294e9bfd3]::pin::Pin<&mut dyn core[df12db4294e9bfd3]::future::future::Future<Output = ()>>>>::{closure#0}::{closure#0}>
[INFO] [stdout]   14:     0x60574e00388c - <tokio[d71bbdeaedca42fb]::runtime::context::scoped::Scoped<tokio[d71bbdeaedca42fb]::runtime::scheduler::Context>>::set::<<tokio[d71bbdeaedca42fb]::runtime::scheduler::current_thread::CoreGuard>::enter<<tokio[d71bbdeaedca42fb]::runtime::scheduler::current_thread::CoreGuard>::block_on<core[df12db4294e9bfd3]::pin::Pin<&mut core[df12db4294e9bfd3]::pin::Pin<&mut dyn core[df12db4294e9bfd3]::future::future::Future<Output = ()>>>>::{closure#0}, core[df12db4294e9bfd3]::option::Option<()>>::{closure#0}, (alloc[2182bb758b4b3781]::boxed::Box<tokio[d71bbdeaedca42fb]::runtime::scheduler::current_thread::Core>, core[df12db4294e9bfd3]::option::Option<()>)>
[INFO] [stdout]   15:     0x60574e021627 - <tokio[d71bbdeaedca42fb]::runtime::scheduler::current_thread::CoreGuard>::block_on::<core[df12db4294e9bfd3]::pin::Pin<&mut core[df12db4294e9bfd3]::pin::Pin<&mut dyn core[df12db4294e9bfd3]::future::future::Future<Output = ()>>>>
[INFO] [stdout]   16:     0x60574dffc1fd - tokio[d71bbdeaedca42fb]::runtime::context::runtime::enter_runtime::<<tokio[d71bbdeaedca42fb]::runtime::scheduler::current_thread::CurrentThread>::block_on<core[df12db4294e9bfd3]::pin::Pin<&mut dyn core[df12db4294e9bfd3]::future::future::Future<Output = ()>>>::{closure#0}, ()>
[INFO] [stdout]   17:     0x60574dff5f8e - <tokio[d71bbdeaedca42fb]::runtime::runtime::Runtime>::block_on::<core[df12db4294e9bfd3]::pin::Pin<&mut dyn core[df12db4294e9bfd3]::future::future::Future<Output = ()>>>
[INFO] [stdout]   18:     0x60574dfac8cb - dg_network_manager[4a86269dc5c52710]::test_all::test_destroy_hotspot
[INFO] [stdout]   19:     0x60574e011979 - <dg_network_manager[4a86269dc5c52710]::test_all::test_destroy_hotspot::{closure#0} as core[df12db4294e9bfd3]::ops::function::FnOnce<()>>::call_once
[INFO] [stdout]   20:     0x60574e03bafb - test[9d35eded1c95d3be]::__rust_begin_short_backtrace::<core[df12db4294e9bfd3]::result::Result<(), alloc[2182bb758b4b3781]::string::String>, fn() -> core[df12db4294e9bfd3]::result::Result<(), alloc[2182bb758b4b3781]::string::String>>
[INFO] [stdout]   21:     0x60574e049165 - test[9d35eded1c95d3be]::run_test::{closure#0}
[INFO] [stdout]   22:     0x60574e042a24 - std[70759c8f55707aa4]::sys::backtrace::__rust_begin_short_backtrace::<test[9d35eded1c95d3be]::run_test::{closure#1}, ()>
[INFO] [stdout]   23:     0x60574e04c2c2 - <std[70759c8f55707aa4]::thread::lifecycle::spawn_unchecked<test[9d35eded1c95d3be]::run_test::{closure#1}, ()>::{closure#1} as core[df12db4294e9bfd3]::ops::function::FnOnce<()>>::call_once::{shim:vtable#0}
[INFO] [stdout]   24:     0x60574e1c49e9 - <std[70759c8f55707aa4]::sys::thread::unix::Thread>::new::thread_start
[INFO] [stdout]   25:     0x770ed3945dfa - <unknown>
[INFO] [stdout]   26:     0x770ed39d93d4 - clone
[INFO] [stdout]   27:                0x0 - <unknown>
[INFO] [stdout] 
[INFO] [stdout] ---- test_all::test_connect_to_ssid stdout ----
[INFO] [stdout] 
[INFO] [stdout] thread 'test_all::test_connect_to_ssid' (1472) panicked at src/test_all.rs:59:10:
[INFO] [stdout] called `Result::unwrap()` on an `Err` value: SetLoggerError(())
[INFO] [stdout] stack backtrace:
[INFO] [stdout]    0:     0x60574e1c5f81 - <<std[70759c8f55707aa4]::sys::backtrace::BacktraceLock>::print::DisplayBacktrace as core[df12db4294e9bfd3]::fmt::Display>::fmt
[INFO] [stdout]    1:     0x60574e1dc45a - core[df12db4294e9bfd3]::fmt::write
[INFO] [stdout]    2:     0x60574e1cad6c - <alloc[2182bb758b4b3781]::vec::Vec<u8> as core[df12db4294e9bfd3]::io::write::Write>::write_fmt
[INFO] [stdout]    3:     0x60574e19fb16 - std[70759c8f55707aa4]::panicking::default_hook::{closure#0}
[INFO] [stdout]    4:     0x60574e1bce69 - std[70759c8f55707aa4]::panicking::default_hook
[INFO] [stdout]    5:     0x60574e048810 - test[9d35eded1c95d3be]::test_main_inner::<test[9d35eded1c95d3be]::test_main_static::{closure#0}>::{closure#0}
[INFO] [stdout]    6:     0x60574e1bd192 - std[70759c8f55707aa4]::panicking::panic_with_hook
[INFO] [stdout]    7:     0x60574e19fbc2 - std[70759c8f55707aa4]::panicking::panic_handler::{closure#0}
[INFO] [stdout]    8:     0x60574e1986d9 - std[70759c8f55707aa4]::sys::backtrace::__rust_end_short_backtrace::<std[70759c8f55707aa4]::panicking::panic_handler::{closure#0}, !>
[INFO] [stdout]    9:     0x60574e1a09ad - __rustc[8fa7c3cbc660c2b3]::rust_begin_unwind
[INFO] [stdout]   10:     0x60574e1dcbbc - core[df12db4294e9bfd3]::panicking::panic_fmt
[INFO] [stdout]   11:     0x60574e1dc992 - core[df12db4294e9bfd3]::result::unwrap_failed
[INFO] [stdout]   12:     0x60574dfa4e41 - dg_network_manager[4a86269dc5c52710]::test_all::test_connect_to_ssid::{closure#0}
[INFO] [stdout]   13:     0x60574e0210d3 - <tokio[d71bbdeaedca42fb]::runtime::scheduler::current_thread::Context>::enter::<core[df12db4294e9bfd3]::task::poll::Poll<()>, <tokio[d71bbdeaedca42fb]::runtime::scheduler::current_thread::CoreGuard>::block_on<core[df12db4294e9bfd3]::pin::Pin<&mut core[df12db4294e9bfd3]::pin::Pin<&mut dyn core[df12db4294e9bfd3]::future::future::Future<Output = ()>>>>::{closure#0}::{closure#0}>
[INFO] [stdout]   14:     0x60574e00388c - <tokio[d71bbdeaedca42fb]::runtime::context::scoped::Scoped<tokio[d71bbdeaedca42fb]::runtime::scheduler::Context>>::set::<<tokio[d71bbdeaedca42fb]::runtime::scheduler::current_thread::CoreGuard>::enter<<tokio[d71bbdeaedca42fb]::runtime::scheduler::current_thread::CoreGuard>::block_on<core[df12db4294e9bfd3]::pin::Pin<&mut core[df12db4294e9bfd3]::pin::Pin<&mut dyn core[df12db4294e9bfd3]::future::future::Future<Output = ()>>>>::{closure#0}, core[df12db4294e9bfd3]::option::Option<()>>::{closure#0}, (alloc[2182bb758b4b3781]::boxed::Box<tokio[d71bbdeaedca42fb]::runtime::scheduler::current_thread::Core>, core[df12db4294e9bfd3]::option::Option<()>)>
[INFO] [stdout]   15:     0x60574e021627 - <tokio[d71bbdeaedca42fb]::runtime::scheduler::current_thread::CoreGuard>::block_on::<core[df12db4294e9bfd3]::pin::Pin<&mut core[df12db4294e9bfd3]::pin::Pin<&mut dyn core[df12db4294e9bfd3]::future::future::Future<Output = ()>>>>
[INFO] [stdout]   16:     0x60574dffc1fd - tokio[d71bbdeaedca42fb]::runtime::context::runtime::enter_runtime::<<tokio[d71bbdeaedca42fb]::runtime::scheduler::current_thread::CurrentThread>::block_on<core[df12db4294e9bfd3]::pin::Pin<&mut dyn core[df12db4294e9bfd3]::future::future::Future<Output = ()>>>::{closure#0}, ()>
[INFO] [stdout]   17:     0x60574dff5f8e - <tokio[d71bbdeaedca42fb]::runtime::runtime::Runtime>::block_on::<core[df12db4294e9bfd3]::pin::Pin<&mut dyn core[df12db4294e9bfd3]::future::future::Future<Output = ()>>>
[INFO] [stdout]   18:     0x60574dfac71b - dg_network_manager[4a86269dc5c52710]::test_all::test_connect_to_ssid
[INFO] [stdout]   19:     0x60574e011959 - <dg_network_manager[4a86269dc5c52710]::test_all::test_connect_to_ssid::{closure#0} as core[df12db4294e9bfd3]::ops::function::FnOnce<()>>::call_once
[INFO] [stdout]   20:     0x60574e03bafb - test[9d35eded1c95d3be]::__rust_begin_short_backtrace::<core[df12db4294e9bfd3]::result::Result<(), alloc[2182bb758b4b3781]::string::String>, fn() -> core[df12db4294e9bfd3]::result::Result<(), alloc[2182bb758b4b3781]::string::String>>
[INFO] [stdout]   21:     0x60574e049165 - test[9d35eded1c95d3be]::run_test::{closure#0}
[INFO] [stdout]   22:     0x60574e042a24 - std[70759c8f55707aa4]::sys::backtrace::__rust_begin_short_backtrace::<test[9d35eded1c95d3be]::run_test::{closure#1}, ()>
[INFO] [stdout]   23:     0x60574e04c2c2 - <std[70759c8f55707aa4]::thread::lifecycle::spawn_unchecked<test[9d35eded1c95d3be]::run_test::{closure#1}, ()>::{closure#1} as core[df12db4294e9bfd3]::ops::function::FnOnce<()>>::call_once::{shim:vtable#0}
[INFO] [stdout]   24:     0x60574e1c49e9 - <std[70759c8f55707aa4]::sys::thread::unix::Thread>::new::thread_start
[INFO] [stdout]   25:     0x770ed3945dfa - <unknown>
[INFO] [stdout]   26:     0x770ed39d93d4 - clone
[INFO] [stdout]   27:                0x0 - <unknown>
[INFO] [stdout] 
[INFO] [stdout] ---- test_all::test_bad_connect_to_ssid stdout ----
[INFO] [stdout] 
[INFO] [stdout] thread 'test_all::test_bad_connect_to_ssid' (1471) panicked at src/test_all.rs:86:10:
[INFO] [stdout] called `Result::unwrap()` on an `Err` value: SetLoggerError(())
[INFO] [stdout] stack backtrace:
[INFO] [stdout]    0:     0x60574e1c5f81 - <<std[70759c8f55707aa4]::sys::backtrace::BacktraceLock>::print::DisplayBacktrace as core[df12db4294e9bfd3]::fmt::Display>::fmt
[INFO] [stdout]    1:     0x60574e1dc45a - core[df12db4294e9bfd3]::fmt::write
[INFO] [stdout]    2:     0x60574e1cad6c - <alloc[2182bb758b4b3781]::vec::Vec<u8> as core[df12db4294e9bfd3]::io::write::Write>::write_fmt
[INFO] [stdout]    3:     0x60574e19fb16 - std[70759c8f55707aa4]::panicking::default_hook::{closure#0}
[INFO] [stdout]    4:     0x60574e1bce69 - std[70759c8f55707aa4]::panicking::default_hook
[INFO] [stdout]    5:     0x60574e048810 - test[9d35eded1c95d3be]::test_main_inner::<test[9d35eded1c95d3be]::test_main_static::{closure#0}>::{closure#0}
[INFO] [stdout]    6:     0x60574e1bd192 - std[70759c8f55707aa4]::panicking::panic_with_hook
[INFO] [stdout]    7:     0x60574e19fbc2 - std[70759c8f55707aa4]::panicking::panic_handler::{closure#0}
[INFO] [stdout]    8:     0x60574e1986d9 - std[70759c8f55707aa4]::sys::backtrace::__rust_end_short_backtrace::<std[70759c8f55707aa4]::panicking::panic_handler::{closure#0}, !>
[INFO] [stdout]    9:     0x60574e1a09ad - __rustc[8fa7c3cbc660c2b3]::rust_begin_unwind
[INFO] [stdout]   10:     0x60574e1dcbbc - core[df12db4294e9bfd3]::panicking::panic_fmt
[INFO] [stdout]   11:     0x60574e1dc992 - core[df12db4294e9bfd3]::result::unwrap_failed
[INFO] [stdout]   12:     0x60574dfabdb0 - dg_network_manager[4a86269dc5c52710]::test_all::test_bad_connect_to_ssid::{closure#0}
[INFO] [stdout]   13:     0x60574e0210d3 - <tokio[d71bbdeaedca42fb]::runtime::scheduler::current_thread::Context>::enter::<core[df12db4294e9bfd3]::task::poll::Poll<()>, <tokio[d71bbdeaedca42fb]::runtime::scheduler::current_thread::CoreGuard>::block_on<core[df12db4294e9bfd3]::pin::Pin<&mut core[df12db4294e9bfd3]::pin::Pin<&mut dyn core[df12db4294e9bfd3]::future::future::Future<Output = ()>>>>::{closure#0}::{closure#0}>
[INFO] [stdout]   14:     0x60574e00388c - <tokio[d71bbdeaedca42fb]::runtime::context::scoped::Scoped<tokio[d71bbdeaedca42fb]::runtime::scheduler::Context>>::set::<<tokio[d71bbdeaedca42fb]::runtime::scheduler::current_thread::CoreGuard>::enter<<tokio[d71bbdeaedca42fb]::runtime::scheduler::current_thread::CoreGuard>::block_on<core[df12db4294e9bfd3]::pin::Pin<&mut core[df12db4294e9bfd3]::pin::Pin<&mut dyn core[df12db4294e9bfd3]::future::future::Future<Output = ()>>>>::{closure#0}, core[df12db4294e9bfd3]::option::Option<()>>::{closure#0}, (alloc[2182bb758b4b3781]::boxed::Box<tokio[d71bbdeaedca42fb]::runtime::scheduler::current_thread::Core>, core[df12db4294e9bfd3]::option::Option<()>)>
[INFO] [stdout]   15:     0x60574e021627 - <tokio[d71bbdeaedca42fb]::runtime::scheduler::current_thread::CoreGuard>::block_on::<core[df12db4294e9bfd3]::pin::Pin<&mut core[df12db4294e9bfd3]::pin::Pin<&mut dyn core[df12db4294e9bfd3]::future::future::Future<Output = ()>>>>
[INFO] [stdout]   16:     0x60574dffc1fd - tokio[d71bbdeaedca42fb]::runtime::context::runtime::enter_runtime::<<tokio[d71bbdeaedca42fb]::runtime::scheduler::current_thread::CurrentThread>::block_on<core[df12db4294e9bfd3]::pin::Pin<&mut dyn core[df12db4294e9bfd3]::future::future::Future<Output = ()>>>::{closure#0}, ()>
[INFO] [stdout]   17:     0x60574dff5f8e - <tokio[d71bbdeaedca42fb]::runtime::runtime::Runtime>::block_on::<core[df12db4294e9bfd3]::pin::Pin<&mut dyn core[df12db4294e9bfd3]::future::future::Future<Output = ()>>>
[INFO] [stdout]   18:     0x60574dfacedb - dg_network_manager[4a86269dc5c52710]::test_all::test_bad_connect_to_ssid
[INFO] [stdout]   19:     0x60574e0119f9 - <dg_network_manager[4a86269dc5c52710]::test_all::test_bad_connect_to_ssid::{closure#0} as core[df12db4294e9bfd3]::ops::function::FnOnce<()>>::call_once
[INFO] [stdout]   20:     0x60574e03bafb - test[9d35eded1c95d3be]::__rust_begin_short_backtrace::<core[df12db4294e9bfd3]::result::Result<(), alloc[2182bb758b4b3781]::string::String>, fn() -> core[df12db4294e9bfd3]::result::Result<(), alloc[2182bb758b4b3781]::string::String>>
[INFO] [stdout]   21:     0x60574e049165 - test[9d35eded1c95d3be]::run_test::{closure#0}
[INFO] [stdout]   22:     0x60574e042a24 - std[70759c8f55707aa4]::sys::backtrace::__rust_begin_short_backtrace::<test[9d35eded1c95d3be]::run_test::{closure#1}, ()>
[INFO] [stdout]   23:     0x60574e04c2c2 - <std[70759c8f55707aa4]::thread::lifecycle::spawn_unchecked<test[9d35eded1c95d3be]::run_test::{closure#1}, ()>::{closure#1} as core[df12db4294e9bfd3]::ops::function::FnOnce<()>>::call_once::{shim:vtable#0}
[INFO] [stdout]   24:     0x60574e1c49e9 - <std[70759c8f55707aa4]::sys::thread::unix::Thread>::new::thread_start
[INFO] [stdout]   25:     0x770ed3945dfa - <unknown>
[INFO] [stdout]   26:     0x770ed39d93d4 - clone
[INFO] [stdout]   27:                0x0 - <unknown>
[INFO] [stdout] 
[INFO] [stdout] ---- test_all::test_disconnect_device stdout ----
[INFO] [stdout] 
[INFO] [stdout] thread 'test_all::test_disconnect_device' (1475) panicked at src/test_all.rs:116:10:
[INFO] [stdout] called `Result::unwrap()` on an `Err` value: SetLoggerError(())
[INFO] [stdout] stack backtrace:
[INFO] [stdout]    0:     0x60574e1c5f81 - <<std[70759c8f55707aa4]::sys::backtrace::BacktraceLock>::print::DisplayBacktrace as core[df12db4294e9bfd3]::fmt::Display>::fmt
[INFO] [stdout]    1:     0x60574e1dc45a - core[df12db4294e9bfd3]::fmt::write
[INFO] [stdout]    2:     0x60574e1cad6c - <alloc[2182bb758b4b3781]::vec::Vec<u8> as core[df12db4294e9bfd3]::io::write::Write>::write_fmt
[INFO] [stdout]    3:     0x60574e19fb16 - std[70759c8f55707aa4]::panicking::default_hook::{closure#0}
[INFO] [stdout]    4:     0x60574e1bce69 - std[70759c8f55707aa4]::panicking::default_hook
[INFO] [stdout]    5:     0x60574e048810 - test[9d35eded1c95d3be]::test_main_inner::<test[9d35eded1c95d3be]::test_main_static::{closure#0}>::{closure#0}
[INFO] [stdout]    6:     0x60574e1bd192 - std[70759c8f55707aa4]::panicking::panic_with_hook
[INFO] [stdout]    7:     0x60574e19fbc2 - std[70759c8f55707aa4]::panicking::panic_handler::{closure#0}
[INFO] [stdout]    8:     0x60574e1986d9 - std[70759c8f55707aa4]::sys::backtrace::__rust_end_short_backtrace::<std[70759c8f55707aa4]::panicking::panic_handler::{closure#0}, !>
[INFO] [stdout]    9:     0x60574e1a09ad - __rustc[8fa7c3cbc660c2b3]::rust_begin_unwind
[INFO] [stdout]   10:     0x60574e1dcbbc - core[df12db4294e9bfd3]::panicking::panic_fmt
[INFO] [stdout]   11:     0x60574e1dc992 - core[df12db4294e9bfd3]::result::unwrap_failed
[INFO] [stdout]   12:     0x60574dfab533 - dg_network_manager[4a86269dc5c52710]::test_all::test_disconnect_device::{closure#0}
[INFO] [stdout]   13:     0x60574e0210d3 - <tokio[d71bbdeaedca42fb]::runtime::scheduler::current_thread::Context>::enter::<core[df12db4294e9bfd3]::task::poll::Poll<()>, <tokio[d71bbdeaedca42fb]::runtime::scheduler::current_thread::CoreGuard>::block_on<core[df12db4294e9bfd3]::pin::Pin<&mut core[df12db4294e9bfd3]::pin::Pin<&mut dyn core[df12db4294e9bfd3]::future::future::Future<Output = ()>>>>::{closure#0}::{closure#0}>
[INFO] [stdout]   14:     0x60574e00388c - <tokio[d71bbdeaedca42fb]::runtime::context::scoped::Scoped<tokio[d71bbdeaedca42fb]::runtime::scheduler::Context>>::set::<<tokio[d71bbdeaedca42fb]::runtime::scheduler::current_thread::CoreGuard>::enter<<tokio[d71bbdeaedca42fb]::runtime::scheduler::current_thread::CoreGuard>::block_on<core[df12db4294e9bfd3]::pin::Pin<&mut core[df12db4294e9bfd3]::pin::Pin<&mut dyn core[df12db4294e9bfd3]::future::future::Future<Output = ()>>>>::{closure#0}, core[df12db4294e9bfd3]::option::Option<()>>::{closure#0}, (alloc[2182bb758b4b3781]::boxed::Box<tokio[d71bbdeaedca42fb]::runtime::scheduler::current_thread::Core>, core[df12db4294e9bfd3]::option::Option<()>)>
[INFO] [stdout]   15:     0x60574e021627 - <tokio[d71bbdeaedca42fb]::runtime::scheduler::current_thread::CoreGuard>::block_on::<core[df12db4294e9bfd3]::pin::Pin<&mut core[df12db4294e9bfd3]::pin::Pin<&mut dyn core[df12db4294e9bfd3]::future::future::Future<Output = ()>>>>
[INFO] [stdout]   16:     0x60574dffc1fd - tokio[d71bbdeaedca42fb]::runtime::context::runtime::enter_runtime::<<tokio[d71bbdeaedca42fb]::runtime::scheduler::current_thread::CurrentThread>::block_on<core[df12db4294e9bfd3]::pin::Pin<&mut dyn core[df12db4294e9bfd3]::future::future::Future<Output = ()>>>::{closure#0}, ()>
[INFO] [stdout]   17:     0x60574dff5f8e - <tokio[d71bbdeaedca42fb]::runtime::runtime::Runtime>::block_on::<core[df12db4294e9bfd3]::pin::Pin<&mut dyn core[df12db4294e9bfd3]::future::future::Future<Output = ()>>>
[INFO] [stdout]   18:     0x60574dfacd2b - dg_network_manager[4a86269dc5c52710]::test_all::test_disconnect_device
[INFO] [stdout]   19:     0x60574e0119d9 - <dg_network_manager[4a86269dc5c52710]::test_all::test_disconnect_device::{closure#0} as core[df12db4294e9bfd3]::ops::function::FnOnce<()>>::call_once
[INFO] [stdout]   20:     0x60574e03bafb - test[9d35eded1c95d3be]::__rust_begin_short_backtrace::<core[df12db4294e9bfd3]::result::Result<(), alloc[2182bb758b4b3781]::string::String>, fn() -> core[df12db4294e9bfd3]::result::Result<(), alloc[2182bb758b4b3781]::string::String>>
[INFO] [stdout]   21:     0x60574e049165 - test[9d35eded1c95d3be]::run_test::{closure#0}
[INFO] [stdout]   22:     0x60574e042a24 - std[70759c8f55707aa4]::sys::backtrace::__rust_begin_short_backtrace::<test[9d35eded1c95d3be]::run_test::{closure#1}, ()>
[INFO] [stdout]   23:     0x60574e04c2c2 - <std[70759c8f55707aa4]::thread::lifecycle::spawn_unchecked<test[9d35eded1c95d3be]::run_test::{closure#1}, ()>::{closure#1} as core[df12db4294e9bfd3]::ops::function::FnOnce<()>>::call_once::{shim:vtable#0}
[INFO] [stdout]   24:     0x60574e1c49e9 - <std[70759c8f55707aa4]::sys::thread::unix::Thread>::new::thread_start
[INFO] [stdout]   25:     0x770ed3945dfa - <unknown>
[INFO] [stdout]   26:     0x770ed39d93d4 - clone
[INFO] [stdout]   27:                0x0 - <unknown>
[INFO] [stdout] 
[INFO] [stdout] ---- test_all::test_wireless_devices stdout ----
[INFO] [stdout] 
[INFO] [stdout] thread 'test_all::test_wireless_devices' (1479) panicked at src/test_all.rs:22:10:
[INFO] [stdout] called `Result::unwrap()` on an `Err` value: SetLoggerError(())
[INFO] [stdout] stack backtrace:
[INFO] [stdout]    0:     0x60574e1c5f81 - <<std[70759c8f55707aa4]::sys::backtrace::BacktraceLock>::print::DisplayBacktrace as core[df12db4294e9bfd3]::fmt::Display>::fmt
[INFO] [stdout]    1:     0x60574e1dc45a - core[df12db4294e9bfd3]::fmt::write
[INFO] [stdout]    2:     0x60574e1cad6c - <alloc[2182bb758b4b3781]::vec::Vec<u8> as core[df12db4294e9bfd3]::io::write::Write>::write_fmt
[INFO] [stdout]    3:     0x60574e19fb16 - std[70759c8f55707aa4]::panicking::default_hook::{closure#0}
[INFO] [stdout]    4:     0x60574e1bce69 - std[70759c8f55707aa4]::panicking::default_hook
[INFO] [stdout]    5:     0x60574e048810 - test[9d35eded1c95d3be]::test_main_inner::<test[9d35eded1c95d3be]::test_main_static::{closure#0}>::{closure#0}
[INFO] [stdout]    6:     0x60574e1bd192 - std[70759c8f55707aa4]::panicking::panic_with_hook
[INFO] [stdout]    7:     0x60574e19fbc2 - std[70759c8f55707aa4]::panicking::panic_handler::{closure#0}
[INFO] [stdout]    8:     0x60574e1986d9 - std[70759c8f55707aa4]::sys::backtrace::__rust_end_short_backtrace::<std[70759c8f55707aa4]::panicking::panic_handler::{closure#0}, !>
[INFO] [stdout]    9:     0x60574e1a09ad - __rustc[8fa7c3cbc660c2b3]::rust_begin_unwind
[INFO] [stdout]   10:     0x60574e1dcbbc - core[df12db4294e9bfd3]::panicking::panic_fmt
[INFO] [stdout]   11:     0x60574e1dc992 - core[df12db4294e9bfd3]::result::unwrap_failed
[INFO] [stdout]   12:     0x60574dfaac7b - dg_network_manager[4a86269dc5c52710]::test_all::test_wireless_devices::{closure#0}
[INFO] [stdout]   13:     0x60574e0210d3 - <tokio[d71bbdeaedca42fb]::runtime::scheduler::current_thread::Context>::enter::<core[df12db4294e9bfd3]::task::poll::Poll<()>, <tokio[d71bbdeaedca42fb]::runtime::scheduler::current_thread::CoreGuard>::block_on<core[df12db4294e9bfd3]::pin::Pin<&mut core[df12db4294e9bfd3]::pin::Pin<&mut dyn core[df12db4294e9bfd3]::future::future::Future<Output = ()>>>>::{closure#0}::{closure#0}>
[INFO] [stdout]   14:     0x60574e00388c - <tokio[d71bbdeaedca42fb]::runtime::context::scoped::Scoped<tokio[d71bbdeaedca42fb]::runtime::scheduler::Context>>::set::<<tokio[d71bbdeaedca42fb]::runtime::scheduler::current_thread::CoreGuard>::enter<<tokio[d71bbdeaedca42fb]::runtime::scheduler::current_thread::CoreGuard>::block_on<core[df12db4294e9bfd3]::pin::Pin<&mut core[df12db4294e9bfd3]::pin::Pin<&mut dyn core[df12db4294e9bfd3]::future::future::Future<Output = ()>>>>::{closure#0}, core[df12db4294e9bfd3]::option::Option<()>>::{closure#0}, (alloc[2182bb758b4b3781]::boxed::Box<tokio[d71bbdeaedca42fb]::runtime::scheduler::current_thread::Core>, core[df12db4294e9bfd3]::option::Option<()>)>
[INFO] [stdout]   15:     0x60574e021627 - <tokio[d71bbdeaedca42fb]::runtime::scheduler::current_thread::CoreGuard>::block_on::<core[df12db4294e9bfd3]::pin::Pin<&mut core[df12db4294e9bfd3]::pin::Pin<&mut dyn core[df12db4294e9bfd3]::future::future::Future<Output = ()>>>>
[INFO] [stdout]   16:     0x60574dffc1fd - tokio[d71bbdeaedca42fb]::runtime::context::runtime::enter_runtime::<<tokio[d71bbdeaedca42fb]::runtime::scheduler::current_thread::CurrentThread>::block_on<core[df12db4294e9bfd3]::pin::Pin<&mut dyn core[df12db4294e9bfd3]::future::future::Future<Output = ()>>>::{closure#0}, ()>
[INFO] [stdout]   17:     0x60574dff5f8e - <tokio[d71bbdeaedca42fb]::runtime::runtime::Runtime>::block_on::<core[df12db4294e9bfd3]::pin::Pin<&mut dyn core[df12db4294e9bfd3]::future::future::Future<Output = ()>>>
[INFO] [stdout]   18:     0x60574dfacbbb - dg_network_manager[4a86269dc5c52710]::test_all::test_wireless_devices
[INFO] [stdout]   19:     0x60574e0119b9 - <dg_network_manager[4a86269dc5c52710]::test_all::test_wireless_devices::{closure#0} as core[df12db4294e9bfd3]::ops::function::FnOnce<()>>::call_once
[INFO] [stdout]   20:     0x60574e03bafb - test[9d35eded1c95d3be]::__rust_begin_short_backtrace::<core[df12db4294e9bfd3]::result::Result<(), alloc[2182bb758b4b3781]::string::String>, fn() -> core[df12db4294e9bfd3]::result::Result<(), alloc[2182bb758b4b3781]::string::String>>
[INFO] [stdout]   21:     0x60574e049165 - test[9d35eded1c95d3be]::run_test::{closure#0}
[INFO] [stdout]   22:     0x60574e042a24 - std[70759c8f55707aa4]::sys::backtrace::__rust_begin_short_backtrace::<test[9d35eded1c95d3be]::run_test::{closure#1}, ()>
[INFO] [stdout]   23:     0x60574e04c2c2 - <std[70759c8f55707aa4]::thread::lifecycle::spawn_unchecked<test[9d35eded1c95d3be]::run_test::{closure#1}, ()>::{closure#1} as core[df12db4294e9bfd3]::ops::function::FnOnce<()>>::call_once::{shim:vtable#0}
[INFO] [stdout]   24:     0x60574e1c49e9 - <std[70759c8f55707aa4]::sys::thread::unix::Thread>::new::thread_start
[INFO] [stdout]   25:     0x770ed3945dfa - <unknown>
[INFO] [stdout]   26:     0x770ed39d93d4 - clone
[INFO] [stdout]   27:                0x0 - <unknown>
[INFO] [stdout] 
[INFO] [stdout] ---- test_all::test_list_devices stdout ----
[INFO] [stdout] 
[INFO] [stdout] thread 'test_all::test_list_devices' (1476) panicked at src/test_all.rs:10:39:
[INFO] [stdout] called `Result::unwrap()` on an `Err` value: Custom { kind: Other, error: "I/O error: No such file or directory (os error 2)" }
[INFO] [stdout] stack backtrace:
[INFO] [stdout]    0:     0x60574e1c5f81 - <<std[70759c8f55707aa4]::sys::backtrace::BacktraceLock>::print::DisplayBacktrace as core[df12db4294e9bfd3]::fmt::Display>::fmt
[INFO] [stdout]    1:     0x60574e1dc45a - core[df12db4294e9bfd3]::fmt::write
[INFO] [stdout]    2:     0x60574e1cad6c - <alloc[2182bb758b4b3781]::vec::Vec<u8> as core[df12db4294e9bfd3]::io::write::Write>::write_fmt
[INFO] [stdout]    3:     0x60574e19fb16 - std[70759c8f55707aa4]::panicking::default_hook::{closure#0}
[INFO] [stdout]    4:     0x60574e1bce69 - std[70759c8f55707aa4]::panicking::default_hook
[INFO] [stdout]    5:     0x60574e048810 - test[9d35eded1c95d3be]::test_main_inner::<test[9d35eded1c95d3be]::test_main_static::{closure#0}>::{closure#0}
[INFO] [stdout]    6:     0x60574e1bd192 - std[70759c8f55707aa4]::panicking::panic_with_hook
[INFO] [stdout]    7:     0x60574e19fbc2 - std[70759c8f55707aa4]::panicking::panic_handler::{closure#0}
[INFO] [stdout]    8:     0x60574e1986d9 - std[70759c8f55707aa4]::sys::backtrace::__rust_end_short_backtrace::<std[70759c8f55707aa4]::panicking::panic_handler::{closure#0}, !>
[INFO] [stdout]    9:     0x60574e1a09ad - __rustc[8fa7c3cbc660c2b3]::rust_begin_unwind
[INFO] [stdout]   10:     0x60574e1dcbbc - core[df12db4294e9bfd3]::panicking::panic_fmt
[INFO] [stdout]   11:     0x60574e1dc992 - core[df12db4294e9bfd3]::result::unwrap_failed
[INFO] [stdout]   12:     0x60574dfa3d27 - dg_network_manager[4a86269dc5c52710]::test_all::test_list_devices::{closure#0}
[INFO] [stdout]   13:     0x60574e0210d3 - <tokio[d71bbdeaedca42fb]::runtime::scheduler::current_thread::Context>::enter::<core[df12db4294e9bfd3]::task::poll::Poll<()>, <tokio[d71bbdeaedca42fb]::runtime::scheduler::current_thread::CoreGuard>::block_on<core[df12db4294e9bfd3]::pin::Pin<&mut core[df12db4294e9bfd3]::pin::Pin<&mut dyn core[df12db4294e9bfd3]::future::future::Future<Output = ()>>>>::{closure#0}::{closure#0}>
[INFO] [stdout]   14:     0x60574e00388c - <tokio[d71bbdeaedca42fb]::runtime::context::scoped::Scoped<tokio[d71bbdeaedca42fb]::runtime::scheduler::Context>>::set::<<tokio[d71bbdeaedca42fb]::runtime::scheduler::current_thread::CoreGuard>::enter<<tokio[d71bbdeaedca42fb]::runtime::scheduler::current_thread::CoreGuard>::block_on<core[df12db4294e9bfd3]::pin::Pin<&mut core[df12db4294e9bfd3]::pin::Pin<&mut dyn core[df12db4294e9bfd3]::future::future::Future<Output = ()>>>>::{closure#0}, core[df12db4294e9bfd3]::option::Option<()>>::{closure#0}, (alloc[2182bb758b4b3781]::boxed::Box<tokio[d71bbdeaedca42fb]::runtime::scheduler::current_thread::Core>, core[df12db4294e9bfd3]::option::Option<()>)>
[INFO] [stdout]   15:     0x60574e021627 - <tokio[d71bbdeaedca42fb]::runtime::scheduler::current_thread::CoreGuard>::block_on::<core[df12db4294e9bfd3]::pin::Pin<&mut core[df12db4294e9bfd3]::pin::Pin<&mut dyn core[df12db4294e9bfd3]::future::future::Future<Output = ()>>>>
[INFO] [stdout]   16:     0x60574dffc1fd - tokio[d71bbdeaedca42fb]::runtime::context::runtime::enter_runtime::<<tokio[d71bbdeaedca42fb]::runtime::scheduler::current_thread::CurrentThread>::block_on<core[df12db4294e9bfd3]::pin::Pin<&mut dyn core[df12db4294e9bfd3]::future::future::Future<Output = ()>>>::{closure#0}, ()>
[INFO] [stdout]   17:     0x60574dff5f8e - <tokio[d71bbdeaedca42fb]::runtime::runtime::Runtime>::block_on::<core[df12db4294e9bfd3]::pin::Pin<&mut dyn core[df12db4294e9bfd3]::future::future::Future<Output = ()>>>
[INFO] [stdout]   18:     0x60574dfac26b - dg_network_manager[4a86269dc5c52710]::test_all::test_list_devices
[INFO] [stdout]   19:     0x60574e0118f9 - <dg_network_manager[4a86269dc5c52710]::test_all::test_list_devices::{closure#0} as core[df12db4294e9bfd3]::ops::function::FnOnce<()>>::call_once
[INFO] [stdout]   20:     0x60574e03bafb - test[9d35eded1c95d3be]::__rust_begin_short_backtrace::<core[df12db4294e9bfd3]::result::Result<(), alloc[2182bb758b4b3781]::string::String>, fn() -> core[df12db4294e9bfd3]::result::Result<(), alloc[2182bb758b4b3781]::string::String>>
[INFO] [stdout]   21:     0x60574e049165 - test[9d35eded1c95d3be]::run_test::{closure#0}
[INFO] [stdout]   22:     0x60574e042a24 - std[70759c8f55707aa4]::sys::backtrace::__rust_begin_short_backtrace::<test[9d35eded1c95d3be]::run_test::{closure#1}, ()>
[INFO] [stdout]   23:     0x60574e04c2c2 - <std[70759c8f55707aa4]::thread::lifecycle::spawn_unchecked<test[9d35eded1c95d3be]::run_test::{closure#1}, ()>::{closure#1} as core[df12db4294e9bfd3]::ops::function::FnOnce<()>>::call_once::{shim:vtable#0}
[INFO] [stdout]   24:     0x60574e1c49e9 - <std[70759c8f55707aa4]::sys::thread::unix::Thread>::new::thread_start
[INFO] [stdout]   25:     0x770ed3945dfa - <unknown>
[INFO] [stdout]   26:     0x770ed39d93d4 - clone
[INFO] [stdout]   27:                0x0 - <unknown>
[INFO] [stdout] 
[INFO] [stdout] 
[INFO] [stdout] failures:
[INFO] [stdout]     test_all::test_bad_connect_to_ssid
[INFO] [stdout]     test_all::test_connect_to_ssid
[INFO] [stdout]     test_all::test_create_hotspot
[INFO] [stdout]     test_all::test_destroy_hotspot
[INFO] [stdout]     test_all::test_disconnect_device
[INFO] [stdout]     test_all::test_list_devices
[INFO] [stdout]     test_all::test_restart_hotspot
[INFO] [stdout]     test_all::test_scan_all_ssids
[INFO] [stdout]     test_all::test_wireless_devices
[INFO] [stdout] 
[INFO] [stdout] test result: FAILED. 0 passed; 9 failed; 0 ignored; 0 measured; 0 filtered out; finished in 0.02s
[INFO] [stdout] 
[INFO] [stderr] error: test failed, to rerun pass `--lib`
[INFO] running `Command { std: "docker" "inspect" "9141b0c35b0ae9eb692e64cf098056f0011222320cb6c2d33d5343795a93c4f7", kill_on_drop: false }`
[INFO] running `Command { std: "docker" "rm" "-f" "9141b0c35b0ae9eb692e64cf098056f0011222320cb6c2d33d5343795a93c4f7", kill_on_drop: false }`
[INFO] [stdout] 9141b0c35b0ae9eb692e64cf098056f0011222320cb6c2d33d5343795a93c4f7
