[INFO] fetching crate dftd3 0.2.3...
[INFO] testing dftd3-0.2.3 against 1.99.0-beta.8+cargoflags=--release for beta-release-1.100-2
[INFO] extracting crate dftd3 0.2.3 into /workspace/builds/worker-0-tc1/source
[INFO] started tweaking crates.io crate dftd3 0.2.3
[INFO] removed 0 missing examples
[INFO] finished tweaking crates.io crate dftd3 0.2.3
[INFO] tweaked toml for crates.io crate dftd3 0.2.3 written to /workspace/builds/worker-0-tc1/source/Cargo.toml
[INFO] validating manifest of crates.io crate dftd3 0.2.3 on toolchain 1.99.0-beta.8
[INFO] running `Command { std: CARGO_HOME="/workspace/cargo-home" RUSTUP_HOME="/workspace/rustup-home" "/workspace/cargo-home/bin/cargo" "+1.99.0-beta.8" "metadata" "--manifest-path" "Cargo.toml" "--no-deps", kill_on_drop: false }`
[INFO] crate crates.io crate dftd3 0.2.3 already has a lockfile, it will not be regenerated
[INFO] running `Command { std: CARGO_HOME="/workspace/cargo-home" RUSTUP_HOME="/workspace/rustup-home" "/workspace/cargo-home/bin/cargo" "+1.99.0-beta.8" "fetch" "--manifest-path" "Cargo.toml", kill_on_drop: false }`
[INFO] [stderr]     Updating crates.io index
[INFO] [stderr]  Downloading crates ...
[INFO] [stderr]   Downloaded rstest v0.25.0
[INFO] [stderr]   Downloaded rstest_macros v0.25.0
[INFO] [stderr]   Downloaded futures-timer v3.0.4
[INFO] [stderr]   Downloaded serde-inline-default v1.0.1
[INFO] running `Command { std: "docker" "create" "-v" "/var/lib/crater-agent-workspace/builds/worker-0-tc1/source:/opt/rustwide/workdir:ro,Z" "-v" "/var/lib/crater-agent-workspace/builds/worker-0-tc1/target:/opt/rustwide/target:rw,Z" "-v" "/var/lib/crater-agent-workspace/cargo-home:/opt/rustwide/cargo-home:ro,Z" "-v" "/var/lib/crater-agent-workspace/rustup-home:/opt/rustwide/rustup-home:ro,Z" "-m" "1610612736" "--network" "none" "ghcr.io/rust-lang/crates-build-env/linux@sha256:77db811e55d90add9212f6832c23229e3de5f1c1f9905e8cb07319ea15df73ac" "sleep" "infinity", kill_on_drop: false }`
[INFO] [stdout] 3b89968b51e54bdaa25114e7a8df1e2c203683fbecd31513156d0b9ed4aa5dec
[INFO] running `Command { std: "docker" "start" "3b89968b51e54bdaa25114e7a8df1e2c203683fbecd31513156d0b9ed4aa5dec", kill_on_drop: false }`
[INFO] running `Command { std: "docker" "inspect" "3b89968b51e54bdaa25114e7a8df1e2c203683fbecd31513156d0b9ed4aa5dec", kill_on_drop: false }`
[INFO] running `Command { std: "docker" "exec" "-e" "SOURCE_DIR=/opt/rustwide/workdir" "-e" "CARGO_HOME=/opt/rustwide/cargo-home" "-e" "RUSTUP_HOME=/opt/rustwide/rustup-home" "-e" "CARGO_TARGET_DIR=/opt/rustwide/target" "-w" "/opt/rustwide/workdir" "--user" "0:0" "3b89968b51e54bdaa25114e7a8df1e2c203683fbecd31513156d0b9ed4aa5dec" "/opt/rustwide/cargo-home/bin/cargo" "+1.99.0-beta.8" "metadata" "--no-deps" "--format-version=1", kill_on_drop: false }`
[INFO] running `Command { std: "docker" "inspect" "3b89968b51e54bdaa25114e7a8df1e2c203683fbecd31513156d0b9ed4aa5dec", kill_on_drop: false }`
[INFO] running `Command { std: "docker" "exec" "-e" "SOURCE_DIR=/opt/rustwide/workdir" "-e" "CARGO_HOME=/opt/rustwide/cargo-home" "-e" "RUSTUP_HOME=/opt/rustwide/rustup-home" "-e" "CARGO_TARGET_DIR=/opt/rustwide/target" "-e" "CARGO_INCREMENTAL=0" "-e" "RUST_BACKTRACE=full" "-e" "RUSTFLAGS=--cap-lints=warn" "-e" "RUSTDOCFLAGS=--cap-lints=warn" "-w" "/opt/rustwide/workdir" "--user" "0:0" "3b89968b51e54bdaa25114e7a8df1e2c203683fbecd31513156d0b9ed4aa5dec" "/opt/rustwide/cargo-home/bin/cargo" "+1.99.0-beta.8" "build" "--frozen" "--message-format=json" "--release", kill_on_drop: false }`
[INFO] [stderr]    Compiling serde_core v1.0.228
[INFO] [stderr]    Compiling serde v1.0.228
[INFO] [stderr]    Compiling toml_write v0.1.2
[INFO] [stderr]    Compiling dftd3 v0.2.3 (/opt/rustwide/workdir)
[INFO] [stderr]    Compiling syn v2.0.118
[INFO] [stderr]    Compiling libloading v0.8.9
[INFO] [stderr]    Compiling darling_core v0.20.11
[INFO] [stderr]    Compiling serde_derive v1.0.228
[INFO] [stderr]    Compiling serde-inline-default v1.0.1
[INFO] [stderr]    Compiling darling_macro v0.20.11
[INFO] [stderr]    Compiling darling v0.20.11
[INFO] [stderr]    Compiling derive_builder_core v0.20.2
[INFO] [stderr]    Compiling derive_builder_macro v0.20.2
[INFO] [stderr]    Compiling serde_spanned v0.6.9
[INFO] [stderr]    Compiling toml_datetime v0.6.11
[INFO] [stderr]    Compiling derive_builder v0.20.2
[INFO] [stderr]    Compiling toml_edit v0.22.27
[INFO] [stderr]    Compiling toml v0.8.23
[INFO] [stderr]     Finished `release` profile [optimized] target(s) in 21.31s
[INFO] running `Command { std: "docker" "inspect" "3b89968b51e54bdaa25114e7a8df1e2c203683fbecd31513156d0b9ed4aa5dec", kill_on_drop: false }`
[INFO] running `Command { std: "docker" "exec" "-e" "SOURCE_DIR=/opt/rustwide/workdir" "-e" "CARGO_HOME=/opt/rustwide/cargo-home" "-e" "RUSTUP_HOME=/opt/rustwide/rustup-home" "-e" "CARGO_TARGET_DIR=/opt/rustwide/target" "-e" "CARGO_INCREMENTAL=0" "-e" "RUST_BACKTRACE=full" "-e" "RUSTFLAGS=--cap-lints=warn" "-e" "RUSTDOCFLAGS=--cap-lints=warn" "-w" "/opt/rustwide/workdir" "--user" "0:0" "3b89968b51e54bdaa25114e7a8df1e2c203683fbecd31513156d0b9ed4aa5dec" "/opt/rustwide/cargo-home/bin/cargo" "+1.99.0-beta.8" "test" "--frozen" "--no-run" "--message-format=json" "--release", kill_on_drop: false }`
[INFO] [stderr]    Compiling syn v2.0.118
[INFO] [stderr]    Compiling winnow v1.0.3
[INFO] [stderr]    Compiling memchr v2.8.2
[INFO] [stderr]    Compiling toml_datetime v1.1.1+spec-1.1.0
[INFO] [stderr]    Compiling num-traits v0.2.19
[INFO] [stderr]    Compiling futures-core v0.3.32
[INFO] [stderr]    Compiling rstest_macros v0.25.0
[INFO] [stderr]    Compiling relative-path v1.9.3
[INFO] [stderr]    Compiling glob v0.3.3
[INFO] [stderr]    Compiling futures-timer v3.0.4
[INFO] [stderr]    Compiling aho-corasick v1.1.4
[INFO] [stderr]    Compiling approx v0.5.1
[INFO] [stderr]    Compiling toml_parser v1.1.2+spec-1.1.0
[INFO] [stderr]    Compiling regex-automata v0.4.14
[INFO] [stderr]    Compiling toml_edit v0.25.12+spec-1.1.0
[INFO] [stderr]    Compiling proc-macro-crate v3.5.0
[INFO] [stderr]    Compiling regex v1.12.4
[INFO] [stderr]    Compiling darling_core v0.20.11
[INFO] [stderr]    Compiling serde_derive v1.0.228
[INFO] [stderr]    Compiling futures-macro v0.3.32
[INFO] [stderr]    Compiling serde-inline-default v1.0.1
[INFO] [stderr]    Compiling futures-util v0.3.32
[INFO] [stderr]    Compiling darling_macro v0.20.11
[INFO] [stderr]    Compiling darling v0.20.11
[INFO] [stderr]    Compiling derive_builder_core v0.20.2
[INFO] [stderr]    Compiling derive_builder_macro v0.20.2
[INFO] [stderr]    Compiling derive_builder v0.20.2
[INFO] [stderr]    Compiling rstest v0.25.0
[INFO] [stderr]    Compiling serde v1.0.228
[INFO] [stderr]    Compiling serde_spanned v0.6.9
[INFO] [stderr]    Compiling toml_datetime v0.6.11
[INFO] [stderr]    Compiling toml_edit v0.22.27
[INFO] [stderr]    Compiling toml v0.8.23
[INFO] [stderr]    Compiling dftd3 v0.2.3 (/opt/rustwide/workdir)
[INFO] [stderr]     Finished `release` profile [optimized] target(s) in 37.37s
[INFO] running `Command { std: "docker" "inspect" "3b89968b51e54bdaa25114e7a8df1e2c203683fbecd31513156d0b9ed4aa5dec", kill_on_drop: false }`
[INFO] running `Command { std: "docker" "exec" "-e" "SOURCE_DIR=/opt/rustwide/workdir" "-e" "CARGO_HOME=/opt/rustwide/cargo-home" "-e" "RUSTUP_HOME=/opt/rustwide/rustup-home" "-e" "CARGO_TARGET_DIR=/opt/rustwide/target" "-e" "CARGO_INCREMENTAL=0" "-e" "RUST_BACKTRACE=full" "-e" "RUSTFLAGS=--cap-lints=warn" "-e" "RUSTDOCFLAGS=--cap-lints=warn" "-w" "/opt/rustwide/workdir" "--user" "0:0" "3b89968b51e54bdaa25114e7a8df1e2c203683fbecd31513156d0b9ed4aa5dec" "/opt/rustwide/cargo-home/bin/cargo" "+1.99.0-beta.8" "test" "--frozen" "--release", kill_on_drop: false }`
[INFO] [stderr]     Finished `release` profile [optimized] target(s) in 0.07s
[INFO] [stderr]      Running unittests src/lib.rs (/opt/rustwide/target/release/deps/dftd3-527e6bcdf8314377)
[INFO] [stdout] 
[INFO] [stdout] running 7 tests
[INFO] [stdout] test parameters::tests::test_normalize_version ... ok
[INFO] [stdout] test interface::tests::test_dftd3_error ... FAILED
[INFO] [stdout] test interface::tests::test_get_dispersion ... FAILED
[INFO] [stdout] test interface::tests::test_get_api_version_compact ... FAILED
[INFO] [stdout] test interface::tests::test_get_api_version ... FAILED
[INFO] [stdout] test parsing::test_dftd3_parse_damping_param_from_toml_doc ... FAILED
[INFO] [stdout] test parameters::tests::test_load_data_base ... ok
[INFO] [stdout] 
[INFO] [stdout] failures:
[INFO] [stdout] 
[INFO] [stdout] ---- interface::tests::test_dftd3_error stdout ----
[INFO] [stdout] 
[INFO] [stdout] thread 'interface::tests::test_dftd3_error' (1412) panicked at src/ffi_dynamic/mod.rs:202:9:
[INFO] [stdout] 
[INFO] [stdout] This happens in module `dftd3::ffi_dynamic`.
[INFO] [stdout] Unable to dynamically load the s-dftd3 (`s-dftd3`) shared library.
[INFO] [stdout] Candidates: [
[INFO] [stdout]     "/opt/rustwide/target/release/libs-dftd3.so",
[INFO] [stdout]     "/opt/rustwide/target/release/deps/libs-dftd3.so",
[INFO] [stdout]     "/opt/rustwide/rustup-home/toolchains/1.99.0-beta.8-x86_64-unknown-linux-gnu/lib/rustlib/x86_64-unknown-linux-gnu/lib/libs-dftd3.so",
[INFO] [stdout]     "/opt/rustwide/rustup-home/toolchains/1.99.0-beta.8-x86_64-unknown-linux-gnu/lib/libs-dftd3.so",
[INFO] [stdout]     "/opt/rustwide/cargo-home/bin/libs-dftd3.so",
[INFO] [stdout]     "/usr/local/sbin/libs-dftd3.so",
[INFO] [stdout]     "/usr/local/bin/libs-dftd3.so",
[INFO] [stdout]     "/usr/sbin/libs-dftd3.so",
[INFO] [stdout]     "/usr/bin/libs-dftd3.so",
[INFO] [stdout]     "/sbin/libs-dftd3.so",
[INFO] [stdout]     "/bin/libs-dftd3.so",
[INFO] [stdout]     "/usr/lib/libs-dftd3.so",
[INFO] [stdout]     "/lib/libs-dftd3.so",
[INFO] [stdout]     "libs-dftd3.so",
[INFO] [stdout]     "libdftd3.so",
[INFO] [stderr] error: test failed, to rerun pass `--lib`
[INFO] [stdout]     "/usr/lib/libs-dftd3.so",
[INFO] [stdout]     "/usr/local/lib/libs-dftd3.so",
[INFO] [stdout]     "/lib/libs-dftd3.so",
[INFO] [stdout] ]
[INFO] [stdout] 
[INFO] [stdout] Please check:
[INFO] [stdout] - If dynamic-loading is not desired, disable the `dynamic_loading` feature in Cargo.toml.
[INFO] [stdout] - Use environment variable `DFTD3_DYLOAD_DFTD3` or `DFTD3_DYLOAD` to specify the library path.
[INFO] [stdout] - If `libs-dftd3.so` (or `s-dftd3.dll` on Windows) is installed on your system.
[INFO] [stdout] - If `LD_LIBRARY_PATH` (Unix/macOS) or `PATH` (Windows) is set correctly.
[INFO] [stdout] - Python interpreter path discovery: if Python is at `/path/bin/python`,
[INFO] [stdout]   the library is expected at `/path/lib/libs-dftd3.so`.
[INFO] [stdout] - On Windows with conda, try `s-dftd3` from `<CONDA_PREFIX>/Library/bin`.
[INFO] [stdout] 
[INFO] [stdout] Error message(s):
[INFO] [stdout] Failed to load `/opt/rustwide/target/release/libs-dftd3.so`: /opt/rustwide/target/release/libs-dftd3.so: cannot open shared object file: No such file or directory
[INFO] [stdout] Failed to load `/opt/rustwide/target/release/deps/libs-dftd3.so`: /opt/rustwide/target/release/deps/libs-dftd3.so: cannot open shared object file: No such file or directory
[INFO] [stdout] Failed to load `/opt/rustwide/rustup-home/toolchains/1.99.0-beta.8-x86_64-unknown-linux-gnu/lib/rustlib/x86_64-unknown-linux-gnu/lib/libs-dftd3.so`: /opt/rustwide/rustup-home/toolchains/1.99.0-beta.8-x86_64-unknown-linux-gnu/lib/rustlib/x86_64-unknown-linux-gnu/lib/libs-dftd3.so: cannot open shared object file: No such file or directory
[INFO] [stdout] Failed to load `/opt/rustwide/rustup-home/toolchains/1.99.0-beta.8-x86_64-unknown-linux-gnu/lib/libs-dftd3.so`: /opt/rustwide/rustup-home/toolchains/1.99.0-beta.8-x86_64-unknown-linux-gnu/lib/libs-dftd3.so: cannot open shared object file: No such file or directory
[INFO] [stdout] Failed to load `/opt/rustwide/cargo-home/bin/libs-dftd3.so`: /opt/rustwide/cargo-home/bin/libs-dftd3.so: cannot open shared object file: No such file or directory
[INFO] [stdout] Failed to load `/usr/local/sbin/libs-dftd3.so`: /usr/local/sbin/libs-dftd3.so: cannot open shared object file: No such file or directory
[INFO] [stdout] Failed to load `/usr/local/bin/libs-dftd3.so`: /usr/local/bin/libs-dftd3.so: cannot open shared object file: No such file or directory
[INFO] [stdout] Failed to load `/usr/sbin/libs-dftd3.so`: /usr/sbin/libs-dftd3.so: cannot open shared object file: No such file or directory
[INFO] [stdout] Failed to load `/usr/bin/libs-dftd3.so`: /usr/bin/libs-dftd3.so: cannot open shared object file: No such file or directory
[INFO] [stdout] Failed to load `/sbin/libs-dftd3.so`: /sbin/libs-dftd3.so: cannot open shared object file: No such file or directory
[INFO] [stdout] Failed to load `/bin/libs-dftd3.so`: /bin/libs-dftd3.so: cannot open shared object file: No such file or directory
[INFO] [stdout] Failed to load `/usr/lib/libs-dftd3.so`: /usr/lib/libs-dftd3.so: cannot open shared object file: No such file or directory
[INFO] [stdout] Failed to load `/lib/libs-dftd3.so`: /lib/libs-dftd3.so: cannot open shared object file: No such file or directory
[INFO] [stdout] Failed to load `libs-dftd3.so`: libs-dftd3.so: cannot open shared object file: No such file or directory
[INFO] [stdout] Failed to load `libdftd3.so`: libdftd3.so: cannot open shared object file: No such file or directory
[INFO] [stdout] Failed to load `/usr/lib/libs-dftd3.so`: /usr/lib/libs-dftd3.so: cannot open shared object file: No such file or directory
[INFO] [stdout] Failed to load `/usr/local/lib/libs-dftd3.so`: /usr/local/lib/libs-dftd3.so: cannot open shared object file: No such file or directory
[INFO] [stdout] Failed to load `/lib/libs-dftd3.so`: /lib/libs-dftd3.so: cannot open shared object file: No such file or directory
[INFO] [stdout] 
[INFO] [stdout] 
[INFO] [stdout] stack backtrace:
[INFO] [stdout]    0:     0x590347f2d5c1 - <<std[70759c8f55707aa4]::sys::backtrace::BacktraceLock>::print::DisplayBacktrace as core[df12db4294e9bfd3]::fmt::Display>::fmt
[INFO] [stdout]    1:     0x590347f4321a - core[df12db4294e9bfd3]::fmt::write
[INFO] [stdout]    2:     0x590347f31a5c - <alloc[2182bb758b4b3781]::vec::Vec<u8> as core[df12db4294e9bfd3]::io::write::Write>::write_fmt
[INFO] [stdout]    3:     0x590347f099a6 - std[70759c8f55707aa4]::panicking::default_hook::{closure#0}
[INFO] [stdout]    4:     0x590347f25d29 - std[70759c8f55707aa4]::panicking::default_hook
[INFO] [stdout]    5:     0x590347e9bb60 - test[9d35eded1c95d3be]::test_main_inner::<test[9d35eded1c95d3be]::test_main_static::{closure#0}>::{closure#0}
[INFO] [stdout]    6:     0x590347f25ee2 - std[70759c8f55707aa4]::panicking::panic_with_hook
[INFO] [stdout]    7:     0x590347f09a52 - std[70759c8f55707aa4]::panicking::panic_handler::{closure#0}
[INFO] [stdout]    8:     0x590347f027d9 - std[70759c8f55707aa4]::sys::backtrace::__rust_end_short_backtrace::<std[70759c8f55707aa4]::panicking::panic_handler::{closure#0}, !>
[INFO] [stdout]    9:     0x590347f0a64d - __rustc[8fa7c3cbc660c2b3]::rust_begin_unwind
[INFO] [stdout]   10:     0x590347f4394c - core[df12db4294e9bfd3]::panicking::panic_fmt
[INFO] [stdout]   11:     0x590347e7b490 - dftd3[bf95870d31ff0dd7]::ffi_dynamic::dynamic_loading_specific::panic_no_lib_found::<alloc[2182bb758b4b3781]::string::String>
[INFO] [stdout]   12:     0x590347e8e913 - <std[70759c8f55707aa4]::sync::once::Once>::call_once_force::<<std[70759c8f55707aa4]::sync::once_lock::OnceLock<dftd3[bf95870d31ff0dd7]::ffi_dynamic::dyload_struct::DyLoadLib>>::initialize<<std[70759c8f55707aa4]::sync::once_lock::OnceLock<dftd3[bf95870d31ff0dd7]::ffi_dynamic::dyload_struct::DyLoadLib>>::get_or_init<dftd3[bf95870d31ff0dd7]::ffi_dynamic::dynamic_loading_specific::dyload_lib::{closure#0}>::{closure#0}, !>::{closure#0}>::{closure#0}
[INFO] [stdout]   13:     0x590347f0f559 - <std[70759c8f55707aa4]::sys::sync::once::futex::Once>::call
[INFO] [stdout]   14:     0x590347e8cce3 - <std[70759c8f55707aa4]::sync::once_lock::OnceLock<dftd3[bf95870d31ff0dd7]::ffi_dynamic::dyload_struct::DyLoadLib>>::initialize::<<std[70759c8f55707aa4]::sync::once_lock::OnceLock<dftd3[bf95870d31ff0dd7]::ffi_dynamic::dyload_struct::DyLoadLib>>::get_or_init<dftd3[bf95870d31ff0dd7]::ffi_dynamic::dynamic_loading_specific::dyload_lib::{closure#0}>::{closure#0}, !>
[INFO] [stdout]   15:     0x590347e7c677 - dftd3[bf95870d31ff0dd7]::interface::tests::test_dftd3_error
[INFO] [stdout]   16:     0x590347e87749 - <dftd3[bf95870d31ff0dd7]::interface::tests::test_dftd3_error::{closure#0} as core[df12db4294e9bfd3]::ops::function::FnOnce<()>>::call_once
[INFO] [stdout]   17:     0x590347e8ee4b - test[9d35eded1c95d3be]::__rust_begin_short_backtrace::<core[df12db4294e9bfd3]::result::Result<(), alloc[2182bb758b4b3781]::string::String>, fn() -> core[df12db4294e9bfd3]::result::Result<(), alloc[2182bb758b4b3781]::string::String>>
[INFO] [stdout]   18:     0x590347e9c4b5 - test[9d35eded1c95d3be]::run_test::{closure#0}
[INFO] [stdout]   19:     0x590347e95d74 - std[70759c8f55707aa4]::sys::backtrace::__rust_begin_short_backtrace::<test[9d35eded1c95d3be]::run_test::{closure#1}, ()>
[INFO] [stdout]   20:     0x590347e9f612 - <std[70759c8f55707aa4]::thread::lifecycle::spawn_unchecked<test[9d35eded1c95d3be]::run_test::{closure#1}, ()>::{closure#1} as core[df12db4294e9bfd3]::ops::function::FnOnce<()>>::call_once::{shim:vtable#0}
[INFO] [stdout]   21:     0x590347f2ce99 - <std[70759c8f55707aa4]::sys::thread::unix::Thread>::new::thread_start
[INFO] [stdout]   22:     0x71093ba42dfa - <unknown>
[INFO] [stdout]   23:     0x71093bad63d4 - clone
[INFO] [stdout]   24:                0x0 - <unknown>
[INFO] [stdout] 
[INFO] [stdout] ---- interface::tests::test_get_dispersion stdout ----
[INFO] [stdout] 
[INFO] [stdout] thread 'interface::tests::test_get_dispersion' (1415) panicked at src/ffi_dynamic/mod.rs:202:9:
[INFO] [stdout] 
[INFO] [stdout] This happens in module `dftd3::ffi_dynamic`.
[INFO] [stdout] Unable to dynamically load the s-dftd3 (`s-dftd3`) shared library.
[INFO] [stdout] Candidates: [
[INFO] [stdout]     "/opt/rustwide/target/release/libs-dftd3.so",
[INFO] [stdout]     "/opt/rustwide/target/release/deps/libs-dftd3.so",
[INFO] [stdout]     "/opt/rustwide/rustup-home/toolchains/1.99.0-beta.8-x86_64-unknown-linux-gnu/lib/rustlib/x86_64-unknown-linux-gnu/lib/libs-dftd3.so",
[INFO] [stdout]     "/opt/rustwide/rustup-home/toolchains/1.99.0-beta.8-x86_64-unknown-linux-gnu/lib/libs-dftd3.so",
[INFO] [stdout]     "/opt/rustwide/cargo-home/bin/libs-dftd3.so",
[INFO] [stdout]     "/usr/local/sbin/libs-dftd3.so",
[INFO] [stdout]     "/usr/local/bin/libs-dftd3.so",
[INFO] [stdout]     "/usr/sbin/libs-dftd3.so",
[INFO] [stdout]     "/usr/bin/libs-dftd3.so",
[INFO] [stdout]     "/sbin/libs-dftd3.so",
[INFO] [stdout]     "/bin/libs-dftd3.so",
[INFO] [stdout]     "/usr/lib/libs-dftd3.so",
[INFO] [stdout]     "/lib/libs-dftd3.so",
[INFO] [stdout]     "libs-dftd3.so",
[INFO] [stdout]     "libdftd3.so",
[INFO] [stdout]     "/usr/lib/libs-dftd3.so",
[INFO] [stdout]     "/usr/local/lib/libs-dftd3.so",
[INFO] [stdout]     "/lib/libs-dftd3.so",
[INFO] [stdout] ]
[INFO] [stdout] 
[INFO] [stdout] Please check:
[INFO] [stdout] - If dynamic-loading is not desired, disable the `dynamic_loading` feature in Cargo.toml.
[INFO] [stdout] - Use environment variable `DFTD3_DYLOAD_DFTD3` or `DFTD3_DYLOAD` to specify the library path.
[INFO] [stdout] - If `libs-dftd3.so` (or `s-dftd3.dll` on Windows) is installed on your system.
[INFO] [stdout] - If `LD_LIBRARY_PATH` (Unix/macOS) or `PATH` (Windows) is set correctly.
[INFO] [stdout] - Python interpreter path discovery: if Python is at `/path/bin/python`,
[INFO] [stdout]   the library is expected at `/path/lib/libs-dftd3.so`.
[INFO] [stdout] - On Windows with conda, try `s-dftd3` from `<CONDA_PREFIX>/Library/bin`.
[INFO] [stdout] 
[INFO] [stdout] Error message(s):
[INFO] [stdout] Failed to load `/opt/rustwide/target/release/libs-dftd3.so`: /opt/rustwide/target/release/libs-dftd3.so: cannot open shared object file: No such file or directory
[INFO] [stdout] Failed to load `/opt/rustwide/target/release/deps/libs-dftd3.so`: /opt/rustwide/target/release/deps/libs-dftd3.so: cannot open shared object file: No such file or directory
[INFO] [stdout] Failed to load `/opt/rustwide/rustup-home/toolchains/1.99.0-beta.8-x86_64-unknown-linux-gnu/lib/rustlib/x86_64-unknown-linux-gnu/lib/libs-dftd3.so`: /opt/rustwide/rustup-home/toolchains/1.99.0-beta.8-x86_64-unknown-linux-gnu/lib/rustlib/x86_64-unknown-linux-gnu/lib/libs-dftd3.so: cannot open shared object file: No such file or directory
[INFO] [stdout] Failed to load `/opt/rustwide/rustup-home/toolchains/1.99.0-beta.8-x86_64-unknown-linux-gnu/lib/libs-dftd3.so`: /opt/rustwide/rustup-home/toolchains/1.99.0-beta.8-x86_64-unknown-linux-gnu/lib/libs-dftd3.so: cannot open shared object file: No such file or directory
[INFO] [stdout] Failed to load `/opt/rustwide/cargo-home/bin/libs-dftd3.so`: /opt/rustwide/cargo-home/bin/libs-dftd3.so: cannot open shared object file: No such file or directory
[INFO] [stdout] Failed to load `/usr/local/sbin/libs-dftd3.so`: /usr/local/sbin/libs-dftd3.so: cannot open shared object file: No such file or directory
[INFO] [stdout] Failed to load `/usr/local/bin/libs-dftd3.so`: /usr/local/bin/libs-dftd3.so: cannot open shared object file: No such file or directory
[INFO] [stdout] Failed to load `/usr/sbin/libs-dftd3.so`: /usr/sbin/libs-dftd3.so: cannot open shared object file: No such file or directory
[INFO] [stdout] Failed to load `/usr/bin/libs-dftd3.so`: /usr/bin/libs-dftd3.so: cannot open shared object file: No such file or directory
[INFO] [stdout] Failed to load `/sbin/libs-dftd3.so`: /sbin/libs-dftd3.so: cannot open shared object file: No such file or directory
[INFO] [stdout] Failed to load `/bin/libs-dftd3.so`: /bin/libs-dftd3.so: cannot open shared object file: No such file or directory
[INFO] [stdout] Failed to load `/usr/lib/libs-dftd3.so`: /usr/lib/libs-dftd3.so: cannot open shared object file: No such file or directory
[INFO] [stdout] Failed to load `/lib/libs-dftd3.so`: /lib/libs-dftd3.so: cannot open shared object file: No such file or directory
[INFO] [stdout] Failed to load `libs-dftd3.so`: libs-dftd3.so: cannot open shared object file: No such file or directory
[INFO] [stdout] Failed to load `libdftd3.so`: libdftd3.so: cannot open shared object file: No such file or directory
[INFO] [stdout] Failed to load `/usr/lib/libs-dftd3.so`: /usr/lib/libs-dftd3.so: cannot open shared object file: No such file or directory
[INFO] [stdout] Failed to load `/usr/local/lib/libs-dftd3.so`: /usr/local/lib/libs-dftd3.so: cannot open shared object file: No such file or directory
[INFO] [stdout] Failed to load `/lib/libs-dftd3.so`: /lib/libs-dftd3.so: cannot open shared object file: No such file or directory
[INFO] [stdout] 
[INFO] [stdout] 
[INFO] [stdout] stack backtrace:
[INFO] [stdout]    0:     0x590347f2d5c1 - <<std[70759c8f55707aa4]::sys::backtrace::BacktraceLock>::print::DisplayBacktrace as core[df12db4294e9bfd3]::fmt::Display>::fmt
[INFO] [stdout]    1:     0x590347f4321a - core[df12db4294e9bfd3]::fmt::write
[INFO] [stdout]    2:     0x590347f31a5c - <alloc[2182bb758b4b3781]::vec::Vec<u8> as core[df12db4294e9bfd3]::io::write::Write>::write_fmt
[INFO] [stdout]    3:     0x590347f099a6 - std[70759c8f55707aa4]::panicking::default_hook::{closure#0}
[INFO] [stdout]    4:     0x590347f25d29 - std[70759c8f55707aa4]::panicking::default_hook
[INFO] [stdout]    5:     0x590347e9bb60 - test[9d35eded1c95d3be]::test_main_inner::<test[9d35eded1c95d3be]::test_main_static::{closure#0}>::{closure#0}
[INFO] [stdout]    6:     0x590347f25ee2 - std[70759c8f55707aa4]::panicking::panic_with_hook
[INFO] [stdout]    7:     0x590347f09a52 - std[70759c8f55707aa4]::panicking::panic_handler::{closure#0}
[INFO] [stdout]    8:     0x590347f027d9 - std[70759c8f55707aa4]::sys::backtrace::__rust_end_short_backtrace::<std[70759c8f55707aa4]::panicking::panic_handler::{closure#0}, !>
[INFO] [stdout]    9:     0x590347f0a64d - __rustc[8fa7c3cbc660c2b3]::rust_begin_unwind
[INFO] [stdout]   10:     0x590347f4394c - core[df12db4294e9bfd3]::panicking::panic_fmt
[INFO] [stdout]   11:     0x590347e7b490 - dftd3[bf95870d31ff0dd7]::ffi_dynamic::dynamic_loading_specific::panic_no_lib_found::<alloc[2182bb758b4b3781]::string::String>
[INFO] [stdout]   12:     0x590347e8e913 - <std[70759c8f55707aa4]::sync::once::Once>::call_once_force::<<std[70759c8f55707aa4]::sync::once_lock::OnceLock<dftd3[bf95870d31ff0dd7]::ffi_dynamic::dyload_struct::DyLoadLib>>::initialize<<std[70759c8f55707aa4]::sync::once_lock::OnceLock<dftd3[bf95870d31ff0dd7]::ffi_dynamic::dyload_struct::DyLoadLib>>::get_or_init<dftd3[bf95870d31ff0dd7]::ffi_dynamic::dynamic_loading_specific::dyload_lib::{closure#0}>::{closure#0}, !>::{closure#0}>::{closure#0}
[INFO] [stdout]   13:     0x590347f0f559 - <std[70759c8f55707aa4]::sys::sync::once::futex::Once>::call
[INFO] [stdout]   14:     0x590347e8cce3 - <std[70759c8f55707aa4]::sync::once_lock::OnceLock<dftd3[bf95870d31ff0dd7]::ffi_dynamic::dyload_struct::DyLoadLib>>::initialize::<<std[70759c8f55707aa4]::sync::once_lock::OnceLock<dftd3[bf95870d31ff0dd7]::ffi_dynamic::dyload_struct::DyLoadLib>>::get_or_init<dftd3[bf95870d31ff0dd7]::ffi_dynamic::dynamic_loading_specific::dyload_lib::{closure#0}>::{closure#0}, !>
[INFO] [stdout]   15:     0x590347e8476b - <dftd3[bf95870d31ff0dd7]::interface::DFTD3Model>::new
[INFO] [stdout]   16:     0x590347e7c889 - dftd3[bf95870d31ff0dd7]::interface::tests::test_get_dispersion
[INFO] [stdout]   17:     0x590347e87769 - <dftd3[bf95870d31ff0dd7]::interface::tests::test_get_dispersion::{closure#0} as core[df12db4294e9bfd3]::ops::function::FnOnce<()>>::call_once
[INFO] [stdout]   18:     0x590347e8ee4b - test[9d35eded1c95d3be]::__rust_begin_short_backtrace::<core[df12db4294e9bfd3]::result::Result<(), alloc[2182bb758b4b3781]::string::String>, fn() -> core[df12db4294e9bfd3]::result::Result<(), alloc[2182bb758b4b3781]::string::String>>
[INFO] [stdout]   19:     0x590347e9c4b5 - test[9d35eded1c95d3be]::run_test::{closure#0}
[INFO] [stdout]   20:     0x590347e95d74 - std[70759c8f55707aa4]::sys::backtrace::__rust_begin_short_backtrace::<test[9d35eded1c95d3be]::run_test::{closure#1}, ()>
[INFO] [stdout]   21:     0x590347e9f612 - <std[70759c8f55707aa4]::thread::lifecycle::spawn_unchecked<test[9d35eded1c95d3be]::run_test::{closure#1}, ()>::{closure#1} as core[df12db4294e9bfd3]::ops::function::FnOnce<()>>::call_once::{shim:vtable#0}
[INFO] [stdout]   22:     0x590347f2ce99 - <std[70759c8f55707aa4]::sys::thread::unix::Thread>::new::thread_start
[INFO] [stdout]   23:     0x71093ba42dfa - <unknown>
[INFO] [stdout]   24:     0x71093bad63d4 - clone
[INFO] [stdout]   25:                0x0 - <unknown>
[INFO] [stdout] 
[INFO] [stdout] ---- interface::tests::test_get_api_version_compact stdout ----
[INFO] [stdout] 
[INFO] [stdout] thread 'interface::tests::test_get_api_version_compact' (1414) panicked at src/ffi_dynamic/mod.rs:202:9:
[INFO] [stdout] 
[INFO] [stdout] This happens in module `dftd3::ffi_dynamic`.
[INFO] [stdout] Unable to dynamically load the s-dftd3 (`s-dftd3`) shared library.
[INFO] [stdout] Candidates: [
[INFO] [stdout]     "/opt/rustwide/target/release/libs-dftd3.so",
[INFO] [stdout]     "/opt/rustwide/target/release/deps/libs-dftd3.so",
[INFO] [stdout]     "/opt/rustwide/rustup-home/toolchains/1.99.0-beta.8-x86_64-unknown-linux-gnu/lib/rustlib/x86_64-unknown-linux-gnu/lib/libs-dftd3.so",
[INFO] [stdout]     "/opt/rustwide/rustup-home/toolchains/1.99.0-beta.8-x86_64-unknown-linux-gnu/lib/libs-dftd3.so",
[INFO] [stdout]     "/opt/rustwide/cargo-home/bin/libs-dftd3.so",
[INFO] [stdout]     "/usr/local/sbin/libs-dftd3.so",
[INFO] [stdout]     "/usr/local/bin/libs-dftd3.so",
[INFO] [stdout]     "/usr/sbin/libs-dftd3.so",
[INFO] [stdout]     "/usr/bin/libs-dftd3.so",
[INFO] [stdout]     "/sbin/libs-dftd3.so",
[INFO] [stdout]     "/bin/libs-dftd3.so",
[INFO] [stdout]     "/usr/lib/libs-dftd3.so",
[INFO] [stdout]     "/lib/libs-dftd3.so",
[INFO] [stdout]     "libs-dftd3.so",
[INFO] [stdout]     "libdftd3.so",
[INFO] [stdout]     "/usr/lib/libs-dftd3.so",
[INFO] [stdout]     "/usr/local/lib/libs-dftd3.so",
[INFO] [stdout]     "/lib/libs-dftd3.so",
[INFO] [stdout] ]
[INFO] [stdout] 
[INFO] [stdout] Please check:
[INFO] [stdout] - If dynamic-loading is not desired, disable the `dynamic_loading` feature in Cargo.toml.
[INFO] [stdout] - Use environment variable `DFTD3_DYLOAD_DFTD3` or `DFTD3_DYLOAD` to specify the library path.
[INFO] [stdout] - If `libs-dftd3.so` (or `s-dftd3.dll` on Windows) is installed on your system.
[INFO] [stdout] - If `LD_LIBRARY_PATH` (Unix/macOS) or `PATH` (Windows) is set correctly.
[INFO] [stdout] - Python interpreter path discovery: if Python is at `/path/bin/python`,
[INFO] [stdout]   the library is expected at `/path/lib/libs-dftd3.so`.
[INFO] [stdout] - On Windows with conda, try `s-dftd3` from `<CONDA_PREFIX>/Library/bin`.
[INFO] [stdout] 
[INFO] [stdout] Error message(s):
[INFO] [stdout] Failed to load `/opt/rustwide/target/release/libs-dftd3.so`: /opt/rustwide/target/release/libs-dftd3.so: cannot open shared object file: No such file or directory
[INFO] [stdout] Failed to load `/opt/rustwide/target/release/deps/libs-dftd3.so`: /opt/rustwide/target/release/deps/libs-dftd3.so: cannot open shared object file: No such file or directory
[INFO] [stdout] Failed to load `/opt/rustwide/rustup-home/toolchains/1.99.0-beta.8-x86_64-unknown-linux-gnu/lib/rustlib/x86_64-unknown-linux-gnu/lib/libs-dftd3.so`: /opt/rustwide/rustup-home/toolchains/1.99.0-beta.8-x86_64-unknown-linux-gnu/lib/rustlib/x86_64-unknown-linux-gnu/lib/libs-dftd3.so: cannot open shared object file: No such file or directory
[INFO] [stdout] Failed to load `/opt/rustwide/rustup-home/toolchains/1.99.0-beta.8-x86_64-unknown-linux-gnu/lib/libs-dftd3.so`: /opt/rustwide/rustup-home/toolchains/1.99.0-beta.8-x86_64-unknown-linux-gnu/lib/libs-dftd3.so: cannot open shared object file: No such file or directory
[INFO] [stdout] Failed to load `/opt/rustwide/cargo-home/bin/libs-dftd3.so`: /opt/rustwide/cargo-home/bin/libs-dftd3.so: cannot open shared object file: No such file or directory
[INFO] [stdout] Failed to load `/usr/local/sbin/libs-dftd3.so`: /usr/local/sbin/libs-dftd3.so: cannot open shared object file: No such file or directory
[INFO] [stdout] Failed to load `/usr/local/bin/libs-dftd3.so`: /usr/local/bin/libs-dftd3.so: cannot open shared object file: No such file or directory
[INFO] [stdout] Failed to load `/usr/sbin/libs-dftd3.so`: /usr/sbin/libs-dftd3.so: cannot open shared object file: No such file or directory
[INFO] [stdout] Failed to load `/usr/bin/libs-dftd3.so`: /usr/bin/libs-dftd3.so: cannot open shared object file: No such file or directory
[INFO] [stdout] Failed to load `/sbin/libs-dftd3.so`: /sbin/libs-dftd3.so: cannot open shared object file: No such file or directory
[INFO] [stdout] Failed to load `/bin/libs-dftd3.so`: /bin/libs-dftd3.so: cannot open shared object file: No such file or directory
[INFO] [stdout] Failed to load `/usr/lib/libs-dftd3.so`: /usr/lib/libs-dftd3.so: cannot open shared object file: No such file or directory
[INFO] [stdout] Failed to load `/lib/libs-dftd3.so`: /lib/libs-dftd3.so: cannot open shared object file: No such file or directory
[INFO] [stdout] Failed to load `libs-dftd3.so`: libs-dftd3.so: cannot open shared object file: No such file or directory
[INFO] [stdout] Failed to load `libdftd3.so`: libdftd3.so: cannot open shared object file: No such file or directory
[INFO] [stdout] Failed to load `/usr/lib/libs-dftd3.so`: /usr/lib/libs-dftd3.so: cannot open shared object file: No such file or directory
[INFO] [stdout] Failed to load `/usr/local/lib/libs-dftd3.so`: /usr/local/lib/libs-dftd3.so: cannot open shared object file: No such file or directory
[INFO] [stdout] Failed to load `/lib/libs-dftd3.so`: /lib/libs-dftd3.so: cannot open shared object file: No such file or directory
[INFO] [stdout] 
[INFO] [stdout] 
[INFO] [stdout] stack backtrace:
[INFO] [stdout]    0:     0x590347f2d5c1 - <<std[70759c8f55707aa4]::sys::backtrace::BacktraceLock>::print::DisplayBacktrace as core[df12db4294e9bfd3]::fmt::Display>::fmt
[INFO] [stdout]    1:     0x590347f4321a - core[df12db4294e9bfd3]::fmt::write
[INFO] [stdout]    2:     0x590347f31a5c - <alloc[2182bb758b4b3781]::vec::Vec<u8> as core[df12db4294e9bfd3]::io::write::Write>::write_fmt
[INFO] [stdout]    3:     0x590347f099a6 - std[70759c8f55707aa4]::panicking::default_hook::{closure#0}
[INFO] [stdout]    4:     0x590347f25d29 - std[70759c8f55707aa4]::panicking::default_hook
[INFO] [stdout]    5:     0x590347e9bb60 - test[9d35eded1c95d3be]::test_main_inner::<test[9d35eded1c95d3be]::test_main_static::{closure#0}>::{closure#0}
[INFO] [stdout]    6:     0x590347f25ee2 - std[70759c8f55707aa4]::panicking::panic_with_hook
[INFO] [stdout]    7:     0x590347f09a52 - std[70759c8f55707aa4]::panicking::panic_handler::{closure#0}
[INFO] [stdout]    8:     0x590347f027d9 - std[70759c8f55707aa4]::sys::backtrace::__rust_end_short_backtrace::<std[70759c8f55707aa4]::panicking::panic_handler::{closure#0}, !>
[INFO] [stdout]    9:     0x590347f0a64d - __rustc[8fa7c3cbc660c2b3]::rust_begin_unwind
[INFO] [stdout]   10:     0x590347f4394c - core[df12db4294e9bfd3]::panicking::panic_fmt
[INFO] [stdout]   11:     0x590347e7b490 - dftd3[bf95870d31ff0dd7]::ffi_dynamic::dynamic_loading_specific::panic_no_lib_found::<alloc[2182bb758b4b3781]::string::String>
[INFO] [stdout]   12:     0x590347e8e913 - <std[70759c8f55707aa4]::sync::once::Once>::call_once_force::<<std[70759c8f55707aa4]::sync::once_lock::OnceLock<dftd3[bf95870d31ff0dd7]::ffi_dynamic::dyload_struct::DyLoadLib>>::initialize<<std[70759c8f55707aa4]::sync::once_lock::OnceLock<dftd3[bf95870d31ff0dd7]::ffi_dynamic::dyload_struct::DyLoadLib>>::get_or_init<dftd3[bf95870d31ff0dd7]::ffi_dynamic::dynamic_loading_specific::dyload_lib::{closure#0}>::{closure#0}, !>::{closure#0}>::{closure#0}
[INFO] [stdout]   13:     0x590347f0f559 - <std[70759c8f55707aa4]::sys::sync::once::futex::Once>::call
[INFO] [stdout]   14:     0x590347e8cce3 - <std[70759c8f55707aa4]::sync::once_lock::OnceLock<dftd3[bf95870d31ff0dd7]::ffi_dynamic::dyload_struct::DyLoadLib>>::initialize::<<std[70759c8f55707aa4]::sync::once_lock::OnceLock<dftd3[bf95870d31ff0dd7]::ffi_dynamic::dyload_struct::DyLoadLib>>::get_or_init<dftd3[bf95870d31ff0dd7]::ffi_dynamic::dynamic_loading_specific::dyload_lib::{closure#0}>::{closure#0}, !>
[INFO] [stdout]   15:     0x590347e87871 - <dftd3[bf95870d31ff0dd7]::interface::tests::test_get_api_version_compact::{closure#0} as core[df12db4294e9bfd3]::ops::function::FnOnce<()>>::call_once
[INFO] [stdout]   16:     0x590347e8ee4b - test[9d35eded1c95d3be]::__rust_begin_short_backtrace::<core[df12db4294e9bfd3]::result::Result<(), alloc[2182bb758b4b3781]::string::String>, fn() -> core[df12db4294e9bfd3]::result::Result<(), alloc[2182bb758b4b3781]::string::String>>
[INFO] [stdout]   17:     0x590347e9c4b5 - test[9d35eded1c95d3be]::run_test::{closure#0}
[INFO] [stdout]   18:     0x590347e95d74 - std[70759c8f55707aa4]::sys::backtrace::__rust_begin_short_backtrace::<test[9d35eded1c95d3be]::run_test::{closure#1}, ()>
[INFO] [stdout]   19:     0x590347e9f612 - <std[70759c8f55707aa4]::thread::lifecycle::spawn_unchecked<test[9d35eded1c95d3be]::run_test::{closure#1}, ()>::{closure#1} as core[df12db4294e9bfd3]::ops::function::FnOnce<()>>::call_once::{shim:vtable#0}
[INFO] [stdout]   20:     0x590347f2ce99 - <std[70759c8f55707aa4]::sys::thread::unix::Thread>::new::thread_start
[INFO] [stdout]   21:     0x71093ba42dfa - <unknown>
[INFO] [stdout]   22:     0x71093bad63d4 - clone
[INFO] [stdout]   23:                0x0 - <unknown>
[INFO] [stdout] 
[INFO] [stdout] ---- interface::tests::test_get_api_version stdout ----
[INFO] [stdout] 
[INFO] [stdout] thread 'interface::tests::test_get_api_version' (1413) panicked at src/ffi_dynamic/mod.rs:202:9:
[INFO] [stdout] 
[INFO] [stdout] This happens in module `dftd3::ffi_dynamic`.
[INFO] [stdout] Unable to dynamically load the s-dftd3 (`s-dftd3`) shared library.
[INFO] [stdout] Candidates: [
[INFO] [stdout]     "/opt/rustwide/target/release/libs-dftd3.so",
[INFO] [stdout]     "/opt/rustwide/target/release/deps/libs-dftd3.so",
[INFO] [stdout]     "/opt/rustwide/rustup-home/toolchains/1.99.0-beta.8-x86_64-unknown-linux-gnu/lib/rustlib/x86_64-unknown-linux-gnu/lib/libs-dftd3.so",
[INFO] [stdout]     "/opt/rustwide/rustup-home/toolchains/1.99.0-beta.8-x86_64-unknown-linux-gnu/lib/libs-dftd3.so",
[INFO] [stdout]     "/opt/rustwide/cargo-home/bin/libs-dftd3.so",
[INFO] [stdout]     "/usr/local/sbin/libs-dftd3.so",
[INFO] [stdout]     "/usr/local/bin/libs-dftd3.so",
[INFO] [stdout]     "/usr/sbin/libs-dftd3.so",
[INFO] [stdout]     "/usr/bin/libs-dftd3.so",
[INFO] [stdout]     "/sbin/libs-dftd3.so",
[INFO] [stdout]     "/bin/libs-dftd3.so",
[INFO] [stdout]     "/usr/lib/libs-dftd3.so",
[INFO] [stdout]     "/lib/libs-dftd3.so",
[INFO] [stdout]     "libs-dftd3.so",
[INFO] [stdout]     "libdftd3.so",
[INFO] [stdout]     "/usr/lib/libs-dftd3.so",
[INFO] [stdout]     "/usr/local/lib/libs-dftd3.so",
[INFO] [stdout]     "/lib/libs-dftd3.so",
[INFO] [stdout] ]
[INFO] [stdout] 
[INFO] [stdout] Please check:
[INFO] [stdout] - If dynamic-loading is not desired, disable the `dynamic_loading` feature in Cargo.toml.
[INFO] [stdout] - Use environment variable `DFTD3_DYLOAD_DFTD3` or `DFTD3_DYLOAD` to specify the library path.
[INFO] [stdout] - If `libs-dftd3.so` (or `s-dftd3.dll` on Windows) is installed on your system.
[INFO] [stdout] - If `LD_LIBRARY_PATH` (Unix/macOS) or `PATH` (Windows) is set correctly.
[INFO] [stdout] - Python interpreter path discovery: if Python is at `/path/bin/python`,
[INFO] [stdout]   the library is expected at `/path/lib/libs-dftd3.so`.
[INFO] [stdout] - On Windows with conda, try `s-dftd3` from `<CONDA_PREFIX>/Library/bin`.
[INFO] [stdout] 
[INFO] [stdout] Error message(s):
[INFO] [stdout] Failed to load `/opt/rustwide/target/release/libs-dftd3.so`: /opt/rustwide/target/release/libs-dftd3.so: cannot open shared object file: No such file or directory
[INFO] [stdout] Failed to load `/opt/rustwide/target/release/deps/libs-dftd3.so`: /opt/rustwide/target/release/deps/libs-dftd3.so: cannot open shared object file: No such file or directory
[INFO] [stdout] Failed to load `/opt/rustwide/rustup-home/toolchains/1.99.0-beta.8-x86_64-unknown-linux-gnu/lib/rustlib/x86_64-unknown-linux-gnu/lib/libs-dftd3.so`: /opt/rustwide/rustup-home/toolchains/1.99.0-beta.8-x86_64-unknown-linux-gnu/lib/rustlib/x86_64-unknown-linux-gnu/lib/libs-dftd3.so: cannot open shared object file: No such file or directory
[INFO] [stdout] Failed to load `/opt/rustwide/rustup-home/toolchains/1.99.0-beta.8-x86_64-unknown-linux-gnu/lib/libs-dftd3.so`: /opt/rustwide/rustup-home/toolchains/1.99.0-beta.8-x86_64-unknown-linux-gnu/lib/libs-dftd3.so: cannot open shared object file: No such file or directory
[INFO] [stdout] Failed to load `/opt/rustwide/cargo-home/bin/libs-dftd3.so`: /opt/rustwide/cargo-home/bin/libs-dftd3.so: cannot open shared object file: No such file or directory
[INFO] [stdout] Failed to load `/usr/local/sbin/libs-dftd3.so`: /usr/local/sbin/libs-dftd3.so: cannot open shared object file: No such file or directory
[INFO] [stdout] Failed to load `/usr/local/bin/libs-dftd3.so`: /usr/local/bin/libs-dftd3.so: cannot open shared object file: No such file or directory
[INFO] [stdout] Failed to load `/usr/sbin/libs-dftd3.so`: /usr/sbin/libs-dftd3.so: cannot open shared object file: No such file or directory
[INFO] [stdout] Failed to load `/usr/bin/libs-dftd3.so`: /usr/bin/libs-dftd3.so: cannot open shared object file: No such file or directory
[INFO] [stdout] Failed to load `/sbin/libs-dftd3.so`: /sbin/libs-dftd3.so: cannot open shared object file: No such file or directory
[INFO] [stdout] Failed to load `/bin/libs-dftd3.so`: /bin/libs-dftd3.so: cannot open shared object file: No such file or directory
[INFO] [stdout] Failed to load `/usr/lib/libs-dftd3.so`: /usr/lib/libs-dftd3.so: cannot open shared object file: No such file or directory
[INFO] [stdout] Failed to load `/lib/libs-dftd3.so`: /lib/libs-dftd3.so: cannot open shared object file: No such file or directory
[INFO] [stdout] Failed to load `libs-dftd3.so`: libs-dftd3.so: cannot open shared object file: No such file or directory
[INFO] [stdout] Failed to load `libdftd3.so`: libdftd3.so: cannot open shared object file: No such file or directory
[INFO] [stdout] Failed to load `/usr/lib/libs-dftd3.so`: /usr/lib/libs-dftd3.so: cannot open shared object file: No such file or directory
[INFO] [stdout] Failed to load `/usr/local/lib/libs-dftd3.so`: /usr/local/lib/libs-dftd3.so: cannot open shared object file: No such file or directory
[INFO] [stdout] Failed to load `/lib/libs-dftd3.so`: /lib/libs-dftd3.so: cannot open shared object file: No such file or directory
[INFO] [stdout] 
[INFO] [stdout] 
[INFO] [stdout] stack backtrace:
[INFO] [stdout]    0:     0x590347f2d5c1 - <<std[70759c8f55707aa4]::sys::backtrace::BacktraceLock>::print::DisplayBacktrace as core[df12db4294e9bfd3]::fmt::Display>::fmt
[INFO] [stdout]    1:     0x590347f4321a - core[df12db4294e9bfd3]::fmt::write
[INFO] [stdout]    2:     0x590347f31a5c - <alloc[2182bb758b4b3781]::vec::Vec<u8> as core[df12db4294e9bfd3]::io::write::Write>::write_fmt
[INFO] [stdout]    3:     0x590347f099a6 - std[70759c8f55707aa4]::panicking::default_hook::{closure#0}
[INFO] [stdout]    4:     0x590347f25d29 - std[70759c8f55707aa4]::panicking::default_hook
[INFO] [stdout]    5:     0x590347e9bb60 - test[9d35eded1c95d3be]::test_main_inner::<test[9d35eded1c95d3be]::test_main_static::{closure#0}>::{closure#0}
[INFO] [stdout]    6:     0x590347f25ee2 - std[70759c8f55707aa4]::panicking::panic_with_hook
[INFO] [stdout]    7:     0x590347f09a52 - std[70759c8f55707aa4]::panicking::panic_handler::{closure#0}
[INFO] [stdout]    8:     0x590347f027d9 - std[70759c8f55707aa4]::sys::backtrace::__rust_end_short_backtrace::<std[70759c8f55707aa4]::panicking::panic_handler::{closure#0}, !>
[INFO] [stdout]    9:     0x590347f0a64d - __rustc[8fa7c3cbc660c2b3]::rust_begin_unwind
[INFO] [stdout]   10:     0x590347f4394c - core[df12db4294e9bfd3]::panicking::panic_fmt
[INFO] [stdout]   11:     0x590347e7b490 - dftd3[bf95870d31ff0dd7]::ffi_dynamic::dynamic_loading_specific::panic_no_lib_found::<alloc[2182bb758b4b3781]::string::String>
[INFO] [stdout]   12:     0x590347e8e913 - <std[70759c8f55707aa4]::sync::once::Once>::call_once_force::<<std[70759c8f55707aa4]::sync::once_lock::OnceLock<dftd3[bf95870d31ff0dd7]::ffi_dynamic::dyload_struct::DyLoadLib>>::initialize<<std[70759c8f55707aa4]::sync::once_lock::OnceLock<dftd3[bf95870d31ff0dd7]::ffi_dynamic::dyload_struct::DyLoadLib>>::get_or_init<dftd3[bf95870d31ff0dd7]::ffi_dynamic::dynamic_loading_specific::dyload_lib::{closure#0}>::{closure#0}, !>::{closure#0}>::{closure#0}
[INFO] [stdout]   13:     0x590347f0f559 - <std[70759c8f55707aa4]::sys::sync::once::futex::Once>::call
[INFO] [stdout]   14:     0x590347e8cce3 - <std[70759c8f55707aa4]::sync::once_lock::OnceLock<dftd3[bf95870d31ff0dd7]::ffi_dynamic::dyload_struct::DyLoadLib>>::initialize::<<std[70759c8f55707aa4]::sync::once_lock::OnceLock<dftd3[bf95870d31ff0dd7]::ffi_dynamic::dyload_struct::DyLoadLib>>::get_or_init<dftd3[bf95870d31ff0dd7]::ffi_dynamic::dynamic_loading_specific::dyload_lib::{closure#0}>::{closure#0}, !>
[INFO] [stdout]   15:     0x590347e7ccb9 - dftd3[bf95870d31ff0dd7]::interface::tests::test_get_api_version
[INFO] [stdout]   16:     0x590347e87789 - <dftd3[bf95870d31ff0dd7]::interface::tests::test_get_api_version::{closure#0} as core[df12db4294e9bfd3]::ops::function::FnOnce<()>>::call_once
[INFO] [stdout]   17:     0x590347e8ee4b - test[9d35eded1c95d3be]::__rust_begin_short_backtrace::<core[df12db4294e9bfd3]::result::Result<(), alloc[2182bb758b4b3781]::string::String>, fn() -> core[df12db4294e9bfd3]::result::Result<(), alloc[2182bb758b4b3781]::string::String>>
[INFO] [stdout]   18:     0x590347e9c4b5 - test[9d35eded1c95d3be]::run_test::{closure#0}
[INFO] [stdout]   19:     0x590347e95d74 - std[70759c8f55707aa4]::sys::backtrace::__rust_begin_short_backtrace::<test[9d35eded1c95d3be]::run_test::{closure#1}, ()>
[INFO] [stdout]   20:     0x590347e9f612 - <std[70759c8f55707aa4]::thread::lifecycle::spawn_unchecked<test[9d35eded1c95d3be]::run_test::{closure#1}, ()>::{closure#1} as core[df12db4294e9bfd3]::ops::function::FnOnce<()>>::call_once::{shim:vtable#0}
[INFO] [stdout]   21:     0x590347f2ce99 - <std[70759c8f55707aa4]::sys::thread::unix::Thread>::new::thread_start
[INFO] [stdout]   22:     0x71093ba42dfa - <unknown>
[INFO] [stdout]   23:     0x71093bad63d4 - clone
[INFO] [stdout]   24:                0x0 - <unknown>
[INFO] [stdout] 
[INFO] [stdout] ---- parsing::test_dftd3_parse_damping_param_from_toml_doc stdout ----
[INFO] [stdout] 
[INFO] [stdout] thread 'parsing::test_dftd3_parse_damping_param_from_toml_doc' (1418) panicked at src/ffi_dynamic/mod.rs:202:9:
[INFO] [stdout] 
[INFO] [stdout] This happens in module `dftd3::ffi_dynamic`.
[INFO] [stdout] Unable to dynamically load the s-dftd3 (`s-dftd3`) shared library.
[INFO] [stdout] Candidates: [
[INFO] [stdout]     "/opt/rustwide/target/release/libs-dftd3.so",
[INFO] [stdout]     "/opt/rustwide/target/release/deps/libs-dftd3.so",
[INFO] [stdout]     "/opt/rustwide/rustup-home/toolchains/1.99.0-beta.8-x86_64-unknown-linux-gnu/lib/rustlib/x86_64-unknown-linux-gnu/lib/libs-dftd3.so",
[INFO] [stdout]     "/opt/rustwide/rustup-home/toolchains/1.99.0-beta.8-x86_64-unknown-linux-gnu/lib/libs-dftd3.so",
[INFO] [stdout]     "/opt/rustwide/cargo-home/bin/libs-dftd3.so",
[INFO] [stdout]     "/usr/local/sbin/libs-dftd3.so",
[INFO] [stdout]     "/usr/local/bin/libs-dftd3.so",
[INFO] [stdout]     "/usr/sbin/libs-dftd3.so",
[INFO] [stdout]     "/usr/bin/libs-dftd3.so",
[INFO] [stdout]     "/sbin/libs-dftd3.so",
[INFO] [stdout]     "/bin/libs-dftd3.so",
[INFO] [stdout]     "/usr/lib/libs-dftd3.so",
[INFO] [stdout]     "/lib/libs-dftd3.so",
[INFO] [stdout]     "libs-dftd3.so",
[INFO] [stdout]     "libdftd3.so",
[INFO] [stdout]     "/usr/lib/libs-dftd3.so",
[INFO] [stdout]     "/usr/local/lib/libs-dftd3.so",
[INFO] [stdout]     "/lib/libs-dftd3.so",
[INFO] [stdout] ]
[INFO] [stdout] 
[INFO] [stdout] Please check:
[INFO] [stdout] - If dynamic-loading is not desired, disable the `dynamic_loading` feature in Cargo.toml.
[INFO] [stdout] - Use environment variable `DFTD3_DYLOAD_DFTD3` or `DFTD3_DYLOAD` to specify the library path.
[INFO] [stdout] - If `libs-dftd3.so` (or `s-dftd3.dll` on Windows) is installed on your system.
[INFO] [stdout] - If `LD_LIBRARY_PATH` (Unix/macOS) or `PATH` (Windows) is set correctly.
[INFO] [stdout] - Python interpreter path discovery: if Python is at `/path/bin/python`,
[INFO] [stdout]   the library is expected at `/path/lib/libs-dftd3.so`.
[INFO] [stdout] - On Windows with conda, try `s-dftd3` from `<CONDA_PREFIX>/Library/bin`.
[INFO] [stdout] 
[INFO] [stdout] Error message(s):
[INFO] [stdout] Failed to load `/opt/rustwide/target/release/libs-dftd3.so`: /opt/rustwide/target/release/libs-dftd3.so: cannot open shared object file: No such file or directory
[INFO] [stdout] Failed to load `/opt/rustwide/target/release/deps/libs-dftd3.so`: /opt/rustwide/target/release/deps/libs-dftd3.so: cannot open shared object file: No such file or directory
[INFO] [stdout] Failed to load `/opt/rustwide/rustup-home/toolchains/1.99.0-beta.8-x86_64-unknown-linux-gnu/lib/rustlib/x86_64-unknown-linux-gnu/lib/libs-dftd3.so`: /opt/rustwide/rustup-home/toolchains/1.99.0-beta.8-x86_64-unknown-linux-gnu/lib/rustlib/x86_64-unknown-linux-gnu/lib/libs-dftd3.so: cannot open shared object file: No such file or directory
[INFO] [stdout] Failed to load `/opt/rustwide/rustup-home/toolchains/1.99.0-beta.8-x86_64-unknown-linux-gnu/lib/libs-dftd3.so`: /opt/rustwide/rustup-home/toolchains/1.99.0-beta.8-x86_64-unknown-linux-gnu/lib/libs-dftd3.so: cannot open shared object file: No such file or directory
[INFO] [stdout] Failed to load `/opt/rustwide/cargo-home/bin/libs-dftd3.so`: /opt/rustwide/cargo-home/bin/libs-dftd3.so: cannot open shared object file: No such file or directory
[INFO] [stdout] Failed to load `/usr/local/sbin/libs-dftd3.so`: /usr/local/sbin/libs-dftd3.so: cannot open shared object file: No such file or directory
[INFO] [stdout] Failed to load `/usr/local/bin/libs-dftd3.so`: /usr/local/bin/libs-dftd3.so: cannot open shared object file: No such file or directory
[INFO] [stdout] Failed to load `/usr/sbin/libs-dftd3.so`: /usr/sbin/libs-dftd3.so: cannot open shared object file: No such file or directory
[INFO] [stdout] Failed to load `/usr/bin/libs-dftd3.so`: /usr/bin/libs-dftd3.so: cannot open shared object file: No such file or directory
[INFO] [stdout] Failed to load `/sbin/libs-dftd3.so`: /sbin/libs-dftd3.so: cannot open shared object file: No such file or directory
[INFO] [stdout] Failed to load `/bin/libs-dftd3.so`: /bin/libs-dftd3.so: cannot open shared object file: No such file or directory
[INFO] [stdout] Failed to load `/usr/lib/libs-dftd3.so`: /usr/lib/libs-dftd3.so: cannot open shared object file: No such file or directory
[INFO] [stdout] Failed to load `/lib/libs-dftd3.so`: /lib/libs-dftd3.so: cannot open shared object file: No such file or directory
[INFO] [stdout] Failed to load `libs-dftd3.so`: libs-dftd3.so: cannot open shared object file: No such file or directory
[INFO] [stdout] Failed to load `libdftd3.so`: libdftd3.so: cannot open shared object file: No such file or directory
[INFO] [stdout] Failed to load `/usr/lib/libs-dftd3.so`: /usr/lib/libs-dftd3.so: cannot open shared object file: No such file or directory
[INFO] [stdout] Failed to load `/usr/local/lib/libs-dftd3.so`: /usr/local/lib/libs-dftd3.so: cannot open shared object file: No such file or directory
[INFO] [stdout] Failed to load `/lib/libs-dftd3.so`: /lib/libs-dftd3.so: cannot open shared object file: No such file or directory
[INFO] [stdout] 
[INFO] [stdout] 
[INFO] [stdout] stack backtrace:
[INFO] [stdout]    0:     0x590347f2d5c1 - <<std[70759c8f55707aa4]::sys::backtrace::BacktraceLock>::print::DisplayBacktrace as core[df12db4294e9bfd3]::fmt::Display>::fmt
[INFO] [stdout]    1:     0x590347f4321a - core[df12db4294e9bfd3]::fmt::write
[INFO] [stdout]    2:     0x590347f31a5c - <alloc[2182bb758b4b3781]::vec::Vec<u8> as core[df12db4294e9bfd3]::io::write::Write>::write_fmt
[INFO] [stdout]    3:     0x590347f099a6 - std[70759c8f55707aa4]::panicking::default_hook::{closure#0}
[INFO] [stdout]    4:     0x590347f25d29 - std[70759c8f55707aa4]::panicking::default_hook
[INFO] [stdout]    5:     0x590347e9bb60 - test[9d35eded1c95d3be]::test_main_inner::<test[9d35eded1c95d3be]::test_main_static::{closure#0}>::{closure#0}
[INFO] [stdout]    6:     0x590347f25ee2 - std[70759c8f55707aa4]::panicking::panic_with_hook
[INFO] [stdout]    7:     0x590347f09a52 - std[70759c8f55707aa4]::panicking::panic_handler::{closure#0}
[INFO] [stdout]    8:     0x590347f027d9 - std[70759c8f55707aa4]::sys::backtrace::__rust_end_short_backtrace::<std[70759c8f55707aa4]::panicking::panic_handler::{closure#0}, !>
[INFO] [stdout]    9:     0x590347f0a64d - __rustc[8fa7c3cbc660c2b3]::rust_begin_unwind
[INFO] [stdout]   10:     0x590347f4394c - core[df12db4294e9bfd3]::panicking::panic_fmt
[INFO] [stdout]   11:     0x590347e7b490 - dftd3[bf95870d31ff0dd7]::ffi_dynamic::dynamic_loading_specific::panic_no_lib_found::<alloc[2182bb758b4b3781]::string::String>
[INFO] [stdout]   12:     0x590347e8e913 - <std[70759c8f55707aa4]::sync::once::Once>::call_once_force::<<std[70759c8f55707aa4]::sync::once_lock::OnceLock<dftd3[bf95870d31ff0dd7]::ffi_dynamic::dyload_struct::DyLoadLib>>::initialize<<std[70759c8f55707aa4]::sync::once_lock::OnceLock<dftd3[bf95870d31ff0dd7]::ffi_dynamic::dyload_struct::DyLoadLib>>::get_or_init<dftd3[bf95870d31ff0dd7]::ffi_dynamic::dynamic_loading_specific::dyload_lib::{closure#0}>::{closure#0}, !>::{closure#0}>::{closure#0}
[INFO] [stdout]   13:     0x590347f0f559 - <std[70759c8f55707aa4]::sys::sync::once::futex::Once>::call
[INFO] [stdout]   14:     0x590347e8cce3 - <std[70759c8f55707aa4]::sync::once_lock::OnceLock<dftd3[bf95870d31ff0dd7]::ffi_dynamic::dyload_struct::DyLoadLib>>::initialize::<<std[70759c8f55707aa4]::sync::once_lock::OnceLock<dftd3[bf95870d31ff0dd7]::ffi_dynamic::dyload_struct::DyLoadLib>>::get_or_init<dftd3[bf95870d31ff0dd7]::ffi_dynamic::dynamic_loading_specific::dyload_lib::{closure#0}>::{closure#0}, !>
[INFO] [stdout]   15:     0x590347e854f2 - <dftd3[bf95870d31ff0dd7]::interface::DFTD3RationalDampingParam as dftd3[bf95870d31ff0dd7]::interface::DFTD3ParamAPI>::new_param_f
[INFO] [stdout]   16:     0x590347e79b19 - <dftd3[bf95870d31ff0dd7]::parameters::DFTD3DampingParam as dftd3[bf95870d31ff0dd7]::interface::DFTD3ParamAPI>::new_param
[INFO] [stdout]   17:     0x590347e823f0 - dftd3[bf95870d31ff0dd7]::parsing::test_dftd3_parse_damping_param_from_toml_doc
[INFO] [stdout]   18:     0x590347e876e9 - <dftd3[bf95870d31ff0dd7]::parsing::test_dftd3_parse_damping_param_from_toml_doc::{closure#0} as core[df12db4294e9bfd3]::ops::function::FnOnce<()>>::call_once
[INFO] [stdout]   19:     0x590347e8ee4b - test[9d35eded1c95d3be]::__rust_begin_short_backtrace::<core[df12db4294e9bfd3]::result::Result<(), alloc[2182bb758b4b3781]::string::String>, fn() -> core[df12db4294e9bfd3]::result::Result<(), alloc[2182bb758b4b3781]::string::String>>
[INFO] [stdout]   20:     0x590347e9c4b5 - test[9d35eded1c95d3be]::run_test::{closure#0}
[INFO] [stdout]   21:     0x590347e95d74 - std[70759c8f55707aa4]::sys::backtrace::__rust_begin_short_backtrace::<test[9d35eded1c95d3be]::run_test::{closure#1}, ()>
[INFO] [stdout]   22:     0x590347e9f612 - <std[70759c8f55707aa4]::thread::lifecycle::spawn_unchecked<test[9d35eded1c95d3be]::run_test::{closure#1}, ()>::{closure#1} as core[df12db4294e9bfd3]::ops::function::FnOnce<()>>::call_once::{shim:vtable#0}
[INFO] [stdout]   23:     0x590347f2ce99 - <std[70759c8f55707aa4]::sys::thread::unix::Thread>::new::thread_start
[INFO] [stdout]   24:     0x71093ba42dfa - <unknown>
[INFO] [stdout]   25:     0x71093bad63d4 - clone
[INFO] [stdout]   26:                0x0 - <unknown>
[INFO] [stdout] 
[INFO] [stdout] 
[INFO] [stdout] failures:
[INFO] [stdout]     interface::tests::test_dftd3_error
[INFO] [stdout]     interface::tests::test_get_api_version
[INFO] [stdout]     interface::tests::test_get_api_version_compact
[INFO] [stdout]     interface::tests::test_get_dispersion
[INFO] [stdout]     parsing::test_dftd3_parse_damping_param_from_toml_doc
[INFO] [stdout] 
[INFO] [stdout] test result: FAILED. 2 passed; 5 failed; 0 ignored; 0 measured; 0 filtered out; finished in 0.02s
[INFO] [stdout] 
[INFO] running `Command { std: "docker" "inspect" "3b89968b51e54bdaa25114e7a8df1e2c203683fbecd31513156d0b9ed4aa5dec", kill_on_drop: false }`
[INFO] running `Command { std: "docker" "rm" "-f" "3b89968b51e54bdaa25114e7a8df1e2c203683fbecd31513156d0b9ed4aa5dec", kill_on_drop: false }`
[INFO] [stdout] 3b89968b51e54bdaa25114e7a8df1e2c203683fbecd31513156d0b9ed4aa5dec
