[INFO] fetching crate dflog 0.2.0...
[INFO] testing dflog-0.2.0 against 1.100.0-beta.1+cargoflags=--release for beta-release-1.100-2
[INFO] extracting crate dflog 0.2.0 into /workspace/builds/worker-7-tc2/source
[INFO] started tweaking crates.io crate dflog 0.2.0
[INFO] finished tweaking crates.io crate dflog 0.2.0
[INFO] tweaked toml for crates.io crate dflog 0.2.0 written to /workspace/builds/worker-7-tc2/source/Cargo.toml
[INFO] validating manifest of crates.io crate dflog 0.2.0 on toolchain 1.100.0-beta.1
[INFO] running `Command { std: CARGO_HOME="/workspace/cargo-home" RUSTUP_HOME="/workspace/rustup-home" "/workspace/cargo-home/bin/cargo" "+1.100.0-beta.1" "metadata" "--manifest-path" "Cargo.toml" "--no-deps", kill_on_drop: false }`
[INFO] crate crates.io crate dflog 0.2.0 already has a lockfile, it will not be regenerated
[INFO] running `Command { std: CARGO_HOME="/workspace/cargo-home" RUSTUP_HOME="/workspace/rustup-home" "/workspace/cargo-home/bin/cargo" "+1.100.0-beta.1" "fetch" "--manifest-path" "Cargo.toml", kill_on_drop: false }`
[INFO] running `Command { std: "docker" "create" "-v" "/var/lib/crater-agent-workspace/builds/worker-7-tc2/source:/opt/rustwide/workdir:ro,Z" "-v" "/var/lib/crater-agent-workspace/builds/worker-7-tc2/target:/opt/rustwide/target:rw,Z" "-v" "/var/lib/crater-agent-workspace/cargo-home:/opt/rustwide/cargo-home:ro,Z" "-v" "/var/lib/crater-agent-workspace/rustup-home:/opt/rustwide/rustup-home:ro,Z" "-m" "1610612736" "--network" "none" "ghcr.io/rust-lang/crates-build-env/linux@sha256:77db811e55d90add9212f6832c23229e3de5f1c1f9905e8cb07319ea15df73ac" "sleep" "infinity", kill_on_drop: false }`
[INFO] [stdout] e001070f9221512464cec2cffd4e72240b6f1113dc84890b0d3d213b3a627529
[INFO] running `Command { std: "docker" "start" "e001070f9221512464cec2cffd4e72240b6f1113dc84890b0d3d213b3a627529", kill_on_drop: false }`
[INFO] running `Command { std: "docker" "inspect" "e001070f9221512464cec2cffd4e72240b6f1113dc84890b0d3d213b3a627529", kill_on_drop: false }`
[INFO] running `Command { std: "docker" "exec" "-e" "SOURCE_DIR=/opt/rustwide/workdir" "-e" "CARGO_HOME=/opt/rustwide/cargo-home" "-e" "RUSTUP_HOME=/opt/rustwide/rustup-home" "-e" "CARGO_TARGET_DIR=/opt/rustwide/target" "-w" "/opt/rustwide/workdir" "--user" "0:0" "e001070f9221512464cec2cffd4e72240b6f1113dc84890b0d3d213b3a627529" "/opt/rustwide/cargo-home/bin/cargo" "+1.100.0-beta.1" "metadata" "--no-deps" "--format-version=1", kill_on_drop: false }`
[INFO] running `Command { std: "docker" "inspect" "e001070f9221512464cec2cffd4e72240b6f1113dc84890b0d3d213b3a627529", kill_on_drop: false }`
[INFO] running `Command { std: "docker" "exec" "-e" "SOURCE_DIR=/opt/rustwide/workdir" "-e" "CARGO_HOME=/opt/rustwide/cargo-home" "-e" "RUSTUP_HOME=/opt/rustwide/rustup-home" "-e" "CARGO_TARGET_DIR=/opt/rustwide/target" "-e" "CARGO_INCREMENTAL=0" "-e" "RUST_BACKTRACE=full" "-e" "RUSTFLAGS=--cap-lints=warn" "-e" "RUSTDOCFLAGS=--cap-lints=warn" "-w" "/opt/rustwide/workdir" "--user" "0:0" "e001070f9221512464cec2cffd4e72240b6f1113dc84890b0d3d213b3a627529" "/opt/rustwide/cargo-home/bin/cargo" "+1.100.0-beta.1" "build" "--frozen" "--message-format=json" "--release", kill_on_drop: false }`
[INFO] [stderr]    Compiling dflog v0.2.0 (/opt/rustwide/workdir)
[INFO] [stderr]     Finished `release` profile [optimized] target(s) in 2.75s
[INFO] running `Command { std: "docker" "inspect" "e001070f9221512464cec2cffd4e72240b6f1113dc84890b0d3d213b3a627529", kill_on_drop: false }`
[INFO] running `Command { std: "docker" "exec" "-e" "SOURCE_DIR=/opt/rustwide/workdir" "-e" "CARGO_HOME=/opt/rustwide/cargo-home" "-e" "RUSTUP_HOME=/opt/rustwide/rustup-home" "-e" "CARGO_TARGET_DIR=/opt/rustwide/target" "-e" "CARGO_INCREMENTAL=0" "-e" "RUST_BACKTRACE=full" "-e" "RUSTFLAGS=--cap-lints=warn" "-e" "RUSTDOCFLAGS=--cap-lints=warn" "-w" "/opt/rustwide/workdir" "--user" "0:0" "e001070f9221512464cec2cffd4e72240b6f1113dc84890b0d3d213b3a627529" "/opt/rustwide/cargo-home/bin/cargo" "+1.100.0-beta.1" "test" "--frozen" "--no-run" "--message-format=json" "--release", kill_on_drop: false }`
[INFO] [stderr]    Compiling dflog v0.2.0 (/opt/rustwide/workdir)
[INFO] [stderr]     Finished `release` profile [optimized] target(s) in 7.21s
[INFO] running `Command { std: "docker" "inspect" "e001070f9221512464cec2cffd4e72240b6f1113dc84890b0d3d213b3a627529", kill_on_drop: false }`
[INFO] running `Command { std: "docker" "exec" "-e" "SOURCE_DIR=/opt/rustwide/workdir" "-e" "CARGO_HOME=/opt/rustwide/cargo-home" "-e" "RUSTUP_HOME=/opt/rustwide/rustup-home" "-e" "CARGO_TARGET_DIR=/opt/rustwide/target" "-e" "CARGO_INCREMENTAL=0" "-e" "RUST_BACKTRACE=full" "-e" "RUSTFLAGS=--cap-lints=warn" "-e" "RUSTDOCFLAGS=--cap-lints=warn" "-w" "/opt/rustwide/workdir" "--user" "0:0" "e001070f9221512464cec2cffd4e72240b6f1113dc84890b0d3d213b3a627529" "/opt/rustwide/cargo-home/bin/cargo" "+1.100.0-beta.1" "test" "--frozen" "--release", kill_on_drop: false }`
[INFO] [stderr]     Finished `release` profile [optimized] target(s) in 0.03s
[INFO] [stderr]      Running unittests src/lib.rs (/opt/rustwide/target/release/build/dflog/8a7db68cd104fb86/out/dflog-8a7db68cd104fb86)
[INFO] [stdout] 
[INFO] [stdout] running 67 tests
[INFO] [stdout] test columns::tests::decodes_int16_array_field ... ok
[INFO] [stdout] test columns::tests::decodes_scaled_and_primitive_fields ... ok
[INFO] [stdout] test columns::tests::half_conversion_basics ... ok
[INFO] [stdout] test access::tests::records_agree_with_columns ... FAILED
[INFO] [stdout] test columns::tests::instance_field_resolution ... FAILED
[INFO] [stdout] test access::tests::full_iteration_covers_all_known_records ... FAILED
[INFO] [stdout] test access::tests::record_at_matches_iteration ... FAILED
[INFO] [stdout] test access::tests::string_fields_decode_as_text ... FAILED
[INFO] [stdout] test columns::tests::instance_filter_on_type_without_instances_errors ... FAILED
[INFO] [stdout] test render::tests::empty_input_renders_nothing ... ok
[INFO] [stdout] test columns::tests::instance_filter_partitions_rows ... FAILED
[INFO] [stdout] test render::tests::a_record_renders_with_the_definition_in_effect_where_it_sits ... ok
[INFO] [stdout] test render::tests::a_rejected_fmt_renders_as_written_but_defines_nothing ... ok
[INFO] [stdout] test render::tests::a_fmt_redefining_fmt_renders_but_changes_nothing ... ok
[INFO] [stdout] test render::tests::renders_one_line_per_record_with_crlf ... ok
[INFO] [stdout] test render::tests::replay_matches_scan_on_synthetic_logs ... ok
[INFO] [stdout] test render::tests::unknown_types_and_a_truncated_tail_produce_no_lines ... ok
[INFO] [stdout] test render::tests::an_empty_z_field_renders_empty ... ok
[INFO] [stdout] test render::tests::g7_float_basics ... ok
[INFO] [stdout] test render::tests::corpus_renders_one_line_per_indexed_record ... FAILED
[INFO] [stdout] test render::tests::g_format_basics ... ok
[INFO] [stdout] test render::tests::z_escaping ... ok
[INFO] [stdout] test tests::a_rename_keeps_a_name_that_moved_to_another_type ... ok
[INFO] [stdout] test tests::a_source_from_a_vec_is_not_copied ... ok
[INFO] [stdout] test tests::a_log_exposes_the_scan ... ok
[INFO] [stdout] test tests::a_truncated_last_record_is_dropped_and_flagged ... ok
[INFO] [stdout] test tests::a_record_starting_inside_an_unknown_header_is_found ... ok
[INFO] [stdout] test tests::a_rejected_fmt_keeps_the_earlier_definition ... ok
[INFO] [stdout] test tests::a_source_debugs_as_its_size ... ok
[INFO] [stdout] test tests::header_bytes_inside_a_payload_are_data ... ok
[INFO] [stdout] test tests::an_empty_log_has_no_data ... ok
[INFO] [stdout] test tests::bytes_between_records_are_skipped ... ok
[INFO] [stdout] test tests::empty_and_header_only_input_yields_empty_index ... ok
[INFO] [stdout] test tests::open_reads_the_whole_file ... FAILED
[INFO] [stdout] test tests::malformed_fmts_are_rejected_but_indexed ... ok
[INFO] [stdout] test tests::the_last_accepted_fmt_wins_per_id_and_per_name ... ok
[INFO] [stdout] test tests::records_are_indexed_by_their_declared_length ... ok
[INFO] [stdout] test tests::corpus_logs_scan_cleanly ... FAILED
[INFO] [stdout] test tests::the_fmt_message_layout_cannot_be_redefined ... ok
[INFO] [stdout] test tests::corpus_record_counts_are_stable ... FAILED
[INFO] [stdout] test tests::type_zero_is_an_ordinary_type ... ok
[INFO] [stdout] test tests::unknown_types_are_counted_and_skipped ... ok
[INFO] [stdout] test time::tests::a_record_without_status_qualifies_on_its_time_alone ... ok
[INFO] [stdout] test time::tests::a_fix_without_board_time_gives_no_base ... ok
[INFO] [stdout] test time::tests::older_logs_use_week_timems_and_t ... ok
[INFO] [stdout] test time::tests::the_first_3d_fix_establishes_the_base ... ok
[INFO] [stdout] test time::tests::corpus_time_bases_are_stable ... FAILED
[INFO] [stdout] test time::tests::a_second_receiver_reads_through_its_own_format ... ok
[INFO] [stdout] test units::tests::corpus_logs_all_carry_units_metadata ... FAILED
[INFO] [stdout] test units::tests::dash_ids_resolve_to_none ... FAILED
[INFO] [stdout] test time::tests::a_log_without_gps_records_has_no_base ... ok
[INFO] [stdout] test time::tests::every_gps_record_is_examined ... ok
[INFO] [stdout] test time::tests::leap_table_boundaries ... ok
[INFO] [stdout] test time::tests::unusable_records_give_no_base ... ok
[INFO] [stdout] test units::tests::known_fields_resolve_units_and_multipliers ... FAILED
[INFO] [stdout] test units::tests::missing_metadata_is_none_not_panic ... FAILED
[INFO] [stdout] test write::tests::a_new_writer_holds_only_the_fmt_of_fmt ... ok
[INFO] [stdout] test write::tests::definitions_are_checked ... ok
[INFO] [stdout] test write::tests::every_format_character_round_trips ... ok
[INFO] [stdout] test write::tests::half_precision_round_trips_representable_values ... ok
[INFO] [stdout] test write::tests::integers_accept_exact_floats_and_reject_the_rest ... ok
[INFO] [stdout] test write::tests::record_shape_is_checked ... ok
[INFO] [stdout] test write::tests::strings_must_fit_their_field ... ok
[INFO] [stdout] test write::tests::whole_floats_of_any_size_are_integers ... ok
[INFO] [stdout] test write::tests::a_redefinition_applies_from_that_point ... ok
[INFO] [stdout] test write::tests::an_id_redefined_under_another_name_drops_the_old_name ... ok
[INFO] [stderr] error: test failed, to rerun pass `--lib`
[INFO] [stdout] test render::tests::fast_path_matches_exact_path ... ok
[INFO] [stdout] 
[INFO] [stdout] failures:
[INFO] [stdout] 
[INFO] [stdout] ---- access::tests::records_agree_with_columns stdout ----
[INFO] [stdout] 
[INFO] [stdout] thread 'access::tests::records_agree_with_columns' (184) panicked at src/access.rs:225:26:
[INFO] [stdout] corpus log: Os { code: 2, kind: NotFound, message: "No such file or directory" }
[INFO] [stdout] stack backtrace:
[INFO] [stdout]    0:     0x61d91753b931 - <<std[617be2ca0a6fd877]::sys::backtrace::BacktraceLock>::print::DisplayBacktrace as core[a373ad73a504971]::fmt::Display>::fmt
[INFO] [stdout]    1:     0x61d91755151a - core[a373ad73a504971]::fmt::write
[INFO] [stdout]    2:     0x61d91753fb4c - <alloc[2e1b2a31b91974c5]::vec::Vec<u8> as core[a373ad73a504971]::io::write::Write>::write_fmt
[INFO] [stdout]    3:     0x61d9175173d6 - std[617be2ca0a6fd877]::panicking::default_hook::{closure#0}
[INFO] [stdout]    4:     0x61d9175339f9 - std[617be2ca0a6fd877]::panicking::default_hook
[INFO] [stdout]    5:     0x61d9174cf3e0 - test[aada8e7e76ba119b]::test_main_inner::{closure#0}
[INFO] [stdout]    6:     0x61d917533bb2 - std[617be2ca0a6fd877]::panicking::panic_with_hook
[INFO] [stdout]    7:     0x61d917517482 - std[617be2ca0a6fd877]::panicking::panic_handler::{closure#0}
[INFO] [stdout]    8:     0x61d91750ff59 - std[617be2ca0a6fd877]::sys::backtrace::__rust_end_short_backtrace::<std[617be2ca0a6fd877]::panicking::panic_handler::{closure#0}, !>
[INFO] [stdout]    9:     0x61d91751808d - __rustc[ea4f61d10b84890b]::rust_begin_unwind
[INFO] [stdout]   10:     0x61d917551c4c - core[a373ad73a504971]::panicking::panic_fmt
[INFO] [stdout]   11:     0x61d917551a22 - core[a373ad73a504971]::result::unwrap_failed
[INFO] [stdout]   12:     0x61d9174a4d4c - dflog[c3c06950817be327]::access::tests::corpus
[INFO] [stdout]   13:     0x61d9174a6084 - <dflog[c3c06950817be327]::access::tests::records_agree_with_columns::{closure#0} as core[a373ad73a504971]::ops::function::FnOnce<()>>::call_once
[INFO] [stdout]   14:     0x61d9174c282b - test[aada8e7e76ba119b]::__rust_begin_short_backtrace::<core[a373ad73a504971]::result::Result<(), alloc[2e1b2a31b91974c5]::string::String>, fn() -> core[a373ad73a504971]::result::Result<(), alloc[2e1b2a31b91974c5]::string::String>>
[INFO] [stdout]   15:     0x61d9174cfa05 - test[aada8e7e76ba119b]::run_test::{closure#0}
[INFO] [stdout]   16:     0x61d9174c92f4 - std[617be2ca0a6fd877]::sys::backtrace::__rust_begin_short_backtrace::<test[aada8e7e76ba119b]::run_test::{closure#1}, ()>
[INFO] [stdout]   17:     0x61d9174d2a92 - <std[617be2ca0a6fd877]::thread::lifecycle::spawn_unchecked<test[aada8e7e76ba119b]::run_test::{closure#1}, ()>::{closure#1} as core[a373ad73a504971]::ops::function::FnOnce<()>>::call_once::{shim:vtable#0}
[INFO] [stdout]   18:     0x61d91753ac9f - <std[617be2ca0a6fd877]::sys::thread::unix::Thread>::new::thread_start
[INFO] [stdout]   19:     0x75eac725bdfa - <unknown>
[INFO] [stdout]   20:     0x75eac72ef3d4 - clone
[INFO] [stdout]   21:                0x0 - <unknown>
[INFO] [stdout] 
[INFO] [stdout] ---- columns::tests::instance_field_resolution stdout ----
[INFO] [stdout] 
[INFO] [stdout] thread 'columns::tests::instance_field_resolution' (189) panicked at src/columns.rs:371:26:
[INFO] [stdout] corpus log: Os { code: 2, kind: NotFound, message: "No such file or directory" }
[INFO] [stdout] stack backtrace:
[INFO] [stdout]    0:     0x61d91753b931 - <<std[617be2ca0a6fd877]::sys::backtrace::BacktraceLock>::print::DisplayBacktrace as core[a373ad73a504971]::fmt::Display>::fmt
[INFO] [stdout]    1:     0x61d91755151a - core[a373ad73a504971]::fmt::write
[INFO] [stdout]    2:     0x61d91753fb4c - <alloc[2e1b2a31b91974c5]::vec::Vec<u8> as core[a373ad73a504971]::io::write::Write>::write_fmt
[INFO] [stdout]    3:     0x61d9175173d6 - std[617be2ca0a6fd877]::panicking::default_hook::{closure#0}
[INFO] [stdout]    4:     0x61d9175339f9 - std[617be2ca0a6fd877]::panicking::default_hook
[INFO] [stdout]    5:     0x61d9174cf3e0 - test[aada8e7e76ba119b]::test_main_inner::{closure#0}
[INFO] [stdout]    6:     0x61d917533bb2 - std[617be2ca0a6fd877]::panicking::panic_with_hook
[INFO] [stdout]    7:     0x61d917517482 - std[617be2ca0a6fd877]::panicking::panic_handler::{closure#0}
[INFO] [stdout]    8:     0x61d91750ff59 - std[617be2ca0a6fd877]::sys::backtrace::__rust_end_short_backtrace::<std[617be2ca0a6fd877]::panicking::panic_handler::{closure#0}, !>
[INFO] [stdout]    9:     0x61d91751808d - __rustc[ea4f61d10b84890b]::rust_begin_unwind
[INFO] [stdout]   10:     0x61d917551c4c - core[a373ad73a504971]::panicking::panic_fmt
[INFO] [stdout]   11:     0x61d917551a22 - core[a373ad73a504971]::result::unwrap_failed
[INFO] [stdout]   12:     0x61d9174c069c - dflog[c3c06950817be327]::columns::tests::corpus
[INFO] [stdout]   13:     0x61d9174c153a - <dflog[c3c06950817be327]::columns::tests::instance_field_resolution::{closure#0} as core[a373ad73a504971]::ops::function::FnOnce<()>>::call_once
[INFO] [stdout]   14:     0x61d9174c282b - test[aada8e7e76ba119b]::__rust_begin_short_backtrace::<core[a373ad73a504971]::result::Result<(), alloc[2e1b2a31b91974c5]::string::String>, fn() -> core[a373ad73a504971]::result::Result<(), alloc[2e1b2a31b91974c5]::string::String>>
[INFO] [stdout]   15:     0x61d9174cfa05 - test[aada8e7e76ba119b]::run_test::{closure#0}
[INFO] [stdout]   16:     0x61d9174c92f4 - std[617be2ca0a6fd877]::sys::backtrace::__rust_begin_short_backtrace::<test[aada8e7e76ba119b]::run_test::{closure#1}, ()>
[INFO] [stdout]   17:     0x61d9174d2a92 - <std[617be2ca0a6fd877]::thread::lifecycle::spawn_unchecked<test[aada8e7e76ba119b]::run_test::{closure#1}, ()>::{closure#1} as core[a373ad73a504971]::ops::function::FnOnce<()>>::call_once::{shim:vtable#0}
[INFO] [stdout]   18:     0x61d91753ac9f - <std[617be2ca0a6fd877]::sys::thread::unix::Thread>::new::thread_start
[INFO] [stdout]   19:     0x75eac725bdfa - <unknown>
[INFO] [stdout]   20:     0x75eac72ef3d4 - clone
[INFO] [stdout]   21:                0x0 - <unknown>
[INFO] [stdout] 
[INFO] [stdout] ---- access::tests::full_iteration_covers_all_known_records stdout ----
[INFO] [stdout] 
[INFO] [stdout] thread 'access::tests::full_iteration_covers_all_known_records' (182) panicked at src/access.rs:225:26:
[INFO] [stdout] corpus log: Os { code: 2, kind: NotFound, message: "No such file or directory" }
[INFO] [stdout] stack backtrace:
[INFO] [stdout]    0:     0x61d91753b931 - <<std[617be2ca0a6fd877]::sys::backtrace::BacktraceLock>::print::DisplayBacktrace as core[a373ad73a504971]::fmt::Display>::fmt
[INFO] [stdout]    1:     0x61d91755151a - core[a373ad73a504971]::fmt::write
[INFO] [stdout]    2:     0x61d91753fb4c - <alloc[2e1b2a31b91974c5]::vec::Vec<u8> as core[a373ad73a504971]::io::write::Write>::write_fmt
[INFO] [stdout]    3:     0x61d9175173d6 - std[617be2ca0a6fd877]::panicking::default_hook::{closure#0}
[INFO] [stdout]    4:     0x61d9175339f9 - std[617be2ca0a6fd877]::panicking::default_hook
[INFO] [stdout]    5:     0x61d9174cf3e0 - test[aada8e7e76ba119b]::test_main_inner::{closure#0}
[INFO] [stdout]    6:     0x61d917533bb2 - std[617be2ca0a6fd877]::panicking::panic_with_hook
[INFO] [stdout]    7:     0x61d917517482 - std[617be2ca0a6fd877]::panicking::panic_handler::{closure#0}
[INFO] [stdout]    8:     0x61d91750ff59 - std[617be2ca0a6fd877]::sys::backtrace::__rust_end_short_backtrace::<std[617be2ca0a6fd877]::panicking::panic_handler::{closure#0}, !>
[INFO] [stdout]    9:     0x61d91751808d - __rustc[ea4f61d10b84890b]::rust_begin_unwind
[INFO] [stdout]   10:     0x61d917551c4c - core[a373ad73a504971]::panicking::panic_fmt
[INFO] [stdout]   11:     0x61d917551a22 - core[a373ad73a504971]::result::unwrap_failed
[INFO] [stdout]   12:     0x61d9174a4d4c - dflog[c3c06950817be327]::access::tests::corpus
[INFO] [stdout]   13:     0x61d9174a704f - <dflog[c3c06950817be327]::access::tests::full_iteration_covers_all_known_records::{closure#0} as core[a373ad73a504971]::ops::function::FnOnce<()>>::call_once
[INFO] [stdout]   14:     0x61d9174c282b - test[aada8e7e76ba119b]::__rust_begin_short_backtrace::<core[a373ad73a504971]::result::Result<(), alloc[2e1b2a31b91974c5]::string::String>, fn() -> core[a373ad73a504971]::result::Result<(), alloc[2e1b2a31b91974c5]::string::String>>
[INFO] [stdout]   15:     0x61d9174cfa05 - test[aada8e7e76ba119b]::run_test::{closure#0}
[INFO] [stdout]   16:     0x61d9174c92f4 - std[617be2ca0a6fd877]::sys::backtrace::__rust_begin_short_backtrace::<test[aada8e7e76ba119b]::run_test::{closure#1}, ()>
[INFO] [stdout]   17:     0x61d9174d2a92 - <std[617be2ca0a6fd877]::thread::lifecycle::spawn_unchecked<test[aada8e7e76ba119b]::run_test::{closure#1}, ()>::{closure#1} as core[a373ad73a504971]::ops::function::FnOnce<()>>::call_once::{shim:vtable#0}
[INFO] [stdout]   18:     0x61d91753ac9f - <std[617be2ca0a6fd877]::sys::thread::unix::Thread>::new::thread_start
[INFO] [stdout]   19:     0x75eac725bdfa - <unknown>
[INFO] [stdout]   20:     0x75eac72ef3d4 - clone
[INFO] [stdout]   21:                0x0 - <unknown>
[INFO] [stdout] 
[INFO] [stdout] ---- access::tests::record_at_matches_iteration stdout ----
[INFO] [stdout] 
[INFO] [stdout] thread 'access::tests::record_at_matches_iteration' (183) panicked at src/access.rs:225:26:
[INFO] [stdout] corpus log: Os { code: 2, kind: NotFound, message: "No such file or directory" }
[INFO] [stdout] stack backtrace:
[INFO] [stdout]    0:     0x61d91753b931 - <<std[617be2ca0a6fd877]::sys::backtrace::BacktraceLock>::print::DisplayBacktrace as core[a373ad73a504971]::fmt::Display>::fmt
[INFO] [stdout]    1:     0x61d91755151a - core[a373ad73a504971]::fmt::write
[INFO] [stdout]    2:     0x61d91753fb4c - <alloc[2e1b2a31b91974c5]::vec::Vec<u8> as core[a373ad73a504971]::io::write::Write>::write_fmt
[INFO] [stdout]    3:     0x61d9175173d6 - std[617be2ca0a6fd877]::panicking::default_hook::{closure#0}
[INFO] [stdout]    4:     0x61d9175339f9 - std[617be2ca0a6fd877]::panicking::default_hook
[INFO] [stdout]    5:     0x61d9174cf3e0 - test[aada8e7e76ba119b]::test_main_inner::{closure#0}
[INFO] [stdout]    6:     0x61d917533bb2 - std[617be2ca0a6fd877]::panicking::panic_with_hook
[INFO] [stdout]    7:     0x61d917517482 - std[617be2ca0a6fd877]::panicking::panic_handler::{closure#0}
[INFO] [stdout]    8:     0x61d91750ff59 - std[617be2ca0a6fd877]::sys::backtrace::__rust_end_short_backtrace::<std[617be2ca0a6fd877]::panicking::panic_handler::{closure#0}, !>
[INFO] [stdout]    9:     0x61d91751808d - __rustc[ea4f61d10b84890b]::rust_begin_unwind
[INFO] [stdout]   10:     0x61d917551c4c - core[a373ad73a504971]::panicking::panic_fmt
[INFO] [stdout]   11:     0x61d917551a22 - core[a373ad73a504971]::result::unwrap_failed
[INFO] [stdout]   12:     0x61d9174a4d4c - dflog[c3c06950817be327]::access::tests::corpus
[INFO] [stdout]   13:     0x61d9174a67f4 - <dflog[c3c06950817be327]::access::tests::record_at_matches_iteration::{closure#0} as core[a373ad73a504971]::ops::function::FnOnce<()>>::call_once
[INFO] [stdout]   14:     0x61d9174c282b - test[aada8e7e76ba119b]::__rust_begin_short_backtrace::<core[a373ad73a504971]::result::Result<(), alloc[2e1b2a31b91974c5]::string::String>, fn() -> core[a373ad73a504971]::result::Result<(), alloc[2e1b2a31b91974c5]::string::String>>
[INFO] [stdout]   15:     0x61d9174cfa05 - test[aada8e7e76ba119b]::run_test::{closure#0}
[INFO] [stdout]   16:     0x61d9174c92f4 - std[617be2ca0a6fd877]::sys::backtrace::__rust_begin_short_backtrace::<test[aada8e7e76ba119b]::run_test::{closure#1}, ()>
[INFO] [stdout]   17:     0x61d9174d2a92 - <std[617be2ca0a6fd877]::thread::lifecycle::spawn_unchecked<test[aada8e7e76ba119b]::run_test::{closure#1}, ()>::{closure#1} as core[a373ad73a504971]::ops::function::FnOnce<()>>::call_once::{shim:vtable#0}
[INFO] [stdout]   18:     0x61d91753ac9f - <std[617be2ca0a6fd877]::sys::thread::unix::Thread>::new::thread_start
[INFO] [stdout]   19:     0x75eac725bdfa - <unknown>
[INFO] [stdout]   20:     0x75eac72ef3d4 - clone
[INFO] [stdout]   21:                0x0 - <unknown>
[INFO] [stdout] 
[INFO] [stdout] ---- access::tests::string_fields_decode_as_text stdout ----
[INFO] [stdout] 
[INFO] [stdout] thread 'access::tests::string_fields_decode_as_text' (185) panicked at src/access.rs:225:26:
[INFO] [stdout] corpus log: Os { code: 2, kind: NotFound, message: "No such file or directory" }
[INFO] [stdout] stack backtrace:
[INFO] [stdout]    0:     0x61d91753b931 - <<std[617be2ca0a6fd877]::sys::backtrace::BacktraceLock>::print::DisplayBacktrace as core[a373ad73a504971]::fmt::Display>::fmt
[INFO] [stdout]    1:     0x61d91755151a - core[a373ad73a504971]::fmt::write
[INFO] [stdout]    2:     0x61d91753fb4c - <alloc[2e1b2a31b91974c5]::vec::Vec<u8> as core[a373ad73a504971]::io::write::Write>::write_fmt
[INFO] [stdout]    3:     0x61d9175173d6 - std[617be2ca0a6fd877]::panicking::default_hook::{closure#0}
[INFO] [stdout]    4:     0x61d9175339f9 - std[617be2ca0a6fd877]::panicking::default_hook
[INFO] [stdout]    5:     0x61d9174cf3e0 - test[aada8e7e76ba119b]::test_main_inner::{closure#0}
[INFO] [stdout]    6:     0x61d917533bb2 - std[617be2ca0a6fd877]::panicking::panic_with_hook
[INFO] [stdout]    7:     0x61d917517482 - std[617be2ca0a6fd877]::panicking::panic_handler::{closure#0}
[INFO] [stdout]    8:     0x61d91750ff59 - std[617be2ca0a6fd877]::sys::backtrace::__rust_end_short_backtrace::<std[617be2ca0a6fd877]::panicking::panic_handler::{closure#0}, !>
[INFO] [stdout]    9:     0x61d91751808d - __rustc[ea4f61d10b84890b]::rust_begin_unwind
[INFO] [stdout]   10:     0x61d917551c4c - core[a373ad73a504971]::panicking::panic_fmt
[INFO] [stdout]   11:     0x61d917551a22 - core[a373ad73a504971]::result::unwrap_failed
[INFO] [stdout]   12:     0x61d9174a4d4c - dflog[c3c06950817be327]::access::tests::corpus
[INFO] [stdout]   13:     0x61d9174a6c33 - <dflog[c3c06950817be327]::access::tests::string_fields_decode_as_text::{closure#0} as core[a373ad73a504971]::ops::function::FnOnce<()>>::call_once
[INFO] [stdout]   14:     0x61d9174c282b - test[aada8e7e76ba119b]::__rust_begin_short_backtrace::<core[a373ad73a504971]::result::Result<(), alloc[2e1b2a31b91974c5]::string::String>, fn() -> core[a373ad73a504971]::result::Result<(), alloc[2e1b2a31b91974c5]::string::String>>
[INFO] [stdout]   15:     0x61d9174cfa05 - test[aada8e7e76ba119b]::run_test::{closure#0}
[INFO] [stdout]   16:     0x61d9174c92f4 - std[617be2ca0a6fd877]::sys::backtrace::__rust_begin_short_backtrace::<test[aada8e7e76ba119b]::run_test::{closure#1}, ()>
[INFO] [stdout]   17:     0x61d9174d2a92 - <std[617be2ca0a6fd877]::thread::lifecycle::spawn_unchecked<test[aada8e7e76ba119b]::run_test::{closure#1}, ()>::{closure#1} as core[a373ad73a504971]::ops::function::FnOnce<()>>::call_once::{shim:vtable#0}
[INFO] [stdout]   18:     0x61d91753ac9f - <std[617be2ca0a6fd877]::sys::thread::unix::Thread>::new::thread_start
[INFO] [stdout]   19:     0x75eac725bdfa - <unknown>
[INFO] [stdout]   20:     0x75eac72ef3d4 - clone
[INFO] [stdout]   21:                0x0 - <unknown>
[INFO] [stdout] 
[INFO] [stdout] ---- columns::tests::instance_filter_on_type_without_instances_errors stdout ----
[INFO] [stdout] 
[INFO] [stdout] thread 'columns::tests::instance_filter_on_type_without_instances_errors' (190) panicked at src/columns.rs:371:26:
[INFO] [stdout] corpus log: Os { code: 2, kind: NotFound, message: "No such file or directory" }
[INFO] [stdout] stack backtrace:
[INFO] [stdout]    0:     0x61d91753b931 - <<std[617be2ca0a6fd877]::sys::backtrace::BacktraceLock>::print::DisplayBacktrace as core[a373ad73a504971]::fmt::Display>::fmt
[INFO] [stdout]    1:     0x61d91755151a - core[a373ad73a504971]::fmt::write
[INFO] [stdout]    2:     0x61d91753fb4c - <alloc[2e1b2a31b91974c5]::vec::Vec<u8> as core[a373ad73a504971]::io::write::Write>::write_fmt
[INFO] [stdout]    3:     0x61d9175173d6 - std[617be2ca0a6fd877]::panicking::default_hook::{closure#0}
[INFO] [stdout]    4:     0x61d9175339f9 - std[617be2ca0a6fd877]::panicking::default_hook
[INFO] [stdout]    5:     0x61d9174cf3e0 - test[aada8e7e76ba119b]::test_main_inner::{closure#0}
[INFO] [stdout]    6:     0x61d917533bb2 - std[617be2ca0a6fd877]::panicking::panic_with_hook
[INFO] [stdout]    7:     0x61d917517482 - std[617be2ca0a6fd877]::panicking::panic_handler::{closure#0}
[INFO] [stdout]    8:     0x61d91750ff59 - std[617be2ca0a6fd877]::sys::backtrace::__rust_end_short_backtrace::<std[617be2ca0a6fd877]::panicking::panic_handler::{closure#0}, !>
[INFO] [stdout]    9:     0x61d91751808d - __rustc[ea4f61d10b84890b]::rust_begin_unwind
[INFO] [stdout]   10:     0x61d917551c4c - core[a373ad73a504971]::panicking::panic_fmt
[INFO] [stdout]   11:     0x61d917551a22 - core[a373ad73a504971]::result::unwrap_failed
[INFO] [stdout]   12:     0x61d9174c069c - dflog[c3c06950817be327]::columns::tests::corpus
[INFO] [stdout]   13:     0x61d9174c25dd - <dflog[c3c06950817be327]::columns::tests::instance_filter_on_type_without_instances_errors::{closure#0} as core[a373ad73a504971]::ops::function::FnOnce<()>>::call_once
[INFO] [stdout]   14:     0x61d9174c282b - test[aada8e7e76ba119b]::__rust_begin_short_backtrace::<core[a373ad73a504971]::result::Result<(), alloc[2e1b2a31b91974c5]::string::String>, fn() -> core[a373ad73a504971]::result::Result<(), alloc[2e1b2a31b91974c5]::string::String>>
[INFO] [stdout]   15:     0x61d9174cfa05 - test[aada8e7e76ba119b]::run_test::{closure#0}
[INFO] [stdout]   16:     0x61d9174c92f4 - std[617be2ca0a6fd877]::sys::backtrace::__rust_begin_short_backtrace::<test[aada8e7e76ba119b]::run_test::{closure#1}, ()>
[INFO] [stdout]   17:     0x61d9174d2a92 - <std[617be2ca0a6fd877]::thread::lifecycle::spawn_unchecked<test[aada8e7e76ba119b]::run_test::{closure#1}, ()>::{closure#1} as core[a373ad73a504971]::ops::function::FnOnce<()>>::call_once::{shim:vtable#0}
[INFO] [stdout]   18:     0x61d91753ac9f - <std[617be2ca0a6fd877]::sys::thread::unix::Thread>::new::thread_start
[INFO] [stdout]   19:     0x75eac725bdfa - <unknown>
[INFO] [stdout]   20:     0x75eac72ef3d4 - clone
[INFO] [stdout]   21:                0x0 - <unknown>
[INFO] [stdout] 
[INFO] [stdout] ---- columns::tests::instance_filter_partitions_rows stdout ----
[INFO] [stdout] 
[INFO] [stdout] thread 'columns::tests::instance_filter_partitions_rows' (191) panicked at src/columns.rs:371:26:
[INFO] [stdout] corpus log: Os { code: 2, kind: NotFound, message: "No such file or directory" }
[INFO] [stdout] stack backtrace:
[INFO] [stdout]    0:     0x61d91753b931 - <<std[617be2ca0a6fd877]::sys::backtrace::BacktraceLock>::print::DisplayBacktrace as core[a373ad73a504971]::fmt::Display>::fmt
[INFO] [stdout]    1:     0x61d91755151a - core[a373ad73a504971]::fmt::write
[INFO] [stdout]    2:     0x61d91753fb4c - <alloc[2e1b2a31b91974c5]::vec::Vec<u8> as core[a373ad73a504971]::io::write::Write>::write_fmt
[INFO] [stdout]    3:     0x61d9175173d6 - std[617be2ca0a6fd877]::panicking::default_hook::{closure#0}
[INFO] [stdout]    4:     0x61d9175339f9 - std[617be2ca0a6fd877]::panicking::default_hook
[INFO] [stdout]    5:     0x61d9174cf3e0 - test[aada8e7e76ba119b]::test_main_inner::{closure#0}
[INFO] [stdout]    6:     0x61d917533bb2 - std[617be2ca0a6fd877]::panicking::panic_with_hook
[INFO] [stdout]    7:     0x61d917517482 - std[617be2ca0a6fd877]::panicking::panic_handler::{closure#0}
[INFO] [stdout]    8:     0x61d91750ff59 - std[617be2ca0a6fd877]::sys::backtrace::__rust_end_short_backtrace::<std[617be2ca0a6fd877]::panicking::panic_handler::{closure#0}, !>
[INFO] [stdout]    9:     0x61d91751808d - __rustc[ea4f61d10b84890b]::rust_begin_unwind
[INFO] [stdout]   10:     0x61d917551c4c - core[a373ad73a504971]::panicking::panic_fmt
[INFO] [stdout]   11:     0x61d917551a22 - core[a373ad73a504971]::result::unwrap_failed
[INFO] [stdout]   12:     0x61d9174c069c - dflog[c3c06950817be327]::columns::tests::corpus
[INFO] [stdout]   13:     0x61d9174c1764 - <dflog[c3c06950817be327]::columns::tests::instance_filter_partitions_rows::{closure#0} as core[a373ad73a504971]::ops::function::FnOnce<()>>::call_once
[INFO] [stdout]   14:     0x61d9174c282b - test[aada8e7e76ba119b]::__rust_begin_short_backtrace::<core[a373ad73a504971]::result::Result<(), alloc[2e1b2a31b91974c5]::string::String>, fn() -> core[a373ad73a504971]::result::Result<(), alloc[2e1b2a31b91974c5]::string::String>>
[INFO] [stdout]   15:     0x61d9174cfa05 - test[aada8e7e76ba119b]::run_test::{closure#0}
[INFO] [stdout]   16:     0x61d9174c92f4 - std[617be2ca0a6fd877]::sys::backtrace::__rust_begin_short_backtrace::<test[aada8e7e76ba119b]::run_test::{closure#1}, ()>
[INFO] [stdout]   17:     0x61d9174d2a92 - <std[617be2ca0a6fd877]::thread::lifecycle::spawn_unchecked<test[aada8e7e76ba119b]::run_test::{closure#1}, ()>::{closure#1} as core[a373ad73a504971]::ops::function::FnOnce<()>>::call_once::{shim:vtable#0}
[INFO] [stdout]   18:     0x61d91753ac9f - <std[617be2ca0a6fd877]::sys::thread::unix::Thread>::new::thread_start
[INFO] [stdout]   19:     0x75eac725bdfa - <unknown>
[INFO] [stdout]   20:     0x75eac72ef3d4 - clone
[INFO] [stdout]   21:                0x0 - <unknown>
[INFO] [stdout] 
[INFO] [stdout] ---- render::tests::corpus_renders_one_line_per_indexed_record stdout ----
[INFO] [stdout] 
[INFO] [stdout] thread 'render::tests::corpus_renders_one_line_per_indexed_record' (196) panicked at src/render.rs:628:40:
[INFO] [stdout] called `Result::unwrap()` on an `Err` value: Os { code: 2, kind: NotFound, message: "No such file or directory" }
[INFO] [stdout] stack backtrace:
[INFO] [stdout]    0:     0x61d91753b931 - <<std[617be2ca0a6fd877]::sys::backtrace::BacktraceLock>::print::DisplayBacktrace as core[a373ad73a504971]::fmt::Display>::fmt
[INFO] [stdout]    1:     0x61d91755151a - core[a373ad73a504971]::fmt::write
[INFO] [stdout]    2:     0x61d91753fb4c - <alloc[2e1b2a31b91974c5]::vec::Vec<u8> as core[a373ad73a504971]::io::write::Write>::write_fmt
[INFO] [stdout]    3:     0x61d9175173d6 - std[617be2ca0a6fd877]::panicking::default_hook::{closure#0}
[INFO] [stdout]    4:     0x61d9175339f9 - std[617be2ca0a6fd877]::panicking::default_hook
[INFO] [stdout]    5:     0x61d9174cf3e0 - test[aada8e7e76ba119b]::test_main_inner::{closure#0}
[INFO] [stdout]    6:     0x61d917533bb2 - std[617be2ca0a6fd877]::panicking::panic_with_hook
[INFO] [stdout]    7:     0x61d917517482 - std[617be2ca0a6fd877]::panicking::panic_handler::{closure#0}
[INFO] [stdout]    8:     0x61d91750ff59 - std[617be2ca0a6fd877]::sys::backtrace::__rust_end_short_backtrace::<std[617be2ca0a6fd877]::panicking::panic_handler::{closure#0}, !>
[INFO] [stdout]    9:     0x61d91751808d - __rustc[ea4f61d10b84890b]::rust_begin_unwind
[INFO] [stdout]   10:     0x61d917551c4c - core[a373ad73a504971]::panicking::panic_fmt
[INFO] [stdout]   11:     0x61d917551a22 - core[a373ad73a504971]::result::unwrap_failed
[INFO] [stdout]   12:     0x61d917495ad6 - <dflog[c3c06950817be327]::render::tests::corpus_renders_one_line_per_indexed_record::{closure#0} as core[a373ad73a504971]::ops::function::FnOnce<()>>::call_once
[INFO] [stdout]   13:     0x61d9174c282b - test[aada8e7e76ba119b]::__rust_begin_short_backtrace::<core[a373ad73a504971]::result::Result<(), alloc[2e1b2a31b91974c5]::string::String>, fn() -> core[a373ad73a504971]::result::Result<(), alloc[2e1b2a31b91974c5]::string::String>>
[INFO] [stdout]   14:     0x61d9174cfa05 - test[aada8e7e76ba119b]::run_test::{closure#0}
[INFO] [stdout]   15:     0x61d9174c92f4 - std[617be2ca0a6fd877]::sys::backtrace::__rust_begin_short_backtrace::<test[aada8e7e76ba119b]::run_test::{closure#1}, ()>
[INFO] [stdout]   16:     0x61d9174d2a92 - <std[617be2ca0a6fd877]::thread::lifecycle::spawn_unchecked<test[aada8e7e76ba119b]::run_test::{closure#1}, ()>::{closure#1} as core[a373ad73a504971]::ops::function::FnOnce<()>>::call_once::{shim:vtable#0}
[INFO] [stdout]   17:     0x61d91753ac9f - <std[617be2ca0a6fd877]::sys::thread::unix::Thread>::new::thread_start
[INFO] [stdout]   18:     0x75eac725bdfa - <unknown>
[INFO] [stdout]   19:     0x75eac72ef3d4 - clone
[INFO] [stdout]   20:                0x0 - <unknown>
[INFO] [stdout] 
[INFO] [stdout] ---- tests::open_reads_the_whole_file stdout ----
[INFO] [stdout] 
[INFO] [stdout] thread 'tests::open_reads_the_whole_file' (219) panicked at src/lib.rs:709:58:
[INFO] [stdout] called `Result::unwrap()` on an `Err` value: Os { code: 2, kind: NotFound, message: "No such file or directory" }
[INFO] [stdout] stack backtrace:
[INFO] [stdout]    0:     0x61d91753b931 - <<std[617be2ca0a6fd877]::sys::backtrace::BacktraceLock>::print::DisplayBacktrace as core[a373ad73a504971]::fmt::Display>::fmt
[INFO] [stdout]    1:     0x61d91755151a - core[a373ad73a504971]::fmt::write
[INFO] [stdout]    2:     0x61d91753fb4c - <alloc[2e1b2a31b91974c5]::vec::Vec<u8> as core[a373ad73a504971]::io::write::Write>::write_fmt
[INFO] [stdout]    3:     0x61d9175173d6 - std[617be2ca0a6fd877]::panicking::default_hook::{closure#0}
[INFO] [stdout]    4:     0x61d9175339f9 - std[617be2ca0a6fd877]::panicking::default_hook
[INFO] [stdout]    5:     0x61d9174cf3e0 - test[aada8e7e76ba119b]::test_main_inner::{closure#0}
[INFO] [stdout]    6:     0x61d917533bb2 - std[617be2ca0a6fd877]::panicking::panic_with_hook
[INFO] [stdout]    7:     0x61d917517482 - std[617be2ca0a6fd877]::panicking::panic_handler::{closure#0}
[INFO] [stdout]    8:     0x61d91750ff59 - std[617be2ca0a6fd877]::sys::backtrace::__rust_end_short_backtrace::<std[617be2ca0a6fd877]::panicking::panic_handler::{closure#0}, !>
[INFO] [stdout]    9:     0x61d91751808d - __rustc[ea4f61d10b84890b]::rust_begin_unwind
[INFO] [stdout]   10:     0x61d917551c4c - core[a373ad73a504971]::panicking::panic_fmt
[INFO] [stdout]   11:     0x61d917551a22 - core[a373ad73a504971]::result::unwrap_failed
[INFO] [stdout]   12:     0x61d91749be1b - <dflog[c3c06950817be327]::tests::open_reads_the_whole_file::{closure#0} as core[a373ad73a504971]::ops::function::FnOnce<()>>::call_once
[INFO] [stdout]   13:     0x61d9174c282b - test[aada8e7e76ba119b]::__rust_begin_short_backtrace::<core[a373ad73a504971]::result::Result<(), alloc[2e1b2a31b91974c5]::string::String>, fn() -> core[a373ad73a504971]::result::Result<(), alloc[2e1b2a31b91974c5]::string::String>>
[INFO] [stdout]   14:     0x61d9174cfa05 - test[aada8e7e76ba119b]::run_test::{closure#0}
[INFO] [stdout]   15:     0x61d9174c92f4 - std[617be2ca0a6fd877]::sys::backtrace::__rust_begin_short_backtrace::<test[aada8e7e76ba119b]::run_test::{closure#1}, ()>
[INFO] [stdout]   16:     0x61d9174d2a92 - <std[617be2ca0a6fd877]::thread::lifecycle::spawn_unchecked<test[aada8e7e76ba119b]::run_test::{closure#1}, ()>::{closure#1} as core[a373ad73a504971]::ops::function::FnOnce<()>>::call_once::{shim:vtable#0}
[INFO] [stdout]   17:     0x61d91753ac9f - <std[617be2ca0a6fd877]::sys::thread::unix::Thread>::new::thread_start
[INFO] [stdout]   18:     0x75eac725bdfa - <unknown>
[INFO] [stdout]   19:     0x75eac72ef3d4 - clone
[INFO] [stdout]   20:                0x0 - <unknown>
[INFO] [stdout] 
[INFO] [stdout] ---- tests::corpus_logs_scan_cleanly stdout ----
[INFO] [stdout] 
[INFO] [stdout] thread 'tests::corpus_logs_scan_cleanly' (214) panicked at src/lib.rs:447:51:
[INFO] [stdout] copter.bin: Os { code: 2, kind: NotFound, message: "No such file or directory" }
[INFO] [stdout] stack backtrace:
[INFO] [stdout]    0:     0x61d91753b931 - <<std[617be2ca0a6fd877]::sys::backtrace::BacktraceLock>::print::DisplayBacktrace as core[a373ad73a504971]::fmt::Display>::fmt
[INFO] [stdout]    1:     0x61d91755151a - core[a373ad73a504971]::fmt::write
[INFO] [stdout]    2:     0x61d91753fb4c - <alloc[2e1b2a31b91974c5]::vec::Vec<u8> as core[a373ad73a504971]::io::write::Write>::write_fmt
[INFO] [stdout]    3:     0x61d9175173d6 - std[617be2ca0a6fd877]::panicking::default_hook::{closure#0}
[INFO] [stdout]    4:     0x61d9175339f9 - std[617be2ca0a6fd877]::panicking::default_hook
[INFO] [stdout]    5:     0x61d9174cf3e0 - test[aada8e7e76ba119b]::test_main_inner::{closure#0}
[INFO] [stdout]    6:     0x61d917533bb2 - std[617be2ca0a6fd877]::panicking::panic_with_hook
[INFO] [stdout]    7:     0x61d917517482 - std[617be2ca0a6fd877]::panicking::panic_handler::{closure#0}
[INFO] [stdout]    8:     0x61d91750ff59 - std[617be2ca0a6fd877]::sys::backtrace::__rust_end_short_backtrace::<std[617be2ca0a6fd877]::panicking::panic_handler::{closure#0}, !>
[INFO] [stdout]    9:     0x61d91751808d - __rustc[ea4f61d10b84890b]::rust_begin_unwind
[INFO] [stdout]   10:     0x61d917551c4c - core[a373ad73a504971]::panicking::panic_fmt
[INFO] [stdout]   11:     0x61d917551a22 - core[a373ad73a504971]::result::unwrap_failed
[INFO] [stdout]   12:     0x61d91749b95e - <dflog[c3c06950817be327]::tests::corpus_logs_scan_cleanly::{closure#0} as core[a373ad73a504971]::ops::function::FnOnce<()>>::call_once
[INFO] [stdout]   13:     0x61d9174c282b - test[aada8e7e76ba119b]::__rust_begin_short_backtrace::<core[a373ad73a504971]::result::Result<(), alloc[2e1b2a31b91974c5]::string::String>, fn() -> core[a373ad73a504971]::result::Result<(), alloc[2e1b2a31b91974c5]::string::String>>
[INFO] [stdout]   14:     0x61d9174cfa05 - test[aada8e7e76ba119b]::run_test::{closure#0}
[INFO] [stdout]   15:     0x61d9174c92f4 - std[617be2ca0a6fd877]::sys::backtrace::__rust_begin_short_backtrace::<test[aada8e7e76ba119b]::run_test::{closure#1}, ()>
[INFO] [stdout]   16:     0x61d9174d2a92 - <std[617be2ca0a6fd877]::thread::lifecycle::spawn_unchecked<test[aada8e7e76ba119b]::run_test::{closure#1}, ()>::{closure#1} as core[a373ad73a504971]::ops::function::FnOnce<()>>::call_once::{shim:vtable#0}
[INFO] [stdout]   17:     0x61d91753ac9f - <std[617be2ca0a6fd877]::sys::thread::unix::Thread>::new::thread_start
[INFO] [stdout]   18:     0x75eac725bdfa - <unknown>
[INFO] [stdout]   19:     0x75eac72ef3d4 - clone
[INFO] [stdout]   20:                0x0 - <unknown>
[INFO] [stdout] 
[INFO] [stdout] ---- tests::corpus_record_counts_are_stable stdout ----
[INFO] [stdout] 
[INFO] [stdout] thread 'tests::corpus_record_counts_are_stable' (215) panicked at src/lib.rs:473:51:
[INFO] [stdout] copter.bin: Os { code: 2, kind: NotFound, message: "No such file or directory" }
[INFO] [stdout] stack backtrace:
[INFO] [stdout]    0:     0x61d91753b931 - <<std[617be2ca0a6fd877]::sys::backtrace::BacktraceLock>::print::DisplayBacktrace as core[a373ad73a504971]::fmt::Display>::fmt
[INFO] [stdout]    1:     0x61d91755151a - core[a373ad73a504971]::fmt::write
[INFO] [stdout]    2:     0x61d91753fb4c - <alloc[2e1b2a31b91974c5]::vec::Vec<u8> as core[a373ad73a504971]::io::write::Write>::write_fmt
[INFO] [stdout]    3:     0x61d9175173d6 - std[617be2ca0a6fd877]::panicking::default_hook::{closure#0}
[INFO] [stdout]    4:     0x61d9175339f9 - std[617be2ca0a6fd877]::panicking::default_hook
[INFO] [stdout]    5:     0x61d9174cf3e0 - test[aada8e7e76ba119b]::test_main_inner::{closure#0}
[INFO] [stdout]    6:     0x61d917533bb2 - std[617be2ca0a6fd877]::panicking::panic_with_hook
[INFO] [stdout]    7:     0x61d917517482 - std[617be2ca0a6fd877]::panicking::panic_handler::{closure#0}
[INFO] [stdout]    8:     0x61d91750ff59 - std[617be2ca0a6fd877]::sys::backtrace::__rust_end_short_backtrace::<std[617be2ca0a6fd877]::panicking::panic_handler::{closure#0}, !>
[INFO] [stdout]    9:     0x61d91751808d - __rustc[ea4f61d10b84890b]::rust_begin_unwind
[INFO] [stdout]   10:     0x61d917551c4c - core[a373ad73a504971]::panicking::panic_fmt
[INFO] [stdout]   11:     0x61d917551a22 - core[a373ad73a504971]::result::unwrap_failed
[INFO] [stdout]   12:     0x61d91749d118 - <dflog[c3c06950817be327]::tests::corpus_record_counts_are_stable::{closure#0} as core[a373ad73a504971]::ops::function::FnOnce<()>>::call_once
[INFO] [stdout]   13:     0x61d9174c282b - test[aada8e7e76ba119b]::__rust_begin_short_backtrace::<core[a373ad73a504971]::result::Result<(), alloc[2e1b2a31b91974c5]::string::String>, fn() -> core[a373ad73a504971]::result::Result<(), alloc[2e1b2a31b91974c5]::string::String>>
[INFO] [stdout]   14:     0x61d9174cfa05 - test[aada8e7e76ba119b]::run_test::{closure#0}
[INFO] [stdout]   15:     0x61d9174c92f4 - std[617be2ca0a6fd877]::sys::backtrace::__rust_begin_short_backtrace::<test[aada8e7e76ba119b]::run_test::{closure#1}, ()>
[INFO] [stdout]   16:     0x61d9174d2a92 - <std[617be2ca0a6fd877]::thread::lifecycle::spawn_unchecked<test[aada8e7e76ba119b]::run_test::{closure#1}, ()>::{closure#1} as core[a373ad73a504971]::ops::function::FnOnce<()>>::call_once::{shim:vtable#0}
[INFO] [stdout]   17:     0x61d91753ac9f - <std[617be2ca0a6fd877]::sys::thread::unix::Thread>::new::thread_start
[INFO] [stdout]   18:     0x75eac725bdfa - <unknown>
[INFO] [stdout]   19:     0x75eac72ef3d4 - clone
[INFO] [stdout]   20:                0x0 - <unknown>
[INFO] [stdout] 
[INFO] [stdout] ---- time::tests::corpus_time_bases_are_stable stdout ----
[INFO] [stdout] 
[INFO] [stdout] thread 'time::tests::corpus_time_bases_are_stable' (229) panicked at src/time.rs:134:26:
[INFO] [stdout] corpus log: Os { code: 2, kind: NotFound, message: "No such file or directory" }
[INFO] [stdout] stack backtrace:
[INFO] [stdout]    0:     0x61d91753b931 - <<std[617be2ca0a6fd877]::sys::backtrace::BacktraceLock>::print::DisplayBacktrace as core[a373ad73a504971]::fmt::Display>::fmt
[INFO] [stdout]    1:     0x61d91755151a - core[a373ad73a504971]::fmt::write
[INFO] [stdout]    2:     0x61d91753fb4c - <alloc[2e1b2a31b91974c5]::vec::Vec<u8> as core[a373ad73a504971]::io::write::Write>::write_fmt
[INFO] [stdout]    3:     0x61d9175173d6 - std[617be2ca0a6fd877]::panicking::default_hook::{closure#0}
[INFO] [stdout]    4:     0x61d9175339f9 - std[617be2ca0a6fd877]::panicking::default_hook
[INFO] [stdout]    5:     0x61d9174cf3e0 - test[aada8e7e76ba119b]::test_main_inner::{closure#0}
[INFO] [stdout]    6:     0x61d917533bb2 - std[617be2ca0a6fd877]::panicking::panic_with_hook
[INFO] [stdout]    7:     0x61d917517482 - std[617be2ca0a6fd877]::panicking::panic_handler::{closure#0}
[INFO] [stdout]    8:     0x61d91750ff59 - std[617be2ca0a6fd877]::sys::backtrace::__rust_end_short_backtrace::<std[617be2ca0a6fd877]::panicking::panic_handler::{closure#0}, !>
[INFO] [stdout]    9:     0x61d91751808d - __rustc[ea4f61d10b84890b]::rust_begin_unwind
[INFO] [stdout]   10:     0x61d917551c4c - core[a373ad73a504971]::panicking::panic_fmt
[INFO] [stdout]   11:     0x61d917551a22 - core[a373ad73a504971]::result::unwrap_failed
[INFO] [stdout]   12:     0x61d9174ae921 - <dflog[c3c06950817be327]::time::tests::corpus_time_bases_are_stable::{closure#0} as core[a373ad73a504971]::ops::function::FnOnce<()>>::call_once
[INFO] [stdout]   13:     0x61d9174c282b - test[aada8e7e76ba119b]::__rust_begin_short_backtrace::<core[a373ad73a504971]::result::Result<(), alloc[2e1b2a31b91974c5]::string::String>, fn() -> core[a373ad73a504971]::result::Result<(), alloc[2e1b2a31b91974c5]::string::String>>
[INFO] [stdout]   14:     0x61d9174cfa05 - test[aada8e7e76ba119b]::run_test::{closure#0}
[INFO] [stdout]   15:     0x61d9174c92f4 - std[617be2ca0a6fd877]::sys::backtrace::__rust_begin_short_backtrace::<test[aada8e7e76ba119b]::run_test::{closure#1}, ()>
[INFO] [stdout]   16:     0x61d9174d2a92 - <std[617be2ca0a6fd877]::thread::lifecycle::spawn_unchecked<test[aada8e7e76ba119b]::run_test::{closure#1}, ()>::{closure#1} as core[a373ad73a504971]::ops::function::FnOnce<()>>::call_once::{shim:vtable#0}
[INFO] [stdout]   17:     0x61d91753ac9f - <std[617be2ca0a6fd877]::sys::thread::unix::Thread>::new::thread_start
[INFO] [stdout]   18:     0x75eac725bdfa - <unknown>
[INFO] [stdout]   19:     0x75eac72ef3d4 - clone
[INFO] [stdout]   20:                0x0 - <unknown>
[INFO] [stdout] 
[INFO] [stdout] ---- units::tests::corpus_logs_all_carry_units_metadata stdout ----
[INFO] [stdout] 
[INFO] [stdout] thread 'units::tests::corpus_logs_all_carry_units_metadata' (235) panicked at src/units.rs:161:26:
[INFO] [stdout] corpus log: Os { code: 2, kind: NotFound, message: "No such file or directory" }
[INFO] [stdout] stack backtrace:
[INFO] [stdout]    0:     0x61d91753b931 - <<std[617be2ca0a6fd877]::sys::backtrace::BacktraceLock>::print::DisplayBacktrace as core[a373ad73a504971]::fmt::Display>::fmt
[INFO] [stdout]    1:     0x61d91755151a - core[a373ad73a504971]::fmt::write
[INFO] [stdout]    2:     0x61d91753fb4c - <alloc[2e1b2a31b91974c5]::vec::Vec<u8> as core[a373ad73a504971]::io::write::Write>::write_fmt
[INFO] [stdout]    3:     0x61d9175173d6 - std[617be2ca0a6fd877]::panicking::default_hook::{closure#0}
[INFO] [stdout]    4:     0x61d9175339f9 - std[617be2ca0a6fd877]::panicking::default_hook
[INFO] [stdout]    5:     0x61d9174cf3e0 - test[aada8e7e76ba119b]::test_main_inner::{closure#0}
[INFO] [stdout]    6:     0x61d917533bb2 - std[617be2ca0a6fd877]::panicking::panic_with_hook
[INFO] [stdout]    7:     0x61d917517482 - std[617be2ca0a6fd877]::panicking::panic_handler::{closure#0}
[INFO] [stdout]    8:     0x61d91750ff59 - std[617be2ca0a6fd877]::sys::backtrace::__rust_end_short_backtrace::<std[617be2ca0a6fd877]::panicking::panic_handler::{closure#0}, !>
[INFO] [stdout]    9:     0x61d91751808d - __rustc[ea4f61d10b84890b]::rust_begin_unwind
[INFO] [stdout]   10:     0x61d917551c4c - core[a373ad73a504971]::panicking::panic_fmt
[INFO] [stdout]   11:     0x61d917551a22 - core[a373ad73a504971]::result::unwrap_failed
[INFO] [stdout]   12:     0x61d9174a4a77 - dflog[c3c06950817be327]::units::tests::corpus
[INFO] [stdout]   13:     0x61d9174a5965 - <dflog[c3c06950817be327]::units::tests::corpus_logs_all_carry_units_metadata::{closure#0} as core[a373ad73a504971]::ops::function::FnOnce<()>>::call_once
[INFO] [stdout]   14:     0x61d9174c282b - test[aada8e7e76ba119b]::__rust_begin_short_backtrace::<core[a373ad73a504971]::result::Result<(), alloc[2e1b2a31b91974c5]::string::String>, fn() -> core[a373ad73a504971]::result::Result<(), alloc[2e1b2a31b91974c5]::string::String>>
[INFO] [stdout]   15:     0x61d9174cfa05 - test[aada8e7e76ba119b]::run_test::{closure#0}
[INFO] [stdout]   16:     0x61d9174c92f4 - std[617be2ca0a6fd877]::sys::backtrace::__rust_begin_short_backtrace::<test[aada8e7e76ba119b]::run_test::{closure#1}, ()>
[INFO] [stdout]   17:     0x61d9174d2a92 - <std[617be2ca0a6fd877]::thread::lifecycle::spawn_unchecked<test[aada8e7e76ba119b]::run_test::{closure#1}, ()>::{closure#1} as core[a373ad73a504971]::ops::function::FnOnce<()>>::call_once::{shim:vtable#0}
[INFO] [stdout]   18:     0x61d91753ac9f - <std[617be2ca0a6fd877]::sys::thread::unix::Thread>::new::thread_start
[INFO] [stdout]   19:     0x75eac725bdfa - <unknown>
[INFO] [stdout]   20:     0x75eac72ef3d4 - clone
[INFO] [stdout]   21:                0x0 - <unknown>
[INFO] [stdout] 
[INFO] [stdout] ---- units::tests::dash_ids_resolve_to_none stdout ----
[INFO] [stdout] 
[INFO] [stdout] thread 'units::tests::dash_ids_resolve_to_none' (236) panicked at src/units.rs:161:26:
[INFO] [stdout] corpus log: Os { code: 2, kind: NotFound, message: "No such file or directory" }
[INFO] [stdout] stack backtrace:
[INFO] [stdout]    0:     0x61d91753b931 - <<std[617be2ca0a6fd877]::sys::backtrace::BacktraceLock>::print::DisplayBacktrace as core[a373ad73a504971]::fmt::Display>::fmt
[INFO] [stdout]    1:     0x61d91755151a - core[a373ad73a504971]::fmt::write
[INFO] [stdout]    2:     0x61d91753fb4c - <alloc[2e1b2a31b91974c5]::vec::Vec<u8> as core[a373ad73a504971]::io::write::Write>::write_fmt
[INFO] [stdout]    3:     0x61d9175173d6 - std[617be2ca0a6fd877]::panicking::default_hook::{closure#0}
[INFO] [stdout]    4:     0x61d9175339f9 - std[617be2ca0a6fd877]::panicking::default_hook
[INFO] [stdout]    5:     0x61d9174cf3e0 - test[aada8e7e76ba119b]::test_main_inner::{closure#0}
[INFO] [stdout]    6:     0x61d917533bb2 - std[617be2ca0a6fd877]::panicking::panic_with_hook
[INFO] [stdout]    7:     0x61d917517482 - std[617be2ca0a6fd877]::panicking::panic_handler::{closure#0}
[INFO] [stdout]    8:     0x61d91750ff59 - std[617be2ca0a6fd877]::sys::backtrace::__rust_end_short_backtrace::<std[617be2ca0a6fd877]::panicking::panic_handler::{closure#0}, !>
[INFO] [stdout]    9:     0x61d91751808d - __rustc[ea4f61d10b84890b]::rust_begin_unwind
[INFO] [stdout]   10:     0x61d917551c4c - core[a373ad73a504971]::panicking::panic_fmt
[INFO] [stdout]   11:     0x61d917551a22 - core[a373ad73a504971]::result::unwrap_failed
[INFO] [stdout]   12:     0x61d9174a4a77 - dflog[c3c06950817be327]::units::tests::corpus
[INFO] [stdout]   13:     0x61d9174a5257 - <dflog[c3c06950817be327]::units::tests::dash_ids_resolve_to_none::{closure#0} as core[a373ad73a504971]::ops::function::FnOnce<()>>::call_once
[INFO] [stdout]   14:     0x61d9174c282b - test[aada8e7e76ba119b]::__rust_begin_short_backtrace::<core[a373ad73a504971]::result::Result<(), alloc[2e1b2a31b91974c5]::string::String>, fn() -> core[a373ad73a504971]::result::Result<(), alloc[2e1b2a31b91974c5]::string::String>>
[INFO] [stdout]   15:     0x61d9174cfa05 - test[aada8e7e76ba119b]::run_test::{closure#0}
[INFO] [stdout]   16:     0x61d9174c92f4 - std[617be2ca0a6fd877]::sys::backtrace::__rust_begin_short_backtrace::<test[aada8e7e76ba119b]::run_test::{closure#1}, ()>
[INFO] [stdout]   17:     0x61d9174d2a92 - <std[617be2ca0a6fd877]::thread::lifecycle::spawn_unchecked<test[aada8e7e76ba119b]::run_test::{closure#1}, ()>::{closure#1} as core[a373ad73a504971]::ops::function::FnOnce<()>>::call_once::{shim:vtable#0}
[INFO] [stdout]   18:     0x61d91753ac9f - <std[617be2ca0a6fd877]::sys::thread::unix::Thread>::new::thread_start
[INFO] [stdout]   19:     0x75eac725bdfa - <unknown>
[INFO] [stdout]   20:     0x75eac72ef3d4 - clone
[INFO] [stdout]   21:                0x0 - <unknown>
[INFO] [stdout] 
[INFO] [stdout] ---- units::tests::known_fields_resolve_units_and_multipliers stdout ----
[INFO] [stdout] 
[INFO] [stdout] thread 'units::tests::known_fields_resolve_units_and_multipliers' (237) panicked at src/units.rs:161:26:
[INFO] [stdout] corpus log: Os { code: 2, kind: NotFound, message: "No such file or directory" }
[INFO] [stdout] stack backtrace:
[INFO] [stdout]    0:     0x61d91753b931 - <<std[617be2ca0a6fd877]::sys::backtrace::BacktraceLock>::print::DisplayBacktrace as core[a373ad73a504971]::fmt::Display>::fmt
[INFO] [stdout]    1:     0x61d91755151a - core[a373ad73a504971]::fmt::write
[INFO] [stdout]    2:     0x61d91753fb4c - <alloc[2e1b2a31b91974c5]::vec::Vec<u8> as core[a373ad73a504971]::io::write::Write>::write_fmt
[INFO] [stdout]    3:     0x61d9175173d6 - std[617be2ca0a6fd877]::panicking::default_hook::{closure#0}
[INFO] [stdout]    4:     0x61d9175339f9 - std[617be2ca0a6fd877]::panicking::default_hook
[INFO] [stdout]    5:     0x61d9174cf3e0 - test[aada8e7e76ba119b]::test_main_inner::{closure#0}
[INFO] [stdout]    6:     0x61d917533bb2 - std[617be2ca0a6fd877]::panicking::panic_with_hook
[INFO] [stdout]    7:     0x61d917517482 - std[617be2ca0a6fd877]::panicking::panic_handler::{closure#0}
[INFO] [stdout]    8:     0x61d91750ff59 - std[617be2ca0a6fd877]::sys::backtrace::__rust_end_short_backtrace::<std[617be2ca0a6fd877]::panicking::panic_handler::{closure#0}, !>
[INFO] [stdout]    9:     0x61d91751808d - __rustc[ea4f61d10b84890b]::rust_begin_unwind
[INFO] [stdout]   10:     0x61d917551c4c - core[a373ad73a504971]::panicking::panic_fmt
[INFO] [stdout]   11:     0x61d917551a22 - core[a373ad73a504971]::result::unwrap_failed
[INFO] [stdout]   12:     0x61d9174a4a77 - dflog[c3c06950817be327]::units::tests::corpus
[INFO] [stdout]   13:     0x61d9174a5ccb - <dflog[c3c06950817be327]::units::tests::known_fields_resolve_units_and_multipliers::{closure#0} as core[a373ad73a504971]::ops::function::FnOnce<()>>::call_once
[INFO] [stdout]   14:     0x61d9174c282b - test[aada8e7e76ba119b]::__rust_begin_short_backtrace::<core[a373ad73a504971]::result::Result<(), alloc[2e1b2a31b91974c5]::string::String>, fn() -> core[a373ad73a504971]::result::Result<(), alloc[2e1b2a31b91974c5]::string::String>>
[INFO] [stdout]   15:     0x61d9174cfa05 - test[aada8e7e76ba119b]::run_test::{closure#0}
[INFO] [stdout]   16:     0x61d9174c92f4 - std[617be2ca0a6fd877]::sys::backtrace::__rust_begin_short_backtrace::<test[aada8e7e76ba119b]::run_test::{closure#1}, ()>
[INFO] [stdout]   17:     0x61d9174d2a92 - <std[617be2ca0a6fd877]::thread::lifecycle::spawn_unchecked<test[aada8e7e76ba119b]::run_test::{closure#1}, ()>::{closure#1} as core[a373ad73a504971]::ops::function::FnOnce<()>>::call_once::{shim:vtable#0}
[INFO] [stdout]   18:     0x61d91753ac9f - <std[617be2ca0a6fd877]::sys::thread::unix::Thread>::new::thread_start
[INFO] [stdout]   19:     0x75eac725bdfa - <unknown>
[INFO] [stdout]   20:     0x75eac72ef3d4 - clone
[INFO] [stdout]   21:                0x0 - <unknown>
[INFO] [stdout] 
[INFO] [stdout] ---- units::tests::missing_metadata_is_none_not_panic stdout ----
[INFO] [stdout] 
[INFO] [stdout] thread 'units::tests::missing_metadata_is_none_not_panic' (238) panicked at src/units.rs:161:26:
[INFO] [stdout] corpus log: Os { code: 2, kind: NotFound, message: "No such file or directory" }
[INFO] [stdout] stack backtrace:
[INFO] [stdout]    0:     0x61d91753b931 - <<std[617be2ca0a6fd877]::sys::backtrace::BacktraceLock>::print::DisplayBacktrace as core[a373ad73a504971]::fmt::Display>::fmt
[INFO] [stdout]    1:     0x61d91755151a - core[a373ad73a504971]::fmt::write
[INFO] [stdout]    2:     0x61d91753fb4c - <alloc[2e1b2a31b91974c5]::vec::Vec<u8> as core[a373ad73a504971]::io::write::Write>::write_fmt
[INFO] [stdout]    3:     0x61d9175173d6 - std[617be2ca0a6fd877]::panicking::default_hook::{closure#0}
[INFO] [stdout]    4:     0x61d9175339f9 - std[617be2ca0a6fd877]::panicking::default_hook
[INFO] [stdout]    5:     0x61d9174cf3e0 - test[aada8e7e76ba119b]::test_main_inner::{closure#0}
[INFO] [stdout]    6:     0x61d917533bb2 - std[617be2ca0a6fd877]::panicking::panic_with_hook
[INFO] [stdout]    7:     0x61d917517482 - std[617be2ca0a6fd877]::panicking::panic_handler::{closure#0}
[INFO] [stdout]    8:     0x61d91750ff59 - std[617be2ca0a6fd877]::sys::backtrace::__rust_end_short_backtrace::<std[617be2ca0a6fd877]::panicking::panic_handler::{closure#0}, !>
[INFO] [stdout]    9:     0x61d91751808d - __rustc[ea4f61d10b84890b]::rust_begin_unwind
[INFO] [stdout]   10:     0x61d917551c4c - core[a373ad73a504971]::panicking::panic_fmt
[INFO] [stdout]   11:     0x61d917551a22 - core[a373ad73a504971]::result::unwrap_failed
[INFO] [stdout]   12:     0x61d9174a4a77 - dflog[c3c06950817be327]::units::tests::corpus
[INFO] [stdout]   13:     0x61d9174a555b - <dflog[c3c06950817be327]::units::tests::missing_metadata_is_none_not_panic::{closure#0} as core[a373ad73a504971]::ops::function::FnOnce<()>>::call_once
[INFO] [stdout]   14:     0x61d9174c282b - test[aada8e7e76ba119b]::__rust_begin_short_backtrace::<core[a373ad73a504971]::result::Result<(), alloc[2e1b2a31b91974c5]::string::String>, fn() -> core[a373ad73a504971]::result::Result<(), alloc[2e1b2a31b91974c5]::string::String>>
[INFO] [stdout]   15:     0x61d9174cfa05 - test[aada8e7e76ba119b]::run_test::{closure#0}
[INFO] [stdout]   16:     0x61d9174c92f4 - std[617be2ca0a6fd877]::sys::backtrace::__rust_begin_short_backtrace::<test[aada8e7e76ba119b]::run_test::{closure#1}, ()>
[INFO] [stdout]   17:     0x61d9174d2a92 - <std[617be2ca0a6fd877]::thread::lifecycle::spawn_unchecked<test[aada8e7e76ba119b]::run_test::{closure#1}, ()>::{closure#1} as core[a373ad73a504971]::ops::function::FnOnce<()>>::call_once::{shim:vtable#0}
[INFO] [stdout]   18:     0x61d91753ac9f - <std[617be2ca0a6fd877]::sys::thread::unix::Thread>::new::thread_start
[INFO] [stdout]   19:     0x75eac725bdfa - <unknown>
[INFO] [stdout]   20:     0x75eac72ef3d4 - clone
[INFO] [stdout]   21:                0x0 - <unknown>
[INFO] [stdout] 
[INFO] [stdout] 
[INFO] [stdout] failures:
[INFO] [stdout]     access::tests::full_iteration_covers_all_known_records
[INFO] [stdout]     access::tests::record_at_matches_iteration
[INFO] [stdout]     access::tests::records_agree_with_columns
[INFO] [stdout]     access::tests::string_fields_decode_as_text
[INFO] [stdout]     columns::tests::instance_field_resolution
[INFO] [stdout]     columns::tests::instance_filter_on_type_without_instances_errors
[INFO] [stdout]     columns::tests::instance_filter_partitions_rows
[INFO] [stdout]     render::tests::corpus_renders_one_line_per_indexed_record
[INFO] [stdout]     tests::corpus_logs_scan_cleanly
[INFO] [stdout]     tests::corpus_record_counts_are_stable
[INFO] [stdout]     tests::open_reads_the_whole_file
[INFO] [stdout]     time::tests::corpus_time_bases_are_stable
[INFO] [stdout]     units::tests::corpus_logs_all_carry_units_metadata
[INFO] [stdout]     units::tests::dash_ids_resolve_to_none
[INFO] [stdout]     units::tests::known_fields_resolve_units_and_multipliers
[INFO] [stdout]     units::tests::missing_metadata_is_none_not_panic
[INFO] [stdout] 
[INFO] [stdout] test result: FAILED. 51 passed; 16 failed; 0 ignored; 0 measured; 0 filtered out; finished in 7.30s
[INFO] [stdout] 
[INFO] running `Command { std: "docker" "inspect" "e001070f9221512464cec2cffd4e72240b6f1113dc84890b0d3d213b3a627529", kill_on_drop: false }`
[INFO] running `Command { std: "docker" "rm" "-f" "e001070f9221512464cec2cffd4e72240b6f1113dc84890b0d3d213b3a627529", kill_on_drop: false }`
[INFO] [stdout] e001070f9221512464cec2cffd4e72240b6f1113dc84890b0d3d213b3a627529
