[INFO] fetching crate dfft 0.1.2...
[INFO] testing dfft-0.1.2 against 1.100.0-beta.1+cargoflags=--release for beta-release-1.100-2
[INFO] extracting crate dfft 0.1.2 into /workspace/builds/worker-0-tc2/source
[INFO] removed /workspace/builds/worker-0-tc2/source/rust-toolchain.toml
[INFO] started tweaking crates.io crate dfft 0.1.2
[INFO] removed 0 missing tests
[INFO] finished tweaking crates.io crate dfft 0.1.2
[INFO] tweaked toml for crates.io crate dfft 0.1.2 written to /workspace/builds/worker-0-tc2/source/Cargo.toml
[INFO] validating manifest of crates.io crate dfft 0.1.2 on toolchain 1.100.0-beta.1
[INFO] running `Command { std: CARGO_HOME="/workspace/cargo-home" RUSTUP_HOME="/workspace/rustup-home" "/workspace/cargo-home/bin/cargo" "+1.100.0-beta.1" "metadata" "--manifest-path" "Cargo.toml" "--no-deps", kill_on_drop: false }`
[INFO] crate crates.io crate dfft 0.1.2 already has a lockfile, it will not be regenerated
[INFO] running `Command { std: CARGO_HOME="/workspace/cargo-home" RUSTUP_HOME="/workspace/rustup-home" "/workspace/cargo-home/bin/cargo" "+1.100.0-beta.1" "fetch" "--manifest-path" "Cargo.toml", kill_on_drop: false }`
[INFO] running `Command { std: "docker" "create" "-v" "/var/lib/crater-agent-workspace/builds/worker-0-tc2/source:/opt/rustwide/workdir:ro,Z" "-v" "/var/lib/crater-agent-workspace/builds/worker-0-tc2/target:/opt/rustwide/target:rw,Z" "-v" "/var/lib/crater-agent-workspace/cargo-home:/opt/rustwide/cargo-home:ro,Z" "-v" "/var/lib/crater-agent-workspace/rustup-home:/opt/rustwide/rustup-home:ro,Z" "-m" "1610612736" "--network" "none" "ghcr.io/rust-lang/crates-build-env/linux@sha256:77db811e55d90add9212f6832c23229e3de5f1c1f9905e8cb07319ea15df73ac" "sleep" "infinity", kill_on_drop: false }`
[INFO] [stdout] 16df4a7a340461c048ea4f8432799e825f3228b29f088fd0ebdec53abb419474
[INFO] running `Command { std: "docker" "start" "16df4a7a340461c048ea4f8432799e825f3228b29f088fd0ebdec53abb419474", kill_on_drop: false }`
[INFO] running `Command { std: "docker" "inspect" "16df4a7a340461c048ea4f8432799e825f3228b29f088fd0ebdec53abb419474", kill_on_drop: false }`
[INFO] running `Command { std: "docker" "exec" "-e" "SOURCE_DIR=/opt/rustwide/workdir" "-e" "CARGO_HOME=/opt/rustwide/cargo-home" "-e" "RUSTUP_HOME=/opt/rustwide/rustup-home" "-e" "CARGO_TARGET_DIR=/opt/rustwide/target" "-w" "/opt/rustwide/workdir" "--user" "0:0" "16df4a7a340461c048ea4f8432799e825f3228b29f088fd0ebdec53abb419474" "/opt/rustwide/cargo-home/bin/cargo" "+1.100.0-beta.1" "metadata" "--no-deps" "--format-version=1", kill_on_drop: false }`
[INFO] running `Command { std: "docker" "inspect" "16df4a7a340461c048ea4f8432799e825f3228b29f088fd0ebdec53abb419474", kill_on_drop: false }`
[INFO] running `Command { std: "docker" "exec" "-e" "SOURCE_DIR=/opt/rustwide/workdir" "-e" "CARGO_HOME=/opt/rustwide/cargo-home" "-e" "RUSTUP_HOME=/opt/rustwide/rustup-home" "-e" "CARGO_TARGET_DIR=/opt/rustwide/target" "-e" "CARGO_INCREMENTAL=0" "-e" "RUST_BACKTRACE=full" "-e" "RUSTFLAGS=--cap-lints=warn" "-e" "RUSTDOCFLAGS=--cap-lints=warn" "-w" "/opt/rustwide/workdir" "--user" "0:0" "16df4a7a340461c048ea4f8432799e825f3228b29f088fd0ebdec53abb419474" "/opt/rustwide/cargo-home/bin/cargo" "+1.100.0-beta.1" "build" "--frozen" "--message-format=json" "--release", kill_on_drop: false }`
[INFO] [stderr]    Compiling proc-macro2 v1.0.106
[INFO] [stderr]    Compiling unicode-ident v1.0.24
[INFO] [stderr]    Compiling quote v1.0.45
[INFO] [stderr]    Compiling libc v0.2.184
[INFO] [stderr]    Compiling cfg-if v1.0.1
[INFO] [stderr]    Compiling log v0.4.27
[INFO] [stderr]    Compiling autocfg v1.5.0
[INFO] [stderr]    Compiling bitflags v2.10.0
[INFO] [stderr]    Compiling thiserror v2.0.17
[INFO] [stderr]    Compiling heck v0.5.0
[INFO] [stderr]    Compiling rustversion v1.0.21
[INFO] [stderr]    Compiling fnv v1.0.7
[INFO] [stderr]    Compiling foldhash v0.2.0
[INFO] [stderr]    Compiling allocator-api2 v0.2.21
[INFO] [stderr]    Compiling either v1.15.0
[INFO] [stderr]    Compiling lazy_static v1.5.0
[INFO] [stderr]    Compiling equivalent v1.0.2
[INFO] [stderr]    Compiling strsim v0.11.1
[INFO] [stderr]    Compiling ident_case v1.0.1
[INFO] [stderr]    Compiling memchr v2.7.5
[INFO] [stderr]    Compiling unicode-width v0.2.0
[INFO] [stderr]    Compiling bytemuck v1.23.1
[INFO] [stderr]    Compiling arrayvec v0.7.6
[INFO] [stderr]    Compiling unicode-segmentation v1.12.0
[INFO] [stderr]    Compiling bitflags v1.3.2
[INFO] [stderr]    Compiling parking_lot_core v0.9.11
[INFO] [stderr]    Compiling itertools v0.13.0
[INFO] [stderr]    Compiling ryu v1.0.20
[INFO] [stderr]    Compiling pkg-config v0.3.32
[INFO] [stderr]    Compiling static_assertions v1.1.0
[INFO] [stderr]    Compiling indoc v2.0.6
[INFO] [stderr]    Compiling itoa v1.0.15
[INFO] [stderr]    Compiling signal-hook v0.3.18
[INFO] [stderr]    Compiling smallvec v1.15.1
[INFO] [stderr]    Compiling itertools v0.14.0
[INFO] [stderr]    Compiling rustix v1.1.2
[INFO] [stderr]    Compiling num-traits v0.2.19
[INFO] [stderr]    Compiling lock_api v0.4.13
[INFO] [stderr]    Compiling symphonia-core v0.5.5
[INFO] [stderr]    Compiling hashbrown v0.16.1
[INFO] [stderr]    Compiling convert_case v0.10.0
[INFO] [stderr]    Compiling scopeguard v1.2.0
[INFO] [stderr]    Compiling powerfmt v0.2.0
[INFO] [stderr]    Compiling regex-syntax v0.8.5
[INFO] [stderr]    Compiling crossbeam-utils v0.8.21
[INFO] [stderr]    Compiling aho-corasick v1.1.3
[INFO] [stderr]    Compiling castaway v0.2.3
[INFO] [stderr]    Compiling deranged v0.5.8
[INFO] [stderr]    Compiling compact_str v0.9.0
[INFO] [stderr]    Compiling alsa-sys v0.4.0
[INFO] [stderr]    Compiling encoding_rs v0.8.35
[INFO] [stderr]    Compiling linux-raw-sys v0.11.0
[INFO] [stderr]    Compiling pin-project-lite v0.2.16
[INFO] [stderr]    Compiling litrs v1.0.0
[INFO] [stderr]    Compiling once_cell v1.21.3
[INFO] [stderr]    Compiling syn v2.0.117
[INFO] [stderr]    Compiling time-core v0.1.8
[INFO] [stderr]    Compiling num-conv v0.2.1
[INFO] [stderr]    Compiling num_threads v0.1.7
[INFO] [stderr]    Compiling utf8parse v0.2.2
[INFO] [stderr]    Compiling same-file v1.0.6
[INFO] [stderr]    Compiling anstyle-parse v1.0.0
[INFO] [stderr]    Compiling document-features v0.2.12
[INFO] [stderr]    Compiling lru v0.16.3
[INFO] [stderr]    Compiling walkdir v2.5.0
[INFO] [stderr]    Compiling mio v1.0.4
[INFO] [stderr]    Compiling signal-hook-registry v1.4.5
[INFO] [stderr]    Compiling unicode-truncate v2.0.0
[INFO] [stderr]    Compiling inotify-sys v0.1.5
[INFO] [stderr]    Compiling num-integer v0.1.46
[INFO] [stderr]    Compiling tracing-core v0.1.36
[INFO] [stderr]    Compiling parking_lot v0.12.4
[INFO] [stderr]    Compiling line-clipping v0.3.5
[INFO] [stderr]    Compiling anstyle v1.0.14
[INFO] [stderr]    Compiling colorchoice v1.0.4
[INFO] [stderr]    Compiling signal-hook-mio v0.2.4
[INFO] [stderr]    Compiling is_terminal_polyfill v1.70.1
[INFO] [stderr]    Compiling regex-automata v0.4.9
[INFO] [stderr]    Compiling anstyle-query v1.1.3
[INFO] [stderr]    Compiling cpal v0.17.3
[INFO] [stderr]    Compiling extended v0.1.0
[INFO] [stderr]    Compiling anstream v1.0.0
[INFO] [stderr]    Compiling alsa v0.11.0
[INFO] [stderr]    Compiling symphonia-codec-pcm v0.5.5
[INFO] [stderr]    Compiling num-bigint v0.4.6
[INFO] [stderr]    Compiling time v0.3.47
[INFO] [stderr]    Compiling inotify v0.11.0
[INFO] [stderr]    Compiling bstr v1.12.0
[INFO] [stderr]    Compiling symphonia-metadata v0.5.5
[INFO] [stderr]    Compiling dasp_sample v0.11.0
[INFO] [stderr]    Compiling crossbeam-epoch v0.9.18
[INFO] [stderr]    Compiling clap_lex v1.1.0
[INFO] [stderr]    Compiling notify-types v2.0.0
[INFO] [stderr]    Compiling symphonia-format-riff v0.5.5
[INFO] [stderr]    Compiling anyhow v1.0.102
[INFO] [stderr]    Compiling symphonia v0.5.5
[INFO] [stderr]    Compiling clap_builder v4.6.0
[INFO] [stderr]    Compiling crossbeam-deque v0.8.6
[INFO] [stderr]    Compiling notify v8.2.0
[INFO] [stderr]    Compiling tracing-log v0.2.0
[INFO] [stderr]    Compiling sharded-slab v0.1.7
[INFO] [stderr]    Compiling thread_local v1.1.9
[INFO] [stderr]    Compiling bytes v1.11.1
[INFO] [stderr]    Compiling futures-core v0.3.31
[INFO] [stderr]    Compiling nu-ansi-term v0.50.1
[INFO] [stderr]    Compiling futures-sink v0.3.31
[INFO] [stderr]    Compiling file-id v0.2.3
[INFO] [stderr]    Compiling console v0.16.3
[INFO] [stderr]    Compiling etcetera v0.11.0
[INFO] [stderr]    Compiling similar v3.1.0
[INFO] [stderr]    Compiling num-rational v0.4.2
[INFO] [stderr]    Compiling notify-debouncer-full v0.7.0
[INFO] [stderr]    Compiling darling_core v0.20.11
[INFO] [stderr]    Compiling thiserror-impl v2.0.17
[INFO] [stderr]    Compiling strum_macros v0.27.2
[INFO] [stderr]    Compiling derive_more-impl v2.1.1
[INFO] [stderr]    Compiling tokio-macros v2.7.0
[INFO] [stderr]    Compiling tracing-attributes v0.1.31
[INFO] [stderr]    Compiling clap_derive v4.6.1
[INFO] [stderr]    Compiling tokio v1.52.1
[INFO] [stderr]    Compiling globset v0.4.18
[INFO] [stderr]    Compiling matchers v0.2.0
[INFO] [stderr]    Compiling derive_more v2.1.1
[INFO] [stderr]    Compiling crossterm v0.29.0
[INFO] [stderr]    Compiling tracing v0.1.44
[INFO] [stderr]    Compiling kasuari v0.4.11
[INFO] [stderr]    Compiling rodio v0.22.2
[INFO] [stderr]    Compiling tracing-subscriber v0.3.23
[INFO] [stderr]    Compiling ignore v0.4.25
[INFO] [stderr]    Compiling clap v4.6.1
[INFO] [stderr]    Compiling strum v0.27.2
[INFO] [stderr]    Compiling ratatui-core v0.1.0
[INFO] [stderr]    Compiling darling_macro v0.20.11
[INFO] [stderr]    Compiling darling v0.20.11
[INFO] [stderr]    Compiling instability v0.3.7
[INFO] [stderr]    Compiling ratatui-widgets v0.3.0
[INFO] [stderr]    Compiling ratatui-crossterm v0.1.0
[INFO] [stderr]    Compiling tokio-util v0.7.18
[INFO] [stderr]    Compiling ratatui-macros v0.7.0
[INFO] [stderr]    Compiling ratatui v0.30.0
[INFO] [stderr]    Compiling dfft v0.1.2 (/opt/rustwide/workdir)
[INFO] [stderr] warning: unused dependency `console`
[INFO] [stderr]   --> Cargo.toml:12:15
[INFO] [stderr]    |
[INFO] [stderr] 12 | [dependencies.console]
[INFO] [stderr]    |               ^^^^^^^^
[INFO] [stderr]    |
[INFO] [stderr]    = note: `cargo::unused_dependencies` is set to `warn` by default
[INFO] [stderr] help: consider removing the dependency on `console`
[INFO] [stderr] warning: `dfft` (manifest) generated 1 warning
[INFO] [stderr]     Finished `release` profile [optimized] target(s) in 2m 02s
[INFO] running `Command { std: "docker" "inspect" "16df4a7a340461c048ea4f8432799e825f3228b29f088fd0ebdec53abb419474", kill_on_drop: false }`
[INFO] running `Command { std: "docker" "exec" "-e" "SOURCE_DIR=/opt/rustwide/workdir" "-e" "CARGO_HOME=/opt/rustwide/cargo-home" "-e" "RUSTUP_HOME=/opt/rustwide/rustup-home" "-e" "CARGO_TARGET_DIR=/opt/rustwide/target" "-e" "CARGO_INCREMENTAL=0" "-e" "RUST_BACKTRACE=full" "-e" "RUSTFLAGS=--cap-lints=warn" "-e" "RUSTDOCFLAGS=--cap-lints=warn" "-w" "/opt/rustwide/workdir" "--user" "0:0" "16df4a7a340461c048ea4f8432799e825f3228b29f088fd0ebdec53abb419474" "/opt/rustwide/cargo-home/bin/cargo" "+1.100.0-beta.1" "test" "--frozen" "--no-run" "--message-format=json" "--release", kill_on_drop: false }`
[INFO] [stderr]    Compiling rustix v1.1.2
[INFO] [stderr]    Compiling serde_core v1.0.228
[INFO] [stderr]    Compiling serde v1.0.228
[INFO] [stderr]    Compiling getrandom v0.3.4
[INFO] [stderr]    Compiling serde_derive v1.0.228
[INFO] [stderr]    Compiling fastrand v2.3.0
[INFO] [stderr]    Compiling serde_json v1.0.140
[INFO] [stderr]    Compiling similar v2.7.0
[INFO] [stderr]    Compiling vte v0.14.1
[INFO] [stderr]    Compiling strip-ansi-escapes v0.2.1
[INFO] [stderr]    Compiling crossterm v0.29.0
[INFO] [stderr]    Compiling tempfile v3.23.0
[INFO] [stderr]    Compiling ratatui-crossterm v0.1.0
[INFO] [stderr]    Compiling ratatui v0.30.0
[INFO] [stderr]    Compiling insta v1.47.2
[INFO] [stderr]    Compiling dfft v0.1.2 (/opt/rustwide/workdir)
[INFO] [stderr]    Compiling insta-cmd v0.6.0
[INFO] [stderr]     Finished `release` profile [optimized] target(s) in 1m 28s
[INFO] running `Command { std: "docker" "inspect" "16df4a7a340461c048ea4f8432799e825f3228b29f088fd0ebdec53abb419474", kill_on_drop: false }`
[INFO] running `Command { std: "docker" "exec" "-e" "SOURCE_DIR=/opt/rustwide/workdir" "-e" "CARGO_HOME=/opt/rustwide/cargo-home" "-e" "RUSTUP_HOME=/opt/rustwide/rustup-home" "-e" "CARGO_TARGET_DIR=/opt/rustwide/target" "-e" "CARGO_INCREMENTAL=0" "-e" "RUST_BACKTRACE=full" "-e" "RUSTFLAGS=--cap-lints=warn" "-e" "RUSTDOCFLAGS=--cap-lints=warn" "-w" "/opt/rustwide/workdir" "--user" "0:0" "16df4a7a340461c048ea4f8432799e825f3228b29f088fd0ebdec53abb419474" "/opt/rustwide/cargo-home/bin/cargo" "+1.100.0-beta.1" "test" "--frozen" "--release", kill_on_drop: false }`
[INFO] [stderr]     Finished `release` profile [optimized] target(s) in 0.25s
[INFO] [stderr]      Running unittests src/main.rs (/opt/rustwide/target/release/build/dfft/7a7ad27da6485718/out/dfft-7a7ad27da6485718)
[INFO] [stdout] 
[INFO] [stdout] running 73 tests
[INFO] [stdout] test domain::cache::tests::len_reflects_cache_size_correctly ... ok
[INFO] [stdout] test domain::cache::tests::creating_empty_cache_works ... ok
[INFO] [stdout] test domain::cache::tests::inserting_path_with_backslashes_normalizes_to_forward_slashes ... ok
[INFO] [stdout] test domain::cache::tests::removing_directory_without_trailing_separator_matches_path_exactly ... ok
[INFO] [stdout] test domain::cache::tests::removing_a_nested_directory_works ... ok
[INFO] [stdout] test domain::cache::tests::removing_directory_matches_path_exactly ... ok
[INFO] [stdout] test domain::cache::tests::removing_directory_returns_false_when_no_files_removed ... ok
[INFO] [stdout] test domain::cache::tests::removing_directory_with_root_path_doesnt_do_anything ... ok
[INFO] [stdout] test domain::cache::tests::removing_directory_with_nested_paths_works ... ok
[INFO] [stdout] test domain::cache::tests::removing_windows_directory_works ... ok
[INFO] [stdout] test domain::cache::tests::inserting_new_file_works ... ok
[INFO] [stdout] test domain::cache::tests::removing_windows_path_works ... ok
[INFO] [stdout] test domain::cache::tests::mixed_path_separators_work_consistently ... ok
[INFO] [stdout] test domain::cache::tests::removing_directory_with_exact_prefix_match_works ... ok
[INFO] [stdout] test domain::cache::tests::removing_nonexistent_file_returns_none ... ok
[INFO] [stdout] test domain::cache::tests::removing_directory_removes_all_files_in_it ... ok
[INFO] [stdout] test domain::cache::tests::removing_windows_directory_without_trailing_separator_works ... ok
[INFO] [stdout] test domain::cache::tests::inserting_file_returns_previous_content_when_overwriting ... ok
[INFO] [stdout] test domain::diff::tests::creating_a_diff_with_no_changes_works ... ok
[INFO] [stdout] test domain::cache::tests::removing_directory_is_case_sensitive ... ok
[INFO] [stdout] test domain::cache::tests::removing_directory_without_trailing_separator_works ... ok
[INFO] [stdout] test domain::cache::tests::removing_directory_on_empty_cache_works ... ok
[INFO] [stdout] test domain::diff::tests::creating_diff_with_multiple_hunks_works ... ok
[INFO] [stdout] test domain::cache::tests::removing_existing_file_returns_content ... ok
[INFO] [stdout] test domain::diff::tests::creating_simple_diff_works ... ok
[INFO] [stdout] test tui::model::tests::debouncing_audio_playback_works ... ok
[INFO] [stdout] test tui::tests::change::selecting_first_change_from_changes_pane_works ... ok
[INFO] [stdout] test tui::tests::change::selecting_last_change_from_an_empty_changes_list_doesnt_crash ... ok
[INFO] [stdout] test tui::tests::diff::diff_scroll_is_reset_when_another_change_is_selected ... ok
[INFO] [stdout] test tui::tests::diff::main_view_renders_modified_file_with_diff ... ok
[INFO] [stdout] test tui::tests::diff::max_scroll_for_diff_doesnt_change_when_only_terminal_width_changes ... ok
[INFO] [stdout] test tui::tests::diff::selecting_first_change_from_diff_pane_works ... ok
[INFO] [stdout] test tui::tests::diff::scrolling_diff_by_half_a_page_works ... ok
[INFO] [stdout] test tui::tests::diff::scrolling_diff_by_a_line_works ... ok
[INFO] [stdout] test tui::tests::diff::selecting_last_change_from_diff_pane_works ... ok
[INFO] [stdout] test tui::tests::diff::diff_pane_doesnt_scroll_beyond_limits ... ok
[INFO] [stdout] test tui::tests::diff::max_scroll_for_diff_is_recomputed_when_terminal_height_changes ... ok
[INFO] [stdout] test tui::tests::diff::max_scroll_for_diff_is_recomputed_when_terminal_size_crosses_minimum_threshold ... ok
[INFO] [stdout] test tui::tests::general::changes_list_handles_long_file_paths ... ok
[INFO] [stdout] test tui::tests::general::cursor_moves_automatically_when_following_enabled ... ok
[INFO] [stdout] test tui::tests::diff::max_scroll_for_diff_is_reset_when_change_list_is_reset ... ok
[INFO] [stdout] test tui::tests::general::info_message_disappears_after_its_frame_budget_expires ... ok
[INFO] [stdout] test tui::tests::general::cursor_moves_to_the_end_when_following_is_turned_on_after_a_while ... ok
[INFO] [stdout] test tui::tests::general::cursor_doesnt_move_by_itself_when_following_disabled ... ok
[INFO] [stdout] test tui::tests::change::selecting_first_change_from_an_empty_changes_list_doesnt_crash ... ok
[INFO] [stdout] test tui::tests::general::main_view_renders_created_file_change ... ok
[INFO] [stdout] test tui::tests::general::status_line_shows_error_message ... ok
[INFO] [stdout] test tui::tests::general::changes_list_shows_item_count_in_title ... ok
[INFO] [stdout] test tui::tests::general::main_view_renders_initial_snapshot_change ... ok
[INFO] [stdout] test tui::tests::general::main_view_renders_modified_file_with_error ... ok
[INFO] [stdout] test tui::tests::general::showing_debug_info_works ... ok
[INFO] [stdout] test tui::tests::general::main_view_renders_banner_when_no_changes_present ... ok
[INFO] [stdout] test tui::tests::change::selecting_last_change_from_changes_pane_works ... ok
[INFO] [stdout] test tui::tests::general::main_view_renders_created_file_with_error ... ok
[INFO] [stdout] test tui::tests::general::sound_unavailable_indicator_is_shown_when_applicable ... ok
[INFO] [stdout] test tui::tests::general::scrolling_for_created_file_contents_doesnt_go_beyond_limits ... ok
[INFO] [stdout] test tui::tests::general::main_view_renders_removed_file_change ... ok
[INFO] [stdout] test tui::tests::general::status_line_shows_info_message ... ok
[INFO] [stdout] test tui::tests::help::max_scroll_for_help_is_recomputed_when_terminal_size_crosses_minimum_threshold ... ok
[INFO] [stdout] test tui::tests::general::terminal_too_small_view_is_shown_when_height_too_small ... ok
[INFO] [stdout] test tui::tests::general::status_line_shows_paused_status ... ok
[INFO] [stdout] test tui::tests::general::status_line_shows_following_changes_indicator ... ok
[INFO] [stdout] test tui::tests::general::terminal_too_small_view_is_shown_when_width_too_small ... ok
[INFO] [stdout] test tui::tests::general::max_scroll_for_created_file_contents_is_recomputed_when_terminal_height_changes ... ok
[INFO] [stdout] test tui::tests::diff::diff_scroll_is_reset_when_follow_mode_is_on ... ok
[INFO] [stdout] test tui::tests::help::max_scroll_for_help_doesnt_change_when_only_terminal_width_changes ... ok
[INFO] [stdout] test utils::tests::test_num_digits ... ok
[INFO] [stdout] test tui::tests::help::rendering_help_pane_works ... ok
[INFO] [stdout] test tui::tests::help::scrolling_help_pane_works ... ok
[INFO] [stdout] test tui::tests::help::help_pane_doesnt_scroll_beyond_limits ... ok
[INFO] [stdout] test tui::tests::general::terminal_too_small_view_is_shown_when_both_dimensions_small ... ok
[INFO] [stdout] test domain::diff::tests::diff_adjusts_padding_for_line_numbers_accordinly ... ok
[INFO] [stdout] test tui::tests::diff::diff_pane_renders_diff_with_several_hunks_correctly ... ok
[INFO] [stdout] 
[INFO] [stdout] test result: ok. 73 passed; 0 failed; 0 ignored; 0 measured; 0 filtered out; finished in 0.11s
[INFO] [stdout] 
[INFO] [stderr]      Running tests/help_test.rs (/opt/rustwide/target/release/build/dfft/f02c1a58c68e6450/out/help_test-f02c1a58c68e6450)
[INFO] [stdout] 
[INFO] [stdout] running 2 tests
[INFO] [stdout] test showing_help_works ... ok
[INFO] [stdout] test showing_help_for_run_works ... ok
[INFO] [stdout] 
[INFO] [stdout] test result: ok. 2 passed; 0 failed; 0 ignored; 0 measured; 0 filtered out; finished in 0.06s
[INFO] [stdout] 
[INFO] [stdout] 
[INFO] [stdout] running 8 tests
[INFO] [stderr]      Running tests/run_test.rs (/opt/rustwide/target/release/build/dfft/8feafdb93b2c7652/out/run_test-8feafdb93b2c7652)
[INFO] [stdout] test turning_off_prepopulation_works ... ok
[INFO] [stdout] test debug_flag_works ... ok
[INFO] [stdout] test turning_off_watching_works ... ok
[INFO] [stdout] test changing_path_works ... ok
[INFO] [stdout] test fails_if_provided_path_is_not_a_directory ... FAILED
[INFO] [stdout] test turning_off_sound_works ... ok
[INFO] [stdout] test fails_if_provided_path_doesnt_exist ... FAILED
[INFO] [stdout] test turning_off_following_works ... ok
[INFO] [stdout] 
[INFO] [stdout] failures:
[INFO] [stdout] 
[INFO] [stdout] ---- fails_if_provided_path_is_not_a_directory stdout ----
[INFO] [stdout] ━━━━━━━━━━━━━━━━━━━━━━━━━━━━━━━ Snapshot Summary ━━━━━━━━━━━━━━━━━━━━━━━━━━━━━━━
[INFO] [stdout] Snapshot: fails_if_provided_path_is_not_a_directory
[INFO] [stdout] Source: tests/run_test.rs:221
[INFO] [stdout] ────────────────────────────────────────────────────────────────────────────────
[INFO] [stdout] program: dfft
[INFO] [stdout] args:
[INFO] [stdout]   - run
[INFO] [stdout]   - "--path"
[INFO] [stdout]   - tests/run_test.rs
[INFO] [stdout] ────────────────────────────────────────────────────────────────────────────────
[INFO] [stdout] -old snapshot
[INFO] [stdout] +new results
[INFO] [stdout] ────────────┬───────────────────────────────────────────────────────────────────
[INFO] [stdout]     2     2 │ exit_code: 1
[INFO] [stdout]     3     3 │ ----- stdout -----
[INFO] [stdout]     4     4 │ 
[INFO] [stdout]     5     5 │ ----- stderr -----
[INFO] [stdout]     6       │-Error: path is not a directory: tests/run_test.rs
[INFO] [stdout]           6 │+Error: path is not a directory: tests/run_test.rs
[INFO] [stdout]           7 │+
[INFO] [stdout]           8 │+Stack backtrace:
[INFO] [stdout]           9 │+   0: <unknown>
[INFO] [stdout]          10 │+   1: <unknown>
[INFO] [stdout]          11 │+   2: <unknown>
[INFO] [stdout]          12 │+   3: <unknown>
[INFO] [stdout]          13 │+   4: <unknown>
[INFO] [stdout]          14 │+   5: <unknown>
[INFO] [stdout]          15 │+   6: __libc_start_main
[INFO] [stdout]          16 │+   7: <unknown>
[INFO] [stdout] ────────────┴───────────────────────────────────────────────────────────────────
[INFO] [stdout] 
[INFO] [stdout] thread 'fails_if_provided_path_is_not_a_directory' (2416) panicked at tests/run_test.rs:221:5:
[INFO] [stdout] called `Result::unwrap()` on an `Err` value: Os { code: 30, kind: ReadOnlyFilesystem, message: "Read-only file system" }
[INFO] [stdout] stack backtrace:
[INFO] [stdout]    0:     0x5fd3a6325a95 - <unknown>
[INFO] [stdout]    1:     0x5fd3a62a0dda - <unknown>
[INFO] [stdout]    2:     0x5fd3a632512b - <unknown>
[INFO] [stdout]    3:     0x5fd3a6324c0f - <unknown>
[INFO] [stdout]    4:     0x5fd3a632483a - <unknown>
[INFO] [stdout]    5:     0x5fd3a6324375 - <unknown>
[INFO] [stdout]    6:     0x5fd3a634b121 - <unknown>
[INFO] [stdout]    7:     0x5fd3a634b0d9 - <unknown>
[INFO] [stdout]    8:     0x5fd3a634b5dc - <unknown>
[INFO] [stdout]    9:     0x5fd3a62a0c6b - <unknown>
[INFO] [stdout]   10:     0x5fd3a62a4b11 - <unknown>
[INFO] [stdout]   11:     0x5fd3a629e307 - <unknown>
[INFO] [stdout]   12:     0x5fd3a636796b - <unknown>
[INFO] [stdout]   13:     0x5fd3a6363931 - <unknown>
[INFO] [stdout]   14:     0x5fd3a636311c - <unknown>
[INFO] [stdout]   15:     0x5fd3a638258c - <unknown>
[INFO] [stdout]   16:     0x5fd3a634cec4 - <unknown>
[INFO] [stdout]   17:     0x71d8888e6dfa - <unknown>
[INFO] [stdout]   18:     0x71d88897a3d4 - clone
[INFO] [stdout]   19:                0x0 - <unknown>
[INFO] [stdout] 
[INFO] [stdout] ---- fails_if_provided_path_doesnt_exist stdout ----
[INFO] [stdout] ━━━━━━━━━━━━━━━━━━━━━━━━━━━━━━━ Snapshot Summary ━━━━━━━━━━━━━━━━━━━━━━━━━━━━━━━
[INFO] [stdout] Snapshot: fails_if_provided_path_doesnt_exist
[INFO] [stdout] Source: tests/run_test.rs:203
[INFO] [stdout] ────────────────────────────────────────────────────────────────────────────────
[INFO] [stdout] program: dfft
[INFO] [stdout] args:
[INFO] [stdout]   - run
[INFO] [stdout]   - "--path"
[INFO] [stdout]   - this/doesnt/exist/8163ef59
[INFO] [stdout] ────────────────────────────────────────────────────────────────────────────────
[INFO] [stdout] -old snapshot
[INFO] [stdout] +new results
[INFO] [stdout] ────────────┬───────────────────────────────────────────────────────────────────
[INFO] [stdout]     2     2 │ exit_code: 1
[INFO] [stdout]     3     3 │ ----- stdout -----
[INFO] [stdout]     4     4 │ 
[INFO] [stdout]     5     5 │ ----- stderr -----
[INFO] [stdout]     6       │-Error: path doesn't exist: this/doesnt/exist/8163ef59
[INFO] [stdout]           6 │+Error: path doesn't exist: this/doesnt/exist/8163ef59
[INFO] [stdout]           7 │+
[INFO] [stdout]           8 │+Stack backtrace:
[INFO] [stdout]           9 │+   0: <unknown>
[INFO] [stdout]          10 │+   1: <unknown>
[INFO] [stdout]          11 │+   2: <unknown>
[INFO] [stdout]          12 │+   3: <unknown>
[INFO] [stdout]          13 │+   4: <unknown>
[INFO] [stdout]          14 │+   5: <unknown>
[INFO] [stdout]          15 │+   6: __libc_start_main
[INFO] [stdout]          16 │+   7: <unknown>
[INFO] [stdout] ────────────┴───────────────────────────────────────────────────────────────────
[INFO] [stdout] 
[INFO] [stdout] thread 'fails_if_provided_path_doesnt_exist' (2415) panicked at tests/run_test.rs:203:5:
[INFO] [stdout] called `Result::unwrap()` on an `Err` value: Os { code: 30, kind: ReadOnlyFilesystem, message: "Read-only file system" }
[INFO] [stdout] stack backtrace:
[INFO] [stdout]    0:     0x5fd3a6325a95 - <unknown>
[INFO] [stdout]    1:     0x5fd3a62a0dda - <unknown>
[INFO] [stdout]    2:     0x5fd3a632512b - <unknown>
[INFO] [stdout]    3:     0x5fd3a6324c0f - <unknown>
[INFO] [stdout]    4:     0x5fd3a632483a - <unknown>
[INFO] [stdout]    5:     0x5fd3a6324375 - <unknown>
[INFO] [stdout]    6:     0x5fd3a634b121 - <unknown>
[INFO] [stdout]    7:     0x5fd3a634b0d9 - <unknown>
[INFO] [stdout]    8:     0x5fd3a634b5dc - <unknown>
[INFO] [stdout]    9:     0x5fd3a62a0c6b - <unknown>
[INFO] [stdout]   10:     0x5fd3a62a4b11 - <unknown>
[INFO] [stdout]   11:     0x5fd3a629dbd7 - <unknown>
[INFO] [stdout]   12:     0x5fd3a636796b - <unknown>
[INFO] [stdout]   13:     0x5fd3a6363931 - <unknown>
[INFO] [stdout]   14:     0x5fd3a636311c - <unknown>
[INFO] [stdout]   15:     0x5fd3a638258c - <unknown>
[INFO] [stdout]   16:     0x5fd3a634cec4 - <unknown>
[INFO] [stdout]   17:     0x71d8888e6dfa - <unknown>
[INFO] [stdout]   18:     0x71d88897a3d4 - clone
[INFO] [stdout]   19:                0x0 - <unknown>
[INFO] [stdout] 
[INFO] [stdout] 
[INFO] [stdout] failures:
[INFO] [stdout]     fails_if_provided_path_doesnt_exist
[INFO] [stdout]     fails_if_provided_path_is_not_a_directory
[INFO] [stdout] 
[INFO] [stdout] test result: FAILED. 6 passed; 2 failed; 0 ignored; 0 measured; 0 filtered out; finished in 0.04s
[INFO] [stdout] 
[INFO] [stderr] error: test failed, to rerun pass `--test run_test`
[INFO] running `Command { std: "docker" "inspect" "16df4a7a340461c048ea4f8432799e825f3228b29f088fd0ebdec53abb419474", kill_on_drop: false }`
[INFO] running `Command { std: "docker" "rm" "-f" "16df4a7a340461c048ea4f8432799e825f3228b29f088fd0ebdec53abb419474", kill_on_drop: false }`
[INFO] [stdout] 16df4a7a340461c048ea4f8432799e825f3228b29f088fd0ebdec53abb419474
