[INFO] fetching crate dfe 0.7.2...
[INFO] testing dfe-0.7.2 against 1.99.0-beta.8+cargoflags=--release for beta-release-1.100-2
[INFO] extracting crate dfe 0.7.2 into /workspace/builds/worker-4-tc1/source
[INFO] started tweaking crates.io crate dfe 0.7.2
[INFO] removed 0 missing tests
[INFO] finished tweaking crates.io crate dfe 0.7.2
[INFO] tweaked toml for crates.io crate dfe 0.7.2 written to /workspace/builds/worker-4-tc1/source/Cargo.toml
[INFO] validating manifest of crates.io crate dfe 0.7.2 on toolchain 1.99.0-beta.8
[INFO] running `Command { std: CARGO_HOME="/workspace/cargo-home" RUSTUP_HOME="/workspace/rustup-home" "/workspace/cargo-home/bin/cargo" "+1.99.0-beta.8" "metadata" "--manifest-path" "Cargo.toml" "--no-deps", kill_on_drop: false }`
[INFO] crate crates.io crate dfe 0.7.2 already has a lockfile, it will not be regenerated
[INFO] running `Command { std: CARGO_HOME="/workspace/cargo-home" RUSTUP_HOME="/workspace/rustup-home" "/workspace/cargo-home/bin/cargo" "+1.99.0-beta.8" "fetch" "--manifest-path" "Cargo.toml", kill_on_drop: false }`
[INFO] [stderr]     Updating crates.io index
[INFO] [stderr]  Downloading crates ...
[INFO] [stderr]   Downloaded rkyv_derive v0.7.46
[INFO] [stderr]   Downloaded rkyv v0.7.46
[INFO] [stderr]   Downloaded rust_decimal v1.41.0
[INFO] [stderr]   Downloaded qrcodegen v1.8.0
[INFO] [stderr]   Downloaded pom v3.4.0
[INFO] [stderr]   Downloaded ttf-parser v0.19.2
[INFO] [stderr]   Downloaded font8x8 v0.2.7
[INFO] [stderr]   Downloaded barcoders v2.0.0
[INFO] [stderr]   Downloaded libxml v0.3.3
[INFO] [stderr]   Downloaded printpdf v0.7.0
[INFO] [stderr]   Downloaded lopdf v0.31.0
[INFO] running `Command { std: "docker" "create" "-v" "/var/lib/crater-agent-workspace/builds/worker-4-tc1/source:/opt/rustwide/workdir:ro,Z" "-v" "/var/lib/crater-agent-workspace/builds/worker-4-tc1/target:/opt/rustwide/target:rw,Z" "-v" "/var/lib/crater-agent-workspace/cargo-home:/opt/rustwide/cargo-home:ro,Z" "-v" "/var/lib/crater-agent-workspace/rustup-home:/opt/rustwide/rustup-home:ro,Z" "-m" "1610612736" "--network" "none" "ghcr.io/rust-lang/crates-build-env/linux@sha256:77db811e55d90add9212f6832c23229e3de5f1c1f9905e8cb07319ea15df73ac" "sleep" "infinity", kill_on_drop: false }`
[INFO] [stdout] ff7ee1ebb4d86eae23036bb8f993b33bbdaca1ddf441fbee7b31ca0617311ff4
[INFO] running `Command { std: "docker" "start" "ff7ee1ebb4d86eae23036bb8f993b33bbdaca1ddf441fbee7b31ca0617311ff4", kill_on_drop: false }`
[INFO] running `Command { std: "docker" "inspect" "ff7ee1ebb4d86eae23036bb8f993b33bbdaca1ddf441fbee7b31ca0617311ff4", kill_on_drop: false }`
[INFO] running `Command { std: "docker" "exec" "-e" "SOURCE_DIR=/opt/rustwide/workdir" "-e" "CARGO_HOME=/opt/rustwide/cargo-home" "-e" "RUSTUP_HOME=/opt/rustwide/rustup-home" "-e" "CARGO_TARGET_DIR=/opt/rustwide/target" "-w" "/opt/rustwide/workdir" "--user" "0:0" "ff7ee1ebb4d86eae23036bb8f993b33bbdaca1ddf441fbee7b31ca0617311ff4" "/opt/rustwide/cargo-home/bin/cargo" "+1.99.0-beta.8" "metadata" "--no-deps" "--format-version=1", kill_on_drop: false }`
[INFO] running `Command { std: "docker" "inspect" "ff7ee1ebb4d86eae23036bb8f993b33bbdaca1ddf441fbee7b31ca0617311ff4", kill_on_drop: false }`
[INFO] running `Command { std: "docker" "exec" "-e" "SOURCE_DIR=/opt/rustwide/workdir" "-e" "CARGO_HOME=/opt/rustwide/cargo-home" "-e" "RUSTUP_HOME=/opt/rustwide/rustup-home" "-e" "CARGO_TARGET_DIR=/opt/rustwide/target" "-e" "CARGO_INCREMENTAL=0" "-e" "RUST_BACKTRACE=full" "-e" "RUSTFLAGS=--cap-lints=warn" "-e" "RUSTDOCFLAGS=--cap-lints=warn" "-w" "/opt/rustwide/workdir" "--user" "0:0" "ff7ee1ebb4d86eae23036bb8f993b33bbdaca1ddf441fbee7b31ca0617311ff4" "/opt/rustwide/cargo-home/bin/cargo" "+1.99.0-beta.8" "build" "--frozen" "--message-format=json" "--release", kill_on_drop: false }`
[INFO] [stderr]    Compiling syn v2.0.117
[INFO] [stderr]    Compiling libc v0.2.184
[INFO] [stderr]    Compiling cc v1.2.58
[INFO] [stderr]    Compiling http v1.4.0
[INFO] [stderr]    Compiling num-traits v0.2.19
[INFO] [stderr]    Compiling openssl v0.10.76
[INFO] [stderr]    Compiling bitflags v2.11.0
[INFO] [stderr]    Compiling regex-automata v0.4.14
[INFO] [stderr]    Compiling compression-core v0.4.31
[INFO] [stderr]    Compiling siphasher v1.0.2
[INFO] [stderr]    Compiling num-conv v0.2.1
[INFO] [stderr]    Compiling digest v0.10.7
[INFO] [stderr]    Compiling libxml v0.3.3
[INFO] [stderr]    Compiling ttf-parser v0.19.2
[INFO] [stderr]    Compiling rust_decimal v1.41.0
[INFO] [stderr]    Compiling chrono-tz v0.10.4
[INFO] [stderr]    Compiling compression-codecs v0.4.37
[INFO] [stderr]    Compiling phf_shared v0.12.1
[INFO] [stderr]    Compiling iri-string v0.7.12
[INFO] [stderr]    Compiling linked-hash-map v0.5.6
[INFO] [stderr]    Compiling md5 v0.7.0
[INFO] [stderr]    Compiling time v0.3.47
[INFO] [stderr]    Compiling png v0.17.16
[INFO] [stderr]    Compiling serde_json v1.0.149
[INFO] [stderr]    Compiling phf v0.12.1
[INFO] [stderr]    Compiling arrayvec v0.7.6
[INFO] [stderr]    Compiling jpeg-decoder v0.3.2
[INFO] [stderr]    Compiling sha1 v0.10.6
[INFO] [stderr]    Compiling sha2 v0.10.9
[INFO] [stderr]    Compiling barcoders v2.0.0
[INFO] [stderr]    Compiling qrcodegen v1.8.0
[INFO] [stderr]    Compiling font8x8 v0.2.7
[INFO] [stderr]    Compiling openssl-sys v0.9.112
[INFO] [stderr]    Compiling http-body v1.0.1
[INFO] [stderr]    Compiling native-tls v0.2.18
[INFO] [stderr]    Compiling chrono v0.4.44
[INFO] [stderr]    Compiling http-body-util v0.1.3
[INFO] [stderr]    Compiling owned_ttf_parser v0.19.0
[INFO] [stderr]    Compiling errno v0.3.14
[INFO] [stderr]    Compiling parking_lot_core v0.9.12
[INFO] [stderr]    Compiling signal-hook-registry v1.4.8
[INFO] [stderr]    Compiling socket2 v0.6.3
[INFO] [stderr]    Compiling mio v1.2.0
[INFO] [stderr]    Compiling parking_lot v0.12.5
[INFO] [stderr]    Compiling getrandom v0.2.17
[INFO] [stderr]    Compiling rand_core v0.6.4
[INFO] [stderr]    Compiling image v0.24.9
[INFO] [stderr]    Compiling rand_chacha v0.3.1
[INFO] [stderr]    Compiling rand v0.8.5
[INFO] [stderr]    Compiling bstr v1.12.1
[INFO] [stderr]    Compiling regex v1.12.3
[INFO] [stderr]    Compiling synstructure v0.13.2
[INFO] [stderr]    Compiling pom v3.4.0
[INFO] [stderr]    Compiling zerofrom-derive v0.1.7
[INFO] [stderr]    Compiling yoke-derive v0.8.2
[INFO] [stderr]    Compiling zerovec-derive v0.11.3
[INFO] [stderr]    Compiling tokio-macros v2.6.1
[INFO] [stderr]    Compiling displaydoc v0.2.5
[INFO] [stderr]    Compiling serde_derive v1.0.228
[INFO] [stderr]    Compiling openssl-macros v0.1.1
[INFO] [stderr]    Compiling lopdf v0.31.0
[INFO] [stderr]    Compiling tokio v1.50.0
[INFO] [stderr]    Compiling zerofrom v0.1.7
[INFO] [stderr]    Compiling yoke v0.8.2
[INFO] [stderr]    Compiling zerovec v0.11.6
[INFO] [stderr]    Compiling zerotrie v0.2.4
[INFO] [stderr]    Compiling tinystr v0.8.3
[INFO] [stderr]    Compiling potential_utf v0.1.5
[INFO] [stderr]    Compiling icu_collections v2.2.0
[INFO] [stderr]    Compiling icu_locale_core v2.2.0
[INFO] [stderr]    Compiling printpdf v0.7.0
[INFO] [stderr]    Compiling serde v1.0.228
[INFO] [stderr]    Compiling serde_urlencoded v0.7.1
[INFO] [stderr]    Compiling quick-xml v0.37.5
[INFO] [stderr]    Compiling icu_provider v2.2.0
[INFO] [stderr]    Compiling icu_normalizer v2.2.0
[INFO] [stderr]    Compiling icu_properties v2.2.0
[INFO] [stderr]    Compiling idna_adapter v1.2.1
[INFO] [stderr]    Compiling idna v1.1.0
[INFO] [stderr]    Compiling url v2.5.8
[INFO] [stderr]    Compiling tokio-util v0.7.18
[INFO] [stderr]    Compiling tokio-native-tls v0.3.1
[INFO] [stderr]    Compiling async-compression v0.4.41
[INFO] [stderr]    Compiling tower v0.5.3
[INFO] [stderr]    Compiling h2 v0.4.13
[INFO] [stderr]    Compiling tower-http v0.6.8
[INFO] [stderr]    Compiling hyper v1.9.0
[INFO] [stderr]    Compiling hyper-util v0.1.20
[INFO] [stderr]    Compiling hyper-tls v0.6.0
[INFO] [stderr]    Compiling reqwest v0.12.28
[INFO] [stderr]    Compiling dfe v0.7.2 (/opt/rustwide/workdir)
[INFO] [stderr]     Finished `release` profile [optimized] target(s) in 1m 48s
[INFO] running `Command { std: "docker" "inspect" "ff7ee1ebb4d86eae23036bb8f993b33bbdaca1ddf441fbee7b31ca0617311ff4", kill_on_drop: false }`
[INFO] running `Command { std: "docker" "exec" "-e" "SOURCE_DIR=/opt/rustwide/workdir" "-e" "CARGO_HOME=/opt/rustwide/cargo-home" "-e" "RUSTUP_HOME=/opt/rustwide/rustup-home" "-e" "CARGO_TARGET_DIR=/opt/rustwide/target" "-e" "CARGO_INCREMENTAL=0" "-e" "RUST_BACKTRACE=full" "-e" "RUSTFLAGS=--cap-lints=warn" "-e" "RUSTDOCFLAGS=--cap-lints=warn" "-w" "/opt/rustwide/workdir" "--user" "0:0" "ff7ee1ebb4d86eae23036bb8f993b33bbdaca1ddf441fbee7b31ca0617311ff4" "/opt/rustwide/cargo-home/bin/cargo" "+1.99.0-beta.8" "test" "--frozen" "--no-run" "--message-format=json" "--release", kill_on_drop: false }`
[INFO] [stderr]    Compiling openssl v0.10.76
[INFO] [stderr]    Compiling getrandom v0.4.2
[INFO] [stderr]    Compiling rustix v1.1.4
[INFO] [stderr]    Compiling tower-http v0.6.8
[INFO] [stderr]    Compiling vte v0.14.1
[INFO] [stderr]    Compiling console v0.16.4
[INFO] [stderr]    Compiling strip-ansi-escapes v0.2.1
[INFO] [stderr]    Compiling tempfile v3.27.0
[INFO] [stderr]    Compiling insta v1.48.0
[INFO] [stderr]    Compiling native-tls v0.2.18
[INFO] [stderr]    Compiling tokio-native-tls v0.3.1
[INFO] [stderr]    Compiling hyper-tls v0.6.0
[INFO] [stderr]    Compiling reqwest v0.12.28
[INFO] [stderr]    Compiling dfe v0.7.2 (/opt/rustwide/workdir)
[INFO] [stderr]     Finished `release` profile [optimized] target(s) in 59.72s
[INFO] running `Command { std: "docker" "inspect" "ff7ee1ebb4d86eae23036bb8f993b33bbdaca1ddf441fbee7b31ca0617311ff4", kill_on_drop: false }`
[INFO] running `Command { std: "docker" "exec" "-e" "SOURCE_DIR=/opt/rustwide/workdir" "-e" "CARGO_HOME=/opt/rustwide/cargo-home" "-e" "RUSTUP_HOME=/opt/rustwide/rustup-home" "-e" "CARGO_TARGET_DIR=/opt/rustwide/target" "-e" "CARGO_INCREMENTAL=0" "-e" "RUST_BACKTRACE=full" "-e" "RUSTFLAGS=--cap-lints=warn" "-e" "RUSTDOCFLAGS=--cap-lints=warn" "-w" "/opt/rustwide/workdir" "--user" "0:0" "ff7ee1ebb4d86eae23036bb8f993b33bbdaca1ddf441fbee7b31ca0617311ff4" "/opt/rustwide/cargo-home/bin/cargo" "+1.99.0-beta.8" "test" "--frozen" "--release", kill_on_drop: false }`
[INFO] [stderr]     Finished `release` profile [optimized] target(s) in 0.26s
[INFO] [stderr]      Running unittests src/lib.rs (/opt/rustwide/target/release/deps/dfe-90a2df4b0ab828f9)
[INFO] [stdout] 
[INFO] [stdout] running 206 tests
[INFO] [stdout] test carta_correcao::tests::rejeita_chave_tamanho_invalido ... ok
[INFO] [stdout] test consulta_situacao::parser::tests::autorizada_e_cancelada ... ok
[INFO] [stdout] test carta_correcao::tests::rejeita_correcao_longa ... ok
[INFO] [stdout] test consulta_situacao::tests::deriva_url_nfe_sp ... ok
[INFO] [stdout] test carta_correcao::tests::normaliza_quebras_de_linha ... ok
[INFO] [stdout] test consulta_situacao::tests::deriva_url_nfce_sp_nao_usa_host_da_nfe ... ok
[INFO] [stdout] test consulta_situacao::parser::tests::resposta_sem_ret_cons_sit_nfe ... ok
[INFO] [stdout] test consulta_situacao::tests::deriva_url_por_modelo_via_svrs_rj ... ok
[INFO] [stdout] test carta_correcao::tests::rejeita_correcao_curta ... ok
[INFO] [stdout] test carta_correcao::tests::rejeita_n_seq_zero ... ok
[INFO] [stdout] test consulta_situacao::parser::tests::autorizada ... ok
[INFO] [stdout] test consulta_situacao::parser::tests::nao_consta_na_base ... ok
[INFO] [stdout] test consulta_situacao::tests::rejeita_tp_amb_ausente ... ok
[INFO] [stdout] test consulta_situacao::tests::rejeita_tp_amb_invalido ... ok
[INFO] [stdout] test consulta_situacao::tests::go_compartilha_url_entre_modelos ... ok
[INFO] [stdout] test consulta_situacao::tests::rejeita_chave_ausente ... ok
[INFO] [stdout] test consulta_situacao::tests::rejeita_cert_path_ausente ... ok
[INFO] [stdout] test consulta_situacao::tests::rejeita_chave_tamanho_invalido ... ok
[INFO] [stdout] test consulta_situacao::tests::rejeita_modelo_sem_endpoint ... ok
[INFO] [stdout] test consulta_situacao::tests::todas_as_ufs_resolvem_nfce_com_url_propria ... ok
[INFO] [stdout] test consulta_situacao::xml::tests::rejeita_environment_invalido ... ok
[INFO] [stdout] test danfe::actions::pdf_builder_a4::tests::fit_font_size_never_shrinks_below_readable_floor ... ok
[INFO] [stdout] test danfe::actions::pdf_builder_a4::tests::hyphen_and_parens_use_correct_helvetica_width ... ok
[INFO] [stdout] test danfe::actions::pdf_builder_a4::tests::margin_is_print_safe ... ok
[INFO] [stdout] test danfe::actions::pdf_builder_a4::tests::scale_reprojects_reference_widths_onto_body_w ... ok
[INFO] [stdout] test emissao::det::tests::grupo_st_retido_e_tudo_ou_nada ... ok
[INFO] [stdout] test emissao::det::tests::frete_rateado_ajusta_ultimo_item_no_arredondamento ... ok
[INFO] [stdout] test emissao::det::tests::grupo_st_retido_trata_zero_como_ausente ... ok
[INFO] [stdout] test emissao::det::tests::frete_rateado_soma_bate_com_total_e_icmstot ... ok
[INFO] [stdout] test emissao::det::tests::desconto_e_acrescimo_juntos_fecham_o_vnf ... ok
[INFO] [stdout] test danfe::actions::pdf_builder_a4::tests::fit_font_size_keeps_original_when_it_fits ... ok
[INFO] [stdout] test danfe::actions::pdf_builder_nfce_80mm::tests::situacao_da_contingencia_depende_do_protocolo ... ok
[INFO] [stdout] test danfe::actions::pdf_builder_a4::tests::fit_font_size_shrinks_to_avoid_overflow_past_page_edge ... ok
[INFO] [stdout] test emissao::det::tests::icms60_mantem_o_mesmo_grupo_do_sn500 ... ok
[INFO] [stdout] test emissao::det::tests::sem_outro_rateado_e_aditivo ... ok
[INFO] [stdout] test emissao::det::tests::outro_rateado_ajusta_ultimo_item_no_arredondamento ... ok
[INFO] [stdout] test emissao::det::tests::sem_frete_rateado_e_aditivo ... ok
[INFO] [stdout] test emissao::det::tests::sn500_sem_valores_omite_o_grupo_inteiro ... ok
[INFO] [stdout] test emissao::det::tests::sn500_serializa_grupo_st_na_ordem_do_xsd ... ok
[INFO] [stdout] test consulta_situacao::tests::rejeita_uf_desconhecida_na_chave ... ok
[INFO] [stdout] test emissao::det::tests::outro_rateado_soma_bate_com_total_e_entra_no_vnf ... ok
[INFO] [stdout] test emissao::det::tests::voutro_sai_depois_do_vdesc_e_antes_do_indtot ... ok
[INFO] [stdout] test cancelar::tests::golden_signed_info_xml ... ok
[INFO] [stdout] test carta_correcao::tests::golden_inf_evento_110110 ... ok
[INFO] [stdout] test consulta_situacao::xml::tests::golden_cons_sit_nfe_request_xml ... ok
[INFO] [stdout] test cancelar::tests::golden_signature_xml ... ok
[INFO] [stdout] test carta_correcao::tests::golden_inf_evento_110110_nseq_3 ... ok
[INFO] [stdout] test emissao::tests::tp_emis_9_com_dh_cont_e_x_just_validos_passa ... ok
[INFO] [stdout] test emissao::tests::tp_emis_9_exige_x_just_minimo_15_chars ... ok
[INFO] [stdout] test emissao::service::tests::rejeita_chave_incompleta ... ok
[INFO] [stdout] test emissao::service::tests::rejeita_xml_sem_id ... ok
[INFO] [stdout] test emissao::tests::tp_emis_1_nao_exige_dh_cont_nem_x_just ... ok
[INFO] [stdout] test emissao::tests::tp_emis_9_so_e_valido_para_nfce ... ok
[INFO] [stdout] test emissao::xml::qrcode_v3_offline_tests::destinatario_cnpj_preenche_tp_id_dest_1 ... ok
[INFO] [stdout] test emissao::flag::tests::start_retorna_ready_sem_tocar_o_cwd ... ok
[INFO] [stdout] test emissao::tests::tp_emis_9_exige_dh_cont ... ok
[INFO] [stdout] test emissao::tests::tp_emis_9_rejeita_x_just_acima_de_256_chars ... ok
[INFO] [stdout] test emissao::xml::qrcode_v3_offline_tests::destinatario_cpf_preenche_tp_id_dest_2 ... ok
[INFO] [stdout] test emissao::service::tests::extrai_chave_do_id_do_inf_nfe ... ok
[INFO] [stdout] test emissao::xml::qrcode_v3_offline_tests::destinatario_estrangeiro_preenche_tp_id_dest_3_com_c_dest_vazio ... ok
[INFO] [stdout] test emissao::parser::tests::xml_result_rejeicao_de_lote_vira_protocolo_sintetico ... ok
[INFO] [stdout] test emissao::parser::tests::xml_result_autorizacao_extrai_protocolo ... ok
[INFO] [stdout] test emissao::parser::tests::xml_result_sem_status_retorna_erro ... ok
[INFO] [stdout] test escpos::nfce::tests::clamp_chars_garante_a_cota_mesmo_com_xml_fora_do_schema ... ok
[INFO] [stdout] test emissao::xml::qrcode_v3_offline_tests::sem_destinatario_deixa_tp_id_dest_e_c_dest_vazios ... ok
[INFO] [stdout] test escpos::nfce::tests::builder_rejects_model_55 ... ok
[INFO] [stdout] test emissao::xml::qrcode_v3_offline_tests::dh_emi_invalido_falha_fail_fast ... ok
[INFO] [stdout] test escpos::nfce::tests::contingencia_sem_protocolo_sai_pendente ... ok
[INFO] [stdout] test escpos::nfce::tests::format_chave_acesso_groups ... ok
[INFO] [stdout] test escpos::nfce::tests::contingencia_tp_emis_9_gera_cupom_maior_com_aviso ... ok
[INFO] [stdout] test escpos::nfce::tests::doc_label_distingue_cpf_cnpj_inclusive_alfanumerico ... ok
[INFO] [stdout] test escpos::nfce::tests::faixa_do_destinatario_tem_titulo_em_negrito ... ok
[INFO] [stdout] test escpos::nfce::tests::format_brl_correct ... ok
[INFO] [stdout] test escpos::nfce::tests::consumidor_cobre_os_quatro_casos ... ok
[INFO] [stdout] test escpos::nfce::tests::consumidor_traz_nome_e_documento_juntos ... ok
[INFO] [stdout] test escpos::nfce::tests::contingencia_com_protocolo_sai_autorizada_e_nao_pendente ... ok
[INFO] [stdout] test escpos::nfce::tests::consumidor_entrega_o_campo_inteiro_sem_pre_quebra ... ok
[INFO] [stdout] test escpos::nfce::tests::pad_lr_correct_width ... ok
[INFO] [stdout] test danfe::actions::pdf_builder_nfce_80mm::tests::contingencia_tp_emis_9_gera_pdf_maior_com_aviso ... ok
[INFO] [stdout] test escpos::nfce::tests::pad_lr_overflow_no_panic ... ok
[INFO] [stdout] test escpos::nfce::tests::format_cnpj_cpf_correct ... ok
[INFO] [stdout] test escpos::nfe::tests::contingencia_avisa_em_dois_lugares ... ok
[INFO] [stdout] test escpos::nfe::tests::acrescimo_sai_da_conta_do_xml ... ok
[INFO] [stdout] test escpos::nfe::tests::chave_sai_em_11_grupos_de_4 ... ok
[INFO] [stdout] test escpos::nfe::tests::fixture_sai_com_a_expressao_obrigatoria_e_os_dados_da_nota ... ok
[INFO] [stdout] test escpos::nfe::tests::colunas_forcadas_mudam_o_separador ... ok
[INFO] [stdout] test escpos::nfe::tests::homologacao_leva_o_aviso_sem_valor_fiscal ... ok
[INFO] [stdout] test escpos::nfe::tests::mensagens_fiscal_e_do_contribuinte ... ok
[INFO] [stdout] test escpos::nfce::tests::nota_normal_nao_tem_aviso_de_contingencia ... ok
[INFO] [stdout] test escpos::nfe::tests::bloco_ibs_cbs_some_quando_o_xml_nao_traz ... ok
[INFO] [stdout] test escpos::nfe::tests::bloco_ibs_cbs_sai_quando_o_xml_traz_o_grupo ... ok
[INFO] [stdout] test escpos::nfce::tests::qr_side_com_cliente_identificado_desenha_o_bloco_e_nao_vaza_texto ... ok
[INFO] [stdout] test escpos::nfe::tests::recusa_nfce ... ok
[INFO] [stdout] test escpos::nfe::tests::nao_leva_credito_da_crate ... ok
[INFO] [stdout] test escpos::nfe::tests::troco_sai_mesmo_zerado ... ok
[INFO] [stdout] test escpos::nfce::tests::sem_destinatario_o_qr_side_nao_gasta_linha_abaixo_do_codigo ... ok
[INFO] [stdout] test escpos::nfe::tests::recusa_papel_abaixo_de_56_mm ... ok
[INFO] [stdout] test escpos::nfce::tests::qr_side_cabe_em_58_mm_sem_cortar_rotulo_nem_protocolo ... ok
[INFO] [stdout] test escpos::nfe::tests::svc_nao_e_contingencia_pendente ... ok
[INFO] [stdout] test escpos::nfe::tests::qr_so_sai_quando_o_xml_tem_infnfesupl ... ok
[INFO] [stdout] test escpos::tests::barcode_com_texto_a_direita_aceita_nao_ean ... ok
[INFO] [stdout] test escpos::tests::barcode_com_texto_cabe_tambem_em_58_mm ... ok
[INFO] [stdout] test escpos::tests::barcode_ean13_aceita_12_e_13_digitos ... ok
[INFO] [stdout] test escpos::tests::barcode_128_encodes_dados_alfanumericos ... ok
[INFO] [stdout] test escpos::tests::barcode_128_encodes_data ... ok
[INFO] [stdout] test escpos::nfe::tests::numero_da_nf_com_pontos ... ok
[INFO] [stdout] test escpos::tests::barcode_com_texto_a_direita_sai_numa_faixa_raster_unica ... ok
[INFO] [stdout] test escpos::tests::cota_de_pior_caso_do_xnome_no_layout_lateral ... ok
[INFO] [stdout] test escpos::tests::barcode_ean13_cai_em_code128_quando_nao_e_ean ... ok
[INFO] [stdout] test escpos::tests::divider_58mm_is_shorter ... ok
[INFO] [stdout] test escpos::tests::font_size_escala_altura_e_largura_juntas ... ok
[INFO] [stdout] test escpos::tests::draw_text_nao_estoura_a_borda_da_imagem ... ok
[INFO] [stdout] test escpos::tests::barcode_ean13_com_verificador_errado_cai_em_code128 ... ok
[INFO] [stdout] test escpos::tests::font_height_escala_so_a_altura ... ok
[INFO] [stdout] test escpos::tests::build_returns_nonempty_bytes ... ok
[INFO] [stdout] test escpos::tests::palavra_longa_demais_ate_para_o_corpo_menor_ainda_quebra ... ok
[INFO] [stdout] test escpos::tests::qr_code_produces_bytes ... ok
[INFO] [stdout] test escpos::tests::draw_text_amplia_o_desenho_com_a_escala ... ok
[INFO] [stdout] test escpos::tests::qr_com_texto_a_direita_sai_numa_faixa_raster_unica ... ok
[INFO] [stdout] test escpos::tests::barcode_largo_demais_volta_a_empilhar ... ok
[INFO] [stdout] test escpos::tests::qr_com_texto_a_direita_cresce_quando_o_texto_passa_do_qr ... ok
[INFO] [stdout] test escpos::tests::qr_text_cols_sai_da_geometria_real_e_nao_de_percentual_fixo ... ok
[INFO] [stdout] test escpos::tests::qr_text_cols_zero_quando_o_payload_nao_vira_qr ... ok
[INFO] [stdout] test escpos::tests::wrap_hard_parte_palavra_maior_que_a_coluna ... ok
[INFO] [stdout] test interno::chave_acesso::tests::dv_rejeita_caractere_invalido ... ok
[INFO] [stdout] test escpos::tests::wrap_hard_nunca_excede_a_coluna ... ok
[INFO] [stdout] test interno::cnpj_cpf::tests::cnpj_alfanumerico_valido ... ok
[INFO] [stdout] test interno::cnpj_cpf::tests::cnpj_valido ... ok
[INFO] [stdout] test interno::assinatura::tests::golden_signed_info_evento ... ok
[INFO] [stdout] test interno::cnpj_cpf::tests::cnpj_invalido ... ok
[INFO] [stdout] test interno::assinatura::tests::golden_signature ... ok
[INFO] [stdout] test interno::chave_acesso::tests::gera_chave_com_cnpj_alfanumerico ... ok
[INFO] [stdout] test interno::chave_acesso::tests::dv_alfanumerico_aceita_letras ... ok
[INFO] [stdout] test interno::chave_acesso::tests::dv_numerico_retrocompat ... ok
[INFO] [stdout] test escpos::tests::campo_que_partiria_palavra_encolhe_em_vez_de_quebrar ... ok
[INFO] [stdout] test interno::assinatura::tests::golden_signed_info_nfe ... ok
[INFO] [stdout] test interno::cleaner::tests::golden_clear_xml_string ... ok
[INFO] [stdout] test escpos::tests::texto_lateral_comeca_na_mesma_altura_que_o_qr ... ok
[INFO] [stdout] test interno::cnpj_cpf::tests::cpf_invalido ... ok
[INFO] [stdout] test interno::dates::test_get_current_year ... ok
[INFO] [stdout] test interno::cnpj_cpf::tests::sanitize_e_format ... ok
[INFO] [stdout] test interno::dest_xml::tests::dest55_cpf_gera_tag_cpf_sem_cnpj_nem_ie ... ok
[INFO] [stdout] test interno::entrega_xml::tests::entrega_monta_grupo_na_ordem_do_xsd ... ok
[INFO] [stdout] test interno::cnpj_cpf::tests::cpf_valido ... ok
[INFO] [stdout] test interno::dates::test_get_current_month ... ok
[INFO] [stdout] test interno::dates::test_get_current_month_month_boundary_sao_paulo ... ok
[INFO] [stdout] test interno::dates::test_get_current_date_time ... ok
[INFO] [stdout] test interno::dest_xml::tests::dest55_cnpj_contribuinte_mantem_cnpj_ie ... ok
[INFO] [stdout] test interno::dates::test_get_current_year_year_boundary_sao_paulo ... ok
[INFO] [stdout] test interno::dest_xml::tests::dest65_cpf_gera_cpf_e_xnome_homologacao ... ok
[INFO] [stdout] test interno::cnpj_cpf::tests::format_cnpj_cpf_documento ... ok
[INFO] [stdout] test interno::entrega_xml::tests::sem_entrega_produz_string_vazia ... ok
[INFO] [stdout] test interno::ws::tests::consulta_protocolo_sp ... ok
[INFO] [stdout] test interno::ws::tests::roteamento_via_svan_ma ... ok
[INFO] [stdout] test interno::uf::tests::invalidos ... ok
[INFO] [stdout] test interno::ws::tests::roteamento_uf_propria_sp ... ok
[INFO] [stdout] test interno::ws::tests::roteamento_via_svrs_ac ... ok
[INFO] [stdout] test interno::evento::tests::golden_env_evento_xml ... ok
[INFO] [stdout] test interno::ws::tests::test_endpoint_nao_encontrado ... ok
[INFO] [stdout] test interno::ws::tests::test_get_ws_url ... ok
[INFO] [stdout] test interno::evento::tests::parse_ret_evento_lote_rejeitado ... ok
[INFO] [stdout] test interno::dates::test_get_current_date_time_month_boundary_sao_paulo ... ok
[INFO] [stdout] test escpos::tests::wrap_hard_texto_vazio_rende_linha_vazia ... ok
[INFO] [stdout] test inutilizacao::parser::tests::recusada_sem_campos_opcionais ... ok
[INFO] [stdout] test inutilizacao::tests::rejeita_faixa_comecando_em_zero ... ok
[INFO] [stdout] test interno::ws::tests::test_webservices_json_valido ... ok
[INFO] [stdout] test inutilizacao::parser::tests::homologada ... ok
[INFO] [stdout] test inutilizacao::tests::rejeita_cnpj_incompleto ... ok
[INFO] [stdout] test cancelar::tests::golden_inf_evento_xml ... ok
[INFO] [stdout] test interno::evento::tests::parse_ret_evento_sem_ret_env_evento ... ok
[INFO] [stdout] test inutilizacao::tests::rejeita_faixa_invertida ... ok
[INFO] [stdout] test inutilizacao::tests::rejeita_tp_amb_invalido ... ok
[INFO] [stdout] test inutilizacao::tests::rejeita_uf_invalida ... ok
[INFO] [stdout] test interno::extract::tests::test_extract_tags ... ok
[INFO] [stdout] test interno::uf::tests::ida_e_volta ... ok
[INFO] [stdout] test interno::ws::tests::consulta_protocolo_via_svrs_ac ... ok
[INFO] [stdout] test inutilizacao::parser::tests::resposta_sem_inf_inut ... ok
[INFO] [stdout] test inutilizacao::tests::rejeita_ano_fora_de_2_digitos ... ok
[INFO] [stdout] test inutilizacao::tests::rejeita_cert_ausente ... ok
[INFO] [stdout] test inutilizacao::tests::rejeita_justificativa_curta ... ok
[INFO] [stdout] test inutilizacao::tests::todas_as_ufs_tem_endpoint_de_inutilizacao ... ok
[INFO] [stdout] test inutilizacao::tests::rejeita_modelo_invalido ... ok
[INFO] [stdout] test status::endpoint::tests::modelo_55_usa_o_webservice_da_nfe ... ok
[INFO] [stdout] test status::endpoint::tests::modelo_65_usa_o_webservice_da_nfce ... ok
[INFO] [stdout] test status::endpoint::tests::todas_as_ufs_tem_status_para_os_dois_modelos ... ok
[INFO] [stdout] test inutilizacao::xml::tests::golden_inf_inut_xml ... ok
[INFO] [stdout] test inutilizacao::xml::tests::id_aceita_cnpj_alfanumerico ... ok
[INFO] [stdout] test inutilizacao::xml::tests::id_tem_41_posicoes_depois_do_prefixo ... ok
[INFO] [stdout] test inutilizacao::xml::tests::justificativa_e_escapada ... ok
[INFO] [stdout] test manifestacao::tests::golden_signature_xml ... ok
[INFO] [stdout] test inutilizacao::xml::tests::golden_envelope ... ok
[INFO] [stdout] test manifestacao::tests::golden_signed_info_xml ... ok
[INFO] [stdout] test substituicao::tests::rejeita_chave_tamanho_invalido ... ok
[INFO] [stdout] test substituicao::tests::rejeita_justificativa_curta ... ok
[INFO] [stdout] test manifestacao::tests::golden_inf_evento_com_just ... ok
[INFO] [stdout] test manifestacao::tests::golden_inf_evento_sem_just ... ok
[INFO] [stdout] test substituicao::tests::golden_inf_evento_110112 ... ok
[INFO] [stdout] test status::validation::tests::aceita_55_e_65 ... ok
[INFO] [stdout] test status::validation::tests::modelo_padrao_e_55 ... ok
[INFO] [stdout] test substituicao::tests::rejeita_modelo_nfe_55 ... ok
[INFO] [stdout] test interno::evento::tests::parse_ret_evento_cancelamento_ok ... ok
[INFO] [stdout] test substituicao::tests::rejeita_ver_aplic_vazio ... ok
[INFO] [stdout] test interno::evento::tests::parse_ret_evento_manifestacao_ok ... ok
[INFO] [stdout] test interno::validation::tests::test_is_xml_invalid ... ok
[INFO] [stdout] test interno::ws::tests::todas_as_27_ufs_tem_autorizacao_55 ... ok
[INFO] [stdout] test status::validation::tests::recusa_modelo_desconhecido ... ok
[INFO] [stdout] 
[INFO] [stdout] test result: ok. 206 passed; 0 failed; 0 ignored; 0 measured; 0 filtered out; finished in 0.23s
[INFO] [stdout] 
[INFO] [stderr]      Running tests/danfe.rs (/opt/rustwide/target/release/deps/danfe-f9b9bd1b8e0e6446)
[INFO] [stdout] 
[INFO] [stdout] running 10 tests
[INFO] [stdout] test test_danfe_nfce_80mm_xml_invalido_retorna_erro ... ok
[INFO] [stdout] test test_danfe_nfce_modelo_errado_retorna_erro ... ok
[INFO] [stdout] test test_danfe_nfce_sem_protocolo_e_sem_contingencia_retorna_erro ... ok
[INFO] [stdout] test test_danfe_nfce_80mm_qr_side_salva_arquivo ... ok
[INFO] [stdout] test test_danfe_nfce_80mm_multi_pagamento_as_base64 ... ok
[INFO] [stdout] test test_danfe_nfce_80mm_com_cpf_as_base64 ... ok
[INFO] [stdout] test test_danfe_nfce_80mm_contingencia_sem_protocolo_as_base64 ... ok
[INFO] [stdout] test test_danfe_nfce_80mm_salva_arquivo ... ok
[INFO] [stdout] test test_danfe_nfce_80mm_qr_side_as_base64 ... ok
[INFO] [stdout] test test_danfe_nfce_80mm_homologacao_as_base64 ... ok
[INFO] [stdout] 
[INFO] [stdout] test result: ok. 10 passed; 0 failed; 0 ignored; 0 measured; 0 filtered out; finished in 0.06s
[INFO] [stdout] 
[INFO] [stderr]      Running tests/danfe_a4.rs (/opt/rustwide/target/release/deps/danfe_a4-4d14880655356693)
[INFO] [stdout] 
[INFO] [stdout] running 3 tests
[INFO] [stdout] test test_danfe_nfe_a4_modelo65_retorna_erro ... ok
[INFO] [stdout] test test_danfe_nfe_a4_modelo55_salva_arquivo ... ok
[INFO] [stdout] test test_danfe_nfe_a4_modelo55_as_base64 ... ok
[INFO] [stdout] 
[INFO] [stdout] test result: ok. 3 passed; 0 failed; 0 ignored; 0 measured; 0 filtered out; finished in 0.01s
[INFO] [stdout] 
[INFO] [stderr]      Running tests/escpos.rs (/opt/rustwide/target/release/deps/escpos-95d0922298397e7a)
[INFO] [stdout] 
[INFO] [stdout] running 2 tests
[INFO] [stdout] test escpos_nfce_em_contingencia_sem_protocolo_imprime_com_aviso ... ok
[INFO] [stderr]      Running tests/sefaz_live.rs (/opt/rustwide/target/release/deps/sefaz_live-25f04ea32b90edf9)
[INFO] [stdout] test golden_escpos_nfce_80mm ... ok
[INFO] [stdout] 
[INFO] [stdout] test result: ok. 2 passed; 0 failed; 0 ignored; 0 measured; 0 filtered out; finished in 0.04s
[INFO] [stdout] 
[INFO] [stdout] 
[INFO] [stdout] running 0 tests
[INFO] [stdout] 
[INFO] [stdout] test result: ok. 0 passed; 0 failed; 0 ignored; 0 measured; 0 filtered out; finished in 0.00s
[INFO] [stdout] 
[INFO] [stderr]      Running tests/xml_extractor.rs (/opt/rustwide/target/release/deps/xml_extractor-a0e4afd42beb2721)
[INFO] [stdout] 
[INFO] [stdout] running 8 tests
[INFO] [stdout] test impressao_aceita_nfce_em_contingencia_sem_protocolo ... ok
[INFO] [stdout] test impressao_recusa_nfe_normal_sem_protocolo ... ok
[INFO] [stdout] test impressao_recusa_nfe_55_sem_protocolo_mesmo_com_tp_emis_9 ... ok
[INFO] [stdout] test smoke_extrai_de_xml_minimo_inline ... ok
[INFO] [stdout] test leitura_estrita_continua_recusando_nfe_sem_protocolo ... ok
[INFO] [stdout] test impressao_le_nfe_proc_autorizado_como_antes ... ok
[INFO] [stdout] test golden_extrai_nfe_proc_da_fixture_65 ... ok
[INFO] [stdout] test golden_extrai_nfe_proc_da_fixture_55 ... ok
[INFO] [stdout] 
[INFO] [stdout] test result: ok. 8 passed; 0 failed; 0 ignored; 0 measured; 0 filtered out; finished in 0.04s
[INFO] [stdout] 
[INFO] [stderr]    Doc-tests dfe
[INFO] [stdout] 
[INFO] [stdout] running 20 tests
[INFO] [stdout] test src/carta_correcao/mod.rs - carta_correcao::CartaCorrecaoBuilder (line 47) - compile ... ok
[INFO] [stdout] test src/danfe/builder.rs - danfe::builder::DanfeBuilder (line 10) - compile ... ok
[INFO] [stdout] test src/inutilizacao/mod.rs - inutilizacao::InutilizacaoBuilder (line 28) - compile ... ok
[INFO] [stdout] test src/escpos/nfe.rs - escpos::nfe::EscPosDanfeNFeBuilder (line 38) - compile ... ok
[INFO] [stdout] test src/lib.rs - (line 63) - compile ... ok
[INFO] [stdout] test src/escpos/nfce.rs - escpos::nfce::EscPosNFCeBuilder (line 20) - compile ... FAILED
[INFO] [stdout] test src/manifestacao/mod.rs - manifestacao::ManifestacaoBuilder (line 36) - compile ... ok
[INFO] [stdout] test src/consulta_situacao/mod.rs - consulta_situacao::ConsultaSituacaoBuilder (line 25) - compile ... ok
[INFO] [stdout] test src/emissao/mod.rs - emissao::NFeBuilder (line 68) - compile ... ok
[INFO] [stdout] test src/lib.rs - (line 31) - compile ... ok
[INFO] [stdout] test src/escpos/mod.rs - escpos::EscPosBuilder (line 159) ... ok
[INFO] [stdout] test src/interno/cnpj_cpf.rs - interno::cnpj_cpf::validate_cnpj (line 88) ... ok
[INFO] [stdout] test src/substituicao/mod.rs - substituicao::SubstituicaoBuilder (line 44) - compile ... ok
[INFO] [stdout] test src/interno/cnpj_cpf.rs - interno::cnpj_cpf::validate_cpf (line 145) ... ok
[INFO] [stdout] test src/interno/cnpj_cpf.rs - interno::cnpj_cpf::format_cnpj (line 30) ... ok
[INFO] [stdout] test src/tipos/emissao.rs - tipos::emissao::Det (line 569) ... ok
[INFO] [stdout] test src/escpos/mod.rs - escpos::EscPosBuilder::build (line 448) ... ok
[INFO] [stdout] test src/interno/cnpj_cpf.rs - interno::cnpj_cpf::sanitize_cnpj (line 10) ... ok
[INFO] [stdout] test src/status/mod.rs - status::NFeService (line 38) - compile ... ok
[INFO] [stdout] test src/tipos/emissao.rs - tipos::emissao::Total (line 666) ... ok
[INFO] [stdout] 
[INFO] [stdout] failures:
[INFO] [stdout] 
[INFO] [stdout] ---- src/escpos/nfce.rs - escpos::nfce::EscPosNFCeBuilder (line 20) stdout ----
[INFO] [stdout] error[E0599]: no method named `print` found for struct `EscPosNFCeBuilder` in the current scope
[INFO] [stdout]   --> src/escpos/nfce.rs:35:6
[INFO] [stdout]    |
[INFO] [stdout] 32 | / EscPosNFCeBuilder::new()
[INFO] [stdout] 33 | |     .xml("./nota_nfce.xml")
[INFO] [stdout] 34 | |     .printer_name("EPSON TM-T20 Receipt")
[INFO] [stdout] 35 | |     .print()?;
[INFO] [stdout]    | |     -^^^^^ method not found in `EscPosNFCeBuilder`
[INFO] [stdout]    | |_____|
[INFO] [stdout]    |
[INFO] [stdout] 
[INFO] [stdout] error: aborting due to 1 previous error
[INFO] [stdout] 
[INFO] [stdout] For more information about this error, try `rustc --explain E0599`.
[INFO] [stdout] Couldn't compile the test.
[INFO] [stdout] 
[INFO] [stdout] failures:
[INFO] [stdout]     src/escpos/nfce.rs - escpos::nfce::EscPosNFCeBuilder (line 20)
[INFO] [stdout] 
[INFO] [stdout] test result: FAILED. 19 passed; 1 failed; 0 ignored; 0 measured; 0 filtered out; finished in 1.58s
[INFO] [stdout] 
[INFO] [stderr] error: doctest failed, to rerun pass `--doc`
[INFO] running `Command { std: "docker" "inspect" "ff7ee1ebb4d86eae23036bb8f993b33bbdaca1ddf441fbee7b31ca0617311ff4", kill_on_drop: false }`
[INFO] running `Command { std: "docker" "rm" "-f" "ff7ee1ebb4d86eae23036bb8f993b33bbdaca1ddf441fbee7b31ca0617311ff4", kill_on_drop: false }`
[INFO] [stdout] ff7ee1ebb4d86eae23036bb8f993b33bbdaca1ddf441fbee7b31ca0617311ff4
