[INFO] fetching crate devset-core 0.5.3...
[INFO] testing devset-core-0.5.3 against 1.99.0-beta.8+cargoflags=--release for beta-release-1.100-2
[INFO] extracting crate devset-core 0.5.3 into /workspace/builds/worker-4-tc1/source
[INFO] started tweaking crates.io crate devset-core 0.5.3
[INFO] removed 0 missing tests
[INFO] finished tweaking crates.io crate devset-core 0.5.3
[INFO] tweaked toml for crates.io crate devset-core 0.5.3 written to /workspace/builds/worker-4-tc1/source/Cargo.toml
[INFO] validating manifest of crates.io crate devset-core 0.5.3 on toolchain 1.99.0-beta.8
[INFO] running `Command { std: CARGO_HOME="/workspace/cargo-home" RUSTUP_HOME="/workspace/rustup-home" "/workspace/cargo-home/bin/cargo" "+1.99.0-beta.8" "metadata" "--manifest-path" "Cargo.toml" "--no-deps", kill_on_drop: false }`
[INFO] crate crates.io crate devset-core 0.5.3 already has a lockfile, it will not be regenerated
[INFO] running `Command { std: CARGO_HOME="/workspace/cargo-home" RUSTUP_HOME="/workspace/rustup-home" "/workspace/cargo-home/bin/cargo" "+1.99.0-beta.8" "fetch" "--manifest-path" "Cargo.toml", kill_on_drop: false }`
[INFO] [stderr] warning: Cargo.toml: unused manifest key `lints.cargo` (may be supported in a future version)
[INFO] [stderr] 
[INFO] [stderr] this Cargo does not support nightly features, but if you
[INFO] [stderr] switch to nightly channel you can pass
[INFO] [stderr] `-Zcargo-lints` to enable this feature.
[INFO] [stderr] warning: `devset-core` (manifest) generated 1 warning
[INFO] [stderr]     Updating crates.io index
[INFO] [stderr]  Downloading crates ...
[INFO] [stderr]   Downloaded text-size v1.1.1
[INFO] [stderr]   Downloaded rowan v0.16.1
[INFO] [stderr]   Downloaded countme v3.0.1
[INFO] [stderr]   Downloaded memo-map v0.3.4
[INFO] [stderr]   Downloaded diffy v0.5.2
[INFO] [stderr]   Downloaded minijinja v2.24.0
[INFO] [stderr]   Downloaded granit-parser v1.3.0
[INFO] [stderr]   Downloaded serde-saphyr v1.3.0
[INFO] [stderr]   Downloaded yaml-edit v0.3.2
[INFO] running `Command { std: "docker" "create" "-v" "/var/lib/crater-agent-workspace/builds/worker-4-tc1/source:/opt/rustwide/workdir:ro,Z" "-v" "/var/lib/crater-agent-workspace/builds/worker-4-tc1/target:/opt/rustwide/target:rw,Z" "-v" "/var/lib/crater-agent-workspace/cargo-home:/opt/rustwide/cargo-home:ro,Z" "-v" "/var/lib/crater-agent-workspace/rustup-home:/opt/rustwide/rustup-home:ro,Z" "-m" "1610612736" "--network" "none" "ghcr.io/rust-lang/crates-build-env/linux@sha256:77db811e55d90add9212f6832c23229e3de5f1c1f9905e8cb07319ea15df73ac" "sleep" "infinity", kill_on_drop: false }`
[INFO] [stdout] 2caab2b57a72d6dcd7058f924799832b8c2d378bf72a19ceb7cba8b02ebe5289
[INFO] running `Command { std: "docker" "start" "2caab2b57a72d6dcd7058f924799832b8c2d378bf72a19ceb7cba8b02ebe5289", kill_on_drop: false }`
[INFO] running `Command { std: "docker" "inspect" "2caab2b57a72d6dcd7058f924799832b8c2d378bf72a19ceb7cba8b02ebe5289", kill_on_drop: false }`
[INFO] running `Command { std: "docker" "exec" "-e" "SOURCE_DIR=/opt/rustwide/workdir" "-e" "CARGO_HOME=/opt/rustwide/cargo-home" "-e" "RUSTUP_HOME=/opt/rustwide/rustup-home" "-e" "CARGO_TARGET_DIR=/opt/rustwide/target" "-w" "/opt/rustwide/workdir" "--user" "0:0" "2caab2b57a72d6dcd7058f924799832b8c2d378bf72a19ceb7cba8b02ebe5289" "/opt/rustwide/cargo-home/bin/cargo" "+1.99.0-beta.8" "metadata" "--no-deps" "--format-version=1", kill_on_drop: false }`
[INFO] running `Command { std: "docker" "inspect" "2caab2b57a72d6dcd7058f924799832b8c2d378bf72a19ceb7cba8b02ebe5289", kill_on_drop: false }`
[INFO] running `Command { std: "docker" "exec" "-e" "SOURCE_DIR=/opt/rustwide/workdir" "-e" "CARGO_HOME=/opt/rustwide/cargo-home" "-e" "RUSTUP_HOME=/opt/rustwide/rustup-home" "-e" "CARGO_TARGET_DIR=/opt/rustwide/target" "-e" "CARGO_INCREMENTAL=0" "-e" "RUST_BACKTRACE=full" "-e" "RUSTFLAGS=--cap-lints=warn" "-e" "RUSTDOCFLAGS=--cap-lints=warn" "-w" "/opt/rustwide/workdir" "--user" "0:0" "2caab2b57a72d6dcd7058f924799832b8c2d378bf72a19ceb7cba8b02ebe5289" "/opt/rustwide/cargo-home/bin/cargo" "+1.99.0-beta.8" "build" "--frozen" "--message-format=json" "--release", kill_on_drop: false }`
[INFO] [stderr] warning: Cargo.toml: unused manifest key `lints.cargo` (may be supported in a future version)
[INFO] [stderr] 
[INFO] [stderr] this Cargo does not support nightly features, but if you
[INFO] [stderr] switch to nightly channel you can pass
[INFO] [stderr] `-Zcargo-lints` to enable this feature.
[INFO] [stderr] warning: `devset-core` (manifest) generated 1 warning
[INFO] [stderr]    Compiling syn v3.0.6
[INFO] [stderr]    Compiling hashbrown v0.17.1
[INFO] [stderr]    Compiling find-msvc-tools v0.1.13
[INFO] [stderr]    Compiling crossbeam-epoch v0.9.21
[INFO] [stderr]    Compiling anstyle v1.0.14
[INFO] [stderr]    Compiling encoding_rs v0.8.41
[INFO] [stderr]    Compiling winnow v1.0.4
[INFO] [stderr]    Compiling serde_json v1.0.151
[INFO] [stderr]    Compiling ref-cast v1.0.27
[INFO] [stderr]    Compiling convert_case v0.10.0
[INFO] [stderr]    Compiling crossbeam-deque v0.8.8
[INFO] [stderr]    Compiling getrandom v0.4.3
[INFO] [stderr]    Compiling regex-automata v0.4.18
[INFO] [stderr]    Compiling serde_spanned v1.1.1
[INFO] [stderr]    Compiling toml_datetime v1.1.1+spec-1.1.0
[INFO] [stderr]    Compiling fs-err v3.3.1
[INFO] [stderr]    Compiling syn v2.0.119
[INFO] [stderr]    Compiling smallvec v1.16.1
[INFO] [stderr]    Compiling arraydeque v0.5.1
[INFO] [stderr]    Compiling unicode-xid v0.2.6
[INFO] [stderr]    Compiling text-size v1.1.1
[INFO] [stderr]    Compiling toml_writer v1.1.2+spec-1.1.0
[INFO] [stderr]    Compiling rustc-hash v1.1.0
[INFO] [stderr]    Compiling unicode-width v0.2.2
[INFO] [stderr]    Compiling hashbrown v0.14.5
[INFO] [stderr]    Compiling cc v1.4.7
[INFO] [stderr]    Compiling countme v3.0.1
[INFO] [stderr]    Compiling tempfile v3.27.0
[INFO] [stderr]    Compiling arrayvec v0.7.8
[INFO] [stderr]    Compiling nohash-hasher v0.2.0
[INFO] [stderr]    Compiling memo-map v0.3.4
[INFO] [stderr]    Compiling annotate-snippets v0.12.16
[INFO] [stderr]    Compiling constant_time_eq v0.4.2
[INFO] [stderr]    Compiling tinyvec v1.13.3
[INFO] [stderr]    Compiling granit-parser v1.3.0
[INFO] [stderr]    Compiling semver v1.0.28
[INFO] [stderr]    Compiling etcetera v0.11.0
[INFO] [stderr]    Compiling shlex v2.0.1
[INFO] [stderr]    Compiling camino-tempfile v1.4.1
[INFO] [stderr]    Compiling indexmap v2.14.2
[INFO] [stderr]    Compiling diffy v0.5.2
[INFO] [stderr]    Compiling unicode-normalization v0.1.25
[INFO] [stderr]    Compiling blake3 v1.8.7
[INFO] [stderr]    Compiling rowan v0.16.1
[INFO] [stderr]    Compiling toml_parser v1.1.3+spec-1.1.0
[INFO] [stderr]    Compiling yaml-edit v0.3.2
[INFO] [stderr]    Compiling toml_edit v0.25.15+spec-1.1.0
[INFO] [stderr]    Compiling toml v1.1.6+spec-1.1.0
[INFO] [stderr]    Compiling darling_core v0.24.1
[INFO] [stderr]    Compiling serde_derive_internals v0.30.0
[INFO] [stderr]    Compiling globset v0.4.20
[INFO] [stderr]    Compiling ignore v0.4.33
[INFO] [stderr]    Compiling serde_derive v1.0.229
[INFO] [stderr]    Compiling multiversion-macros v0.9.0
[INFO] [stderr]    Compiling ref-cast-impl v1.0.27
[INFO] [stderr]    Compiling schemars_derive v1.2.2
[INFO] [stderr]    Compiling thiserror-impl v2.0.20
[INFO] [stderr]    Compiling multiversion v0.9.0
[INFO] [stderr]    Compiling derive_more-impl v2.1.1
[INFO] [stderr]    Compiling thiserror v2.0.20
[INFO] [stderr]    Compiling darling_macro v0.24.1
[INFO] [stderr]    Compiling darling v0.24.1
[INFO] [stderr]    Compiling serde_with_macros v3.23.0
[INFO] [stderr]    Compiling serde v1.0.229
[INFO] [stderr]    Compiling encoding_rs_io v0.1.8
[INFO] [stderr]    Compiling serde_with v3.23.0
[INFO] [stderr]    Compiling serde-saphyr v1.3.0
[INFO] [stderr]    Compiling minijinja v2.24.0
[INFO] [stderr]    Compiling jsonc-parser v0.33.2
[INFO] [stderr]    Compiling schemars v1.2.2
[INFO] [stderr]    Compiling derive_more v2.1.1
[INFO] [stderr]    Compiling devset-core v0.5.3 (/opt/rustwide/workdir)
[INFO] [stderr]     Finished `release` profile [optimized] target(s) in 2m 07s
[INFO] running `Command { std: "docker" "inspect" "2caab2b57a72d6dcd7058f924799832b8c2d378bf72a19ceb7cba8b02ebe5289", kill_on_drop: false }`
[INFO] running `Command { std: "docker" "exec" "-e" "SOURCE_DIR=/opt/rustwide/workdir" "-e" "CARGO_HOME=/opt/rustwide/cargo-home" "-e" "RUSTUP_HOME=/opt/rustwide/rustup-home" "-e" "CARGO_TARGET_DIR=/opt/rustwide/target" "-e" "CARGO_INCREMENTAL=0" "-e" "RUST_BACKTRACE=full" "-e" "RUSTFLAGS=--cap-lints=warn" "-e" "RUSTDOCFLAGS=--cap-lints=warn" "-w" "/opt/rustwide/workdir" "--user" "0:0" "2caab2b57a72d6dcd7058f924799832b8c2d378bf72a19ceb7cba8b02ebe5289" "/opt/rustwide/cargo-home/bin/cargo" "+1.99.0-beta.8" "test" "--frozen" "--no-run" "--message-format=json" "--release", kill_on_drop: false }`
[INFO] [stderr] warning: Cargo.toml: unused manifest key `lints.cargo` (may be supported in a future version)
[INFO] [stderr] 
[INFO] [stderr] this Cargo does not support nightly features, but if you
[INFO] [stderr] switch to nightly channel you can pass
[INFO] [stderr] `-Zcargo-lints` to enable this feature.
[INFO] [stderr] warning: `devset-core` (manifest) generated 1 warning
[INFO] [stderr]    Compiling getrandom v0.3.4
[INFO] [stderr]    Compiling getrandom v0.4.3
[INFO] [stderr]    Compiling zerocopy v0.8.57
[INFO] [stderr]    Compiling regex-automata v0.4.18
[INFO] [stderr]    Compiling wait-timeout v0.2.1
[INFO] [stderr]    Compiling tempfile v3.27.0
[INFO] [stderr]    Compiling rand_core v0.9.5
[INFO] [stderr]    Compiling rand_xorshift v0.4.0
[INFO] [stderr]    Compiling rand v0.9.5
[INFO] [stderr]    Compiling rusty-fork v0.3.1
[INFO] [stderr]    Compiling camino-tempfile v1.4.1
[INFO] [stderr]    Compiling globset v0.4.20
[INFO] [stderr]    Compiling ignore v0.4.33
[INFO] [stderr]    Compiling ppv-lite86 v0.2.21
[INFO] [stderr]    Compiling rand_chacha v0.9.0
[INFO] [stderr]    Compiling devset-core v0.5.3 (/opt/rustwide/workdir)
[INFO] [stderr]    Compiling proptest v1.11.0
[INFO] [stderr]     Finished `release` profile [optimized] target(s) in 1m 15s
[INFO] running `Command { std: "docker" "inspect" "2caab2b57a72d6dcd7058f924799832b8c2d378bf72a19ceb7cba8b02ebe5289", kill_on_drop: false }`
[INFO] running `Command { std: "docker" "exec" "-e" "SOURCE_DIR=/opt/rustwide/workdir" "-e" "CARGO_HOME=/opt/rustwide/cargo-home" "-e" "RUSTUP_HOME=/opt/rustwide/rustup-home" "-e" "CARGO_TARGET_DIR=/opt/rustwide/target" "-e" "CARGO_INCREMENTAL=0" "-e" "RUST_BACKTRACE=full" "-e" "RUSTFLAGS=--cap-lints=warn" "-e" "RUSTDOCFLAGS=--cap-lints=warn" "-w" "/opt/rustwide/workdir" "--user" "0:0" "2caab2b57a72d6dcd7058f924799832b8c2d378bf72a19ceb7cba8b02ebe5289" "/opt/rustwide/cargo-home/bin/cargo" "+1.99.0-beta.8" "test" "--frozen" "--release", kill_on_drop: false }`
[INFO] [stderr] warning: Cargo.toml: unused manifest key `lints.cargo` (may be supported in a future version)
[INFO] [stderr] 
[INFO] [stderr] this Cargo does not support nightly features, but if you
[INFO] [stderr] switch to nightly channel you can pass
[INFO] [stderr] `-Zcargo-lints` to enable this feature.
[INFO] [stderr] warning: `devset-core` (manifest) generated 1 warning
[INFO] [stderr]     Finished `release` profile [optimized] target(s) in 0.15s
[INFO] [stderr]      Running unittests src/lib.rs (/opt/rustwide/target/release/deps/devset_core-481b891b98a2070a)
[INFO] [stdout] 
[INFO] [stdout] running 65 tests
[INFO] [stdout] test collection::tests::a_manifest_in_a_payload_is_not_a_profile ... ok
[INFO] [stdout] test digest::tests::canonical_form ... ok
[INFO] [stdout] test gate::tests::patterns ... ok
[INFO] [stdout] test digest::tests::real_changes_are_seen ... ok
[INFO] [stdout] test format::tests::inferred_from_extension ... ok
[INFO] [stdout] test format::tests::duplicate_keys_are_invalid ... ok
[INFO] [stdout] test graph::tests::defaults_a_requirer_turns_on_are_named ... ok
[INFO] [stdout] test graph::tests::features_of_requirements_unify ... ok
[INFO] [stdout] test digest::tests::binary_is_exact ... ok
[INFO] [stdout] test format::tests::real_files_are_valid ... ok
[INFO] [stdout] test graph::tests::a_weak_feature_reaches_a_profile_active_by_other_means ... ok
[INFO] [stdout] test graph::tests::defaults_and_implied_features ... ok
[INFO] [stdout] test graph::tests::optional_and_weak_requirements ... ok
[INFO] [stdout] test digest::tests::idempotent ... ok
[INFO] [stdout] test merge::tests::builtin_merges_and_conflicts ... ok
[INFO] [stdout] test graph::tests::what_cannot_hold_is_refused ... ok
[INFO] [stdout] test digest::tests::cosmetic_changes_keep_content ... ok
[INFO] [stdout] test merge::tests::detects_markers ... ok
[INFO] [stdout] test merge::tests::expands_placeholders ... ok
[INFO] [stdout] test merge::tests::parses_driver_lines ... ok
[INFO] [stdout] test name::tests::profile_refs ... ok
[INFO] [stdout] test part::block::tests::blocks_are_found_written_and_moved ... ok
[INFO] [stdout] test name::tests::names ... ok
[INFO] [stdout] test part::keys::tests::keys_display_and_overlap ... ok
[INFO] [stdout] test part::keys::tests::leaves_merge_one_by_one ... ok
[INFO] [stdout] test part::tests::json_keys_keep_comments_and_commas ... ok
[INFO] [stdout] test part::block::tests::comment_syntax_follows_the_file_type ... ok
[INFO] [stdout] test part::tests::json_new_keys_keep_the_payload_layout ... ok
[INFO] [stdout] test part::tests::json_a_key_that_joins_an_object_on_one_line_keeps_it_there ... ok
[INFO] [stdout] test part::tests::toml_arrays_keep_the_form_the_payload_writes ... ok
[INFO] [stdout] test part::tests::toml_keys_join_the_target_tables ... ok
[INFO] [stdout] test part::tests::toml_a_table_taken_from_the_top_takes_the_blank_line_below_it ... ok
[INFO] [stdout] test part::keys::tests::content_round_trips_whatever_the_key_order ... ok
[INFO] [stdout] test part::tests::toml_arrays_of_objects_are_arrays_of_tables ... ok
[INFO] [stdout] test part::tests::toml_arrays_of_tables_keep_the_payload_layout ... ok
[INFO] [stdout] test part::tests::toml_keys_realign_the_comments_of_their_group ... ok
[INFO] [stdout] test part::tests::toml_keys_take_the_alignment_of_the_table_they_join ... ok
[INFO] [stdout] test part::tests::toml_new_keys_keep_the_payload_layout ... ok
[INFO] [stdout] test part::tests::toml_tables_are_created_and_pruned ... ok
[INFO] [stdout] test part::tests::yaml_new_keys_keep_the_payload_layout ... ok
[INFO] [stdout] test path::tests::accepts ... ok
[INFO] [stdout] test path::tests::fold_collides_case_and_normalization ... ok
[INFO] [stdout] test path::tests::rejects ... ok
[INFO] [stdout] test plan::tests::a_dropped_file_goes_unless_edited_or_the_targets ... ok
[INFO] [stdout] test part::tests::views_compare_values_not_layout ... ok
[INFO] [stdout] test plan::tests::decision_table ... ok
[INFO] [stdout] test part::tests::yaml_keys_keep_comments ... ok
[INFO] [stdout] test profile::tests::a_full_manifest_reads ... ok
[INFO] [stdout] test profile::tests::feature_refs ... ok
[INFO] [stdout] test profile::tests::mistakes_are_named ... ok
[INFO] [stdout] test rollback::tests::locations_round_trip_through_their_keys ... ok
[INFO] [stdout] test source::tests::a_release_reads_as_a_version ... ok
[INFO] [stdout] test source::tests::invalid ... ok
[INFO] [stdout] test vars::tests::names_are_identifiers ... ok
[INFO] [stdout] test source::tests::local_git_paths_are_anchored ... ok
[INFO] [stdout] test source::tests::round_trips ... ok
[INFO] [stdout] test source::tests::sources_are_rebased_by_name ... ok
[INFO] [stdout] test source::tests::valid ... ok
[INFO] [stdout] test target::tests::devset_0_1_records ... ok
[INFO] [stdout] test target::tests::a_source_written_as_a_table_keeps_its_layout ... ok
[INFO] [stdout] test target::tests::a_source_moves_to_another_ref_in_place ... ok
[INFO] [stdout] test target::tests::a_new_target_keeps_its_skeleton_above_what_is_added ... ok
[INFO] [stdout] test merge::tests::commands_follow_git_convention ... ok
[INFO] [stdout] test commit::tests::write_keeps_the_mode_a_file_has ... ok
[INFO] [stderr]      Running tests/schemas.rs (/opt/rustwide/target/release/deps/schemas-a4d3514d9fb1f01d)
[INFO] [stdout] test commit::tests::write_replaces_a_file_and_leaves_nothing_beside_it ... ok
[INFO] [stdout] 
[INFO] [stdout] test result: ok. 65 passed; 0 failed; 0 ignored; 0 measured; 0 filtered out; finished in 0.30s
[INFO] [stdout] 
[INFO] [stdout] 
[INFO] [stdout] running 1 test
[INFO] [stdout] test the_published_schemas_are_current ... FAILED
[INFO] [stdout] 
[INFO] [stdout] failures:
[INFO] [stdout] 
[INFO] [stdout] ---- the_published_schemas_are_current stdout ----
[INFO] [stdout] 
[INFO] [stdout] thread 'the_published_schemas_are_current' (2074) panicked at tests/schemas.rs:37:5:
[INFO] [stdout] stale: ["docs/src/schema/profile.json", "docs/src/schema/config.json", "docs/src/schema/collection.json"]; run `SNAPSHOTS=overwrite cargo test -p devset-core --test schemas`, then `just fix`
[INFO] [stdout] stack backtrace:
[INFO] [stdout]    0:     0x650efea949c1 - <<std[70759c8f55707aa4]::sys::backtrace::BacktraceLock>::print::DisplayBacktrace as core[df12db4294e9bfd3]::fmt::Display>::fmt
[INFO] [stdout]    1:     0x650efeaa938a - core[df12db4294e9bfd3]::fmt::write
[INFO] [stderr] error: test failed, to rerun pass `--test schemas`
[INFO] [stdout]    2:     0x650efea98e5c - <alloc[2182bb758b4b3781]::vec::Vec<u8> as core[df12db4294e9bfd3]::io::write::Write>::write_fmt
[INFO] [stdout]    3:     0x650efea708c6 - std[70759c8f55707aa4]::panicking::default_hook::{closure#0}
[INFO] [stdout]    4:     0x650efea8cbc9 - std[70759c8f55707aa4]::panicking::default_hook
[INFO] [stdout]    5:     0x650efe9d2360 - test[9d35eded1c95d3be]::test_main_inner::<test[9d35eded1c95d3be]::test_main_static::{closure#0}>::{closure#0}
[INFO] [stdout]    6:     0x650efea8cd82 - std[70759c8f55707aa4]::panicking::panic_with_hook
[INFO] [stdout]    7:     0x650efea70972 - std[70759c8f55707aa4]::panicking::panic_handler::{closure#0}
[INFO] [stdout]    8:     0x650efea69569 - std[70759c8f55707aa4]::sys::backtrace::__rust_end_short_backtrace::<std[70759c8f55707aa4]::panicking::panic_handler::{closure#0}, !>
[INFO] [stdout]    9:     0x650efea7156d - __rustc[8fa7c3cbc660c2b3]::rust_begin_unwind
[INFO] [stdout]   10:     0x650efeaa9abc - core[df12db4294e9bfd3]::panicking::panic_fmt
[INFO] [stdout]   11:     0x650efe9be673 - <schemas[7be0fe26010dafa6]::the_published_schemas_are_current::{closure#0} as core[df12db4294e9bfd3]::ops::function::FnOnce<()>>::call_once
[INFO] [stdout]   12:     0x650efe9c564b - test[9d35eded1c95d3be]::__rust_begin_short_backtrace::<core[df12db4294e9bfd3]::result::Result<(), alloc[2182bb758b4b3781]::string::String>, fn() -> core[df12db4294e9bfd3]::result::Result<(), alloc[2182bb758b4b3781]::string::String>>
[INFO] [stdout]   13:     0x650efe9d2cb5 - test[9d35eded1c95d3be]::run_test::{closure#0}
[INFO] [stdout]   14:     0x650efe9cc574 - std[70759c8f55707aa4]::sys::backtrace::__rust_begin_short_backtrace::<test[9d35eded1c95d3be]::run_test::{closure#1}, ()>
[INFO] [stdout]   15:     0x650efe9d5e12 - <std[70759c8f55707aa4]::thread::lifecycle::spawn_unchecked<test[9d35eded1c95d3be]::run_test::{closure#1}, ()>::{closure#1} as core[df12db4294e9bfd3]::ops::function::FnOnce<()>>::call_once::{shim:vtable#0}
[INFO] [stdout]   16:     0x650efea93d39 - <std[70759c8f55707aa4]::sys::thread::unix::Thread>::new::thread_start
[INFO] [stdout]   17:     0x78bc8884adfa - <unknown>
[INFO] [stdout]   18:     0x78bc888de3d4 - clone
[INFO] [stdout]   19:                0x0 - <unknown>
[INFO] [stdout] 
[INFO] [stdout] 
[INFO] [stdout] failures:
[INFO] [stdout]     the_published_schemas_are_current
[INFO] [stdout] 
[INFO] [stdout] test result: FAILED. 0 passed; 1 failed; 0 ignored; 0 measured; 0 filtered out; finished in 0.00s
[INFO] [stdout] 
[INFO] running `Command { std: "docker" "inspect" "2caab2b57a72d6dcd7058f924799832b8c2d378bf72a19ceb7cba8b02ebe5289", kill_on_drop: false }`
[INFO] running `Command { std: "docker" "rm" "-f" "2caab2b57a72d6dcd7058f924799832b8c2d378bf72a19ceb7cba8b02ebe5289", kill_on_drop: false }`
[INFO] [stdout] 2caab2b57a72d6dcd7058f924799832b8c2d378bf72a19ceb7cba8b02ebe5289
