[INFO] fetching crate devondb 0.1.1...
[INFO] testing devondb-0.1.1 against 1.99.0-beta.8+cargoflags=--release for beta-release-1.100-2
[INFO] extracting crate devondb 0.1.1 into /workspace/builds/worker-5-tc1/source
[INFO] started tweaking crates.io crate devondb 0.1.1
[INFO] removed 0 missing tests
[INFO] finished tweaking crates.io crate devondb 0.1.1
[INFO] tweaked toml for crates.io crate devondb 0.1.1 written to /workspace/builds/worker-5-tc1/source/Cargo.toml
[INFO] validating manifest of crates.io crate devondb 0.1.1 on toolchain 1.99.0-beta.8
[INFO] running `Command { std: CARGO_HOME="/workspace/cargo-home" RUSTUP_HOME="/workspace/rustup-home" "/workspace/cargo-home/bin/cargo" "+1.99.0-beta.8" "metadata" "--manifest-path" "Cargo.toml" "--no-deps", kill_on_drop: false }`
[INFO] crate crates.io crate devondb 0.1.1 already has a lockfile, it will not be regenerated
[INFO] running `Command { std: CARGO_HOME="/workspace/cargo-home" RUSTUP_HOME="/workspace/rustup-home" "/workspace/cargo-home/bin/cargo" "+1.99.0-beta.8" "fetch" "--manifest-path" "Cargo.toml", kill_on_drop: false }`
[INFO] [stderr]     Updating crates.io index
[INFO] [stderr]  Downloading crates ...
[INFO] [stderr]   Downloaded devondb-types v0.1.1
[INFO] [stderr]   Downloaded devondb-exec v0.1.1
[INFO] [stderr]   Downloaded devondb-plan v0.1.1
[INFO] [stderr]   Downloaded devondb-geo v0.1.1
[INFO] [stderr]   Downloaded devondb-storage v0.1.1
[INFO] running `Command { std: "docker" "create" "-v" "/var/lib/crater-agent-workspace/builds/worker-5-tc1/source:/opt/rustwide/workdir:ro,Z" "-v" "/var/lib/crater-agent-workspace/builds/worker-5-tc1/target:/opt/rustwide/target:rw,Z" "-v" "/var/lib/crater-agent-workspace/cargo-home:/opt/rustwide/cargo-home:ro,Z" "-v" "/var/lib/crater-agent-workspace/rustup-home:/opt/rustwide/rustup-home:ro,Z" "-m" "1610612736" "--network" "none" "ghcr.io/rust-lang/crates-build-env/linux@sha256:77db811e55d90add9212f6832c23229e3de5f1c1f9905e8cb07319ea15df73ac" "sleep" "infinity", kill_on_drop: false }`
[INFO] [stdout] 72d777caf3e5765b0cb53922e19db5fb8f661142673bb5c04c254ee2d199d57e
[INFO] running `Command { std: "docker" "start" "72d777caf3e5765b0cb53922e19db5fb8f661142673bb5c04c254ee2d199d57e", kill_on_drop: false }`
[INFO] running `Command { std: "docker" "inspect" "72d777caf3e5765b0cb53922e19db5fb8f661142673bb5c04c254ee2d199d57e", kill_on_drop: false }`
[INFO] running `Command { std: "docker" "exec" "-e" "SOURCE_DIR=/opt/rustwide/workdir" "-e" "CARGO_HOME=/opt/rustwide/cargo-home" "-e" "RUSTUP_HOME=/opt/rustwide/rustup-home" "-e" "CARGO_TARGET_DIR=/opt/rustwide/target" "-w" "/opt/rustwide/workdir" "--user" "0:0" "72d777caf3e5765b0cb53922e19db5fb8f661142673bb5c04c254ee2d199d57e" "/opt/rustwide/cargo-home/bin/cargo" "+1.99.0-beta.8" "metadata" "--no-deps" "--format-version=1", kill_on_drop: false }`
[INFO] running `Command { std: "docker" "inspect" "72d777caf3e5765b0cb53922e19db5fb8f661142673bb5c04c254ee2d199d57e", kill_on_drop: false }`
[INFO] running `Command { std: "docker" "exec" "-e" "SOURCE_DIR=/opt/rustwide/workdir" "-e" "CARGO_HOME=/opt/rustwide/cargo-home" "-e" "RUSTUP_HOME=/opt/rustwide/rustup-home" "-e" "CARGO_TARGET_DIR=/opt/rustwide/target" "-e" "CARGO_INCREMENTAL=0" "-e" "RUST_BACKTRACE=full" "-e" "RUSTFLAGS=--cap-lints=warn" "-e" "RUSTDOCFLAGS=--cap-lints=warn" "-w" "/opt/rustwide/workdir" "--user" "0:0" "72d777caf3e5765b0cb53922e19db5fb8f661142673bb5c04c254ee2d199d57e" "/opt/rustwide/cargo-home/bin/cargo" "+1.99.0-beta.8" "build" "--frozen" "--message-format=json" "--release", kill_on_drop: false }`
[INFO] [stderr]    Compiling proc-macro2 v1.0.107
[INFO] [stderr]    Compiling thiserror v2.0.19
[INFO] [stderr]    Compiling libc v0.2.189
[INFO] [stderr]    Compiling crc32c v0.6.8
[INFO] [stderr]    Compiling quote v1.0.47
[INFO] [stderr]    Compiling syn v3.0.3
[INFO] [stderr]    Compiling getrandom v0.3.4
[INFO] [stderr]    Compiling thiserror-impl v2.0.19
[INFO] [stderr]    Compiling serde_derive v1.0.229
[INFO] [stderr]    Compiling devondb-geo v0.1.1
[INFO] [stderr]    Compiling serde v1.0.229
[INFO] [stderr]    Compiling devondb-types v0.1.1
[INFO] [stderr]    Compiling devondb-plan v0.1.1
[INFO] [stderr]    Compiling devondb-storage v0.1.1
[INFO] [stderr]    Compiling devondb-exec v0.1.1
[INFO] [stderr]    Compiling devondb v0.1.1 (/opt/rustwide/workdir)
[INFO] [stdout] warning: use of deprecated method `std::sync::atomic::Atomic::<u64>::fetch_update`: renamed to `try_update` for consistency
[INFO] [stdout]    --> src/database/options.rs:266:14
[INFO] [stdout]     |
[INFO] [stdout] 266 |             .fetch_update(Ordering::Relaxed, Ordering::Relaxed, |id| id.checked_add(1))
[INFO] [stdout]     |              ^^^^^^^^^^^^
[INFO] [stdout]     |
[INFO] [stdout]     = note: `#[warn(deprecated)]` on by default
[INFO] [stdout] help: replace the use of the deprecated method
[INFO] [stdout]     |
[INFO] [stdout] 266 -             .fetch_update(Ordering::Relaxed, Ordering::Relaxed, |id| id.checked_add(1))
[INFO] [stdout] 266 +             .try_update(Ordering::Relaxed, Ordering::Relaxed, |id| id.checked_add(1))
[INFO] [stdout]     |
[INFO] [stdout] 
[INFO] [stdout] 
[INFO] [stderr]     Finished `release` profile [optimized] target(s) in 38.42s
[INFO] running `Command { std: "docker" "inspect" "72d777caf3e5765b0cb53922e19db5fb8f661142673bb5c04c254ee2d199d57e", kill_on_drop: false }`
[INFO] running `Command { std: "docker" "exec" "-e" "SOURCE_DIR=/opt/rustwide/workdir" "-e" "CARGO_HOME=/opt/rustwide/cargo-home" "-e" "RUSTUP_HOME=/opt/rustwide/rustup-home" "-e" "CARGO_TARGET_DIR=/opt/rustwide/target" "-e" "CARGO_INCREMENTAL=0" "-e" "RUST_BACKTRACE=full" "-e" "RUSTFLAGS=--cap-lints=warn" "-e" "RUSTDOCFLAGS=--cap-lints=warn" "-w" "/opt/rustwide/workdir" "--user" "0:0" "72d777caf3e5765b0cb53922e19db5fb8f661142673bb5c04c254ee2d199d57e" "/opt/rustwide/cargo-home/bin/cargo" "+1.99.0-beta.8" "test" "--frozen" "--no-run" "--message-format=json" "--release", kill_on_drop: false }`
[INFO] [stderr]    Compiling crossbeam-utils v0.8.22
[INFO] [stderr]    Compiling zerocopy v0.8.55
[INFO] [stderr]    Compiling crossbeam-epoch v0.9.20
[INFO] [stderr]    Compiling crossbeam-deque v0.8.7
[INFO] [stderr]    Compiling either v1.17.0
[INFO] [stderr]    Compiling syn v2.0.119
[INFO] [stderr]    Compiling serde_json v1.0.151
[INFO] [stderr]    Compiling getrandom v0.3.4
[INFO] [stderr]    Compiling clap_builder v4.6.5
[INFO] [stderr]    Compiling regex-automata v0.4.16
[INFO] [stderr]    Compiling serde v1.0.229
[INFO] [stderr]    Compiling bitflags v2.13.1
[INFO] [stderr]    Compiling getrandom v0.4.3
[INFO] [stderr]    Compiling plotters v0.3.7
[INFO] [stderr]    Compiling is-terminal v0.4.17
[INFO] [stderr]    Compiling rustix v1.1.4
[INFO] [stderr]    Compiling itertools v0.10.5
[INFO] [stderr]    Compiling devondb-types v0.1.1
[INFO] [stderr]    Compiling rayon-core v1.13.0
[INFO] [stderr]    Compiling devondb-plan v0.1.1
[INFO] [stderr]    Compiling devondb-storage v0.1.1
[INFO] [stderr]    Compiling tinytemplate v1.2.1
[INFO] [stderr]    Compiling rayon v1.12.0
[INFO] [stderr]    Compiling criterion-plot v0.5.0
[INFO] [stderr]    Compiling tempfile v3.27.0
[INFO] [stderr]    Compiling zerocopy-derive v0.8.55
[INFO] [stderr]    Compiling clap v4.6.5
[INFO] [stderr]    Compiling regex v1.13.1
[INFO] [stderr]    Compiling devondb-exec v0.1.1
[INFO] [stderr]    Compiling devondb v0.1.1 (/opt/rustwide/workdir)
[INFO] [stdout] warning: use of deprecated method `std::sync::atomic::Atomic::<u64>::fetch_update`: renamed to `try_update` for consistency
[INFO] [stdout]    --> src/database/options.rs:266:14
[INFO] [stdout]     |
[INFO] [stdout] 266 |             .fetch_update(Ordering::Relaxed, Ordering::Relaxed, |id| id.checked_add(1))
[INFO] [stdout]     |              ^^^^^^^^^^^^
[INFO] [stdout]     |
[INFO] [stdout]     = note: `#[warn(deprecated)]` on by default
[INFO] [stdout] help: replace the use of the deprecated method
[INFO] [stdout]     |
[INFO] [stdout] 266 -             .fetch_update(Ordering::Relaxed, Ordering::Relaxed, |id| id.checked_add(1))
[INFO] [stdout] 266 +             .try_update(Ordering::Relaxed, Ordering::Relaxed, |id| id.checked_add(1))
[INFO] [stdout]     |
[INFO] [stdout] 
[INFO] [stdout] 
[INFO] [stderr]    Compiling half v2.7.1
[INFO] [stderr]    Compiling ciborium-ll v0.2.2
[INFO] [stderr]    Compiling ciborium v0.2.2
[INFO] [stderr]    Compiling criterion v0.5.1
[INFO] [stdout] warning: use of deprecated method `std::sync::atomic::Atomic::<u64>::fetch_update`: renamed to `try_update` for consistency
[INFO] [stdout]    --> src/database/options.rs:266:14
[INFO] [stdout]     |
[INFO] [stdout] 266 |             .fetch_update(Ordering::Relaxed, Ordering::Relaxed, |id| id.checked_add(1))
[INFO] [stdout]     |              ^^^^^^^^^^^^
[INFO] [stdout]     |
[INFO] [stdout]     = note: `#[warn(deprecated)]` on by default
[INFO] [stdout] help: replace the use of the deprecated method
[INFO] [stdout]     |
[INFO] [stdout] 266 -             .fetch_update(Ordering::Relaxed, Ordering::Relaxed, |id| id.checked_add(1))
[INFO] [stdout] 266 +             .try_update(Ordering::Relaxed, Ordering::Relaxed, |id| id.checked_add(1))
[INFO] [stdout]     |
[INFO] [stdout] 
[INFO] [stdout] 
[INFO] [stderr]     Finished `release` profile [optimized] target(s) in 1m 44s
[INFO] running `Command { std: "docker" "inspect" "72d777caf3e5765b0cb53922e19db5fb8f661142673bb5c04c254ee2d199d57e", kill_on_drop: false }`
[INFO] running `Command { std: "docker" "exec" "-e" "SOURCE_DIR=/opt/rustwide/workdir" "-e" "CARGO_HOME=/opt/rustwide/cargo-home" "-e" "RUSTUP_HOME=/opt/rustwide/rustup-home" "-e" "CARGO_TARGET_DIR=/opt/rustwide/target" "-e" "CARGO_INCREMENTAL=0" "-e" "RUST_BACKTRACE=full" "-e" "RUSTFLAGS=--cap-lints=warn" "-e" "RUSTDOCFLAGS=--cap-lints=warn" "-w" "/opt/rustwide/workdir" "--user" "0:0" "72d777caf3e5765b0cb53922e19db5fb8f661142673bb5c04c254ee2d199d57e" "/opt/rustwide/cargo-home/bin/cargo" "+1.99.0-beta.8" "test" "--frozen" "--release", kill_on_drop: false }`
[INFO] [stderr] warning: use of deprecated method `std::sync::atomic::Atomic::<u64>::fetch_update`: renamed to `try_update` for consistency
[INFO] [stderr]    --> src/database/options.rs:266:14
[INFO] [stderr]     |
[INFO] [stderr] 266 |             .fetch_update(Ordering::Relaxed, Ordering::Relaxed, |id| id.checked_add(1))
[INFO] [stderr]     |              ^^^^^^^^^^^^
[INFO] [stderr]     |
[INFO] [stderr]     = note: `#[warn(deprecated)]` on by default
[INFO] [stderr] help: replace the use of the deprecated method
[INFO] [stderr]     |
[INFO] [stderr] 266 -             .fetch_update(Ordering::Relaxed, Ordering::Relaxed, |id| id.checked_add(1))
[INFO] [stderr] 266 +             .try_update(Ordering::Relaxed, Ordering::Relaxed, |id| id.checked_add(1))
[INFO] [stderr]     |
[INFO] [stderr] 
[INFO] [stderr] warning: `devondb` (lib) generated 1 warning (run `cargo fix --lib -p devondb` to apply 1 suggestion)
[INFO] [stderr] warning: `devondb` (lib test) generated 1 warning (1 duplicate)
[INFO] [stderr]     Finished `release` profile [optimized] target(s) in 0.14s
[INFO] [stderr]      Running unittests src/lib.rs (/opt/rustwide/target/release/deps/devondb-186e8d390398f002)
[INFO] [stdout] 
[INFO] [stdout] running 49 tests
[INFO] [stdout] test database::hnsw::tests::hnsw_table_name_did_you_mean ... ok
[INFO] [stdout] test database::commit::tests::insert_node_table_name_did_you_mean ... ok
[INFO] [stdout] test database::hnsw::tests::hnsw_column_name_did_you_mean ... ok
[INFO] [stdout] test database::commit::tests::primary_key_miss_has_no_did_you_mean ... ok
[INFO] [stdout] test database::tests::create_node_table_is_durable_without_checkpoint ... ok
[INFO] [stdout] test database::tests::options_defaults_match_the_design_defaults ... ok
[INFO] [stdout] test database::tests::bare_null_projection_is_a_value ... ok
[INFO] [stdout] test database::tests::explicit_options_thread_the_memory_limit_and_round_trip ... ok
[INFO] [stdout] test database::tests::drop_without_checkpoint_recovers_rows_from_wal ... ok
[INFO] [stdout] test database::tests::expand_both_rejects_relationships_with_different_endpoints ... ok
[INFO] [stdout] test database::tests::expand_filters_and_internal_offsets_stay_out_of_results ... ok
[INFO] [stdout] test database::tests::knn_scan_over_an_empty_table_returns_no_rows_with_full_columns ... ok
[INFO] [stdout] test database::tests::knn_scan_runs_through_the_facade_with_output_only_distance ... ok
[INFO] [stdout] test database::tests::checkpoint_empties_wal_and_rows_survive_reopen ... ok
[INFO] [stdout] test database::tests::interleaved_two_table_wal_records_replay_to_their_tables ... ok
[INFO] [stdout] test database::tests::public_api_runs_scan_filter_project_and_limit ... ok
[INFO] [stdout] test database::tests::rel_create_validates_endpoints_and_duplicate_names ... ok
[INFO] [stdout] test database::tests::sub_minimum_memory_limit_is_rejected_on_create_and_open ... ok
[INFO] [stdout] test database::tests::expand_out_in_both_and_two_hops_return_exact_rows ... ok
[INFO] [stdout] test database::tests::txn_database_is_send_and_sync ... ok
[INFO] [stdout] test database::checkpoint::tests::checkpoint_materializes_persisted_and_overlay_dml_then_reopens_as_a_no_op ... ok
[INFO] [stdout] test database::checkpoint::tests::checkpoint_refuses_delete_compaction_for_an_edge_referenced_table ... ok
[INFO] [stdout] test database::tests::schema_only_ddl_stays_in_wal_and_next_crash_recovers_insert ... ok
[INFO] [stdout] test database::tests::crash_between_catalog_publish_and_wal_reset_does_not_duplicate_data ... ok
[INFO] [stdout] test database::tests::lsn_continuity_survives_checkpoint_and_crash_recovery ... ok
[INFO] [stdout] test database::tests::txn_ddl_name_collision_has_exact_display ... ok
[INFO] [stdout] test database::tests::txn_commit_is_atomic_across_drop_and_reopen ... ok
[INFO] [stdout] test database::tests::txn_abort_releases_the_recorded_write_set_charge ... ok
[INFO] [stdout] test database::tests::rel_wal_replay_recovers_edges_without_checkpoint ... ok
[INFO] [stdout] test database::tests::rel_insert_resolves_checkpointed_and_buffered_keys_and_types ... ok
[INFO] [stdout] test database::tests::txn_primary_key_validation_rejects_null_and_existing_duplicates ... ok
[INFO] [stdout] test database::typing::tests::canonical_expression_calls_the_expression_printer_directly ... ok
[INFO] [stdout] test database::tests::txn_drop_releases_the_recorded_write_set_charge ... ok
[INFO] [stdout] test database::typing::tests::projected_metadata_uses_alias_and_source_reference ... ok
[INFO] [stdout] test database::tests::txn_budget_failure_surfaces_before_anything_is_durable ... ok
[INFO] [stdout] test database::tests::txn_checkpoint_retains_conflict_summary_for_old_writer ... ok
[INFO] [stdout] test database::tests::txn_recovery_recharges_commit_summaries ... ok
[INFO] [stdout] test database::tests::txn_autocommit_and_explicit_transaction_return_identical_results ... ok
[INFO] [stdout] test database::tests::txn_duplicate_pk_conflict_has_exact_display_in_both_commit_orders ... ok
[INFO] [stdout] test database::tests::rel_checkpoint_with_only_edges_survives_reopen ... ok
[INFO] [stdout] test database::tests::validation_errors_for_unknown_table_and_column_surface_unchanged ... ok
[INFO] [stdout] test database::tests::txn_snapshot_is_unchanged_by_a_concurrent_commit ... ok
[INFO] [stdout] test database::tests::txn_recovery_groups_multiple_transactions_and_discards_trailing_group ... ok
[INFO] [stdout] test graph::tests::materialize_rejects_rows_from_wrong_length_destination_table ... ok
[INFO] [stdout] test database::tests::txn_write_set_charge_is_visible_and_commit_transfers_ownership ... ok
[INFO] [stdout] test database::tests::txn_summary_charge_failure_precedes_durability_and_database_recovers ... ok
[INFO] [stdout] test database::tests::txn_overlay_crossing_quarter_budget_triggers_checkpoint ... ok
[INFO] [stdout] test database::tests::txn_pinned_writer_charges_summaries_until_checkpoint_prunes_them ... ok
[INFO] [stdout] test database::tests::txn_streaming_scan_crosses_node_group_boundary ... ok
[INFO] [stdout] 
[INFO] [stdout] test result: ok. 49 passed; 0 failed; 0 ignored; 0 measured; 0 filtered out; finished in 0.21s
[INFO] [stdout] 
[INFO] [stderr]      Running tests/case_insensitive.rs (/opt/rustwide/target/release/deps/case_insensitive-5d591e02b2e68665)
[INFO] [stdout] 
[INFO] [stdout] running 6 tests
[INFO] [stdout] test mixed_case_primary_key_writers_conflict_across_transactions ... ok
[INFO] [stdout] test folded_table_binding_and_column_references_preserve_display_spelling ... ok
[INFO] [stdout] test checkpoint_and_reopen_preserve_catalog_case_and_mixed_case_rows ... ok
[INFO] [stdout] test fold_equal_table_column_and_index_names_collide ... ok
[INFO] [stdout] test hnsw_ddl_and_approximate_knn_resolve_folded_references ... ok
[INFO] [stdout] test relationship_endpoints_and_expand_references_match_folded ... ok
[INFO] [stdout] 
[INFO] [stdout] test result: ok. 6 passed; 0 failed; 0 ignored; 0 measured; 0 filtered out; finished in 0.24s
[INFO] [stdout] 
[INFO] [stderr]      Running tests/concurrency.rs (/opt/rustwide/target/release/deps/concurrency-9f64307ac0296823)
[INFO] [stdout] 
[INFO] [stdout] running 9 tests
[INFO] [stdout] test t5_concurrent_table_creation_has_one_winner_and_one_conflict ... ok
[INFO] [stdout] test t4_conflict_summary_survives_checkpoint_for_old_writer ... ok
[INFO] [stdout] test t6_pinned_reader_survives_commit_and_checkpoint_page_replacement ... ok
[INFO] [stdout] test t8_commit_child_process ... ok
[INFO] [stdout] test t1_pinned_reader_is_row_identical_across_writer_commits ... ok
[INFO] [stdout] test t8_sigkill_recovers_acknowledged_transactions_without_partial_tail ... ok
[INFO] [stdout] test t2_four_disjoint_writers_commit_every_transaction_once ... ok
[INFO] [stdout] test t3_same_primary_key_conflicts_in_both_commit_orders ... ok
[INFO] [stderr]      Running tests/copy.rs (/opt/rustwide/target/release/deps/copy-f48a9a96daf21207)
[INFO] [stdout] test t7_writer_checkpoint_and_readers_preserve_prefix_consistency ... ok
[INFO] [stdout] 
[INFO] [stdout] test result: ok. 9 passed; 0 failed; 0 ignored; 0 measured; 0 filtered out; finished in 2.03s
[INFO] [stdout] 
[INFO] [stdout] 
[INFO] [stdout] running 9 tests
[INFO] [stdout] test copy_kill_child_process ... ok
[INFO] [stdout] test open_write_transaction_refuses_copy_then_commit_unblocks_it ... ok
[INFO] [stdout] test primary_key_failures_match_insert_and_leave_rows_unchanged ... ok
[INFO] [stdout] test parsed_copy_round_trips_every_csv_type_and_null ... ok
[INFO] [stdout] test copy_refuses_rel_index_unknown_missing_and_string_sort ... ok
[INFO] [stdout] test float_and_geo_sorts_place_nulls_last ... ok
[INFO] [stdout] test sorted_copy_budget_error_is_atomic_and_database_stays_usable ... ok
[INFO] [stdout] test sorted_copy_proves_zone_map_multiplier_two_sidedly ... ok
[INFO] [stdout] test kill_mid_copy_keeps_original_rows_and_copy_can_retry ... ok
[INFO] [stdout] 
[INFO] [stdout] test result: ok. 9 passed; 0 failed; 0 ignored; 0 measured; 0 filtered out; finished in 3.30s
[INFO] [stdout] 
[INFO] [stderr]      Running tests/dml.rs (/opt/rustwide/target/release/deps/dml-7b1f88d68619b3b6)
[INFO] [stdout] 
[INFO] [stdout] running 10 tests
[INFO] [stdout] test dml_crash_child_process ... ok
[INFO] [stdout] test own_insert_updates_fold_and_own_insert_delete_disappears ... ok
[INFO] [stdout] test dml_refusal_matrix_reports_honest_errors_and_suggestions ... ok
[INFO] [stdout] test delete_refuses_any_relationship_endpoint_even_without_edges ... ok
[INFO] [stdout] test concurrent_insert_conflicts_with_an_older_update_of_the_same_pk ... ok
[INFO] [stdout] test update_and_delete_refuse_hnsw_indexed_tables ... ok
[INFO] [stdout] test zone_map_pruning_emits_replacement_from_a_pruned_group ... ok
[INFO] [stdout] test kill_after_dml_ack_recovers_and_checkpoint_clears_dml_wal_bit ... ok
[INFO] [stdout] test update_delete_are_visible_across_snapshots_checkpoints_and_reopen ... ok
[INFO] [stderr]      Running tests/format_freeze.rs (/opt/rustwide/target/release/deps/format_freeze-5725b46fd149ffed)
[INFO] [stdout] test same_pk_dml_conflict_matrix_is_first_committer_wins ... ok
[INFO] [stdout] 
[INFO] [stdout] test result: ok. 10 passed; 0 failed; 0 ignored; 0 measured; 0 filtered out; finished in 0.26s
[INFO] [stdout] 
[INFO] [stdout] 
[INFO] [stdout] running 7 tests
[INFO] [stdout] test format_version_is_frozen_at_one ... ok
[INFO] [stdout] test every_corpus_anchor_has_a_zero_superblock_extension_region ... FAILED
[INFO] [stdout] test every_corpus_file_is_covered_by_the_freeze_fence ... FAILED
[INFO] [stdout] test a_frozen_reader_opens_every_post_freeze_release_anchor_unchanged ... FAILED
[INFO] [stdout] test a_frozen_reader_opens_every_pre_freeze_file_unchanged ... FAILED
[INFO] [stdout] test a_newly_created_file_is_written_at_the_frozen_version ... ok
[INFO] [stderr] error: test failed, to rerun pass `--test format_freeze`
[INFO] [stdout] test the_writer_leaves_the_superblock_extension_region_zero ... ok
[INFO] [stdout] 
[INFO] [stdout] failures:
[INFO] [stdout] 
[INFO] [stdout] ---- every_corpus_anchor_has_a_zero_superblock_extension_region stdout ----
[INFO] [stdout] 
[INFO] [stdout] thread 'every_corpus_anchor_has_a_zero_superblock_extension_region' (2353) panicked at tests/format_freeze.rs:207:61:
[INFO] [stdout] called `Result::unwrap()` on an `Err` value: Os { code: 2, kind: NotFound, message: "No such file or directory" }
[INFO] [stdout] stack backtrace:
[INFO] [stdout]    0:     0x60cc68bb90d1 - <<std[70759c8f55707aa4]::sys::backtrace::BacktraceLock>::print::DisplayBacktrace as core[df12db4294e9bfd3]::fmt::Display>::fmt
[INFO] [stdout]    1:     0x60cc68bcea9a - core[df12db4294e9bfd3]::fmt::write
[INFO] [stdout]    2:     0x60cc68bbd99c - <alloc[2182bb758b4b3781]::vec::Vec<u8> as core[df12db4294e9bfd3]::io::write::Write>::write_fmt
[INFO] [stdout]    3:     0x60cc68b92b86 - std[70759c8f55707aa4]::panicking::default_hook::{closure#0}
[INFO] [stdout]    4:     0x60cc68bafe59 - std[70759c8f55707aa4]::panicking::default_hook
[INFO] [stdout]    5:     0x60cc68aedb00 - test[9d35eded1c95d3be]::test_main_inner::<test[9d35eded1c95d3be]::test_main_static::{closure#0}>::{closure#0}
[INFO] [stdout]    6:     0x60cc68bb0012 - std[70759c8f55707aa4]::panicking::panic_with_hook
[INFO] [stdout]    7:     0x60cc68b92c32 - std[70759c8f55707aa4]::panicking::panic_handler::{closure#0}
[INFO] [stdout]    8:     0x60cc68b8b669 - std[70759c8f55707aa4]::sys::backtrace::__rust_end_short_backtrace::<std[70759c8f55707aa4]::panicking::panic_handler::{closure#0}, !>
[INFO] [stdout]    9:     0x60cc68b9382d - __rustc[8fa7c3cbc660c2b3]::rust_begin_unwind
[INFO] [stdout]   10:     0x60cc68bcf1cc - core[df12db4294e9bfd3]::panicking::panic_fmt
[INFO] [stdout]   11:     0x60cc68bcefa2 - core[df12db4294e9bfd3]::result::unwrap_failed
[INFO] [stdout]   12:     0x60cc68adcb4c - <format_freeze[e612beb3adfaf48b]::every_corpus_anchor_has_a_zero_superblock_extension_region::{closure#0} as core[df12db4294e9bfd3]::ops::function::FnOnce<()>>::call_once
[INFO] [stdout]   13:     0x60cc68ae0deb - test[9d35eded1c95d3be]::__rust_begin_short_backtrace::<core[df12db4294e9bfd3]::result::Result<(), alloc[2182bb758b4b3781]::string::String>, fn() -> core[df12db4294e9bfd3]::result::Result<(), alloc[2182bb758b4b3781]::string::String>>
[INFO] [stdout]   14:     0x60cc68aee455 - test[9d35eded1c95d3be]::run_test::{closure#0}
[INFO] [stdout]   15:     0x60cc68ae7d14 - std[70759c8f55707aa4]::sys::backtrace::__rust_begin_short_backtrace::<test[9d35eded1c95d3be]::run_test::{closure#1}, ()>
[INFO] [stdout]   16:     0x60cc68af15b2 - <std[70759c8f55707aa4]::thread::lifecycle::spawn_unchecked<test[9d35eded1c95d3be]::run_test::{closure#1}, ()>::{closure#1} as core[df12db4294e9bfd3]::ops::function::FnOnce<()>>::call_once::{shim:vtable#0}
[INFO] [stdout]   17:     0x60cc68bb84e9 - <std[70759c8f55707aa4]::sys::thread::unix::Thread>::new::thread_start
[INFO] [stdout]   18:     0x7174111f0dfa - <unknown>
[INFO] [stdout]   19:     0x7174112843d4 - clone
[INFO] [stdout]   20:                0x0 - <unknown>
[INFO] [stdout] 
[INFO] [stdout] ---- every_corpus_file_is_covered_by_the_freeze_fence stdout ----
[INFO] [stdout] 
[INFO] [stdout] thread 'every_corpus_file_is_covered_by_the_freeze_fence' (2354) panicked at tests/format_freeze.rs:225:10:
[INFO] [stdout] called `Result::unwrap()` on an `Err` value: Os { code: 2, kind: NotFound, message: "No such file or directory" }
[INFO] [stdout] stack backtrace:
[INFO] [stdout]    0:     0x60cc68bb90d1 - <<std[70759c8f55707aa4]::sys::backtrace::BacktraceLock>::print::DisplayBacktrace as core[df12db4294e9bfd3]::fmt::Display>::fmt
[INFO] [stdout]    1:     0x60cc68bcea9a - core[df12db4294e9bfd3]::fmt::write
[INFO] [stdout]    2:     0x60cc68bbd99c - <alloc[2182bb758b4b3781]::vec::Vec<u8> as core[df12db4294e9bfd3]::io::write::Write>::write_fmt
[INFO] [stdout]    3:     0x60cc68b92b86 - std[70759c8f55707aa4]::panicking::default_hook::{closure#0}
[INFO] [stdout]    4:     0x60cc68bafe59 - std[70759c8f55707aa4]::panicking::default_hook
[INFO] [stdout]    5:     0x60cc68aedb00 - test[9d35eded1c95d3be]::test_main_inner::<test[9d35eded1c95d3be]::test_main_static::{closure#0}>::{closure#0}
[INFO] [stdout]    6:     0x60cc68bb0012 - std[70759c8f55707aa4]::panicking::panic_with_hook
[INFO] [stdout]    7:     0x60cc68b92c32 - std[70759c8f55707aa4]::panicking::panic_handler::{closure#0}
[INFO] [stdout]    8:     0x60cc68b8b669 - std[70759c8f55707aa4]::sys::backtrace::__rust_end_short_backtrace::<std[70759c8f55707aa4]::panicking::panic_handler::{closure#0}, !>
[INFO] [stdout]    9:     0x60cc68b9382d - __rustc[8fa7c3cbc660c2b3]::rust_begin_unwind
[INFO] [stdout]   10:     0x60cc68bcf1cc - core[df12db4294e9bfd3]::panicking::panic_fmt
[INFO] [stdout]   11:     0x60cc68bcefa2 - core[df12db4294e9bfd3]::result::unwrap_failed
[INFO] [stdout]   12:     0x60cc68adb7ca - <format_freeze[e612beb3adfaf48b]::every_corpus_file_is_covered_by_the_freeze_fence::{closure#0} as core[df12db4294e9bfd3]::ops::function::FnOnce<()>>::call_once
[INFO] [stdout]   13:     0x60cc68ae0deb - test[9d35eded1c95d3be]::__rust_begin_short_backtrace::<core[df12db4294e9bfd3]::result::Result<(), alloc[2182bb758b4b3781]::string::String>, fn() -> core[df12db4294e9bfd3]::result::Result<(), alloc[2182bb758b4b3781]::string::String>>
[INFO] [stdout]   14:     0x60cc68aee455 - test[9d35eded1c95d3be]::run_test::{closure#0}
[INFO] [stdout]   15:     0x60cc68ae7d14 - std[70759c8f55707aa4]::sys::backtrace::__rust_begin_short_backtrace::<test[9d35eded1c95d3be]::run_test::{closure#1}, ()>
[INFO] [stdout]   16:     0x60cc68af15b2 - <std[70759c8f55707aa4]::thread::lifecycle::spawn_unchecked<test[9d35eded1c95d3be]::run_test::{closure#1}, ()>::{closure#1} as core[df12db4294e9bfd3]::ops::function::FnOnce<()>>::call_once::{shim:vtable#0}
[INFO] [stdout]   17:     0x60cc68bb84e9 - <std[70759c8f55707aa4]::sys::thread::unix::Thread>::new::thread_start
[INFO] [stdout]   18:     0x7174111f0dfa - <unknown>
[INFO] [stdout]   19:     0x7174112843d4 - clone
[INFO] [stdout]   20:                0x0 - <unknown>
[INFO] [stdout] 
[INFO] [stdout] ---- a_frozen_reader_opens_every_post_freeze_release_anchor_unchanged stdout ----
[INFO] [stdout] 
[INFO] [stdout] thread 'a_frozen_reader_opens_every_post_freeze_release_anchor_unchanged' (2350) panicked at tests/format_freeze.rs:117:9:
[INFO] [stdout] post-freeze anchor release-0.1.0.devondb is missing
[INFO] [stdout] stack backtrace:
[INFO] [stdout]    0:     0x60cc68bb90d1 - <<std[70759c8f55707aa4]::sys::backtrace::BacktraceLock>::print::DisplayBacktrace as core[df12db4294e9bfd3]::fmt::Display>::fmt
[INFO] [stdout]    1:     0x60cc68bcea9a - core[df12db4294e9bfd3]::fmt::write
[INFO] [stdout]    2:     0x60cc68bbd99c - <alloc[2182bb758b4b3781]::vec::Vec<u8> as core[df12db4294e9bfd3]::io::write::Write>::write_fmt
[INFO] [stdout]    3:     0x60cc68b92b86 - std[70759c8f55707aa4]::panicking::default_hook::{closure#0}
[INFO] [stdout]    4:     0x60cc68bafe59 - std[70759c8f55707aa4]::panicking::default_hook
[INFO] [stdout]    5:     0x60cc68aedb00 - test[9d35eded1c95d3be]::test_main_inner::<test[9d35eded1c95d3be]::test_main_static::{closure#0}>::{closure#0}
[INFO] [stdout]    6:     0x60cc68bb0012 - std[70759c8f55707aa4]::panicking::panic_with_hook
[INFO] [stdout]    7:     0x60cc68b92c32 - std[70759c8f55707aa4]::panicking::panic_handler::{closure#0}
[INFO] [stdout]    8:     0x60cc68b8b669 - std[70759c8f55707aa4]::sys::backtrace::__rust_end_short_backtrace::<std[70759c8f55707aa4]::panicking::panic_handler::{closure#0}, !>
[INFO] [stdout]    9:     0x60cc68b9382d - __rustc[8fa7c3cbc660c2b3]::rust_begin_unwind
[INFO] [stdout]   10:     0x60cc68bcf1cc - core[df12db4294e9bfd3]::panicking::panic_fmt
[INFO] [stdout]   11:     0x60cc68add263 - <format_freeze[e612beb3adfaf48b]::a_frozen_reader_opens_every_post_freeze_release_anchor_unchanged::{closure#0} as core[df12db4294e9bfd3]::ops::function::FnOnce<()>>::call_once
[INFO] [stdout]   12:     0x60cc68ae0deb - test[9d35eded1c95d3be]::__rust_begin_short_backtrace::<core[df12db4294e9bfd3]::result::Result<(), alloc[2182bb758b4b3781]::string::String>, fn() -> core[df12db4294e9bfd3]::result::Result<(), alloc[2182bb758b4b3781]::string::String>>
[INFO] [stdout]   13:     0x60cc68aee455 - test[9d35eded1c95d3be]::run_test::{closure#0}
[INFO] [stdout]   14:     0x60cc68ae7d14 - std[70759c8f55707aa4]::sys::backtrace::__rust_begin_short_backtrace::<test[9d35eded1c95d3be]::run_test::{closure#1}, ()>
[INFO] [stdout]   15:     0x60cc68af15b2 - <std[70759c8f55707aa4]::thread::lifecycle::spawn_unchecked<test[9d35eded1c95d3be]::run_test::{closure#1}, ()>::{closure#1} as core[df12db4294e9bfd3]::ops::function::FnOnce<()>>::call_once::{shim:vtable#0}
[INFO] [stdout]   16:     0x60cc68bb84e9 - <std[70759c8f55707aa4]::sys::thread::unix::Thread>::new::thread_start
[INFO] [stdout]   17:     0x7174111f0dfa - <unknown>
[INFO] [stdout]   18:     0x7174112843d4 - clone
[INFO] [stdout]   19:                0x0 - <unknown>
[INFO] [stdout] 
[INFO] [stdout] ---- a_frozen_reader_opens_every_pre_freeze_file_unchanged stdout ----
[INFO] [stdout] 
[INFO] [stdout] thread 'a_frozen_reader_opens_every_pre_freeze_file_unchanged' (2351) panicked at tests/format_freeze.rs:70:9:
[INFO] [stdout] pre-freeze anchor m1-person.devondb is missing
[INFO] [stdout] stack backtrace:
[INFO] [stdout]    0:     0x60cc68bb90d1 - <<std[70759c8f55707aa4]::sys::backtrace::BacktraceLock>::print::DisplayBacktrace as core[df12db4294e9bfd3]::fmt::Display>::fmt
[INFO] [stdout]    1:     0x60cc68bcea9a - core[df12db4294e9bfd3]::fmt::write
[INFO] [stdout]    2:     0x60cc68bbd99c - <alloc[2182bb758b4b3781]::vec::Vec<u8> as core[df12db4294e9bfd3]::io::write::Write>::write_fmt
[INFO] [stdout]    3:     0x60cc68b92b86 - std[70759c8f55707aa4]::panicking::default_hook::{closure#0}
[INFO] [stdout]    4:     0x60cc68bafe59 - std[70759c8f55707aa4]::panicking::default_hook
[INFO] [stdout]    5:     0x60cc68aedb00 - test[9d35eded1c95d3be]::test_main_inner::<test[9d35eded1c95d3be]::test_main_static::{closure#0}>::{closure#0}
[INFO] [stdout]    6:     0x60cc68bb0012 - std[70759c8f55707aa4]::panicking::panic_with_hook
[INFO] [stdout]    7:     0x60cc68b92c32 - std[70759c8f55707aa4]::panicking::panic_handler::{closure#0}
[INFO] [stdout]    8:     0x60cc68b8b669 - std[70759c8f55707aa4]::sys::backtrace::__rust_end_short_backtrace::<std[70759c8f55707aa4]::panicking::panic_handler::{closure#0}, !>
[INFO] [stdout]    9:     0x60cc68b9382d - __rustc[8fa7c3cbc660c2b3]::rust_begin_unwind
[INFO] [stdout]   10:     0x60cc68bcf1cc - core[df12db4294e9bfd3]::panicking::panic_fmt
[INFO] [stdout]   11:     0x60cc68adbf80 - <format_freeze[e612beb3adfaf48b]::a_frozen_reader_opens_every_pre_freeze_file_unchanged::{closure#0} as core[df12db4294e9bfd3]::ops::function::FnOnce<()>>::call_once
[INFO] [stdout]   12:     0x60cc68ae0deb - test[9d35eded1c95d3be]::__rust_begin_short_backtrace::<core[df12db4294e9bfd3]::result::Result<(), alloc[2182bb758b4b3781]::string::String>, fn() -> core[df12db4294e9bfd3]::result::Result<(), alloc[2182bb758b4b3781]::string::String>>
[INFO] [stdout]   13:     0x60cc68aee455 - test[9d35eded1c95d3be]::run_test::{closure#0}
[INFO] [stdout]   14:     0x60cc68ae7d14 - std[70759c8f55707aa4]::sys::backtrace::__rust_begin_short_backtrace::<test[9d35eded1c95d3be]::run_test::{closure#1}, ()>
[INFO] [stdout]   15:     0x60cc68af15b2 - <std[70759c8f55707aa4]::thread::lifecycle::spawn_unchecked<test[9d35eded1c95d3be]::run_test::{closure#1}, ()>::{closure#1} as core[df12db4294e9bfd3]::ops::function::FnOnce<()>>::call_once::{shim:vtable#0}
[INFO] [stdout]   16:     0x60cc68bb84e9 - <std[70759c8f55707aa4]::sys::thread::unix::Thread>::new::thread_start
[INFO] [stdout]   17:     0x7174111f0dfa - <unknown>
[INFO] [stdout]   18:     0x7174112843d4 - clone
[INFO] [stdout]   19:                0x0 - <unknown>
[INFO] [stdout] 
[INFO] [stdout] 
[INFO] [stdout] failures:
[INFO] [stdout]     a_frozen_reader_opens_every_post_freeze_release_anchor_unchanged
[INFO] [stdout]     a_frozen_reader_opens_every_pre_freeze_file_unchanged
[INFO] [stdout]     every_corpus_anchor_has_a_zero_superblock_extension_region
[INFO] [stdout]     every_corpus_file_is_covered_by_the_freeze_fence
[INFO] [stdout] 
[INFO] [stdout] test result: FAILED. 3 passed; 4 failed; 0 ignored; 0 measured; 0 filtered out; finished in 0.01s
[INFO] [stdout] 
[INFO] running `Command { std: "docker" "inspect" "72d777caf3e5765b0cb53922e19db5fb8f661142673bb5c04c254ee2d199d57e", kill_on_drop: false }`
[INFO] running `Command { std: "docker" "rm" "-f" "72d777caf3e5765b0cb53922e19db5fb8f661142673bb5c04c254ee2d199d57e", kill_on_drop: false }`
[INFO] [stdout] 72d777caf3e5765b0cb53922e19db5fb8f661142673bb5c04c254ee2d199d57e
