[INFO] fetching crate device-envoy-rp 0.1.6...
[INFO] testing device-envoy-rp-0.1.6 against 1.99.0-beta.8+cargoflags=--release for beta-release-1.100-2
[INFO] extracting crate device-envoy-rp 0.1.6 into /workspace/builds/worker-2-tc1/source
[INFO] removed /workspace/builds/worker-2-tc1/source/.cargo/config.toml
[INFO] removed /workspace/builds/worker-2-tc1/source/rust-toolchain.toml
[INFO] started tweaking crates.io crate device-envoy-rp 0.1.6
[INFO] finished tweaking crates.io crate device-envoy-rp 0.1.6
[INFO] tweaked toml for crates.io crate device-envoy-rp 0.1.6 written to /workspace/builds/worker-2-tc1/source/Cargo.toml
[INFO] validating manifest of crates.io crate device-envoy-rp 0.1.6 on toolchain 1.99.0-beta.8
[INFO] running `Command { std: CARGO_HOME="/workspace/cargo-home" RUSTUP_HOME="/workspace/rustup-home" "/workspace/cargo-home/bin/cargo" "+1.99.0-beta.8" "metadata" "--manifest-path" "Cargo.toml" "--no-deps", kill_on_drop: false }`
[INFO] crate crates.io crate device-envoy-rp 0.1.6 already has a lockfile, it will not be regenerated
[INFO] running `Command { std: CARGO_HOME="/workspace/cargo-home" RUSTUP_HOME="/workspace/rustup-home" "/workspace/cargo-home/bin/cargo" "+1.99.0-beta.8" "fetch" "--manifest-path" "Cargo.toml", kill_on_drop: false }`
[INFO] [stderr] warning: Cargo.toml: `lints.clippy.items-after-statements` is deprecated in favor of `lints.clippy.items_after_statements` and will not work in a future edition
[INFO] [stderr] warning: Cargo.toml: `lints.clippy.match-same-arms` is deprecated in favor of `lints.clippy.match_same_arms` and will not work in a future edition
[INFO] [stderr] warning: `device-envoy-rp` (manifest) generated 2 warnings
[INFO] [stderr]     Updating crates.io index
[INFO] [stderr]     Blocking waiting for file lock on package cache
[INFO] [stderr]  Downloading crates ...
[INFO] [stderr]   Downloaded num-conv v0.2.0
[INFO] [stderr]   Downloaded getrandom v0.4.1
[INFO] [stderr]   Downloaded semver v1.0.27
[INFO] [stderr]   Downloaded pio-proc v0.3.0
[INFO] [stderr]   Downloaded bitflags v2.11.0
[INFO] [stderr]   Downloaded precomputed-hash v0.1.1
[INFO] [stderr]   Downloaded pico-args v0.5.0
[INFO] [stderr]   Downloaded ascii-canvas v4.0.0
[INFO] [stderr]   Downloaded panic-probe v1.0.0
[INFO] [stderr]   Downloaded embedded-hal-bus v0.3.0
[INFO] [stderr]   Downloaded managed v0.8.0
[INFO] [stderr]   Downloaded nb v0.1.3
[INFO] [stderr]   Downloaded keccak v0.1.6
[INFO] [stderr]   Downloaded defmt-parser v1.0.0
[INFO] [stderr]   Downloaded vcell v0.1.3
[INFO] [stderr]   Downloaded esp-hal-mfrc522 v0.3.3
[INFO] [stderr]   Downloaded debug-helper v0.3.13
[INFO] [stderr]   Downloaded embassy-usb-driver v0.2.0
[INFO] [stderr]   Downloaded embedded-io-async v0.6.1
[INFO] [stderr]   Downloaded embed-doc-image v0.1.4
[INFO] [stderr]   Downloaded embassy-time-queue-utils v0.3.0
[INFO] [stderr]   Downloaded embassy-time-driver v0.2.2
[INFO] [stderr]   Downloaded smart-leds-trait v0.3.2
[INFO] [stderr]   Downloaded embedded-storage-async v0.4.1
[INFO] [stderr]   Downloaded smart-leds v0.4.0
[INFO] [stderr]   Downloaded siphasher v1.0.2
[INFO] [stderr]   Downloaded embedded-io-async v0.7.0
[INFO] [stderr]   Downloaded defmt v0.3.100
[INFO] [stderr]   Downloaded hash32 v0.3.1
[INFO] [stderr]   Downloaded futures-sink v0.3.32
[INFO] [stderr]   Downloaded cortex-m-rt-macros v0.7.5
[INFO] [stderr]   Downloaded itoa v1.0.17
[INFO] [stderr]   Downloaded semver-parser v0.7.0
[INFO] [stderr]   Downloaded embedded-hal-async v1.0.0
[INFO] [stderr]   Downloaded embedded-nal v0.9.0
[INFO] [stderr]   Downloaded static_cell v2.1.1
[INFO] [stderr]   Downloaded pio-parser v0.3.0
[INFO] [stderr]   Downloaded pio-core v0.3.0
[INFO] [stderr]   Downloaded embedded-nal-async v0.9.0
[INFO] [stderr]   Downloaded new_debug_unreachable v1.0.6
[INFO] [stderr]   Downloaded bit-set v0.8.0
[INFO] [stderr]   Downloaded volatile-register v0.2.2
[INFO] [stderr]   Downloaded void v1.0.2
[INFO] [stderr]   Downloaded embedded-io v0.7.1
[INFO] [stderr]   Downloaded embassy-executor-timer-queue v0.1.0
[INFO] [stderr]   Downloaded embedded-hal-nb v1.0.0
[INFO] [stderr]   Downloaded tracing-log v0.2.0
[INFO] [stderr]   Downloaded cyw43-pio v0.10.0
[INFO] [stderr]   Downloaded critical-section v1.2.0
[INFO] [stderr]   Downloaded num_enum v0.7.5
[INFO] [stderr]   Downloaded arrayvec v0.7.6
[INFO] [stderr]   Downloaded embedded-storage v0.3.1
[INFO] [stderr]   Downloaded embedded-io v0.6.1
[INFO] [stderr]   Downloaded simd-adler32 v0.3.8
[INFO] [stderr]   Downloaded fdeflate v0.3.7
[INFO] [stderr]   Downloaded paste v1.0.15
[INFO] [stderr]   Downloaded num_enum_derive v0.7.5
[INFO] [stderr]   Downloaded lalrpop-util v0.22.2
[INFO] [stderr]   Downloaded string_cache v0.8.9
[INFO] [stderr]   Downloaded ena v0.14.4
[INFO] [stderr]   Downloaded bit-vec v0.8.0
[INFO] [stderr]   Downloaded defmt-macros v1.0.1
[INFO] [stderr]   Downloaded nb v1.1.0
[INFO] [stderr]   Downloaded bare-metal v0.2.5
[INFO] [stderr]   Downloaded rustc_version v0.2.3
[INFO] [stderr]   Downloaded semver v0.9.0
[INFO] [stderr]   Downloaded embedded-hal v1.0.0
[INFO] [stderr]   Downloaded float-cmp v0.9.0
[INFO] [stderr]   Downloaded embassy-time v0.5.1
[INFO] [stderr]   Downloaded cortex-m-rt v0.7.5
[INFO] [stderr]   Downloaded embassy-futures v0.1.2
[INFO] [stderr]   Downloaded embassy-hal-internal v0.4.0
[INFO] [stderr]   Downloaded thread_local v1.1.9
[INFO] [stderr]   Downloaded scoped-tls v1.0.1
[INFO] [stderr]   Downloaded postcard v1.1.3
[INFO] [stderr]   Downloaded rgb v0.8.53
[INFO] [stderr]   Downloaded pio v0.3.0
[INFO] [stderr]   Downloaded term v1.2.1
[INFO] [stderr]   Downloaded defmt v1.0.1
[INFO] [stderr]   Downloaded embedded-hal v0.2.7
[INFO] [stderr]   Downloaded bitfield v0.13.2
[INFO] [stderr]   Downloaded embedded-graphics-core v0.4.1
[INFO] [stderr]   Downloaded az v1.2.1
[INFO] [stderr]   Downloaded rp2040-boot2 v0.3.0
[INFO] [stderr]   Downloaded crc-any v2.5.0
[INFO] [stderr]   Downloaded embassy-executor-macros v0.8.0
[INFO] [stderr]   Downloaded matchers v0.2.0
[INFO] [stderr]   Downloaded futures-io v0.3.32
[INFO] [stderr]   Downloaded aligned v0.4.3
[INFO] [stderr]   Downloaded as-slice v0.2.1
[INFO] [stderr]   Downloaded crc32fast v1.5.0
[INFO] [stderr]   Downloaded codespan-reporting v0.11.1
[INFO] [stderr]   Downloaded mipidsi v0.10.0
[INFO] [stderr]   Downloaded heapless v0.8.0
[INFO] [stderr]   Downloaded base64 v0.13.1
[INFO] [stderr]   Downloaded embassy-sync v0.8.0
[INFO] [stderr]   Downloaded embassy-embedded-hal v0.6.0
[INFO] [stderr]   Downloaded memchr v2.8.0
[INFO] [stderr]   Downloaded typenum v1.19.0
[INFO] [stderr]   Downloaded embassy-net-driver v0.2.0
[INFO] [stderr]   Downloaded cobs v0.3.0
[INFO] [stderr]   Downloaded embassy-net-driver-channel v0.4.0
[INFO] [stderr]   Downloaded flate2 v1.1.9
[INFO] [stderr]   Downloaded zerocopy-derive v0.8.40
[INFO] [stderr]   Downloaded find-msvc-tools v0.1.9
[INFO] [stderr]   Downloaded profont v0.7.0
[INFO] [stderr]   Downloaded defmt-rtt v1.1.0
[INFO] [stderr]   Downloaded futures-macro v0.3.32
[INFO] [stderr]   Downloaded indexmap v2.13.0
[INFO] [stderr]   Downloaded nu-ansi-term v0.50.3
[INFO] [stderr]   Downloaded wasip2 v1.0.2+wasi-0.2.9
[INFO] [stderr]   Downloaded png v0.18.1
[INFO] [stderr]   Downloaded heapless v0.9.2
[INFO] [stderr]   Downloaded cortex-m v0.7.7
[INFO] [stderr]   Downloaded serde_json v1.0.149
[INFO] [stderr]   Downloaded valuable v0.1.1
[INFO] [stderr]   Downloaded futures-channel v0.3.32
[INFO] [stderr]   Downloaded embassy-rp v0.10.0
[INFO] [stderr]   Downloaded embassy-hal-internal v0.5.0
[INFO] [stderr]   Downloaded embassy-net v0.9.1
[INFO] [stderr]   Downloaded generator v0.8.8
[INFO] [stderr]   Downloaded cyw43 v0.7.0
[INFO] [stderr]   Downloaded futures v0.3.32
[INFO] [stderr]   Downloaded micromath v2.1.0
[INFO] [stderr]   Downloaded embassy-executor v0.10.0
[INFO] [stderr]   Downloaded sharded-slab v0.1.7
[INFO] [stderr]   Downloaded unicode-width v0.1.14
[INFO] [stderr]   Downloaded fixed v1.29.0
[INFO] [stderr]   Downloaded lalrpop v0.22.2
[INFO] [stderr]   Downloaded zerocopy v0.8.40
[INFO] [stderr]   Downloaded bt-hci v0.8.1
[INFO] [stderr]   Downloaded btuuid v0.1.1
[INFO] [stderr]   Downloaded cordyceps v0.3.4
[INFO] [stderr]   Downloaded loom v0.7.2
[INFO] [stderr]   Downloaded cc v1.2.60
[INFO] [stderr]   Downloaded smoltcp v0.13.0
[INFO] [stderr]   Downloaded cyw43-firmware v0.1.0
[INFO] [stderr]   Downloaded chrono v0.4.44
[INFO] [stderr]   Downloaded pure-rust-locales v0.8.2
[INFO] [stderr]   Downloaded tracing-subscriber v0.3.23
[INFO] [stderr]   Downloaded petgraph v0.7.1
[INFO] [stderr]   Downloaded libc v0.2.182
[INFO] [stderr]   Downloaded rp-pac v7.0.0
[INFO] [stderr]   Downloaded sha3 v0.10.8
[INFO] [stderr]   Downloaded hd44780-driver v0.4.0
[INFO] [stderr]   Downloaded embedded-graphics v0.8.2
[INFO] [stderr]   Downloaded device-envoy-core v0.1.6
[INFO] running `Command { std: "docker" "create" "-v" "/var/lib/crater-agent-workspace/builds/worker-2-tc1/source:/opt/rustwide/workdir:ro,Z" "-v" "/var/lib/crater-agent-workspace/builds/worker-2-tc1/target:/opt/rustwide/target:rw,Z" "-v" "/var/lib/crater-agent-workspace/cargo-home:/opt/rustwide/cargo-home:ro,Z" "-v" "/var/lib/crater-agent-workspace/rustup-home:/opt/rustwide/rustup-home:ro,Z" "-m" "1610612736" "--network" "none" "ghcr.io/rust-lang/crates-build-env/linux@sha256:77db811e55d90add9212f6832c23229e3de5f1c1f9905e8cb07319ea15df73ac" "sleep" "infinity", kill_on_drop: false }`
[INFO] [stdout] 717e4d08b9035a5c584065ede40894b00b0907b56b167fb14139e8226e40c608
[INFO] running `Command { std: "docker" "start" "717e4d08b9035a5c584065ede40894b00b0907b56b167fb14139e8226e40c608", kill_on_drop: false }`
[INFO] running `Command { std: "docker" "inspect" "717e4d08b9035a5c584065ede40894b00b0907b56b167fb14139e8226e40c608", kill_on_drop: false }`
[INFO] running `Command { std: "docker" "exec" "-e" "SOURCE_DIR=/opt/rustwide/workdir" "-e" "CARGO_HOME=/opt/rustwide/cargo-home" "-e" "RUSTUP_HOME=/opt/rustwide/rustup-home" "-e" "CARGO_TARGET_DIR=/opt/rustwide/target" "-w" "/opt/rustwide/workdir" "--user" "0:0" "717e4d08b9035a5c584065ede40894b00b0907b56b167fb14139e8226e40c608" "/opt/rustwide/cargo-home/bin/cargo" "+1.99.0-beta.8" "metadata" "--no-deps" "--format-version=1", kill_on_drop: false }`
[INFO] running `Command { std: "docker" "inspect" "717e4d08b9035a5c584065ede40894b00b0907b56b167fb14139e8226e40c608", kill_on_drop: false }`
[INFO] running `Command { std: "docker" "exec" "-e" "SOURCE_DIR=/opt/rustwide/workdir" "-e" "CARGO_HOME=/opt/rustwide/cargo-home" "-e" "RUSTUP_HOME=/opt/rustwide/rustup-home" "-e" "CARGO_TARGET_DIR=/opt/rustwide/target" "-e" "CARGO_INCREMENTAL=0" "-e" "RUST_BACKTRACE=full" "-e" "RUSTFLAGS=--cap-lints=warn" "-e" "RUSTDOCFLAGS=--cap-lints=warn" "-w" "/opt/rustwide/workdir" "--user" "0:0" "717e4d08b9035a5c584065ede40894b00b0907b56b167fb14139e8226e40c608" "/opt/rustwide/cargo-home/bin/cargo" "+1.99.0-beta.8" "build" "--frozen" "--message-format=json" "--release", kill_on_drop: false }`
[INFO] [stderr] warning: Cargo.toml: `lints.clippy.items-after-statements` is deprecated in favor of `lints.clippy.items_after_statements` and will not work in a future edition
[INFO] [stderr] warning: Cargo.toml: `lints.clippy.match-same-arms` is deprecated in favor of `lints.clippy.match_same_arms` and will not work in a future edition
[INFO] [stderr] warning: `device-envoy-rp` (manifest) generated 2 warnings
[INFO] [stderr]    Compiling proc-macro2 v1.0.106
[INFO] [stderr]    Compiling unicode-ident v1.0.24
[INFO] [stderr]    Compiling quote v1.0.45
[INFO] [stderr]    Compiling typenum v1.19.0
[INFO] [stderr]    Compiling byteorder v1.5.0
[INFO] [stderr]    Compiling rustversion v1.0.22
[INFO] [stderr]    Compiling version_check v0.9.5
[INFO] [stderr]    Compiling cfg-if v1.0.4
[INFO] [stderr]    Compiling libc v0.2.182
[INFO] [stderr]    Compiling serde_core v1.0.228
[INFO] [stderr]    Compiling memchr v2.8.0
[INFO] [stderr]    Compiling parking_lot_core v0.9.12
[INFO] [stderr]    Compiling stable_deref_trait v1.2.1
[INFO] [stderr]    Compiling thiserror v2.0.18
[INFO] [stderr]    Compiling unicode-xid v0.2.6
[INFO] [stderr]    Compiling smallvec v1.15.1
[INFO] [stderr]    Compiling regex-syntax v0.8.10
[INFO] [stderr]    Compiling scopeguard v1.2.0
[INFO] [stderr]    Compiling lock_api v0.4.14
[INFO] [stderr]    Compiling equivalent v1.0.2
[INFO] [stderr]    Compiling az v1.2.1
[INFO] [stderr]    Compiling hash32 v0.3.1
[INFO] [stderr]    Compiling hashbrown v0.16.1
[INFO] [stderr]    Compiling defmt v1.0.1
[INFO] [stderr]    Compiling paste v1.0.15
[INFO] [stderr]    Compiling nb v1.1.0
[INFO] [stderr]    Compiling critical-section v1.2.0
[INFO] [stderr]    Compiling siphasher v1.0.2
[INFO] [stderr]    Compiling new_debug_unreachable v1.0.6
[INFO] [stderr]    Compiling aho-corasick v1.1.4
[INFO] [stderr]    Compiling bit-vec v0.8.0
[INFO] [stderr]    Compiling either v1.15.0
[INFO] [stderr]    Compiling phf_shared v0.11.3
[INFO] [stderr]    Compiling fixedbitset v0.5.7
[INFO] [stderr]    Compiling embedded-hal-async v1.0.0
[INFO] [stderr]    Compiling generic-array v0.14.7
[INFO] [stderr]    Compiling same-file v1.0.6
[INFO] [stderr]    Compiling embedded-hal v1.0.0
[INFO] [stderr]    Compiling term v1.2.1
[INFO] [stderr]    Compiling precomputed-hash v0.1.1
[INFO] [stderr]    Compiling heapless v0.8.0
[INFO] [stderr]    Compiling log v0.4.29
[INFO] [stderr]    Compiling defmt-macros v1.0.1
[INFO] [stderr]    Compiling keccak v0.1.6
[INFO] [stderr]    Compiling heapless v0.9.2
[INFO] [stderr]    Compiling autocfg v1.5.0
[INFO] [stderr]    Compiling itertools v0.14.0
[INFO] [stderr]    Compiling ena v0.14.4
[INFO] [stderr]    Compiling bit-set v0.8.0
[INFO] [stderr]    Compiling ascii-canvas v4.0.0
[INFO] [stderr]    Compiling walkdir v2.5.0
[INFO] [stderr]    Compiling pico-args v0.5.0
[INFO] [stderr]    Compiling litrs v1.0.0
[INFO] [stderr]    Compiling bitflags v1.3.2
[INFO] [stderr]    Compiling syn v2.0.117
[INFO] [stderr]    Compiling nb v0.1.3
[INFO] [stderr]    Compiling crc32fast v1.5.0
[INFO] [stderr]    Compiling proc-macro-error-attr2 v2.0.0
[INFO] [stderr]    Compiling num-traits v0.2.19
[INFO] [stderr]    Compiling portable-atomic v1.13.1
[INFO] [stderr]    Compiling document-features v0.2.12
[INFO] [stderr]    Compiling embassy-executor-timer-queue v0.1.0
[INFO] [stderr]    Compiling simd-adler32 v0.3.8
[INFO] [stderr]    Compiling embedded-io v0.7.1
[INFO] [stderr]    Compiling strsim v0.11.1
[INFO] [stderr]    Compiling indexmap v2.13.0
[INFO] [stderr]    Compiling fnv v1.0.7
[INFO] [stderr]    Compiling embassy-time-queue-utils v0.3.0
[INFO] [stderr]    Compiling embassy-time-driver v0.2.2
[INFO] [stderr]    Compiling ident_case v1.0.1
[INFO] [stderr]    Compiling void v1.0.2
[INFO] [stderr]    Compiling embedded-hal v0.2.7
[INFO] [stderr]    Compiling embedded-io-async v0.7.0
[INFO] [stderr]    Compiling futures-core v0.3.32
[INFO] [stderr]    Compiling embassy-sync v0.8.0
[INFO] [stderr]    Compiling serde v1.0.228
[INFO] [stderr]    Compiling smoltcp v0.13.0
[INFO] [stderr]    Compiling unicode-segmentation v1.12.0
[INFO] [stderr]    Compiling crypto-common v0.1.7
[INFO] [stderr]    Compiling block-buffer v0.10.4
[INFO] [stderr]    Compiling arrayvec v0.7.6
[INFO] [stderr]    Compiling zerocopy v0.8.40
[INFO] [stderr]    Compiling bitflags v2.11.0
[INFO] [stderr]    Compiling digest v0.10.7
[INFO] [stderr]    Compiling miniz_oxide v0.8.9
[INFO] [stderr]    Compiling convert_case v0.10.0
[INFO] [stderr]    Compiling embedded-nal v0.9.0
[INFO] [stderr]    Compiling sha3 v0.10.8
[INFO] [stderr]    Compiling getrandom v0.4.1
[INFO] [stderr]    Compiling regex-automata v0.4.14
[INFO] [stderr]    Compiling managed v0.8.0
[INFO] [stderr]    Compiling unicode-width v0.1.14
[INFO] [stderr]    Compiling rustix v1.1.4
[INFO] [stderr]    Compiling powerfmt v0.2.0
[INFO] [stderr]    Compiling micromath v2.1.0
[INFO] [stderr]    Compiling petgraph v0.7.1
[INFO] [stderr]    Compiling rgb v0.8.53
[INFO] [stderr]    Compiling futures-sink v0.3.32
[INFO] [stderr]    Compiling termcolor v1.4.1
[INFO] [stderr]    Compiling flate2 v1.1.9
[INFO] [stderr]    Compiling embedded-nal-async v0.9.0
[INFO] [stderr]    Compiling fdeflate v0.3.7
[INFO] [stderr]    Compiling embedded-graphics-core v0.4.1
[INFO] [stderr]    Compiling parking_lot v0.12.5
[INFO] [stderr]    Compiling deranged v0.5.8
[INFO] [stderr]    Compiling num-conv v0.2.0
[INFO] [stderr]    Compiling string_cache v0.8.9
[INFO] [stderr]    Compiling codespan-reporting v0.11.1
[INFO] [stderr]    Compiling float-cmp v0.9.0
[INFO] [stderr]    Compiling smart-leds-trait v0.3.2
[INFO] [stderr]    Compiling embassy-executor v0.10.0
[INFO] [stderr]    Compiling fixed v1.29.0
[INFO] [stderr]    Compiling linux-raw-sys v0.12.1
[INFO] [stderr]    Compiling time-core v0.1.8
[INFO] [stderr]    Compiling embassy-net-driver v0.2.0
[INFO] [stderr]    Compiling png v0.18.1
[INFO] [stderr]    Compiling smart-leds v0.4.0
[INFO] [stderr]    Compiling lalrpop-util v0.22.2
[INFO] [stderr]    Compiling regex v1.12.3
[INFO] [stderr]    Compiling embedded-graphics v0.8.2
[INFO] [stderr]    Compiling static_cell v2.1.1
[INFO] [stderr]    Compiling once_cell v1.21.3
[INFO] [stderr]    Compiling bytemuck v1.25.0
[INFO] [stderr]    Compiling cordyceps v0.3.4
[INFO] [stderr]    Compiling fastrand v2.3.0
[INFO] [stderr]    Compiling device-envoy-rp v0.1.6 (/opt/rustwide/workdir)
[INFO] [stderr]    Compiling embassy-futures v0.1.2
[INFO] [stderr]    Compiling esp-hal-mfrc522 v0.3.3
[INFO] [stderr]    Compiling mipidsi v0.10.0
[INFO] [stderr]    Compiling embedded-hal-bus v0.3.0
[INFO] [stderr]    Compiling hd44780-driver v0.4.0
[INFO] [stderr]    Compiling lalrpop v0.22.2
[INFO] [stderr]    Compiling time v0.3.47
[INFO] [stderr]    Compiling profont v0.7.0
[INFO] [stderr]    Compiling tempfile v3.27.0
[INFO] [stderr]    Compiling proc-macro-error2 v2.0.1
[INFO] [stderr]    Compiling darling_core v0.20.11
[INFO] [stderr]    Compiling thiserror-impl v2.0.18
[INFO] [stderr]    Compiling num_enum_derive v0.7.5
[INFO] [stderr]    Compiling zerocopy-derive v0.8.40
[INFO] [stderr]    Compiling serde_derive v1.0.228
[INFO] [stderr]    Compiling derive_more-impl v2.1.1
[INFO] [stderr]    Compiling num_enum v0.7.5
[INFO] [stderr]    Compiling pio-core v0.3.0
[INFO] [stderr]    Compiling defmt-parser v1.0.0
[INFO] [stderr]    Compiling cobs v0.3.0
[INFO] [stderr]    Compiling derive_more v2.1.1
[INFO] [stderr]    Compiling darling_macro v0.20.11
[INFO] [stderr]    Compiling darling v0.20.11
[INFO] [stderr]    Compiling embassy-executor-macros v0.8.0
[INFO] [stderr]    Compiling embassy-time v0.5.1
[INFO] [stderr]    Compiling postcard v1.1.3
[INFO] [stderr]    Compiling embassy-net v0.9.1
[INFO] [stderr]    Compiling device-envoy-core v0.1.6
[INFO] [stderr]    Compiling half v2.7.1
[INFO] [stderr]    Compiling pio-parser v0.3.0
[INFO] [stderr]    Compiling pio-proc v0.3.0
[INFO] [stderr]    Compiling pio v0.3.0
[INFO] [stderr]     Finished `release` profile [optimized] target(s) in 1m 07s
[INFO] [stderr] warning: the following packages contain code that will be rejected by a future version of Rust: proc-macro-error2 v2.0.1
[INFO] [stderr] note: to see what the problems were, use the option `--future-incompat-report`, or run `cargo report future-incompatibilities --id 1`
[INFO] running `Command { std: "docker" "inspect" "717e4d08b9035a5c584065ede40894b00b0907b56b167fb14139e8226e40c608", kill_on_drop: false }`
[INFO] running `Command { std: "docker" "exec" "-e" "SOURCE_DIR=/opt/rustwide/workdir" "-e" "CARGO_HOME=/opt/rustwide/cargo-home" "-e" "RUSTUP_HOME=/opt/rustwide/rustup-home" "-e" "CARGO_TARGET_DIR=/opt/rustwide/target" "-e" "CARGO_INCREMENTAL=0" "-e" "RUST_BACKTRACE=full" "-e" "RUSTFLAGS=--cap-lints=warn" "-e" "RUSTDOCFLAGS=--cap-lints=warn" "-w" "/opt/rustwide/workdir" "--user" "0:0" "717e4d08b9035a5c584065ede40894b00b0907b56b167fb14139e8226e40c608" "/opt/rustwide/cargo-home/bin/cargo" "+1.99.0-beta.8" "test" "--frozen" "--no-run" "--message-format=json" "--release", kill_on_drop: false }`
[INFO] [stderr] warning: Cargo.toml: `lints.clippy.items-after-statements` is deprecated in favor of `lints.clippy.items_after_statements` and will not work in a future edition
[INFO] [stderr] warning: Cargo.toml: `lints.clippy.match-same-arms` is deprecated in favor of `lints.clippy.match_same_arms` and will not work in a future edition
[INFO] [stderr] warning: `device-envoy-rp` (manifest) generated 2 warnings
[INFO] [stderr]    Compiling device-envoy-rp v0.1.6 (/opt/rustwide/workdir)
[INFO] [stderr]     Finished `release` profile [optimized] target(s) in 0.59s
[INFO] [stderr] warning: the following packages contain code that will be rejected by a future version of Rust: proc-macro-error2 v2.0.1
[INFO] [stderr] note: to see what the problems were, use the option `--future-incompat-report`, or run `cargo report future-incompatibilities --id 1`
[INFO] running `Command { std: "docker" "inspect" "717e4d08b9035a5c584065ede40894b00b0907b56b167fb14139e8226e40c608", kill_on_drop: false }`
[INFO] running `Command { std: "docker" "exec" "-e" "SOURCE_DIR=/opt/rustwide/workdir" "-e" "CARGO_HOME=/opt/rustwide/cargo-home" "-e" "RUSTUP_HOME=/opt/rustwide/rustup-home" "-e" "CARGO_TARGET_DIR=/opt/rustwide/target" "-e" "CARGO_INCREMENTAL=0" "-e" "RUST_BACKTRACE=full" "-e" "RUSTFLAGS=--cap-lints=warn" "-e" "RUSTDOCFLAGS=--cap-lints=warn" "-w" "/opt/rustwide/workdir" "--user" "0:0" "717e4d08b9035a5c584065ede40894b00b0907b56b167fb14139e8226e40c608" "/opt/rustwide/cargo-home/bin/cargo" "+1.99.0-beta.8" "test" "--frozen" "--release", kill_on_drop: false }`
[INFO] [stderr] warning: Cargo.toml: `lints.clippy.items-after-statements` is deprecated in favor of `lints.clippy.items_after_statements` and will not work in a future edition
[INFO] [stderr] warning: Cargo.toml: `lints.clippy.match-same-arms` is deprecated in favor of `lints.clippy.match_same_arms` and will not work in a future edition
[INFO] [stderr] warning: `device-envoy-rp` (manifest) generated 2 warnings
[INFO] [stderr]     Finished `release` profile [optimized] target(s) in 0.17s
[INFO] [stderr] warning: the following packages contain code that will be rejected by a future version of Rust: proc-macro-error2 v2.0.1
[INFO] [stderr] note: to see what the problems were, use the option `--future-incompat-report`, or run `cargo report future-incompatibilities --id 1`
[INFO] [stderr]      Running unittests src/lib.rs (/opt/rustwide/target/release/deps/device_envoy_rp-a8a972ce53a74845)
[INFO] [stdout] 
[INFO] [stdout] running 2 tests
[INFO] [stdout] test cyd_buffer_host_tests::tests::host_test_exercises_rp_pixel_buffer_path ... ok
[INFO] [stdout] test cyd_buffer_host_tests::tests::cyd_static_rp_frame_capacity_panics_when_region_is_too_large - should panic ... ok
[INFO] [stdout] 
[INFO] [stdout] test result: ok. 2 passed; 0 failed; 0 ignored; 0 measured; 0 filtered out; finished in 0.00s
[INFO] [stdout] 
[INFO] [stderr]    Doc-tests device_envoy_rp
[INFO] [stderr] error[E0433]: cannot find module or crate `embassy_rp` in this scope
[INFO] [stderr]   --> src/led2d/led2d_generated.rs:67:40
[INFO] [stderr]    |
[INFO] [stderr] 67 |         pin: embassy_rp::Peri<'static, embassy_rp::peripherals::PIN_3>,
[INFO] [stderr]    |                                        ^^^^^^^^^^ use of unresolved module or unlinked crate `embassy_rp`
[INFO] [stderr]    |
[INFO] [stderr]    = help: if you wanted to use a crate named `embassy_rp`, use `cargo add embassy_rp` to add it to your `Cargo.toml`
[INFO] [stderr] 
[INFO] [stderr] error[E0433]: cannot find module or crate `embassy_rp` in this scope
[INFO] [stderr]   --> src/led2d/led2d_generated.rs:68:40
[INFO] [stderr]    |
[INFO] [stderr] 68 |         pio: embassy_rp::Peri<'static, embassy_rp::peripherals::PIO0>,
[INFO] [stderr]    |                                        ^^^^^^^^^^ use of unresolved module or unlinked crate `embassy_rp`
[INFO] [stderr]    |
[INFO] [stderr]    = help: if you wanted to use a crate named `embassy_rp`, use `cargo add embassy_rp` to add it to your `Cargo.toml`
[INFO] [stderr] 
[INFO] [stderr] error[E0433]: cannot find module or crate `embassy_rp` in this scope
[INFO] [stderr]   --> src/led2d/led2d_generated.rs:69:40
[INFO] [stderr]    |
[INFO] [stderr] 69 |         dma: embassy_rp::Peri<'static, embassy_rp::peripherals::DMA_CH0>,
[INFO] [stderr]    |                                        ^^^^^^^^^^ use of unresolved module or unlinked crate `embassy_rp`
[INFO] [stderr]    |
[INFO] [stderr]    = help: if you wanted to use a crate named `embassy_rp`, use `cargo add embassy_rp` to add it to your `Cargo.toml`
[INFO] [stderr] 
[INFO] [stderr] error[E0433]: cannot find module or crate `embassy_rp` in this scope
[INFO] [stderr]   --> src/led_strip/led_strip_generated.rs:48:40
[INFO] [stderr]    |
[INFO] [stderr] 48 |         pin: embassy_rp::Peri<'static, embassy_rp::peripherals::PIN_0>,
[INFO] [stderr]    |                                        ^^^^^^^^^^ use of unresolved module or unlinked crate `embassy_rp`
[INFO] [stderr]    |
[INFO] [stderr]    = help: if you wanted to use a crate named `embassy_rp`, use `cargo add embassy_rp` to add it to your `Cargo.toml`
[INFO] [stderr] 
[INFO] [stderr] error[E0433]: cannot find module or crate `embassy_rp` in this scope
[INFO] [stderr]   --> src/led_strip/led_strip_generated.rs:49:40
[INFO] [stderr]    |
[INFO] [stderr] 49 |         pio: embassy_rp::Peri<'static, embassy_rp::peripherals::PIO0>,
[INFO] [stderr]    |                                        ^^^^^^^^^^ use of unresolved module or unlinked crate `embassy_rp`
[INFO] [stderr]    |
[INFO] [stderr]    = help: if you wanted to use a crate named `embassy_rp`, use `cargo add embassy_rp` to add it to your `Cargo.toml`
[INFO] [stderr] 
[INFO] [stderr] error[E0433]: cannot find module or crate `embassy_rp` in this scope
[INFO] [stderr]   --> src/led_strip/led_strip_generated.rs:50:40
[INFO] [stderr]    |
[INFO] [stderr] 50 |         dma: embassy_rp::Peri<'static, embassy_rp::peripherals::DMA_CH0>,
[INFO] [stderr]    |                                        ^^^^^^^^^^ use of unresolved module or unlinked crate `embassy_rp`
[INFO] [stderr]    |
[INFO] [stderr]    = help: if you wanted to use a crate named `embassy_rp`, use `cargo add embassy_rp` to add it to your `Cargo.toml`
[INFO] [stderr] 
[INFO] [stderr] error[E0433]: cannot find module or crate `embassy_rp` in this scope
[INFO] [stderr]   --> src/led2d/led2d_generated.rs:67:14
[INFO] [stderr]    |
[INFO] [stderr] 67 |         pin: embassy_rp::Peri<'static, embassy_rp::peripherals::PIN_3>,
[INFO] [stderr]    |              ^^^^^^^^^^ use of unresolved module or unlinked crate `embassy_rp`
[INFO] [stderr]    |
[INFO] [stderr]    = help: if you wanted to use a crate named `embassy_rp`, use `cargo add embassy_rp` to add it to your `Cargo.toml`
[INFO] [stderr] 
[INFO] [stderr] error[E0433]: cannot find module or crate `embassy_rp` in this scope
[INFO] [stderr]   --> src/led2d/led2d_generated.rs:68:14
[INFO] [stderr]    |
[INFO] [stderr] 68 |         pio: embassy_rp::Peri<'static, embassy_rp::peripherals::PIO0>,
[INFO] [stderr]    |              ^^^^^^^^^^ use of unresolved module or unlinked crate `embassy_rp`
[INFO] [stderr]    |
[INFO] [stderr]    = help: if you wanted to use a crate named `embassy_rp`, use `cargo add embassy_rp` to add it to your `Cargo.toml`
[INFO] [stderr] 
[INFO] [stderr] error[E0433]: cannot find module or crate `embassy_rp` in this scope
[INFO] [stderr]   --> src/led2d/led2d_generated.rs:69:14
[INFO] [stderr]    |
[INFO] [stderr] 69 |         dma: embassy_rp::Peri<'static, embassy_rp::peripherals::DMA_CH0>,
[INFO] [stderr]    |              ^^^^^^^^^^ use of unresolved module or unlinked crate `embassy_rp`
[INFO] [stderr]    |
[INFO] [stderr]    = help: if you wanted to use a crate named `embassy_rp`, use `cargo add embassy_rp` to add it to your `Cargo.toml`
[INFO] [stderr] 
[INFO] [stderr] error[E0433]: cannot find module or crate `embassy_rp` in this scope
[INFO] [stderr]   --> src/led_strip/led_strip_generated.rs:48:14
[INFO] [stderr]    |
[INFO] [stderr] 48 |         pin: embassy_rp::Peri<'static, embassy_rp::peripherals::PIN_0>,
[INFO] [stderr]    |              ^^^^^^^^^^ use of unresolved module or unlinked crate `embassy_rp`
[INFO] [stderr]    |
[INFO] [stderr]    = help: if you wanted to use a crate named `embassy_rp`, use `cargo add embassy_rp` to add it to your `Cargo.toml`
[INFO] [stderr] 
[INFO] [stderr] error[E0433]: cannot find module or crate `embassy_rp` in this scope
[INFO] [stderr]   --> src/led_strip/led_strip_generated.rs:49:14
[INFO] [stderr]    |
[INFO] [stderr] 49 |         pio: embassy_rp::Peri<'static, embassy_rp::peripherals::PIO0>,
[INFO] [stderr]    |              ^^^^^^^^^^ use of unresolved module or unlinked crate `embassy_rp`
[INFO] [stderr]    |
[INFO] [stderr]    = help: if you wanted to use a crate named `embassy_rp`, use `cargo add embassy_rp` to add it to your `Cargo.toml`
[INFO] [stderr] 
[INFO] [stderr] error[E0433]: cannot find module or crate `embassy_rp` in this scope
[INFO] [stderr]   --> src/led_strip/led_strip_generated.rs:50:14
[INFO] [stderr]    |
[INFO] [stderr] 50 |         dma: embassy_rp::Peri<'static, embassy_rp::peripherals::DMA_CH0>,
[INFO] [stderr]    |              ^^^^^^^^^^ use of unresolved module or unlinked crate `embassy_rp`
[INFO] [stderr]    |
[INFO] [stderr]    = help: if you wanted to use a crate named `embassy_rp`, use `cargo add embassy_rp` to add it to your `Cargo.toml`
[INFO] [stderr] 
[INFO] [stderr] error: aborting due to 12 previous errors
[INFO] [stderr] 
[INFO] [stderr] For more information about this error, try `rustc --explain E0433`.
[INFO] [stderr] error: doctest failed, to rerun pass `--doc`
[INFO] [stderr] 
[INFO] [stderr] Caused by:
[INFO] [stderr]   process didn't exit successfully: `/opt/rustwide/rustup-home/toolchains/1.99.0-beta.8-x86_64-unknown-linux-gnu/bin/rustdoc --edition=2024 --crate-type lib --color auto --crate-name device_envoy_rp --test src/lib.rs --test-run-directory /opt/rustwide/workdir -L /opt/rustwide/target/release/build/defmt-fa8ce51ee4b5dd74/out --warn=rust_2018_idioms '--deny=clippy::pedantic' '--warn=clippy::nursery' '--warn=clippy::all' '--allow=clippy::missing_docs_in_private_items' '--warn=clippy::cargo_common_metadata' '--deny=clippy::wildcard_imports' --deny=warnings '--deny=clippy::unwrap_used' --warn=unused_variables --deny=unsafe_code '--warn=clippy::unreachable' '--warn=clippy::unnecessary_wraps' --warn=unknown_lints --deny=unfulfilled_lint_expectations --deny=unexpected_cfgs '--warn=clippy::too_long_first_doc_paragraph' '--warn=clippy::str_to_string' '--warn=clippy::std_instead_of_core' '--warn=clippy::std_instead_of_alloc' '--allow=clippy::single_call_fn' '--warn=clippy::similar_names' '--warn=clippy::shadow_unrelated' '--warn=clippy::shadow_reuse' '--warn=clippy::separated_literal_suffix' '--warn=clippy::semicolon_outside_block' '--warn=clippy::semicolon_inside_block' '--warn=clippy::semicolon_if_nothing_returned' '--warn=clippy::self_named_module_files' '--warn=clippy::restriction' '--allow=clippy::question_mark_used' '--warn=clippy::pub_with_shorthand' '--allow=clippy::pub_use' '--warn=clippy::obfuscated_if_else' --warn=non_upper_case_globals --warn=non_snake_case --warn=non_camel_case_types '--warn=clippy::must_use_candidate' '--allow=clippy::multiple_crate_versions' '--warn=clippy::module_name_repetitions' '--warn=clippy::missing_trait_methods' '--warn=clippy::missing_errors_doc' --warn=missing_docs '--warn=clippy::min_ident_chars' '--warn=clippy::match_bool' '--warn=clippy::match-same-arms' '--warn=clippy::iter_nth_zero' '--warn=clippy::items-after-statements' '--warn=clippy::integer_division_remainder_used' '--deny=clippy::indexing_slicing' '--allow=clippy::implicit_return' '--deny=clippy::float_cmp_const' '--allow=clippy::error_impl_error' '--warn=clippy::equatable_if_let' '--warn=clippy::enum_variant_names' '--forbid=clippy::enum_glob_use' '--warn=clippy::doc_markdown' '--warn=clippy::cargo' '--warn=clippy::blanket_clippy_restriction_lints' --forbid=bare_trait_objects '--deny=clippy::arithmetic_side_effects' '--deny=clippy::allow_attributes_without_reason' '--warn=clippy::allow_attributes' --check-cfg 'cfg(target_pointer_width, values("128"))' --extern critical_section=/opt/rustwide/target/release/deps/libcritical_section-ce58a2193e44a13b.rlib --extern defmt=/opt/rustwide/target/release/deps/libdefmt-73404a6749291623.rlib --extern derive_more=/opt/rustwide/target/release/deps/libderive_more-e986e3f054596845.rlib --extern device_envoy_core=/opt/rustwide/target/release/deps/libdevice_envoy_core-68b439363ba6a4ea.rlib --extern device_envoy_rp=/opt/rustwide/target/release/deps/libdevice_envoy_rp-dea0a200025c2c38.rlib --extern embassy_executor=/opt/rustwide/target/release/deps/libembassy_executor-1752ae636d3f41f2.rlib --extern embassy_futures=/opt/rustwide/target/release/deps/libembassy_futures-a33a61d689437a13.rlib --extern embassy_sync=/opt/rustwide/target/release/deps/libembassy_sync-d7136374d8150daa.rlib --extern embassy_time=/opt/rustwide/target/release/deps/libembassy_time-e9b80aa56050ac9e.rlib --extern embedded_graphics=/opt/rustwide/target/release/deps/libembedded_graphics-a06ab5549e0dc83c.rlib --extern embedded_hal=/opt/rustwide/target/release/deps/libembedded_hal-daa72772ba7638a3.rlib --extern embedded_hal_async=/opt/rustwide/target/release/deps/libembedded_hal_async-2cc5579bf46c67ae.rlib --extern embedded_hal_bus=/opt/rustwide/target/release/deps/libembedded_hal_bus-2f42dd0cfd6f7f38.rlib --extern embedded_io_async=/opt/rustwide/target/release/deps/libembedded_io_async-8ea8b2b680b820ec.rlib --extern esp_hal_mfrc522=/opt/rustwide/target/release/deps/libesp_hal_mfrc522-1f4d57d96ada0e67.rlib --extern fixed=/opt/rustwide/target/release/deps/libfixed-8294c2b6f78a5724.rlib --extern hd44780_driver=/opt/rustwide/target/release/deps/libhd44780_driver-417228b64bfe15eb.rlib --extern heapless=/opt/rustwide/target/release/deps/libheapless-3af90add5586d960.rlib --extern itertools=/opt/rustwide/target/release/deps/libitertools-f748a63b591633f6.rlib --extern mipidsi=/opt/rustwide/target/release/deps/libmipidsi-9ffac0a10976a405.rlib --extern paste=/opt/rustwide/target/release/deps/libpaste-f83aa068d9b8e545.so --extern pio=/opt/rustwide/target/release/deps/libpio-6ee64c776874ce66.rlib --extern png=/opt/rustwide/target/release/deps/libpng-79c168b102cbec7b.rlib --extern portable_atomic=/opt/rustwide/target/release/deps/libportable_atomic-e93f15d13c623b56.rlib --extern serde=/opt/rustwide/target/release/deps/libserde-969f9c95420a8ef8.rlib --extern smart_leds=/opt/rustwide/target/release/deps/libsmart_leds-0b0dafabd6c220ab.rlib --extern static_cell=/opt/rustwide/target/release/deps/libstatic_cell-b7302e97e6bfaaba.rlib --extern tempfile=/opt/rustwide/target/release/deps/libtempfile-dd94821ec9720155.rlib --extern time=/opt/rustwide/target/release/deps/libtime-a5588f7de1c61e3b.rlib -L dependency=/opt/rustwide/target/release/deps -C embed-bitcode=no --cfg 'feature="default"' --cfg 'feature="host"' --check-cfg 'cfg(docsrs,test)' --check-cfg 'cfg(feature, values("arm", "default", "defmt", "display-trace", "doc-images", "embedded", "embedded-pico2", "host", "pico1", "pico2", "wifi"))' --check-cfg 'cfg(rust_analyzer)' --cap-lints=warn --error-format human` (exit status: 1)
[INFO] [stderr] note: test exited abnormally; to see the full output pass --no-capture to the harness.
[INFO] running `Command { std: "docker" "inspect" "717e4d08b9035a5c584065ede40894b00b0907b56b167fb14139e8226e40c608", kill_on_drop: false }`
[INFO] running `Command { std: "docker" "rm" "-f" "717e4d08b9035a5c584065ede40894b00b0907b56b167fb14139e8226e40c608", kill_on_drop: false }`
[INFO] [stdout] 717e4d08b9035a5c584065ede40894b00b0907b56b167fb14139e8226e40c608
