[INFO] fetching crate devhub 0.4.0...
[INFO] testing devhub-0.4.0 against 1.100.0-beta.1+cargoflags=--release for beta-release-1.100-2
[INFO] extracting crate devhub 0.4.0 into /workspace/builds/worker-3-tc2/source
[INFO] started tweaking crates.io crate devhub 0.4.0
[INFO] removed 0 missing tests
[INFO] finished tweaking crates.io crate devhub 0.4.0
[INFO] tweaked toml for crates.io crate devhub 0.4.0 written to /workspace/builds/worker-3-tc2/source/Cargo.toml
[INFO] validating manifest of crates.io crate devhub 0.4.0 on toolchain 1.100.0-beta.1
[INFO] running `Command { std: CARGO_HOME="/workspace/cargo-home" RUSTUP_HOME="/workspace/rustup-home" "/workspace/cargo-home/bin/cargo" "+1.100.0-beta.1" "metadata" "--manifest-path" "Cargo.toml" "--no-deps", kill_on_drop: false }`
[INFO] crate crates.io crate devhub 0.4.0 already has a lockfile, it will not be regenerated
[INFO] running `Command { std: CARGO_HOME="/workspace/cargo-home" RUSTUP_HOME="/workspace/rustup-home" "/workspace/cargo-home/bin/cargo" "+1.100.0-beta.1" "fetch" "--manifest-path" "Cargo.toml", kill_on_drop: false }`
[INFO] running `Command { std: "docker" "create" "-v" "/var/lib/crater-agent-workspace/builds/worker-3-tc2/source:/opt/rustwide/workdir:ro,Z" "-v" "/var/lib/crater-agent-workspace/builds/worker-3-tc2/target:/opt/rustwide/target:rw,Z" "-v" "/var/lib/crater-agent-workspace/cargo-home:/opt/rustwide/cargo-home:ro,Z" "-v" "/var/lib/crater-agent-workspace/rustup-home:/opt/rustwide/rustup-home:ro,Z" "-m" "1610612736" "--network" "none" "ghcr.io/rust-lang/crates-build-env/linux@sha256:77db811e55d90add9212f6832c23229e3de5f1c1f9905e8cb07319ea15df73ac" "sleep" "infinity", kill_on_drop: false }`
[INFO] [stdout] ca9555c5a32910f4809814bf499cad21b801cb6ea34727b338aab200b01651b1
[INFO] running `Command { std: "docker" "start" "ca9555c5a32910f4809814bf499cad21b801cb6ea34727b338aab200b01651b1", kill_on_drop: false }`
[INFO] running `Command { std: "docker" "inspect" "ca9555c5a32910f4809814bf499cad21b801cb6ea34727b338aab200b01651b1", kill_on_drop: false }`
[INFO] running `Command { std: "docker" "exec" "-e" "SOURCE_DIR=/opt/rustwide/workdir" "-e" "CARGO_HOME=/opt/rustwide/cargo-home" "-e" "RUSTUP_HOME=/opt/rustwide/rustup-home" "-e" "CARGO_TARGET_DIR=/opt/rustwide/target" "-w" "/opt/rustwide/workdir" "--user" "0:0" "ca9555c5a32910f4809814bf499cad21b801cb6ea34727b338aab200b01651b1" "/opt/rustwide/cargo-home/bin/cargo" "+1.100.0-beta.1" "metadata" "--no-deps" "--format-version=1", kill_on_drop: false }`
[INFO] running `Command { std: "docker" "inspect" "ca9555c5a32910f4809814bf499cad21b801cb6ea34727b338aab200b01651b1", kill_on_drop: false }`
[INFO] running `Command { std: "docker" "exec" "-e" "SOURCE_DIR=/opt/rustwide/workdir" "-e" "CARGO_HOME=/opt/rustwide/cargo-home" "-e" "RUSTUP_HOME=/opt/rustwide/rustup-home" "-e" "CARGO_TARGET_DIR=/opt/rustwide/target" "-e" "CARGO_INCREMENTAL=0" "-e" "RUST_BACKTRACE=full" "-e" "RUSTFLAGS=--cap-lints=warn" "-e" "RUSTDOCFLAGS=--cap-lints=warn" "-w" "/opt/rustwide/workdir" "--user" "0:0" "ca9555c5a32910f4809814bf499cad21b801cb6ea34727b338aab200b01651b1" "/opt/rustwide/cargo-home/bin/cargo" "+1.100.0-beta.1" "build" "--frozen" "--message-format=json" "--release", kill_on_drop: false }`
[INFO] [stderr]    Compiling serde_core v1.0.228
[INFO] [stderr]    Compiling zmij v1.0.21
[INFO] [stderr]    Compiling serde v1.0.228
[INFO] [stderr]    Compiling num-traits v0.2.19
[INFO] [stderr]    Compiling eyre v0.6.12
[INFO] [stderr]    Compiling serde_json v1.0.149
[INFO] [stderr]    Compiling indenter v0.3.4
[INFO] [stderr]    Compiling syn v2.0.117
[INFO] [stderr]    Compiling clap_builder v4.6.0
[INFO] [stderr]    Compiling dirs-sys v0.5.0
[INFO] [stderr]    Compiling dirs v6.0.0
[INFO] [stderr]    Compiling serde_derive v1.0.228
[INFO] [stderr]    Compiling clap_derive v4.6.1
[INFO] [stderr]    Compiling clap v4.6.1
[INFO] [stderr]    Compiling chrono v0.4.44
[INFO] [stderr]    Compiling devhub v0.4.0 (/opt/rustwide/workdir)
[INFO] [stdout] warning: trailing semicolon in macro used in expression position
[INFO] [stdout]   --> src/config.rs:75:13
[INFO] [stdout]    |
[INFO] [stdout] 75 |             bail!("{}", problems.join("; "))
[INFO] [stdout]    |             ^^^^^^^^^^^^^^^^^^^^^^^^^^^^^^^^
[INFO] [stdout]    |
[INFO] [stdout]    = note: macro invocations at the end of a block are treated as expressions
[INFO] [stdout]    = note: to ignore the value produced by the macro, add a semicolon after the invocation of `bail`
[INFO] [stdout]    = warning: this was previously accepted by the compiler but is being phased out; it will become a hard error in a future release!
[INFO] [stdout]    = note: for more information, see issue #79813 <https://github.com/rust-lang/rust/issues/79813>
[INFO] [stdout]    = note: `#[warn(semicolon_in_expressions_from_non_local_macros)]` (part of `#[warn(future_incompatible)]`) on by default
[INFO] [stdout]    = note: this warning originates in the macro `bail` (in Nightly builds, run with -Z macro-backtrace for more info)
[INFO] [stdout] 
[INFO] [stdout] 
[INFO] [stdout] warning: trailing semicolon in macro used in expression position
[INFO] [stdout]    --> src/process.rs:273:37
[INFO] [stdout]     |
[INFO] [stdout] 273 |         StopOutcome::AlreadyDead => bail!("project '{name}' is not running"),
[INFO] [stdout]     |                                     ^^^^^^^^^^^^^^^^^^^^^^^^^^^^^^^^^^^^^^^^
[INFO] [stdout]     |
[INFO] [stdout]     = warning: this was previously accepted by the compiler but is being phased out; it will become a hard error in a future release!
[INFO] [stdout]     = note: for more information, see issue #79813 <https://github.com/rust-lang/rust/issues/79813>
[INFO] [stdout]     = note: this warning originates in the macro `bail` (in Nightly builds, run with -Z macro-backtrace for more info)
[INFO] [stdout] 
[INFO] [stdout] 
[INFO] [stderr]     Finished `release` profile [optimized] target(s) in 25.32s
[INFO] [stderr] warning: the following packages contain code that will be rejected by a future version of Rust: devhub v0.4.0 (/opt/rustwide/workdir)
[INFO] [stderr] note: to see what the problems were, use the option `--future-incompat-report`, or run `cargo report future-incompatibilities --id 1`
[INFO] running `Command { std: "docker" "inspect" "ca9555c5a32910f4809814bf499cad21b801cb6ea34727b338aab200b01651b1", kill_on_drop: false }`
[INFO] running `Command { std: "docker" "exec" "-e" "SOURCE_DIR=/opt/rustwide/workdir" "-e" "CARGO_HOME=/opt/rustwide/cargo-home" "-e" "RUSTUP_HOME=/opt/rustwide/rustup-home" "-e" "CARGO_TARGET_DIR=/opt/rustwide/target" "-e" "CARGO_INCREMENTAL=0" "-e" "RUST_BACKTRACE=full" "-e" "RUSTFLAGS=--cap-lints=warn" "-e" "RUSTDOCFLAGS=--cap-lints=warn" "-w" "/opt/rustwide/workdir" "--user" "0:0" "ca9555c5a32910f4809814bf499cad21b801cb6ea34727b338aab200b01651b1" "/opt/rustwide/cargo-home/bin/cargo" "+1.100.0-beta.1" "test" "--frozen" "--no-run" "--message-format=json" "--release", kill_on_drop: false }`
[INFO] [stderr]    Compiling rustix v1.1.4
[INFO] [stderr]    Compiling getrandom v0.4.2
[INFO] [stderr]    Compiling bitflags v2.11.1
[INFO] [stderr]    Compiling fastrand v2.4.1
[INFO] [stdout] warning: trailing semicolon in macro used in expression position
[INFO] [stdout]   --> src/config.rs:75:13
[INFO] [stdout]    |
[INFO] [stdout] 75 |             bail!("{}", problems.join("; "))
[INFO] [stdout]    |             ^^^^^^^^^^^^^^^^^^^^^^^^^^^^^^^^
[INFO] [stdout]    |
[INFO] [stdout]    = note: macro invocations at the end of a block are treated as expressions
[INFO] [stdout]    = note: to ignore the value produced by the macro, add a semicolon after the invocation of `bail`
[INFO] [stdout]    = warning: this was previously accepted by the compiler but is being phased out; it will become a hard error in a future release!
[INFO] [stdout]    = note: for more information, see issue #79813 <https://github.com/rust-lang/rust/issues/79813>
[INFO] [stdout]    = note: `#[warn(semicolon_in_expressions_from_non_local_macros)]` (part of `#[warn(future_incompatible)]`) on by default
[INFO] [stdout]    = note: this warning originates in the macro `bail` (in Nightly builds, run with -Z macro-backtrace for more info)
[INFO] [stdout] 
[INFO] [stdout] 
[INFO] [stdout] warning: trailing semicolon in macro used in expression position
[INFO] [stdout]    --> src/process.rs:273:37
[INFO] [stdout]     |
[INFO] [stdout] 273 |         StopOutcome::AlreadyDead => bail!("project '{name}' is not running"),
[INFO] [stdout]     |                                     ^^^^^^^^^^^^^^^^^^^^^^^^^^^^^^^^^^^^^^^^
[INFO] [stdout]     |
[INFO] [stdout]     = warning: this was previously accepted by the compiler but is being phased out; it will become a hard error in a future release!
[INFO] [stdout]     = note: for more information, see issue #79813 <https://github.com/rust-lang/rust/issues/79813>
[INFO] [stdout]     = note: this warning originates in the macro `bail` (in Nightly builds, run with -Z macro-backtrace for more info)
[INFO] [stdout] 
[INFO] [stdout] 
[INFO] [stderr]    Compiling tempfile v3.27.0
[INFO] [stderr]    Compiling devhub v0.4.0 (/opt/rustwide/workdir)
[INFO] [stdout] warning: trailing semicolon in macro used in expression position
[INFO] [stdout]   --> src/config.rs:75:13
[INFO] [stdout]    |
[INFO] [stdout] 75 |             bail!("{}", problems.join("; "))
[INFO] [stdout]    |             ^^^^^^^^^^^^^^^^^^^^^^^^^^^^^^^^
[INFO] [stdout]    |
[INFO] [stdout]    = note: macro invocations at the end of a block are treated as expressions
[INFO] [stdout]    = note: to ignore the value produced by the macro, add a semicolon after the invocation of `bail`
[INFO] [stdout]    = warning: this was previously accepted by the compiler but is being phased out; it will become a hard error in a future release!
[INFO] [stdout]    = note: for more information, see issue #79813 <https://github.com/rust-lang/rust/issues/79813>
[INFO] [stdout]    = note: `#[warn(semicolon_in_expressions_from_non_local_macros)]` (part of `#[warn(future_incompatible)]`) on by default
[INFO] [stdout]    = note: this warning originates in the macro `bail` (in Nightly builds, run with -Z macro-backtrace for more info)
[INFO] [stdout] 
[INFO] [stdout] 
[INFO] [stdout] warning: trailing semicolon in macro used in expression position
[INFO] [stdout]    --> src/process.rs:273:37
[INFO] [stdout]     |
[INFO] [stdout] 273 |         StopOutcome::AlreadyDead => bail!("project '{name}' is not running"),
[INFO] [stdout]     |                                     ^^^^^^^^^^^^^^^^^^^^^^^^^^^^^^^^^^^^^^^^
[INFO] [stdout]     |
[INFO] [stdout]     = warning: this was previously accepted by the compiler but is being phased out; it will become a hard error in a future release!
[INFO] [stdout]     = note: for more information, see issue #79813 <https://github.com/rust-lang/rust/issues/79813>
[INFO] [stdout]     = note: this warning originates in the macro `bail` (in Nightly builds, run with -Z macro-backtrace for more info)
[INFO] [stdout] 
[INFO] [stdout] 
[INFO] [stderr]     Finished `release` profile [optimized] target(s) in 11.08s
[INFO] [stderr] warning: the following packages contain code that will be rejected by a future version of Rust: devhub v0.4.0 (/opt/rustwide/workdir)
[INFO] [stderr] note: to see what the problems were, use the option `--future-incompat-report`, or run `cargo report future-incompatibilities --id 2`
[INFO] running `Command { std: "docker" "inspect" "ca9555c5a32910f4809814bf499cad21b801cb6ea34727b338aab200b01651b1", kill_on_drop: false }`
[INFO] running `Command { std: "docker" "exec" "-e" "SOURCE_DIR=/opt/rustwide/workdir" "-e" "CARGO_HOME=/opt/rustwide/cargo-home" "-e" "RUSTUP_HOME=/opt/rustwide/rustup-home" "-e" "CARGO_TARGET_DIR=/opt/rustwide/target" "-e" "CARGO_INCREMENTAL=0" "-e" "RUST_BACKTRACE=full" "-e" "RUSTFLAGS=--cap-lints=warn" "-e" "RUSTDOCFLAGS=--cap-lints=warn" "-w" "/opt/rustwide/workdir" "--user" "0:0" "ca9555c5a32910f4809814bf499cad21b801cb6ea34727b338aab200b01651b1" "/opt/rustwide/cargo-home/bin/cargo" "+1.100.0-beta.1" "test" "--frozen" "--release", kill_on_drop: false }`
[INFO] [stderr] warning: trailing semicolon in macro used in expression position
[INFO] [stderr]   --> src/config.rs:75:13
[INFO] [stderr]    |
[INFO] [stderr] 75 |             bail!("{}", problems.join("; "))
[INFO] [stderr]    |             ^^^^^^^^^^^^^^^^^^^^^^^^^^^^^^^^
[INFO] [stderr]    |
[INFO] [stderr]    = note: macro invocations at the end of a block are treated as expressions
[INFO] [stderr]    = note: to ignore the value produced by the macro, add a semicolon after the invocation of `bail`
[INFO] [stderr]    = warning: this was previously accepted by the compiler but is being phased out; it will become a hard error in a future release!
[INFO] [stderr]    = note: for more information, see issue #79813 <https://github.com/rust-lang/rust/issues/79813>
[INFO] [stderr]    = note: `#[warn(semicolon_in_expressions_from_non_local_macros)]` (part of `#[warn(future_incompatible)]`) on by default
[INFO] [stderr]    = note: this warning originates in the macro `bail` (in Nightly builds, run with -Z macro-backtrace for more info)
[INFO] [stderr] 
[INFO] [stderr] warning: trailing semicolon in macro used in expression position
[INFO] [stderr]    --> src/process.rs:273:37
[INFO] [stderr]     |
[INFO] [stderr] 273 |         StopOutcome::AlreadyDead => bail!("project '{name}' is not running"),
[INFO] [stderr]     |                                     ^^^^^^^^^^^^^^^^^^^^^^^^^^^^^^^^^^^^^^^^
[INFO] [stderr]     |
[INFO] [stderr]     = warning: this was previously accepted by the compiler but is being phased out; it will become a hard error in a future release!
[INFO] [stderr]     = note: for more information, see issue #79813 <https://github.com/rust-lang/rust/issues/79813>
[INFO] [stderr]     = note: this warning originates in the macro `bail` (in Nightly builds, run with -Z macro-backtrace for more info)
[INFO] [stderr] 
[INFO] [stderr] warning: `devhub` (bin "devhub") generated 2 warnings
[INFO] [stderr] warning: `devhub` (bin "devhub" test) generated 2 warnings (2 duplicates)
[INFO] [stderr]     Finished `release` profile [optimized] target(s) in 0.09s
[INFO] [stderr] warning: the following packages contain code that will be rejected by a future version of Rust: devhub v0.4.0 (/opt/rustwide/workdir)
[INFO] [stderr] note: to see what the problems were, use the option `--future-incompat-report`, or run `cargo report future-incompatibilities --id 2`
[INFO] [stderr]      Running unittests src/main.rs (/opt/rustwide/target/release/build/devhub/d130b994d0b1a272/out/devhub-d130b994d0b1a272)
[INFO] [stdout] 
[INFO] [stdout] running 56 tests
[INFO] [stdout] test caddy::tests::generate_empty_caddyfile ... ok
[INFO] [stdout] test caddy::tests::leftover_caddyfile_is_stale_when_no_routes_are_expected ... ok
[INFO] [stdout] test config::tests::stop_and_owner_settings_have_defaults ... ok
[INFO] [stdout] test config::tests::expand_tilde_in_path ... ok
[INFO] [stdout] test config::tests::parse_config_without_ports ... ok
[INFO] [stdout] test caddy::tests::current_caddyfile_matches_desired_content ... ok
[INFO] [stdout] test caddy::tests::generate_caddyfile_with_ports ... ok
[INFO] [stdout] test caddy::tests::missing_caddyfile_is_stale_when_routes_are_expected ... ok
[INFO] [stdout] test caddy::tests::starting_projects_get_no_route ... ok
[INFO] [stdout] test caddy::tests::last_lines_keeps_the_tail ... ok
[INFO] [stdout] test caddy::tests::caddyfile_lists_routes_in_name_order ... ok
[INFO] [stdout] test config::tests::roundtrip_serialize ... ok
[INFO] [stdout] test config::tests::unknown_fields_are_rejected ... ok
[INFO] [stdout] test config::tests::validate_rejects_names_that_are_not_hostnames ... ok
[INFO] [stdout] test config::tests::no_expand_for_absolute_path ... ok
[INFO] [stdout] test config::tests::parse_config_with_ports ... ok
[INFO] [stdout] test config::tests::validate_lists_all_duplicated_ports ... ok
[INFO] [stdout] test config::tests::validate_rejects_duplicate_ports ... ok
[INFO] [stdout] test config::tests::validate_accepts_unique_ports ... ok
[INFO] [stdout] test config::tests::validate_allows_any_name_without_a_port ... ok
[INFO] [stdout] test caddy::tests::port_conflict_hint_mentions_gateway_port ... ok
[INFO] [stdout] test caddy::tests::caddyfile_format ... ok
[INFO] [stdout] test process::tests::guards_released_out_of_order_keep_handlers_until_the_last ... ok
[INFO] [stdout] test logs::tests::cleanup_outdated_logs_removes_only_inactive_old_logs ... ok
[INFO] [stdout] test logs::tests::read_log_tail_returns_last_lines ... ok
[INFO] [stdout] test process::tests::stop_if_running_without_entry_reports_already_dead ... ok
[INFO] [stdout] test process::tests::start_nonexistent_dir ... ok
[INFO] [stdout] test process::tests::readiness_description_prefers_ready_cmd ... ok
[INFO] [stdout] test process::tests::tcp_probe_detects_open_listener ... ok
[INFO] [stdout] test process::tests::tcp_probe_detects_ipv6_only_listener ... ok
[INFO] [stdout] test state::tests::entry_with_matching_start_time_is_alive ... ok
[INFO] [stdout] test state::tests::is_pid_alive_current_process ... ok
[INFO] [stdout] test state::tests::is_pid_alive_nonexistent ... ok
[INFO] [stdout] test process::tests::stop_if_running_kills_live_group ... ok
[INFO] [stdout] test state::tests::prune_dead_processes ... ok
[INFO] [stdout] test state::tests::remove_if_pid_keeps_a_replaced_entry ... ok
[INFO] [stdout] test process::tests::start_already_running ... ok
[INFO] [stdout] test state::tests::state_add_and_remove ... ok
[INFO] [stdout] test state::tests::state_serialize_roundtrip ... ok
[INFO] [stdout] test state::tests::state_written_before_readiness_tracking_loads_as_ready ... ok
[INFO] [stdout] test state::tests::update_keeps_entries_written_since_load ... ok
[INFO] [stdout] test process::tests::signal_delivered_reports_missing_target_as_gone ... ok
[INFO] [stdout] test process::tests::stop_not_running ... ok
[INFO] [stdout] test state::tests::reused_pid_is_not_mistaken_for_the_recorded_process ... ok
[INFO] [stdout] test process::tests::listener_details_reports_process_group ... ok
[INFO] [stdout] test state::tests::is_process_group_alive_nonexistent ... ok
[INFO] [stdout] test process::tests::start_fails_when_port_is_held_by_foreign_listener ... FAILED
[INFO] [stdout] test process::tests::start_and_stop_process ... ok
[INFO] [stdout] test process::tests::stop_if_running_cleans_stale_entry ... ok
[INFO] [stdout] test process::tests::stop_leaves_a_reused_pid_alone ... ok
[INFO] [stdout] test process::tests::start_rolls_back_when_state_cannot_be_saved ... FAILED
[INFO] [stdout] test process::tests::started_project_is_recorded_as_ready ... ok
[INFO] [stdout] test process::tests::project_runs_in_its_own_session ... ok
[INFO] [stdout] test process::tests::kill_group_when_leader_has_exited ... FAILED
[INFO] [stdout] test process::tests::zombie_leader_with_live_member_is_not_gone ... FAILED
[INFO] [stdout] test process::tests::hanging_ready_cmd_respects_startup_timeout ... ok
[INFO] [stdout] 
[INFO] [stdout] failures:
[INFO] [stdout] 
[INFO] [stdout] ---- process::tests::start_fails_when_port_is_held_by_foreign_listener stdout ----
[INFO] [stdout] 
[INFO] [stdout] thread 'process::tests::start_fails_when_port_is_held_by_foreign_listener' (884) panicked at src/process.rs:1155:76:
[INFO] [stdout] called `Result::unwrap_err()` on an `Ok` value: 947
[INFO] [stdout] stack backtrace:
[INFO] [stdout]    0:     0x56db3d70d9d1 - <<std[617be2ca0a6fd877]::sys::backtrace::BacktraceLock>::print::DisplayBacktrace as core[a373ad73a504971]::fmt::Display>::fmt
[INFO] [stdout]    1:     0x56db3d722a9a - core[a373ad73a504971]::fmt::write
[INFO] [stdout]    2:     0x56db3d711ffc - <alloc[2e1b2a31b91974c5]::vec::Vec<u8> as core[a373ad73a504971]::io::write::Write>::write_fmt
[INFO] [stdout]    3:     0x56db3d6e6506 - std[617be2ca0a6fd877]::panicking::default_hook::{closure#0}
[INFO] [stdout]    4:     0x56db3d7048a9 - std[617be2ca0a6fd877]::panicking::default_hook
[INFO] [stdout]    5:     0x56db3d696e20 - test[aada8e7e76ba119b]::test_main_inner::{closure#0}
[INFO] [stdout]    6:     0x56db3d704bd2 - std[617be2ca0a6fd877]::panicking::panic_with_hook
[INFO] [stdout]    7:     0x56db3d6e65b2 - std[617be2ca0a6fd877]::panicking::panic_handler::{closure#0}
[INFO] [stdout]    8:     0x56db3d6def19 - std[617be2ca0a6fd877]::sys::backtrace::__rust_end_short_backtrace::<std[617be2ca0a6fd877]::panicking::panic_handler::{closure#0}, !>
[INFO] [stdout]    9:     0x56db3d6e736d - __rustc[ea4f61d10b84890b]::rust_begin_unwind
[INFO] [stdout]   10:     0x56db3d7231fc - core[a373ad73a504971]::panicking::panic_fmt
[INFO] [stdout]   11:     0x56db3d722fd2 - core[a373ad73a504971]::result::unwrap_failed
[INFO] [stdout]   12:     0x56db3d6554b6 - <std[617be2ca0a6fd877]::thread::local::LocalKey<core[a373ad73a504971]::cell::RefCell<core[a373ad73a504971]::option::Option<std[617be2ca0a6fd877]::path::PathBuf>>>>::with::<devhub[d583328c4e91ed8a]::dirs::with_test_devhub_dir<(), devhub[d583328c4e91ed8a]::process::tests::start_fails_when_port_is_held_by_foreign_listener::{closure#0}>::{closure#0}, ()>
[INFO] [stdout]   13:     0x56db3d6834a7 - <devhub[d583328c4e91ed8a]::process::tests::start_fails_when_port_is_held_by_foreign_listener::{closure#0} as core[a373ad73a504971]::ops::function::FnOnce<()>>::call_once
[INFO] [stdout]   14:     0x56db3d68a26b - test[aada8e7e76ba119b]::__rust_begin_short_backtrace::<core[a373ad73a504971]::result::Result<(), alloc[2e1b2a31b91974c5]::string::String>, fn() -> core[a373ad73a504971]::result::Result<(), alloc[2e1b2a31b91974c5]::string::String>>
[INFO] [stdout]   15:     0x56db3d697445 - test[aada8e7e76ba119b]::run_test::{closure#0}
[INFO] [stdout]   16:     0x56db3d690d34 - std[617be2ca0a6fd877]::sys::backtrace::__rust_begin_short_backtrace::<test[aada8e7e76ba119b]::run_test::{closure#1}, ()>
[INFO] [stdout]   17:     0x56db3d69a4d2 - <std[617be2ca0a6fd877]::thread::lifecycle::spawn_unchecked<test[aada8e7e76ba119b]::run_test::{closure#1}, ()>::{closure#1} as core[a373ad73a504971]::ops::function::FnOnce<()>>::call_once::{shim:vtable#0}
[INFO] [stdout]   18:     0x56db3d70ca5f - <std[617be2ca0a6fd877]::sys::thread::unix::Thread>::new::thread_start
[INFO] [stdout]   19:     0x786c322dcdfa - <unknown>
[INFO] [stdout]   20:     0x786c323703d4 - clone
[INFO] [stdout]   21:                0x0 - <unknown>
[INFO] [stdout] 
[INFO] [stdout] ---- process::tests::start_rolls_back_when_state_cannot_be_saved stdout ----
[INFO] [stdout] 
[INFO] [stdout] thread 'process::tests::start_rolls_back_when_state_cannot_be_saved' (888) panicked at src/process.rs:989:48:
[INFO] [stdout] called `Result::unwrap_err()` on an `Ok` value: 948
[INFO] [stdout] stack backtrace:
[INFO] [stdout]    0:     0x56db3d70d9d1 - <<std[617be2ca0a6fd877]::sys::backtrace::BacktraceLock>::print::DisplayBacktrace as core[a373ad73a504971]::fmt::Display>::fmt
[INFO] [stdout]    1:     0x56db3d722a9a - core[a373ad73a504971]::fmt::write
[INFO] [stdout]    2:     0x56db3d711ffc - <alloc[2e1b2a31b91974c5]::vec::Vec<u8> as core[a373ad73a504971]::io::write::Write>::write_fmt
[INFO] [stdout]    3:     0x56db3d6e6506 - std[617be2ca0a6fd877]::panicking::default_hook::{closure#0}
[INFO] [stdout]    4:     0x56db3d7048a9 - std[617be2ca0a6fd877]::panicking::default_hook
[INFO] [stdout]    5:     0x56db3d696e20 - test[aada8e7e76ba119b]::test_main_inner::{closure#0}
[INFO] [stdout]    6:     0x56db3d704bd2 - std[617be2ca0a6fd877]::panicking::panic_with_hook
[INFO] [stdout]    7:     0x56db3d6e65b2 - std[617be2ca0a6fd877]::panicking::panic_handler::{closure#0}
[INFO] [stdout]    8:     0x56db3d6def19 - std[617be2ca0a6fd877]::sys::backtrace::__rust_end_short_backtrace::<std[617be2ca0a6fd877]::panicking::panic_handler::{closure#0}, !>
[INFO] [stdout]    9:     0x56db3d6e736d - __rustc[ea4f61d10b84890b]::rust_begin_unwind
[INFO] [stdout]   10:     0x56db3d7231fc - core[a373ad73a504971]::panicking::panic_fmt
[INFO] [stdout]   11:     0x56db3d722fd2 - core[a373ad73a504971]::result::unwrap_failed
[INFO] [stdout]   12:     0x56db3d654a9f - <std[617be2ca0a6fd877]::thread::local::LocalKey<core[a373ad73a504971]::cell::RefCell<core[a373ad73a504971]::option::Option<std[617be2ca0a6fd877]::path::PathBuf>>>>::with::<devhub[d583328c4e91ed8a]::dirs::with_test_devhub_dir<(), devhub[d583328c4e91ed8a]::process::tests::start_rolls_back_when_state_cannot_be_saved::{closure#0}>::{closure#0}, ()>
[INFO] [stdout]   13:     0x56db3d6832d7 - <devhub[d583328c4e91ed8a]::process::tests::start_rolls_back_when_state_cannot_be_saved::{closure#0} as core[a373ad73a504971]::ops::function::FnOnce<()>>::call_once
[INFO] [stdout]   14:     0x56db3d68a26b - test[aada8e7e76ba119b]::__rust_begin_short_backtrace::<core[a373ad73a504971]::result::Result<(), alloc[2e1b2a31b91974c5]::string::String>, fn() -> core[a373ad73a504971]::result::Result<(), alloc[2e1b2a31b91974c5]::string::String>>
[INFO] [stdout]   15:     0x56db3d697445 - test[aada8e7e76ba119b]::run_test::{closure#0}
[INFO] [stdout]   16:     0x56db3d690d34 - std[617be2ca0a6fd877]::sys::backtrace::__rust_begin_short_backtrace::<test[aada8e7e76ba119b]::run_test::{closure#1}, ()>
[INFO] [stdout]   17:     0x56db3d69a4d2 - <std[617be2ca0a6fd877]::thread::lifecycle::spawn_unchecked<test[aada8e7e76ba119b]::run_test::{closure#1}, ()>::{closure#1} as core[a373ad73a504971]::ops::function::FnOnce<()>>::call_once::{shim:vtable#0}
[INFO] [stdout]   18:     0x56db3d70ca5f - <std[617be2ca0a6fd877]::sys::thread::unix::Thread>::new::thread_start
[INFO] [stdout]   19:     0x786c322dcdfa - <unknown>
[INFO] [stdout]   20:     0x786c323703d4 - clone
[INFO] [stdout]   21:                0x0 - <unknown>
[INFO] [stdout] 
[INFO] [stdout] ---- process::tests::kill_group_when_leader_has_exited stdout ----
[INFO] [stdout] 
[INFO] [stdout] thread 'process::tests::kill_group_when_leader_has_exited' (877) panicked at src/process.rs:1116:9:
[INFO] [stdout] assertion failed: !crate::state::is_process_group_alive(group_id)
[INFO] [stdout] stack backtrace:
[INFO] [stdout]    0:     0x56db3d70d9d1 - <<std[617be2ca0a6fd877]::sys::backtrace::BacktraceLock>::print::DisplayBacktrace as core[a373ad73a504971]::fmt::Display>::fmt
[INFO] [stdout]    1:     0x56db3d722a9a - core[a373ad73a504971]::fmt::write
[INFO] [stdout]    2:     0x56db3d711ffc - <alloc[2e1b2a31b91974c5]::vec::Vec<u8> as core[a373ad73a504971]::io::write::Write>::write_fmt
[INFO] [stdout]    3:     0x56db3d6e6506 - std[617be2ca0a6fd877]::panicking::default_hook::{closure#0}
[INFO] [stdout]    4:     0x56db3d7048a9 - std[617be2ca0a6fd877]::panicking::default_hook
[INFO] [stdout]    5:     0x56db3d696e20 - test[aada8e7e76ba119b]::test_main_inner::{closure#0}
[INFO] [stdout]    6:     0x56db3d704bd2 - std[617be2ca0a6fd877]::panicking::panic_with_hook
[INFO] [stdout]    7:     0x56db3d6e65e4 - std[617be2ca0a6fd877]::panicking::panic_handler::{closure#0}
[INFO] [stdout]    8:     0x56db3d6def19 - std[617be2ca0a6fd877]::sys::backtrace::__rust_end_short_backtrace::<std[617be2ca0a6fd877]::panicking::panic_handler::{closure#0}, !>
[INFO] [stdout]    9:     0x56db3d6e736d - __rustc[ea4f61d10b84890b]::rust_begin_unwind
[INFO] [stdout]   10:     0x56db3d7231fc - core[a373ad73a504971]::panicking::panic_fmt
[INFO] [stdout]   11:     0x56db3d7231c2 - core[a373ad73a504971]::panicking::panic
[INFO] [stdout]   12:     0x56db3d682646 - <devhub[d583328c4e91ed8a]::process::tests::kill_group_when_leader_has_exited::{closure#0} as core[a373ad73a504971]::ops::function::FnOnce<()>>::call_once
[INFO] [stdout]   13:     0x56db3d68a26b - test[aada8e7e76ba119b]::__rust_begin_short_backtrace::<core[a373ad73a504971]::result::Result<(), alloc[2e1b2a31b91974c5]::string::String>, fn() -> core[a373ad73a504971]::result::Result<(), alloc[2e1b2a31b91974c5]::string::String>>
[INFO] [stdout]   14:     0x56db3d697445 - test[aada8e7e76ba119b]::run_test::{closure#0}
[INFO] [stdout]   15:     0x56db3d690d34 - std[617be2ca0a6fd877]::sys::backtrace::__rust_begin_short_backtrace::<test[aada8e7e76ba119b]::run_test::{closure#1}, ()>
[INFO] [stdout]   16:     0x56db3d69a4d2 - <std[617be2ca0a6fd877]::thread::lifecycle::spawn_unchecked<test[aada8e7e76ba119b]::run_test::{closure#1}, ()>::{closure#1} as core[a373ad73a504971]::ops::function::FnOnce<()>>::call_once::{shim:vtable#0}
[INFO] [stdout]   17:     0x56db3d70ca5f - <std[617be2ca0a6fd877]::sys::thread::unix::Thread>::new::thread_start
[INFO] [stdout]   18:     0x786c322dcdfa - <unknown>
[INFO] [stdout]   19:     0x786c323703d4 - clone
[INFO] [stdout]   20:                0x0 - <unknown>
[INFO] [stdout] 
[INFO] [stdout] ---- process::tests::zombie_leader_with_live_member_is_not_gone stdout ----
[INFO] [stdout] 
[INFO] [stdout] thread 'process::tests::zombie_leader_with_live_member_is_not_gone' (905) panicked at src/process.rs:961:9:
[INFO] [stdout] assertion failed: !crate::state::is_process_group_alive(group_id)
[INFO] [stdout] stack backtrace:
[INFO] [stdout]    0:     0x56db3d70d9d1 - <<std[617be2ca0a6fd877]::sys::backtrace::BacktraceLock>::print::DisplayBacktrace as core[a373ad73a504971]::fmt::Display>::fmt
[INFO] [stdout]    1:     0x56db3d722a9a - core[a373ad73a504971]::fmt::write
[INFO] [stdout]    2:     0x56db3d711ffc - <alloc[2e1b2a31b91974c5]::vec::Vec<u8> as core[a373ad73a504971]::io::write::Write>::write_fmt
[INFO] [stdout]    3:     0x56db3d6e6506 - std[617be2ca0a6fd877]::panicking::default_hook::{closure#0}
[INFO] [stdout]    4:     0x56db3d7048a9 - std[617be2ca0a6fd877]::panicking::default_hook
[INFO] [stdout]    5:     0x56db3d696e20 - test[aada8e7e76ba119b]::test_main_inner::{closure#0}
[INFO] [stdout]    6:     0x56db3d704bd2 - std[617be2ca0a6fd877]::panicking::panic_with_hook
[INFO] [stdout]    7:     0x56db3d6e65e4 - std[617be2ca0a6fd877]::panicking::panic_handler::{closure#0}
[INFO] [stdout]    8:     0x56db3d6def19 - std[617be2ca0a6fd877]::sys::backtrace::__rust_end_short_backtrace::<std[617be2ca0a6fd877]::panicking::panic_handler::{closure#0}, !>
[INFO] [stdout]    9:     0x56db3d6e736d - __rustc[ea4f61d10b84890b]::rust_begin_unwind
[INFO] [stdout]   10:     0x56db3d7231fc - core[a373ad73a504971]::panicking::panic_fmt
[INFO] [stdout]   11:     0x56db3d7231c2 - core[a373ad73a504971]::panicking::panic
[INFO] [stdout]   12:     0x56db3d6831ac - <devhub[d583328c4e91ed8a]::process::tests::zombie_leader_with_live_member_is_not_gone::{closure#0} as core[a373ad73a504971]::ops::function::FnOnce<()>>::call_once
[INFO] [stdout]   13:     0x56db3d68a26b - test[aada8e7e76ba119b]::__rust_begin_short_backtrace::<core[a373ad73a504971]::result::Result<(), alloc[2e1b2a31b91974c5]::string::String>, fn() -> core[a373ad73a504971]::result::Result<(), alloc[2e1b2a31b91974c5]::string::String>>
[INFO] [stdout]   14:     0x56db3d697445 - test[aada8e7e76ba119b]::run_test::{closure#0}
[INFO] [stdout]   15:     0x56db3d690d34 - std[617be2ca0a6fd877]::sys::backtrace::__rust_begin_short_backtrace::<test[aada8e7e76ba119b]::run_test::{closure#1}, ()>
[INFO] [stdout]   16:     0x56db3d69a4d2 - <std[617be2ca0a6fd877]::thread::lifecycle::spawn_unchecked<test[aada8e7e76ba119b]::run_test::{closure#1}, ()>::{closure#1} as core[a373ad73a504971]::ops::function::FnOnce<()>>::call_once::{shim:vtable#0}
[INFO] [stdout]   17:     0x56db3d70ca5f - <std[617be2ca0a6fd877]::sys::thread::unix::Thread>::new::thread_start
[INFO] [stdout]   18:     0x786c322dcdfa - <unknown>
[INFO] [stdout]   19:     0x786c323703d4 - clone
[INFO] [stdout]   20:                0x0 - <unknown>
[INFO] [stdout] 
[INFO] [stdout] 
[INFO] [stdout] failures:
[INFO] [stdout]     process::tests::kill_group_when_leader_has_exited
[INFO] [stdout]     process::tests::start_fails_when_port_is_held_by_foreign_listener
[INFO] [stdout]     process::tests::start_rolls_back_when_state_cannot_be_saved
[INFO] [stdout]     process::tests::zombie_leader_with_live_member_is_not_gone
[INFO] [stdout] 
[INFO] [stdout] test result: FAILED. 52 passed; 4 failed; 0 ignored; 0 measured; 0 filtered out; finished in 0.62s
[INFO] [stdout] 
[INFO] [stderr] error: test failed, to rerun pass `--bin devhub`
[INFO] running `Command { std: "docker" "inspect" "ca9555c5a32910f4809814bf499cad21b801cb6ea34727b338aab200b01651b1", kill_on_drop: false }`
[INFO] running `Command { std: "docker" "rm" "-f" "ca9555c5a32910f4809814bf499cad21b801cb6ea34727b338aab200b01651b1", kill_on_drop: false }`
[INFO] [stdout] ca9555c5a32910f4809814bf499cad21b801cb6ea34727b338aab200b01651b1
