[INFO] fetching crate devgen-tree-sitter-toml 0.21.0...
[INFO] testing devgen-tree-sitter-toml-0.21.0 against 1.99.0-beta.8+cargoflags=--release for beta-release-1.100-2
[INFO] extracting crate devgen-tree-sitter-toml 0.21.0 into /workspace/builds/worker-3-tc1/source
[INFO] started tweaking crates.io crate devgen-tree-sitter-toml 0.21.0
[INFO] finished tweaking crates.io crate devgen-tree-sitter-toml 0.21.0
[INFO] tweaked toml for crates.io crate devgen-tree-sitter-toml 0.21.0 written to /workspace/builds/worker-3-tc1/source/Cargo.toml
[INFO] validating manifest of crates.io crate devgen-tree-sitter-toml 0.21.0 on toolchain 1.99.0-beta.8
[INFO] running `Command { std: CARGO_HOME="/workspace/cargo-home" RUSTUP_HOME="/workspace/rustup-home" "/workspace/cargo-home/bin/cargo" "+1.99.0-beta.8" "metadata" "--manifest-path" "Cargo.toml" "--no-deps", kill_on_drop: false }`
[INFO] running `Command { std: CARGO_HOME="/workspace/cargo-home" RUSTUP_HOME="/workspace/rustup-home" "/workspace/cargo-home/bin/cargo" "+1.99.0-beta.8" "generate-lockfile" "--manifest-path" "Cargo.toml", kill_on_drop: false }`
[INFO] [stderr]     Updating crates.io index
[INFO] [stderr]      Locking 9 packages to highest compatible versions
[INFO] [stderr]       Adding tree-sitter v0.21.0 (available: v0.27.1)
[INFO] running `Command { std: CARGO_HOME="/workspace/cargo-home" RUSTUP_HOME="/workspace/rustup-home" "/workspace/cargo-home/bin/cargo" "+1.99.0-beta.8" "fetch" "--manifest-path" "Cargo.toml", kill_on_drop: false }`
[INFO] [stderr]  Downloading crates ...
[INFO] [stderr]   Downloaded tree-sitter v0.21.0
[INFO] running `Command { std: "docker" "create" "-v" "/var/lib/crater-agent-workspace/builds/worker-3-tc1/source:/opt/rustwide/workdir:ro,Z" "-v" "/var/lib/crater-agent-workspace/builds/worker-3-tc1/target:/opt/rustwide/target:rw,Z" "-v" "/var/lib/crater-agent-workspace/cargo-home:/opt/rustwide/cargo-home:ro,Z" "-v" "/var/lib/crater-agent-workspace/rustup-home:/opt/rustwide/rustup-home:ro,Z" "-m" "1610612736" "--network" "none" "ghcr.io/rust-lang/crates-build-env/linux@sha256:77db811e55d90add9212f6832c23229e3de5f1c1f9905e8cb07319ea15df73ac" "sleep" "infinity", kill_on_drop: false }`
[INFO] [stdout] fad79c3978d9a70ca9fbdbb5ae49d14950df85b6588ccda29d429805f244fbe2
[INFO] running `Command { std: "docker" "start" "fad79c3978d9a70ca9fbdbb5ae49d14950df85b6588ccda29d429805f244fbe2", kill_on_drop: false }`
[INFO] running `Command { std: "docker" "inspect" "fad79c3978d9a70ca9fbdbb5ae49d14950df85b6588ccda29d429805f244fbe2", kill_on_drop: false }`
[INFO] running `Command { std: "docker" "exec" "-e" "SOURCE_DIR=/opt/rustwide/workdir" "-e" "CARGO_HOME=/opt/rustwide/cargo-home" "-e" "RUSTUP_HOME=/opt/rustwide/rustup-home" "-e" "CARGO_TARGET_DIR=/opt/rustwide/target" "-w" "/opt/rustwide/workdir" "--user" "0:0" "fad79c3978d9a70ca9fbdbb5ae49d14950df85b6588ccda29d429805f244fbe2" "/opt/rustwide/cargo-home/bin/cargo" "+1.99.0-beta.8" "metadata" "--no-deps" "--format-version=1", kill_on_drop: false }`
[INFO] running `Command { std: "docker" "inspect" "fad79c3978d9a70ca9fbdbb5ae49d14950df85b6588ccda29d429805f244fbe2", kill_on_drop: false }`
[INFO] running `Command { std: "docker" "exec" "-e" "SOURCE_DIR=/opt/rustwide/workdir" "-e" "CARGO_HOME=/opt/rustwide/cargo-home" "-e" "RUSTUP_HOME=/opt/rustwide/rustup-home" "-e" "CARGO_TARGET_DIR=/opt/rustwide/target" "-e" "CARGO_INCREMENTAL=0" "-e" "RUST_BACKTRACE=full" "-e" "RUSTFLAGS=--cap-lints=warn" "-e" "RUSTDOCFLAGS=--cap-lints=warn" "-w" "/opt/rustwide/workdir" "--user" "0:0" "fad79c3978d9a70ca9fbdbb5ae49d14950df85b6588ccda29d429805f244fbe2" "/opt/rustwide/cargo-home/bin/cargo" "+1.99.0-beta.8" "build" "--frozen" "--message-format=json" "--release", kill_on_drop: false }`
[INFO] [stderr]    Compiling find-msvc-tools v0.1.14
[INFO] [stderr]    Compiling aho-corasick v1.1.5
[INFO] [stderr]    Compiling cc v1.8.0
[INFO] [stderr]    Compiling regex-automata v0.4.18
[INFO] [stderr]    Compiling tree-sitter v0.21.0
[INFO] [stderr]    Compiling devgen-tree-sitter-toml v0.21.0 (/opt/rustwide/workdir)
[INFO] [stderr]    Compiling regex v1.13.1
[INFO] [stderr]     Finished `release` profile [optimized] target(s) in 19.14s
[INFO] running `Command { std: "docker" "inspect" "fad79c3978d9a70ca9fbdbb5ae49d14950df85b6588ccda29d429805f244fbe2", kill_on_drop: false }`
[INFO] running `Command { std: "docker" "exec" "-e" "SOURCE_DIR=/opt/rustwide/workdir" "-e" "CARGO_HOME=/opt/rustwide/cargo-home" "-e" "RUSTUP_HOME=/opt/rustwide/rustup-home" "-e" "CARGO_TARGET_DIR=/opt/rustwide/target" "-e" "CARGO_INCREMENTAL=0" "-e" "RUST_BACKTRACE=full" "-e" "RUSTFLAGS=--cap-lints=warn" "-e" "RUSTDOCFLAGS=--cap-lints=warn" "-w" "/opt/rustwide/workdir" "--user" "0:0" "fad79c3978d9a70ca9fbdbb5ae49d14950df85b6588ccda29d429805f244fbe2" "/opt/rustwide/cargo-home/bin/cargo" "+1.99.0-beta.8" "test" "--frozen" "--no-run" "--message-format=json" "--release", kill_on_drop: false }`
[INFO] [stderr]    Compiling devgen-tree-sitter-toml v0.21.0 (/opt/rustwide/workdir)
[INFO] [stderr]     Finished `release` profile [optimized] target(s) in 0.30s
[INFO] running `Command { std: "docker" "inspect" "fad79c3978d9a70ca9fbdbb5ae49d14950df85b6588ccda29d429805f244fbe2", kill_on_drop: false }`
[INFO] running `Command { std: "docker" "exec" "-e" "SOURCE_DIR=/opt/rustwide/workdir" "-e" "CARGO_HOME=/opt/rustwide/cargo-home" "-e" "RUSTUP_HOME=/opt/rustwide/rustup-home" "-e" "CARGO_TARGET_DIR=/opt/rustwide/target" "-e" "CARGO_INCREMENTAL=0" "-e" "RUST_BACKTRACE=full" "-e" "RUSTFLAGS=--cap-lints=warn" "-e" "RUSTDOCFLAGS=--cap-lints=warn" "-w" "/opt/rustwide/workdir" "--user" "0:0" "fad79c3978d9a70ca9fbdbb5ae49d14950df85b6588ccda29d429805f244fbe2" "/opt/rustwide/cargo-home/bin/cargo" "+1.99.0-beta.8" "test" "--frozen" "--release", kill_on_drop: false }`
[INFO] [stderr]     Finished `release` profile [optimized] target(s) in 0.02s
[INFO] [stderr]      Running unittests bindings/rust/lib.rs (/opt/rustwide/target/release/deps/devgen_tree_sitter_toml-b39b430ba7871c96)
[INFO] [stdout] 
[INFO] [stdout] running 1 test
[INFO] [stderr]    Doc-tests devgen_tree_sitter_toml
[INFO] [stdout] test tests::test_can_load_grammar ... ok
[INFO] [stdout] 
[INFO] [stdout] test result: ok. 1 passed; 0 failed; 0 ignored; 0 measured; 0 filtered out; finished in 0.00s
[INFO] [stdout] 
[INFO] [stdout] 
[INFO] [stdout] running 1 test
[INFO] [stdout] test bindings/rust/lib.rs - (line 6) ... FAILED
[INFO] [stderr] error: doctest failed, to rerun pass `--doc`
[INFO] [stdout] 
[INFO] [stdout] failures:
[INFO] [stdout] 
[INFO] [stdout] ---- bindings/rust/lib.rs - (line 6) stdout ----
[INFO] [stdout] error[E0433]: cannot find module or crate `tree_sitter_toml` in this scope
[INFO] [stdout]   --> bindings/rust/lib.rs:11:16
[INFO] [stdout]    |
[INFO] [stdout] 11 | let language = tree_sitter_toml::language();
[INFO] [stdout]    |                ^^^^^^^^^^^^^^^^ use of unresolved module or unlinked crate `tree_sitter_toml`
[INFO] [stdout]    |
[INFO] [stdout] help: there is a crate or module with a similar name
[INFO] [stdout]    |
[INFO] [stdout] 11 - let language = tree_sitter_toml::language();
[INFO] [stdout] 11 + let language = tree_sitter::language();
[INFO] [stdout]    |
[INFO] [stdout] 
[INFO] [stdout] error: aborting due to 1 previous error
[INFO] [stdout] 
[INFO] [stdout] For more information about this error, try `rustc --explain E0433`.
[INFO] [stdout] Couldn't compile the test.
[INFO] [stdout] 
[INFO] [stdout] failures:
[INFO] [stdout]     bindings/rust/lib.rs - (line 6)
[INFO] [stdout] 
[INFO] [stdout] test result: FAILED. 0 passed; 1 failed; 0 ignored; 0 measured; 0 filtered out; finished in 0.08s
[INFO] [stdout] 
[INFO] running `Command { std: "docker" "inspect" "fad79c3978d9a70ca9fbdbb5ae49d14950df85b6588ccda29d429805f244fbe2", kill_on_drop: false }`
[INFO] running `Command { std: "docker" "rm" "-f" "fad79c3978d9a70ca9fbdbb5ae49d14950df85b6588ccda29d429805f244fbe2", kill_on_drop: false }`
[INFO] [stdout] fad79c3978d9a70ca9fbdbb5ae49d14950df85b6588ccda29d429805f244fbe2
