[INFO] fetching crate deverr 0.4.0-rc.0...
[INFO] testing deverr-0.4.0-rc.0 against 1.99.0-beta.8+cargoflags=--release for beta-release-1.100-2
[INFO] extracting crate deverr 0.4.0-rc.0 into /workspace/builds/worker-5-tc1/source
[INFO] started tweaking crates.io crate deverr 0.4.0-rc.0
[INFO] removed 0 missing tests
[INFO] finished tweaking crates.io crate deverr 0.4.0-rc.0
[INFO] tweaked toml for crates.io crate deverr 0.4.0-rc.0 written to /workspace/builds/worker-5-tc1/source/Cargo.toml
[INFO] validating manifest of crates.io crate deverr 0.4.0-rc.0 on toolchain 1.99.0-beta.8
[INFO] running `Command { std: CARGO_HOME="/workspace/cargo-home" RUSTUP_HOME="/workspace/rustup-home" "/workspace/cargo-home/bin/cargo" "+1.99.0-beta.8" "metadata" "--manifest-path" "Cargo.toml" "--no-deps", kill_on_drop: false }`
[INFO] crate crates.io crate deverr 0.4.0-rc.0 already has a lockfile, it will not be regenerated
[INFO] running `Command { std: CARGO_HOME="/workspace/cargo-home" RUSTUP_HOME="/workspace/rustup-home" "/workspace/cargo-home/bin/cargo" "+1.99.0-beta.8" "fetch" "--manifest-path" "Cargo.toml", kill_on_drop: false }`
[INFO] running `Command { std: "docker" "create" "-v" "/var/lib/crater-agent-workspace/builds/worker-5-tc1/source:/opt/rustwide/workdir:ro,Z" "-v" "/var/lib/crater-agent-workspace/builds/worker-5-tc1/target:/opt/rustwide/target:rw,Z" "-v" "/var/lib/crater-agent-workspace/cargo-home:/opt/rustwide/cargo-home:ro,Z" "-v" "/var/lib/crater-agent-workspace/rustup-home:/opt/rustwide/rustup-home:ro,Z" "-m" "1610612736" "--network" "none" "ghcr.io/rust-lang/crates-build-env/linux@sha256:77db811e55d90add9212f6832c23229e3de5f1c1f9905e8cb07319ea15df73ac" "sleep" "infinity", kill_on_drop: false }`
[INFO] [stdout] 902fc7fdb09996119ab6d1a3fa28c84651a33c3b1a080bf9a7bc86855473ecab
[INFO] running `Command { std: "docker" "start" "902fc7fdb09996119ab6d1a3fa28c84651a33c3b1a080bf9a7bc86855473ecab", kill_on_drop: false }`
[INFO] running `Command { std: "docker" "inspect" "902fc7fdb09996119ab6d1a3fa28c84651a33c3b1a080bf9a7bc86855473ecab", kill_on_drop: false }`
[INFO] running `Command { std: "docker" "exec" "-e" "SOURCE_DIR=/opt/rustwide/workdir" "-e" "CARGO_HOME=/opt/rustwide/cargo-home" "-e" "RUSTUP_HOME=/opt/rustwide/rustup-home" "-e" "CARGO_TARGET_DIR=/opt/rustwide/target" "-w" "/opt/rustwide/workdir" "--user" "0:0" "902fc7fdb09996119ab6d1a3fa28c84651a33c3b1a080bf9a7bc86855473ecab" "/opt/rustwide/cargo-home/bin/cargo" "+1.99.0-beta.8" "metadata" "--no-deps" "--format-version=1", kill_on_drop: false }`
[INFO] running `Command { std: "docker" "inspect" "902fc7fdb09996119ab6d1a3fa28c84651a33c3b1a080bf9a7bc86855473ecab", kill_on_drop: false }`
[INFO] running `Command { std: "docker" "exec" "-e" "SOURCE_DIR=/opt/rustwide/workdir" "-e" "CARGO_HOME=/opt/rustwide/cargo-home" "-e" "RUSTUP_HOME=/opt/rustwide/rustup-home" "-e" "CARGO_TARGET_DIR=/opt/rustwide/target" "-e" "CARGO_INCREMENTAL=0" "-e" "RUST_BACKTRACE=full" "-e" "RUSTFLAGS=--cap-lints=warn" "-e" "RUSTDOCFLAGS=--cap-lints=warn" "-w" "/opt/rustwide/workdir" "--user" "0:0" "902fc7fdb09996119ab6d1a3fa28c84651a33c3b1a080bf9a7bc86855473ecab" "/opt/rustwide/cargo-home/bin/cargo" "+1.99.0-beta.8" "build" "--frozen" "--message-format=json" "--release", kill_on_drop: false }`
[INFO] [stderr]    Compiling deverr v0.4.0-rc.0 (/opt/rustwide/workdir)
[INFO] [stderr]     Finished `release` profile [optimized] target(s) in 0.53s
[INFO] running `Command { std: "docker" "inspect" "902fc7fdb09996119ab6d1a3fa28c84651a33c3b1a080bf9a7bc86855473ecab", kill_on_drop: false }`
[INFO] running `Command { std: "docker" "exec" "-e" "SOURCE_DIR=/opt/rustwide/workdir" "-e" "CARGO_HOME=/opt/rustwide/cargo-home" "-e" "RUSTUP_HOME=/opt/rustwide/rustup-home" "-e" "CARGO_TARGET_DIR=/opt/rustwide/target" "-e" "CARGO_INCREMENTAL=0" "-e" "RUST_BACKTRACE=full" "-e" "RUSTFLAGS=--cap-lints=warn" "-e" "RUSTDOCFLAGS=--cap-lints=warn" "-w" "/opt/rustwide/workdir" "--user" "0:0" "902fc7fdb09996119ab6d1a3fa28c84651a33c3b1a080bf9a7bc86855473ecab" "/opt/rustwide/cargo-home/bin/cargo" "+1.99.0-beta.8" "test" "--frozen" "--no-run" "--message-format=json" "--release", kill_on_drop: false }`
[INFO] [stderr]    Compiling deverr v0.4.0-rc.0 (/opt/rustwide/workdir)
[INFO] [stderr]     Finished `release` profile [optimized] target(s) in 1.65s
[INFO] running `Command { std: "docker" "inspect" "902fc7fdb09996119ab6d1a3fa28c84651a33c3b1a080bf9a7bc86855473ecab", kill_on_drop: false }`
[INFO] running `Command { std: "docker" "exec" "-e" "SOURCE_DIR=/opt/rustwide/workdir" "-e" "CARGO_HOME=/opt/rustwide/cargo-home" "-e" "RUSTUP_HOME=/opt/rustwide/rustup-home" "-e" "CARGO_TARGET_DIR=/opt/rustwide/target" "-e" "CARGO_INCREMENTAL=0" "-e" "RUST_BACKTRACE=full" "-e" "RUSTFLAGS=--cap-lints=warn" "-e" "RUSTDOCFLAGS=--cap-lints=warn" "-w" "/opt/rustwide/workdir" "--user" "0:0" "902fc7fdb09996119ab6d1a3fa28c84651a33c3b1a080bf9a7bc86855473ecab" "/opt/rustwide/cargo-home/bin/cargo" "+1.99.0-beta.8" "test" "--frozen" "--release", kill_on_drop: false }`
[INFO] [stderr]     Finished `release` profile [optimized] target(s) in 0.02s
[INFO] [stderr]      Running unittests src/lib.rs (/opt/rustwide/target/release/deps/deverr-b96545b4392f16ab)
[INFO] [stdout] 
[INFO] [stdout] running 29 tests
[INFO] [stdout] test init::test::test_from_error_with_source_chain_truncated ... ok
[INFO] [stdout] test init::test::tools_reused_as_tests::from_any ... ok
[INFO] [stdout] test fault::test::test_with_message ... FAILED
[INFO] [stdout] test init::test::tools_reused_as_tests::from_debug ... ok
[INFO] [stdout] test init::test::tools_reused_as_tests::blanket_impl_parse_error ... ok
[INFO] [stdout] test init::test::test_fault_display ... FAILED
[INFO] [stdout] test test::test_catch_result_any ... ok
[INFO] [stdout] test init::test::tools_reused_as_tests::blanket_impl_io_error ... FAILED
[INFO] [stdout] test test::test_catch_fault ... ok
[INFO] [stdout] test test::test_catch_ok ... ok
[INFO] [stdout] test test::test_catch_failure_with_locals ... ok
[INFO] [stdout] test fault::test::test_with_backtrace ... ok
[INFO] [stdout] test test::test_catch_multiple ... ok
[INFO] [stdout] test init::test::tools_reused_as_tests::from_stringly ... ok
[INFO] [stdout] test init::test::tools_reused_as_tests::from_io_error_with_source_chain ... FAILED
[INFO] [stdout] test test::test_catch_with_locals ... ok
[INFO] [stdout] test test::test_catch_string_literal ... ok
[INFO] [stdout] test test::test_catch_result_error ... FAILED
[INFO] [stdout] test test::test_fault_failure_with_locals ... ok
[INFO] [stdout] test test::test_nope_in_closures ... ok
[INFO] [stdout] test test::test_catch_error ... FAILED
[INFO] [stdout] test init::test::tools_reused_as_tests::from_error_with_source_chain ... ok
[INFO] [stdout] test test::test_fault_macro_with_result_err ... FAILED
[INFO] [stdout] test test::test_fault_macro_with_result_ok ... FAILED
[INFO] [stdout] test test::test_catch_result_debug ... ok
[INFO] [stdout] test test::test_catch_result_stringly ... ok
[INFO] [stdout] test test::test_fault_with_locals ... ok
[INFO] [stdout] test test::test_catch_result_fault ... ok
[INFO] [stderr] error: test failed, to rerun pass `--lib`
[INFO] [stdout] test init::test::tools_reused_as_tests::from_error ... FAILED
[INFO] [stdout] 
[INFO] [stdout] failures:
[INFO] [stdout] 
[INFO] [stdout] ---- fault::test::test_with_message stdout ----
[INFO] [stdout] 
[INFO] [stdout] thread 'fault::test::test_with_message' (184) panicked at src/fault.rs:310:17:
[INFO] [stdout] expected (as regex): ```^
[INFO] [stdout] deverr::Fault
[INFO] [stdout]   type: std::io::error::Error
[INFO] [stdout]   text: blanket io
[INFO] [stdout]   debug: Custom \{ kind: Other, error: "blanket io" \}$```
[INFO] [stdout] but fault is: ```
[INFO] [stdout] deverr::Fault
[INFO] [stdout]   type: core::io::error::Error
[INFO] [stdout]   text: blanket io
[INFO] [stdout]   debug: Custom { kind: Other, error: "blanket io" }```
[INFO] [stdout] stack backtrace:
[INFO] [stdout]    0:     0x5756d5228ba1 - <<std[70759c8f55707aa4]::sys::backtrace::BacktraceLock>::print::DisplayBacktrace as core[df12db4294e9bfd3]::fmt::Display>::fmt
[INFO] [stdout]    1:     0x5756d523eaca - core[df12db4294e9bfd3]::fmt::write
[INFO] [stdout]    2:     0x5756d522d53c - <alloc[2182bb758b4b3781]::vec::Vec<u8> as core[df12db4294e9bfd3]::io::write::Write>::write_fmt
[INFO] [stdout]    3:     0x5756d5204eb6 - std[70759c8f55707aa4]::panicking::default_hook::{closure#0}
[INFO] [stdout]    4:     0x5756d52212e9 - std[70759c8f55707aa4]::panicking::default_hook
[INFO] [stdout]    5:     0x5756d51bcd10 - test[9d35eded1c95d3be]::test_main_inner::<test[9d35eded1c95d3be]::test_main_static::{closure#0}>::{closure#0}
[INFO] [stdout]    6:     0x5756d52214a2 - std[70759c8f55707aa4]::panicking::panic_with_hook
[INFO] [stdout]    7:     0x5756d5204f62 - std[70759c8f55707aa4]::panicking::panic_handler::{closure#0}
[INFO] [stdout]    8:     0x5756d51fd759 - std[70759c8f55707aa4]::sys::backtrace::__rust_end_short_backtrace::<std[70759c8f55707aa4]::panicking::panic_handler::{closure#0}, !>
[INFO] [stdout]    9:     0x5756d5205c6d - __rustc[8fa7c3cbc660c2b3]::rust_begin_unwind
[INFO] [stdout]   10:     0x5756d523f2ac - core[df12db4294e9bfd3]::panicking::panic_fmt
[INFO] [stdout]   11:     0x5756d50e516d - deverr[7e29edaf8e7281ca]::test::tools::assert_matches::<deverr[7e29edaf8e7281ca]::fault::Fault, &str>
[INFO] [stdout]   12:     0x5756d50e5e2e - deverr[7e29edaf8e7281ca]::test::tools::blanket_impl_io_error
[INFO] [stdout]   13:     0x5756d50e1f55 - <deverr[7e29edaf8e7281ca]::fault::test::test_with_message::{closure#0} as core[df12db4294e9bfd3]::ops::function::FnOnce<()>>::call_once
[INFO] [stdout]   14:     0x5756d51afffb - test[9d35eded1c95d3be]::__rust_begin_short_backtrace::<core[df12db4294e9bfd3]::result::Result<(), alloc[2182bb758b4b3781]::string::String>, fn() -> core[df12db4294e9bfd3]::result::Result<(), alloc[2182bb758b4b3781]::string::String>>
[INFO] [stdout]   15:     0x5756d51bd665 - test[9d35eded1c95d3be]::run_test::{closure#0}
[INFO] [stdout]   16:     0x5756d51b6f24 - std[70759c8f55707aa4]::sys::backtrace::__rust_begin_short_backtrace::<test[9d35eded1c95d3be]::run_test::{closure#1}, ()>
[INFO] [stdout]   17:     0x5756d51c07c2 - <std[70759c8f55707aa4]::thread::lifecycle::spawn_unchecked<test[9d35eded1c95d3be]::run_test::{closure#1}, ()>::{closure#1} as core[df12db4294e9bfd3]::ops::function::FnOnce<()>>::call_once::{shim:vtable#0}
[INFO] [stdout]   18:     0x5756d5228479 - <std[70759c8f55707aa4]::sys::thread::unix::Thread>::new::thread_start
[INFO] [stdout]   19:     0x7aaf3bf16dfa - <unknown>
[INFO] [stdout]   20:     0x7aaf3bfaa3d4 - clone
[INFO] [stdout]   21:                0x0 - <unknown>
[INFO] [stdout] 
[INFO] [stdout] ---- init::test::test_fault_display stdout ----
[INFO] [stdout] 
[INFO] [stdout] thread 'init::test::test_fault_display' (185) panicked at src/init.rs:157:8:
[INFO] [stdout] expected (as regex): ```^
[INFO] [stdout] deverr::Fault
[INFO] [stdout]   type: std::io::error::Error
[INFO] [stdout]   text: test
[INFO] [stdout]   debug: Custom \{ kind: Other, error: "test" \}$```
[INFO] [stdout] but fault is: ```
[INFO] [stdout] deverr::Fault
[INFO] [stdout]   type: core::io::error::Error
[INFO] [stdout]   text: test
[INFO] [stdout]   debug: Custom { kind: Other, error: "test" }```
[INFO] [stdout] stack backtrace:
[INFO] [stdout]    0:     0x5756d5228ba1 - <<std[70759c8f55707aa4]::sys::backtrace::BacktraceLock>::print::DisplayBacktrace as core[df12db4294e9bfd3]::fmt::Display>::fmt
[INFO] [stdout]    1:     0x5756d523eaca - core[df12db4294e9bfd3]::fmt::write
[INFO] [stdout]    2:     0x5756d522d53c - <alloc[2182bb758b4b3781]::vec::Vec<u8> as core[df12db4294e9bfd3]::io::write::Write>::write_fmt
[INFO] [stdout]    3:     0x5756d5204eb6 - std[70759c8f55707aa4]::panicking::default_hook::{closure#0}
[INFO] [stdout]    4:     0x5756d52212e9 - std[70759c8f55707aa4]::panicking::default_hook
[INFO] [stdout]    5:     0x5756d51bcd10 - test[9d35eded1c95d3be]::test_main_inner::<test[9d35eded1c95d3be]::test_main_static::{closure#0}>::{closure#0}
[INFO] [stdout]    6:     0x5756d52214a2 - std[70759c8f55707aa4]::panicking::panic_with_hook
[INFO] [stdout]    7:     0x5756d5204f62 - std[70759c8f55707aa4]::panicking::panic_handler::{closure#0}
[INFO] [stdout]    8:     0x5756d51fd759 - std[70759c8f55707aa4]::sys::backtrace::__rust_end_short_backtrace::<std[70759c8f55707aa4]::panicking::panic_handler::{closure#0}, !>
[INFO] [stdout]    9:     0x5756d5205c6d - __rustc[8fa7c3cbc660c2b3]::rust_begin_unwind
[INFO] [stdout]   10:     0x5756d523f2ac - core[df12db4294e9bfd3]::panicking::panic_fmt
[INFO] [stdout]   11:     0x5756d50e4bad - deverr[7e29edaf8e7281ca]::test::tools::assert_matches::<deverr[7e29edaf8e7281ca]::init::Init, &str>
[INFO] [stdout]   12:     0x5756d50e6e0c - deverr[7e29edaf8e7281ca]::init::test::test_fault_display
[INFO] [stdout]   13:     0x5756d50e1ef9 - <deverr[7e29edaf8e7281ca]::init::test::test_fault_display::{closure#0} as core[df12db4294e9bfd3]::ops::function::FnOnce<()>>::call_once
[INFO] [stdout]   14:     0x5756d51afffb - test[9d35eded1c95d3be]::__rust_begin_short_backtrace::<core[df12db4294e9bfd3]::result::Result<(), alloc[2182bb758b4b3781]::string::String>, fn() -> core[df12db4294e9bfd3]::result::Result<(), alloc[2182bb758b4b3781]::string::String>>
[INFO] [stdout]   15:     0x5756d51bd665 - test[9d35eded1c95d3be]::run_test::{closure#0}
[INFO] [stdout]   16:     0x5756d51b6f24 - std[70759c8f55707aa4]::sys::backtrace::__rust_begin_short_backtrace::<test[9d35eded1c95d3be]::run_test::{closure#1}, ()>
[INFO] [stdout]   17:     0x5756d51c07c2 - <std[70759c8f55707aa4]::thread::lifecycle::spawn_unchecked<test[9d35eded1c95d3be]::run_test::{closure#1}, ()>::{closure#1} as core[df12db4294e9bfd3]::ops::function::FnOnce<()>>::call_once::{shim:vtable#0}
[INFO] [stdout]   18:     0x5756d5228479 - <std[70759c8f55707aa4]::sys::thread::unix::Thread>::new::thread_start
[INFO] [stdout]   19:     0x7aaf3bf16dfa - <unknown>
[INFO] [stdout]   20:     0x7aaf3bfaa3d4 - clone
[INFO] [stdout]   21:                0x0 - <unknown>
[INFO] [stdout] 
[INFO] [stdout] ---- init::test::tools_reused_as_tests::blanket_impl_io_error stdout ----
[INFO] [stdout] 
[INFO] [stdout] thread 'init::test::tools_reused_as_tests::blanket_impl_io_error' (187) panicked at src/init.rs:177:5:
[INFO] [stdout] expected (as regex): ```^
[INFO] [stdout] deverr::Fault
[INFO] [stdout]   type: std::io::error::Error
[INFO] [stdout]   text: blanket io
[INFO] [stdout]   debug: Custom \{ kind: Other, error: "blanket io" \}$```
[INFO] [stdout] but fault is: ```
[INFO] [stdout] deverr::Fault
[INFO] [stdout]   type: core::io::error::Error
[INFO] [stdout]   text: blanket io
[INFO] [stdout]   debug: Custom { kind: Other, error: "blanket io" }```
[INFO] [stdout] stack backtrace:
[INFO] [stdout]    0:     0x5756d5228ba1 - <<std[70759c8f55707aa4]::sys::backtrace::BacktraceLock>::print::DisplayBacktrace as core[df12db4294e9bfd3]::fmt::Display>::fmt
[INFO] [stdout]    1:     0x5756d523eaca - core[df12db4294e9bfd3]::fmt::write
[INFO] [stdout]    2:     0x5756d522d53c - <alloc[2182bb758b4b3781]::vec::Vec<u8> as core[df12db4294e9bfd3]::io::write::Write>::write_fmt
[INFO] [stdout]    3:     0x5756d5204eb6 - std[70759c8f55707aa4]::panicking::default_hook::{closure#0}
[INFO] [stdout]    4:     0x5756d52212e9 - std[70759c8f55707aa4]::panicking::default_hook
[INFO] [stdout]    5:     0x5756d51bcd10 - test[9d35eded1c95d3be]::test_main_inner::<test[9d35eded1c95d3be]::test_main_static::{closure#0}>::{closure#0}
[INFO] [stdout]    6:     0x5756d52214a2 - std[70759c8f55707aa4]::panicking::panic_with_hook
[INFO] [stdout]    7:     0x5756d5204f62 - std[70759c8f55707aa4]::panicking::panic_handler::{closure#0}
[INFO] [stdout]    8:     0x5756d51fd759 - std[70759c8f55707aa4]::sys::backtrace::__rust_end_short_backtrace::<std[70759c8f55707aa4]::panicking::panic_handler::{closure#0}, !>
[INFO] [stdout]    9:     0x5756d5205c6d - __rustc[8fa7c3cbc660c2b3]::rust_begin_unwind
[INFO] [stdout]   10:     0x5756d523f2ac - core[df12db4294e9bfd3]::panicking::panic_fmt
[INFO] [stdout]   11:     0x5756d50e516d - deverr[7e29edaf8e7281ca]::test::tools::assert_matches::<deverr[7e29edaf8e7281ca]::fault::Fault, &str>
[INFO] [stdout]   12:     0x5756d50e5e2e - deverr[7e29edaf8e7281ca]::test::tools::blanket_impl_io_error
[INFO] [stdout]   13:     0x5756d50e2e11 - <deverr[7e29edaf8e7281ca]::init::test::tools_reused_as_tests::blanket_impl_io_error::{closure#0} as core[df12db4294e9bfd3]::ops::function::FnOnce<()>>::call_once
[INFO] [stdout]   14:     0x5756d51afffb - test[9d35eded1c95d3be]::__rust_begin_short_backtrace::<core[df12db4294e9bfd3]::result::Result<(), alloc[2182bb758b4b3781]::string::String>, fn() -> core[df12db4294e9bfd3]::result::Result<(), alloc[2182bb758b4b3781]::string::String>>
[INFO] [stdout]   15:     0x5756d51bd665 - test[9d35eded1c95d3be]::run_test::{closure#0}
[INFO] [stdout]   16:     0x5756d51b6f24 - std[70759c8f55707aa4]::sys::backtrace::__rust_begin_short_backtrace::<test[9d35eded1c95d3be]::run_test::{closure#1}, ()>
[INFO] [stdout]   17:     0x5756d51c07c2 - <std[70759c8f55707aa4]::thread::lifecycle::spawn_unchecked<test[9d35eded1c95d3be]::run_test::{closure#1}, ()>::{closure#1} as core[df12db4294e9bfd3]::ops::function::FnOnce<()>>::call_once::{shim:vtable#0}
[INFO] [stdout]   18:     0x5756d5228479 - <std[70759c8f55707aa4]::sys::thread::unix::Thread>::new::thread_start
[INFO] [stdout]   19:     0x7aaf3bf16dfa - <unknown>
[INFO] [stdout]   20:     0x7aaf3bfaa3d4 - clone
[INFO] [stdout]   21:                0x0 - <unknown>
[INFO] [stdout] 
[INFO] [stdout] ---- init::test::tools_reused_as_tests::from_io_error_with_source_chain stdout ----
[INFO] [stdout] 
[INFO] [stdout] thread 'init::test::tools_reused_as_tests::from_io_error_with_source_chain' (193) panicked at src/init.rs:177:5:
[INFO] [stdout] expected (as regex): ```^
[INFO] [stdout] deverr::Fault
[INFO] [stdout]   source: 0
[INFO] [stdout]   text: 0
[INFO] [stdout]   debug: ChainedError \{ index: 0, source: None \}
[INFO] [stdout]   source: 1
[INFO] [stdout]   text: 1
[INFO] [stdout]   debug: ChainedError \{ index: 1, source: Some\(.*\) \}
[INFO] [stdout]   type: std::io::error::Error
[INFO] [stdout]   text: 2
[INFO] [stdout]   debug: Custom \{ kind: Other, error: ChainedError \{ index: 2, source: Some\(.*\) \} \}$```
[INFO] [stdout] but fault is: ```
[INFO] [stdout] deverr::Fault
[INFO] [stdout]   source: 0
[INFO] [stdout]   text: 0
[INFO] [stdout]   debug: ChainedError { index: 0, source: None }
[INFO] [stdout]   source: 1
[INFO] [stdout]   text: 1
[INFO] [stdout]   debug: ChainedError { index: 1, source: Some(ChainedError { index: 0, source: None }) }
[INFO] [stdout]   type: core::io::error::Error
[INFO] [stdout]   text: 2
[INFO] [stdout]   debug: Custom { kind: Other, error: ChainedError { index: 2, source: Some(ChainedError { index: 1, source: Some(ChainedError { index: 0, source: None }) }) } }```
[INFO] [stdout] stack backtrace:
[INFO] [stdout]    0:     0x5756d5228ba1 - <<std[70759c8f55707aa4]::sys::backtrace::BacktraceLock>::print::DisplayBacktrace as core[df12db4294e9bfd3]::fmt::Display>::fmt
[INFO] [stdout]    1:     0x5756d523eaca - core[df12db4294e9bfd3]::fmt::write
[INFO] [stdout]    2:     0x5756d522d53c - <alloc[2182bb758b4b3781]::vec::Vec<u8> as core[df12db4294e9bfd3]::io::write::Write>::write_fmt
[INFO] [stdout]    3:     0x5756d5204eb6 - std[70759c8f55707aa4]::panicking::default_hook::{closure#0}
[INFO] [stdout]    4:     0x5756d52212e9 - std[70759c8f55707aa4]::panicking::default_hook
[INFO] [stdout]    5:     0x5756d51bcd10 - test[9d35eded1c95d3be]::test_main_inner::<test[9d35eded1c95d3be]::test_main_static::{closure#0}>::{closure#0}
[INFO] [stdout]    6:     0x5756d52214a2 - std[70759c8f55707aa4]::panicking::panic_with_hook
[INFO] [stdout]    7:     0x5756d5204f62 - std[70759c8f55707aa4]::panicking::panic_handler::{closure#0}
[INFO] [stdout]    8:     0x5756d51fd759 - std[70759c8f55707aa4]::sys::backtrace::__rust_end_short_backtrace::<std[70759c8f55707aa4]::panicking::panic_handler::{closure#0}, !>
[INFO] [stdout]    9:     0x5756d5205c6d - __rustc[8fa7c3cbc660c2b3]::rust_begin_unwind
[INFO] [stdout]   10:     0x5756d523f2ac - core[df12db4294e9bfd3]::panicking::panic_fmt
[INFO] [stdout]   11:     0x5756d50e4bad - deverr[7e29edaf8e7281ca]::test::tools::assert_matches::<deverr[7e29edaf8e7281ca]::init::Init, &str>
[INFO] [stdout]   12:     0x5756d50e6171 - deverr[7e29edaf8e7281ca]::test::tools::from_io_error_with_source_chain
[INFO] [stdout]   13:     0x5756d50e2ff1 - <deverr[7e29edaf8e7281ca]::init::test::tools_reused_as_tests::from_io_error_with_source_chain::{closure#0} as core[df12db4294e9bfd3]::ops::function::FnOnce<()>>::call_once
[INFO] [stdout]   14:     0x5756d51afffb - test[9d35eded1c95d3be]::__rust_begin_short_backtrace::<core[df12db4294e9bfd3]::result::Result<(), alloc[2182bb758b4b3781]::string::String>, fn() -> core[df12db4294e9bfd3]::result::Result<(), alloc[2182bb758b4b3781]::string::String>>
[INFO] [stdout]   15:     0x5756d51bd665 - test[9d35eded1c95d3be]::run_test::{closure#0}
[INFO] [stdout]   16:     0x5756d51b6f24 - std[70759c8f55707aa4]::sys::backtrace::__rust_begin_short_backtrace::<test[9d35eded1c95d3be]::run_test::{closure#1}, ()>
[INFO] [stdout]   17:     0x5756d51c07c2 - <std[70759c8f55707aa4]::thread::lifecycle::spawn_unchecked<test[9d35eded1c95d3be]::run_test::{closure#1}, ()>::{closure#1} as core[df12db4294e9bfd3]::ops::function::FnOnce<()>>::call_once::{shim:vtable#0}
[INFO] [stdout]   18:     0x5756d5228479 - <std[70759c8f55707aa4]::sys::thread::unix::Thread>::new::thread_start
[INFO] [stdout]   19:     0x7aaf3bf16dfa - <unknown>
[INFO] [stdout]   20:     0x7aaf3bfaa3d4 - clone
[INFO] [stdout]   21:                0x0 - <unknown>
[INFO] [stdout] 
[INFO] [stdout] ---- test::test_catch_result_error stdout ----
[INFO] [stdout] 
[INFO] [stdout] thread 'test::test_catch_result_error' (202) panicked at src/lib.rs:344:5:
[INFO] [stdout] expected (as regex): ```^
[INFO] [stdout] deverr::Fault
[INFO] [stdout]   type: std::io::error::Error
[INFO] [stdout]   text: io error in result
[INFO] [stdout]   debug: Custom \{ kind: Other, error: "io error in result" \}
[INFO] [stdout]   expression: result
[INFO] [stdout]   location: src/lib.rs:\d+:\d+
[INFO] [stdout]   message: ctx result error$```
[INFO] [stdout] but fault is: ```
[INFO] [stdout] deverr::Fault
[INFO] [stdout]   type: core::io::error::Error
[INFO] [stdout]   text: io error in result
[INFO] [stdout]   debug: Custom { kind: Other, error: "io error in result" }
[INFO] [stdout]   expression: result
[INFO] [stdout]   location: src/lib.rs:342:33
[INFO] [stdout]   message: ctx result error```
[INFO] [stdout] stack backtrace:
[INFO] [stdout]    0:     0x5756d5228ba1 - <<std[70759c8f55707aa4]::sys::backtrace::BacktraceLock>::print::DisplayBacktrace as core[df12db4294e9bfd3]::fmt::Display>::fmt
[INFO] [stdout]    1:     0x5756d523eaca - core[df12db4294e9bfd3]::fmt::write
[INFO] [stdout]    2:     0x5756d522d53c - <alloc[2182bb758b4b3781]::vec::Vec<u8> as core[df12db4294e9bfd3]::io::write::Write>::write_fmt
[INFO] [stdout]    3:     0x5756d5204eb6 - std[70759c8f55707aa4]::panicking::default_hook::{closure#0}
[INFO] [stdout]    4:     0x5756d52212e9 - std[70759c8f55707aa4]::panicking::default_hook
[INFO] [stdout]    5:     0x5756d51bcd10 - test[9d35eded1c95d3be]::test_main_inner::<test[9d35eded1c95d3be]::test_main_static::{closure#0}>::{closure#0}
[INFO] [stdout]    6:     0x5756d52214a2 - std[70759c8f55707aa4]::panicking::panic_with_hook
[INFO] [stdout]    7:     0x5756d5204f62 - std[70759c8f55707aa4]::panicking::panic_handler::{closure#0}
[INFO] [stdout]    8:     0x5756d51fd759 - std[70759c8f55707aa4]::sys::backtrace::__rust_end_short_backtrace::<std[70759c8f55707aa4]::panicking::panic_handler::{closure#0}, !>
[INFO] [stdout]    9:     0x5756d5205c6d - __rustc[8fa7c3cbc660c2b3]::rust_begin_unwind
[INFO] [stdout]   10:     0x5756d523f2ac - core[df12db4294e9bfd3]::panicking::panic_fmt
[INFO] [stdout]   11:     0x5756d50e516d - deverr[7e29edaf8e7281ca]::test::tools::assert_matches::<deverr[7e29edaf8e7281ca]::fault::Fault, &str>
[INFO] [stdout]   12:     0x5756d50e0228 - <deverr[7e29edaf8e7281ca]::test::test_catch_result_error::{closure#0} as core[df12db4294e9bfd3]::ops::function::FnOnce<()>>::call_once
[INFO] [stdout]   13:     0x5756d51afffb - test[9d35eded1c95d3be]::__rust_begin_short_backtrace::<core[df12db4294e9bfd3]::result::Result<(), alloc[2182bb758b4b3781]::string::String>, fn() -> core[df12db4294e9bfd3]::result::Result<(), alloc[2182bb758b4b3781]::string::String>>
[INFO] [stdout]   14:     0x5756d51bd665 - test[9d35eded1c95d3be]::run_test::{closure#0}
[INFO] [stdout]   15:     0x5756d51b6f24 - std[70759c8f55707aa4]::sys::backtrace::__rust_begin_short_backtrace::<test[9d35eded1c95d3be]::run_test::{closure#1}, ()>
[INFO] [stdout]   16:     0x5756d51c07c2 - <std[70759c8f55707aa4]::thread::lifecycle::spawn_unchecked<test[9d35eded1c95d3be]::run_test::{closure#1}, ()>::{closure#1} as core[df12db4294e9bfd3]::ops::function::FnOnce<()>>::call_once::{shim:vtable#0}
[INFO] [stdout]   17:     0x5756d5228479 - <std[70759c8f55707aa4]::sys::thread::unix::Thread>::new::thread_start
[INFO] [stdout]   18:     0x7aaf3bf16dfa - <unknown>
[INFO] [stdout]   19:     0x7aaf3bfaa3d4 - clone
[INFO] [stdout]   20:                0x0 - <unknown>
[INFO] [stdout] 
[INFO] [stdout] ---- test::test_catch_error stdout ----
[INFO] [stdout] 
[INFO] [stdout] thread 'test::test_catch_error' (195) panicked at src/lib.rs:443:5:
[INFO] [stdout] expected (as regex): ```^
[INFO] [stdout] deverr::Fault
[INFO] [stdout]   type: std::io::error::Error
[INFO] [stdout]   text: io error
[INFO] [stdout]   debug: Custom \{ kind: Other, error: "io error" \}
[INFO] [stdout]   expression: io::Error::other\("io error"\)
[INFO] [stdout]   location: src/lib.rs:\d+:\d+
[INFO] [stdout]   message: ctx$```
[INFO] [stdout] but fault is: ```
[INFO] [stdout] deverr::Fault
[INFO] [stdout]   type: core::io::error::Error
[INFO] [stdout]   text: io error
[INFO] [stdout]   debug: Custom { kind: Other, error: "io error" }
[INFO] [stdout]   expression: io::Error::other("io error")
[INFO] [stdout]   location: src/lib.rs:441:33
[INFO] [stdout]   message: ctx```
[INFO] [stdout] stack backtrace:
[INFO] [stdout]    0:     0x5756d5228ba1 - <<std[70759c8f55707aa4]::sys::backtrace::BacktraceLock>::print::DisplayBacktrace as core[df12db4294e9bfd3]::fmt::Display>::fmt
[INFO] [stdout]    1:     0x5756d523eaca - core[df12db4294e9bfd3]::fmt::write
[INFO] [stdout]    2:     0x5756d522d53c - <alloc[2182bb758b4b3781]::vec::Vec<u8> as core[df12db4294e9bfd3]::io::write::Write>::write_fmt
[INFO] [stdout]    3:     0x5756d5204eb6 - std[70759c8f55707aa4]::panicking::default_hook::{closure#0}
[INFO] [stdout]    4:     0x5756d52212e9 - std[70759c8f55707aa4]::panicking::default_hook
[INFO] [stdout]    5:     0x5756d51bcd10 - test[9d35eded1c95d3be]::test_main_inner::<test[9d35eded1c95d3be]::test_main_static::{closure#0}>::{closure#0}
[INFO] [stdout]    6:     0x5756d52214a2 - std[70759c8f55707aa4]::panicking::panic_with_hook
[INFO] [stdout]    7:     0x5756d5204f62 - std[70759c8f55707aa4]::panicking::panic_handler::{closure#0}
[INFO] [stdout]    8:     0x5756d51fd759 - std[70759c8f55707aa4]::sys::backtrace::__rust_end_short_backtrace::<std[70759c8f55707aa4]::panicking::panic_handler::{closure#0}, !>
[INFO] [stdout]    9:     0x5756d5205c6d - __rustc[8fa7c3cbc660c2b3]::rust_begin_unwind
[INFO] [stdout]   10:     0x5756d523f2ac - core[df12db4294e9bfd3]::panicking::panic_fmt
[INFO] [stdout]   11:     0x5756d50e516d - deverr[7e29edaf8e7281ca]::test::tools::assert_matches::<deverr[7e29edaf8e7281ca]::fault::Fault, &str>
[INFO] [stdout]   12:     0x5756d50defe7 - <deverr[7e29edaf8e7281ca]::test::test_catch_error::{closure#0} as core[df12db4294e9bfd3]::ops::function::FnOnce<()>>::call_once
[INFO] [stdout]   13:     0x5756d51afffb - test[9d35eded1c95d3be]::__rust_begin_short_backtrace::<core[df12db4294e9bfd3]::result::Result<(), alloc[2182bb758b4b3781]::string::String>, fn() -> core[df12db4294e9bfd3]::result::Result<(), alloc[2182bb758b4b3781]::string::String>>
[INFO] [stdout]   14:     0x5756d51bd665 - test[9d35eded1c95d3be]::run_test::{closure#0}
[INFO] [stdout]   15:     0x5756d51b6f24 - std[70759c8f55707aa4]::sys::backtrace::__rust_begin_short_backtrace::<test[9d35eded1c95d3be]::run_test::{closure#1}, ()>
[INFO] [stdout]   16:     0x5756d51c07c2 - <std[70759c8f55707aa4]::thread::lifecycle::spawn_unchecked<test[9d35eded1c95d3be]::run_test::{closure#1}, ()>::{closure#1} as core[df12db4294e9bfd3]::ops::function::FnOnce<()>>::call_once::{shim:vtable#0}
[INFO] [stdout]   17:     0x5756d5228479 - <std[70759c8f55707aa4]::sys::thread::unix::Thread>::new::thread_start
[INFO] [stdout]   18:     0x7aaf3bf16dfa - <unknown>
[INFO] [stdout]   19:     0x7aaf3bfaa3d4 - clone
[INFO] [stdout]   20:                0x0 - <unknown>
[INFO] [stdout] 
[INFO] [stdout] ---- test::test_fault_macro_with_result_err stdout ----
[INFO] [stdout] 
[INFO] [stdout] thread 'test::test_fault_macro_with_result_err' (208) panicked at src/lib.rs:687:5:
[INFO] [stdout] expected (as regex): ```
[INFO] [stdout] deverr::Fault
[INFO] [stdout]   type: std::io::error::Error
[INFO] [stdout]   text: some error
[INFO] [stdout]   debug: Custom \{ kind: Other, error: "some error" \}
[INFO] [stdout]   expression: result
[INFO] [stdout]   location: src/lib.rs:\d+:\d+
[INFO] [stdout]   message: fault!\(\) with Err\(io::Error\)```
[INFO] [stdout] but fault is: ```
[INFO] [stdout] deverr::Fault
[INFO] [stdout]   type: core::io::error::Error
[INFO] [stdout]   text: some error
[INFO] [stdout]   debug: Custom { kind: Other, error: "some error" }
[INFO] [stdout]   expression: result
[INFO] [stdout]   location: src/lib.rs:686:17
[INFO] [stdout]   message: fault!() with Err(io::Error)```
[INFO] [stdout] stack backtrace:
[INFO] [stdout]    0:     0x5756d5228ba1 - <<std[70759c8f55707aa4]::sys::backtrace::BacktraceLock>::print::DisplayBacktrace as core[df12db4294e9bfd3]::fmt::Display>::fmt
[INFO] [stdout]    1:     0x5756d523eaca - core[df12db4294e9bfd3]::fmt::write
[INFO] [stdout]    2:     0x5756d522d53c - <alloc[2182bb758b4b3781]::vec::Vec<u8> as core[df12db4294e9bfd3]::io::write::Write>::write_fmt
[INFO] [stdout]    3:     0x5756d5204eb6 - std[70759c8f55707aa4]::panicking::default_hook::{closure#0}
[INFO] [stdout]    4:     0x5756d52212e9 - std[70759c8f55707aa4]::panicking::default_hook
[INFO] [stdout]    5:     0x5756d51bcd10 - test[9d35eded1c95d3be]::test_main_inner::<test[9d35eded1c95d3be]::test_main_static::{closure#0}>::{closure#0}
[INFO] [stdout]    6:     0x5756d52214a2 - std[70759c8f55707aa4]::panicking::panic_with_hook
[INFO] [stdout]    7:     0x5756d5204f62 - std[70759c8f55707aa4]::panicking::panic_handler::{closure#0}
[INFO] [stdout]    8:     0x5756d51fd759 - std[70759c8f55707aa4]::sys::backtrace::__rust_end_short_backtrace::<std[70759c8f55707aa4]::panicking::panic_handler::{closure#0}, !>
[INFO] [stdout]    9:     0x5756d5205c6d - __rustc[8fa7c3cbc660c2b3]::rust_begin_unwind
[INFO] [stdout]   10:     0x5756d523f2ac - core[df12db4294e9bfd3]::panicking::panic_fmt
[INFO] [stdout]   11:     0x5756d50e516d - deverr[7e29edaf8e7281ca]::test::tools::assert_matches::<deverr[7e29edaf8e7281ca]::fault::Fault, &str>
[INFO] [stdout]   12:     0x5756d50e1803 - <deverr[7e29edaf8e7281ca]::test::test_fault_macro_with_result_err::{closure#0} as core[df12db4294e9bfd3]::ops::function::FnOnce<()>>::call_once
[INFO] [stdout]   13:     0x5756d51afffb - test[9d35eded1c95d3be]::__rust_begin_short_backtrace::<core[df12db4294e9bfd3]::result::Result<(), alloc[2182bb758b4b3781]::string::String>, fn() -> core[df12db4294e9bfd3]::result::Result<(), alloc[2182bb758b4b3781]::string::String>>
[INFO] [stdout]   14:     0x5756d51bd665 - test[9d35eded1c95d3be]::run_test::{closure#0}
[INFO] [stdout]   15:     0x5756d51b6f24 - std[70759c8f55707aa4]::sys::backtrace::__rust_begin_short_backtrace::<test[9d35eded1c95d3be]::run_test::{closure#1}, ()>
[INFO] [stdout]   16:     0x5756d51c07c2 - <std[70759c8f55707aa4]::thread::lifecycle::spawn_unchecked<test[9d35eded1c95d3be]::run_test::{closure#1}, ()>::{closure#1} as core[df12db4294e9bfd3]::ops::function::FnOnce<()>>::call_once::{shim:vtable#0}
[INFO] [stdout]   17:     0x5756d5228479 - <std[70759c8f55707aa4]::sys::thread::unix::Thread>::new::thread_start
[INFO] [stdout]   18:     0x7aaf3bf16dfa - <unknown>
[INFO] [stdout]   19:     0x7aaf3bfaa3d4 - clone
[INFO] [stdout]   20:                0x0 - <unknown>
[INFO] [stdout] 
[INFO] [stdout] ---- test::test_fault_macro_with_result_ok stdout ----
[INFO] [stdout] 
[INFO] [stdout] thread 'test::test_fault_macro_with_result_ok' (209) panicked at src/lib.rs:617:5:
[INFO] [stdout] expected (as regex): ```
[INFO] [stdout] deverr::Fault
[INFO] [stdout]   type: std::io::error::Error
[INFO] [stdout]   text: some error
[INFO] [stdout]   debug: Custom \{ kind: Other, error: "some error" \}
[INFO] [stdout]   expression: result
[INFO] [stdout]   location: src/lib.rs:\d+:\d+
[INFO] [stdout]   message: fault!\(\) with Ok\(io::Error\)```
[INFO] [stdout] but fault is: ```
[INFO] [stdout] deverr::Fault
[INFO] [stdout]   type: core::io::error::Error
[INFO] [stdout]   text: some error
[INFO] [stdout]   debug: Custom { kind: Other, error: "some error" }
[INFO] [stdout]   expression: result
[INFO] [stdout]   location: src/lib.rs:616:17
[INFO] [stdout]   message: fault!() with Ok(io::Error)```
[INFO] [stdout] stack backtrace:
[INFO] [stdout]    0:     0x5756d5228ba1 - <<std[70759c8f55707aa4]::sys::backtrace::BacktraceLock>::print::DisplayBacktrace as core[df12db4294e9bfd3]::fmt::Display>::fmt
[INFO] [stdout]    1:     0x5756d523eaca - core[df12db4294e9bfd3]::fmt::write
[INFO] [stdout]    2:     0x5756d522d53c - <alloc[2182bb758b4b3781]::vec::Vec<u8> as core[df12db4294e9bfd3]::io::write::Write>::write_fmt
[INFO] [stdout]    3:     0x5756d5204eb6 - std[70759c8f55707aa4]::panicking::default_hook::{closure#0}
[INFO] [stdout]    4:     0x5756d52212e9 - std[70759c8f55707aa4]::panicking::default_hook
[INFO] [stdout]    5:     0x5756d51bcd10 - test[9d35eded1c95d3be]::test_main_inner::<test[9d35eded1c95d3be]::test_main_static::{closure#0}>::{closure#0}
[INFO] [stdout]    6:     0x5756d52214a2 - std[70759c8f55707aa4]::panicking::panic_with_hook
[INFO] [stdout]    7:     0x5756d5204f62 - std[70759c8f55707aa4]::panicking::panic_handler::{closure#0}
[INFO] [stdout]    8:     0x5756d51fd759 - std[70759c8f55707aa4]::sys::backtrace::__rust_end_short_backtrace::<std[70759c8f55707aa4]::panicking::panic_handler::{closure#0}, !>
[INFO] [stdout]    9:     0x5756d5205c6d - __rustc[8fa7c3cbc660c2b3]::rust_begin_unwind
[INFO] [stdout]   10:     0x5756d523f2ac - core[df12db4294e9bfd3]::panicking::panic_fmt
[INFO] [stdout]   11:     0x5756d50e516d - deverr[7e29edaf8e7281ca]::test::tools::assert_matches::<deverr[7e29edaf8e7281ca]::fault::Fault, &str>
[INFO] [stdout]   12:     0x5756d50e1053 - <deverr[7e29edaf8e7281ca]::test::test_fault_macro_with_result_ok::{closure#0} as core[df12db4294e9bfd3]::ops::function::FnOnce<()>>::call_once
[INFO] [stdout]   13:     0x5756d51afffb - test[9d35eded1c95d3be]::__rust_begin_short_backtrace::<core[df12db4294e9bfd3]::result::Result<(), alloc[2182bb758b4b3781]::string::String>, fn() -> core[df12db4294e9bfd3]::result::Result<(), alloc[2182bb758b4b3781]::string::String>>
[INFO] [stdout]   14:     0x5756d51bd665 - test[9d35eded1c95d3be]::run_test::{closure#0}
[INFO] [stdout]   15:     0x5756d51b6f24 - std[70759c8f55707aa4]::sys::backtrace::__rust_begin_short_backtrace::<test[9d35eded1c95d3be]::run_test::{closure#1}, ()>
[INFO] [stdout]   16:     0x5756d51c07c2 - <std[70759c8f55707aa4]::thread::lifecycle::spawn_unchecked<test[9d35eded1c95d3be]::run_test::{closure#1}, ()>::{closure#1} as core[df12db4294e9bfd3]::ops::function::FnOnce<()>>::call_once::{shim:vtable#0}
[INFO] [stdout]   17:     0x5756d5228479 - <std[70759c8f55707aa4]::sys::thread::unix::Thread>::new::thread_start
[INFO] [stdout]   18:     0x7aaf3bf16dfa - <unknown>
[INFO] [stdout]   19:     0x7aaf3bfaa3d4 - clone
[INFO] [stdout]   20:                0x0 - <unknown>
[INFO] [stdout] 
[INFO] [stdout] ---- init::test::tools_reused_as_tests::from_error stdout ----
[INFO] [stdout] 
[INFO] [stdout] thread 'init::test::tools_reused_as_tests::from_error' (191) panicked at src/init.rs:177:5:
[INFO] [stdout] expected (as regex): ```^
[INFO] [stdout] deverr::Fault
[INFO] [stdout]   type: std::io::error::Error
[INFO] [stdout]   text: test
[INFO] [stdout]   debug: Custom \{ kind: Other, error: "test" \}$```
[INFO] [stdout] but fault is: ```
[INFO] [stdout] deverr::Fault
[INFO] [stdout]   type: core::io::error::Error
[INFO] [stdout]   text: test
[INFO] [stdout]   debug: Custom { kind: Other, error: "test" }```
[INFO] [stdout] stack backtrace:
[INFO] [stdout]    0:     0x5756d5228ba1 - <<std[70759c8f55707aa4]::sys::backtrace::BacktraceLock>::print::DisplayBacktrace as core[df12db4294e9bfd3]::fmt::Display>::fmt
[INFO] [stdout]    1:     0x5756d523eaca - core[df12db4294e9bfd3]::fmt::write
[INFO] [stdout]    2:     0x5756d522d53c - <alloc[2182bb758b4b3781]::vec::Vec<u8> as core[df12db4294e9bfd3]::io::write::Write>::write_fmt
[INFO] [stdout]    3:     0x5756d5204eb6 - std[70759c8f55707aa4]::panicking::default_hook::{closure#0}
[INFO] [stdout]    4:     0x5756d52212e9 - std[70759c8f55707aa4]::panicking::default_hook
[INFO] [stdout]    5:     0x5756d51bcd10 - test[9d35eded1c95d3be]::test_main_inner::<test[9d35eded1c95d3be]::test_main_static::{closure#0}>::{closure#0}
[INFO] [stdout]    6:     0x5756d52214a2 - std[70759c8f55707aa4]::panicking::panic_with_hook
[INFO] [stdout]    7:     0x5756d5204f62 - std[70759c8f55707aa4]::panicking::panic_handler::{closure#0}
[INFO] [stdout]    8:     0x5756d51fd759 - std[70759c8f55707aa4]::sys::backtrace::__rust_end_short_backtrace::<std[70759c8f55707aa4]::panicking::panic_handler::{closure#0}, !>
[INFO] [stdout]    9:     0x5756d5205c6d - __rustc[8fa7c3cbc660c2b3]::rust_begin_unwind
[INFO] [stdout]   10:     0x5756d523f2ac - core[df12db4294e9bfd3]::panicking::panic_fmt
[INFO] [stdout]   11:     0x5756d50e4bad - deverr[7e29edaf8e7281ca]::test::tools::assert_matches::<deverr[7e29edaf8e7281ca]::init::Init, &str>
[INFO] [stdout]   12:     0x5756d50e2c5c - <deverr[7e29edaf8e7281ca]::init::test::tools_reused_as_tests::from_error::{closure#0} as core[df12db4294e9bfd3]::ops::function::FnOnce<()>>::call_once
[INFO] [stdout]   13:     0x5756d51afffb - test[9d35eded1c95d3be]::__rust_begin_short_backtrace::<core[df12db4294e9bfd3]::result::Result<(), alloc[2182bb758b4b3781]::string::String>, fn() -> core[df12db4294e9bfd3]::result::Result<(), alloc[2182bb758b4b3781]::string::String>>
[INFO] [stdout]   14:     0x5756d51bd665 - test[9d35eded1c95d3be]::run_test::{closure#0}
[INFO] [stdout]   15:     0x5756d51b6f24 - std[70759c8f55707aa4]::sys::backtrace::__rust_begin_short_backtrace::<test[9d35eded1c95d3be]::run_test::{closure#1}, ()>
[INFO] [stdout]   16:     0x5756d51c07c2 - <std[70759c8f55707aa4]::thread::lifecycle::spawn_unchecked<test[9d35eded1c95d3be]::run_test::{closure#1}, ()>::{closure#1} as core[df12db4294e9bfd3]::ops::function::FnOnce<()>>::call_once::{shim:vtable#0}
[INFO] [stdout]   17:     0x5756d5228479 - <std[70759c8f55707aa4]::sys::thread::unix::Thread>::new::thread_start
[INFO] [stdout]   18:     0x7aaf3bf16dfa - <unknown>
[INFO] [stdout]   19:     0x7aaf3bfaa3d4 - clone
[INFO] [stdout]   20:                0x0 - <unknown>
[INFO] [stdout] 
[INFO] [stdout] 
[INFO] [stdout] failures:
[INFO] [stdout]     fault::test::test_with_message
[INFO] [stdout]     init::test::test_fault_display
[INFO] [stdout]     init::test::tools_reused_as_tests::blanket_impl_io_error
[INFO] [stdout]     init::test::tools_reused_as_tests::from_error
[INFO] [stdout]     init::test::tools_reused_as_tests::from_io_error_with_source_chain
[INFO] [stdout]     test::test_catch_error
[INFO] [stdout]     test::test_catch_result_error
[INFO] [stdout]     test::test_fault_macro_with_result_err
[INFO] [stdout]     test::test_fault_macro_with_result_ok
[INFO] [stdout] 
[INFO] [stdout] test result: FAILED. 20 passed; 9 failed; 0 ignored; 0 measured; 0 filtered out; finished in 0.01s
[INFO] [stdout] 
[INFO] running `Command { std: "docker" "inspect" "902fc7fdb09996119ab6d1a3fa28c84651a33c3b1a080bf9a7bc86855473ecab", kill_on_drop: false }`
[INFO] running `Command { std: "docker" "rm" "-f" "902fc7fdb09996119ab6d1a3fa28c84651a33c3b1a080bf9a7bc86855473ecab", kill_on_drop: false }`
[INFO] [stdout] 902fc7fdb09996119ab6d1a3fa28c84651a33c3b1a080bf9a7bc86855473ecab
