[INFO] fetching crate dev-tool 0.1.12...
[INFO] testing dev-tool-0.1.12 against 1.99.0-beta.8+cargoflags=--release for beta-release-1.100-2
[INFO] extracting crate dev-tool 0.1.12 into /workspace/builds/worker-4-tc1/source
[INFO] started tweaking crates.io crate dev-tool 0.1.12
[INFO] removed 0 missing tests
[INFO] finished tweaking crates.io crate dev-tool 0.1.12
[INFO] tweaked toml for crates.io crate dev-tool 0.1.12 written to /workspace/builds/worker-4-tc1/source/Cargo.toml
[INFO] validating manifest of crates.io crate dev-tool 0.1.12 on toolchain 1.99.0-beta.8
[INFO] running `Command { std: CARGO_HOME="/workspace/cargo-home" RUSTUP_HOME="/workspace/rustup-home" "/workspace/cargo-home/bin/cargo" "+1.99.0-beta.8" "metadata" "--manifest-path" "Cargo.toml" "--no-deps", kill_on_drop: false }`
[INFO] crate crates.io crate dev-tool 0.1.12 already has a lockfile, it will not be regenerated
[INFO] running `Command { std: CARGO_HOME="/workspace/cargo-home" RUSTUP_HOME="/workspace/rustup-home" "/workspace/cargo-home/bin/cargo" "+1.99.0-beta.8" "fetch" "--manifest-path" "Cargo.toml", kill_on_drop: false }`
[INFO] [stderr] warning: Cargo.toml: only one of `license` or `license-file` is necessary
[INFO] [stderr] `license` should be used if the package license can be expressed with a standard SPDX expression.
[INFO] [stderr] `license-file` should be used if the package uses a non-standard license.
[INFO] [stderr] See https://doc.rust-lang.org/cargo/reference/manifest.html#the-license-and-license-file-fields for more information.
[INFO] [stderr] warning: `dev-tool` (manifest) generated 1 warning
[INFO] [stderr]     Updating crates.io index
[INFO] [stderr]  Downloading crates ...
[INFO] [stderr]   Downloaded quote v1.0.40
[INFO] [stderr]   Downloaded uuid v1.18.0
[INFO] [stderr]   Downloaded cfg-if v1.0.3
[INFO] [stderr]   Downloaded unicode-ident v1.0.18
[INFO] [stderr]   Downloaded num-iter v0.1.45
[INFO] [stderr]   Downloaded wasm-bindgen-futures v0.4.50
[INFO] [stderr]   Downloaded idna_adapter v1.2.1
[INFO] [stderr]   Downloaded futures-io v0.3.31
[INFO] [stderr]   Downloaded openssl-probe v0.1.6
[INFO] [stderr]   Downloaded windows-targets v0.53.3
[INFO] [stderr]   Downloaded schannel v0.1.27
[INFO] [stderr]   Downloaded yoke-derive v0.8.0
[INFO] [stderr]   Downloaded sqlite3-sys v0.18.0
[INFO] [stderr]   Downloaded num-integer v0.1.46
[INFO] [stderr]   Downloaded zerofrom v0.1.6
[INFO] [stderr]   Downloaded potential_utf v0.1.3
[INFO] [stderr]   Downloaded futures-core v0.3.31
[INFO] [stderr]   Downloaded futures-task v0.3.31
[INFO] [stderr]   Downloaded futures-sink v0.3.31
[INFO] [stderr]   Downloaded http-body v1.0.1
[INFO] [stderr]   Downloaded windows-link v0.1.3
[INFO] [stderr]   Downloaded errno v0.3.13
[INFO] [stderr]   Downloaded tokio-macros v2.5.0
[INFO] [stderr]   Downloaded slab v0.4.11
[INFO] [stderr]   Downloaded pem-rfc7468 v0.7.0
[INFO] [stderr]   Downloaded base64ct v1.8.0
[INFO] [stderr]   Downloaded zerofrom-derive v0.1.6
[INFO] [stderr]   Downloaded yoke v0.8.0
[INFO] [stderr]   Downloaded displaydoc v0.2.5
[INFO] [stderr]   Downloaded tinystr v0.8.1
[INFO] [stderr]   Downloaded native-tls v0.2.14
[INFO] [stderr]   Downloaded fastrand v2.3.0
[INFO] [stderr]   Downloaded security-framework-sys v2.14.0
[INFO] [stderr]   Downloaded anstyle v1.0.11
[INFO] [stderr]   Downloaded colorchoice v1.0.4
[INFO] [stderr]   Downloaded anstyle-wincon v3.0.10
[INFO] [stderr]   Downloaded once_cell_polyfill v1.70.1
[INFO] [stderr]   Downloaded android-tzdata v0.1.1
[INFO] [stderr]   Downloaded getrandom v0.3.3
[INFO] [stderr]   Downloaded signal-hook-registry v1.4.6
[INFO] [stderr]   Downloaded parking_lot v0.12.4
[INFO] [stderr]   Downloaded redox_syscall v0.5.17
[INFO] [stderr]   Downloaded lock_api v0.4.13
[INFO] [stderr]   Downloaded rustc-demangle v0.1.26
[INFO] [stderr]   Downloaded addr2line v0.24.2
[INFO] [stderr]   Downloaded sqlite v0.37.0
[INFO] [stderr]   Downloaded pkg-config v0.3.32
[INFO] [stderr]   Downloaded zeroize v1.8.1
[INFO] [stderr]   Downloaded pkcs1 v0.7.5
[INFO] [stderr]   Downloaded zerovec-derive v0.11.1
[INFO] [stderr]   Downloaded writeable v0.6.1
[INFO] [stderr]   Downloaded litemap v0.8.0
[INFO] [stderr]   Downloaded icu_normalizer v2.0.0
[INFO] [stderr]   Downloaded tempfile v3.21.0
[INFO] [stderr]   Downloaded openssl-sys v0.9.109
[INFO] [stderr]   Downloaded windows-result v0.3.4
[INFO] [stderr]   Downloaded parking_lot_core v0.9.11
[INFO] [stderr]   Downloaded bitflags v2.9.4
[INFO] [stderr]   Downloaded bytes v1.10.1
[INFO] [stderr]   Downloaded hermit-abi v0.5.2
[INFO] [stderr]   Downloaded spin v0.9.8
[INFO] [stderr]   Downloaded icu_properties v2.0.1
[INFO] [stderr]   Downloaded env_filter v0.1.3
[INFO] [stderr]   Downloaded is_terminal_polyfill v1.70.1
[INFO] [stderr]   Downloaded anstyle-query v1.1.4
[INFO] [stderr]   Downloaded windows-interface v0.59.1
[INFO] [stderr]   Downloaded windows-implement v0.60.0
[INFO] [stderr]   Downloaded android_system_properties v0.1.5
[INFO] [stderr]   Downloaded wit-bindgen v0.45.0
[INFO] [stderr]   Downloaded socket2 v0.6.0
[INFO] [stderr]   Downloaded typenum v1.18.0
[INFO] [stderr]   Downloaded serde_derive v1.0.219
[INFO] [stderr]   Downloaded url v2.5.7
[INFO] [stderr]   Downloaded icu_provider v2.0.0
[INFO] [stderr]   Downloaded icu_locale_core v2.0.0
[INFO] [stderr]   Downloaded icu_normalizer_data v2.0.0
[INFO] [stderr]   Downloaded security-framework v2.11.1
[INFO] [stderr]   Downloaded rustls-pki-types v1.12.0
[INFO] [stderr]   Downloaded windows-registry v0.5.3
[INFO] [stderr]   Downloaded system-configuration v0.6.1
[INFO] [stderr]   Downloaded md5 v0.8.0
[INFO] [stderr]   Downloaded from-sqlite-row-macro v1.0.0
[INFO] [stderr]   Downloaded anstyle-parse v0.2.7
[INFO] [stderr]   Downloaded backtrace v0.3.75
[INFO] [stderr]   Downloaded memchr v2.7.5
[INFO] [stderr]   Downloaded serde v1.0.219
[INFO] [stderr]   Downloaded rsa v0.9.8
[INFO] [stderr]   Downloaded zerocopy-derive v0.8.26
[INFO] [stderr]   Downloaded zerotrie v0.2.2
[INFO] [stderr]   Downloaded http v1.3.1
[INFO] [stderr]   Downloaded io-uring v0.7.10
[INFO] [stderr]   Downloaded cc v1.2.34
[INFO] [stderr]   Downloaded indexmap v2.11.0
[INFO] [stderr]   Downloaded num-bigint-dig v0.8.4
[INFO] [stderr]   Downloaded icu_collections v2.0.0
[INFO] [stderr]   Downloaded unicase v2.8.1
[INFO] [stderr]   Downloaded http-body-util v0.1.3
[INFO] [stderr]   Downloaded crossbeam-deque v0.8.6
[INFO] [stderr]   Downloaded either v1.15.0
[INFO] [stderr]   Downloaded anstream v0.6.20
[INFO] [stderr]   Downloaded wasi v0.14.3+wasi-0.2.4
[INFO] [stderr]   Downloaded mio v1.0.4
[INFO] [stderr]   Downloaded serde_json v1.0.143
[INFO] [stderr]   Downloaded zerovec v0.11.4
[INFO] [stderr]   Downloaded tower-http v0.6.6
[INFO] [stderr]   Downloaded tower v0.5.2
[INFO] [stderr]   Downloaded mime_guess v2.0.5
[INFO] [stderr]   Downloaded windows-strings v0.4.2
[INFO] [stderr]   Downloaded ipnet v2.11.0
[INFO] [stderr]   Downloaded hyper-rustls v0.27.7
[INFO] [stderr]   Downloaded tokio-rustls v0.26.2
[INFO] [stderr]   Downloaded crossbeam-utils v0.8.21
[INFO] [stderr]   Downloaded crossbeam-epoch v0.9.18
[INFO] [stderr]   Downloaded env_logger v0.11.8
[INFO] [stderr]   Downloaded portable-atomic-util v0.2.4
[INFO] [stderr]   Downloaded iana-time-zone v0.1.63
[INFO] [stderr]   Downloaded windows-core v0.61.2
[INFO] [stderr]   Downloaded iri-string v0.7.8
[INFO] [stderr]   Downloaded tracing-core v0.1.34
[INFO] [stderr]   Downloaded futures-channel v0.3.31
[INFO] [stderr]   Downloaded rayon-core v1.13.0
[INFO] [stderr]   Downloaded reqwest v0.12.23
[INFO] [stderr]   Downloaded icu_properties_data v2.0.1
[INFO] [stderr]   Downloaded futures-util v0.3.31
[INFO] [stderr]   Downloaded rustls-webpki v0.103.4
[INFO] [stderr]   Downloaded tracing v0.1.41
[INFO] [stderr]   Downloaded jiff-static v0.2.15
[INFO] [stderr]   Downloaded hyper-util v0.1.16
[INFO] [stderr]   Downloaded tokio-util v0.7.16
[INFO] [stderr]   Downloaded zerocopy v0.8.26
[INFO] [stderr]   Downloaded hyper v1.7.0
[INFO] [stderr]   Downloaded h2 v0.4.12
[INFO] [stderr]   Downloaded regex v1.11.2
[INFO] [stderr]   Downloaded rayon v1.11.0
[INFO] [stderr]   Downloaded gimli v0.31.1
[INFO] [stderr]   Downloaded chrono v0.4.41
[INFO] [stderr]   Downloaded openssl v0.10.73
[INFO] [stderr]   Downloaded object v0.36.7
[INFO] [stderr]   Downloaded rustix v1.0.8
[INFO] [stderr]   Downloaded rustls v0.23.31
[INFO] [stderr]   Downloaded regex-syntax v0.8.6
[INFO] [stderr]   Downloaded web-sys v0.3.77
[INFO] [stderr]   Downloaded regex-automata v0.4.10
[INFO] [stderr]   Downloaded jiff v0.2.15
[INFO] [stderr]   Downloaded windows_aarch64_gnullvm v0.53.0
[INFO] [stderr]   Downloaded windows_x86_64_msvc v0.53.0
[INFO] [stderr]   Downloaded tokio v1.47.1
[INFO] [stderr]   Downloaded windows_x86_64_gnullvm v0.53.0
[INFO] [stderr]   Downloaded windows_aarch64_msvc v0.53.0
[INFO] [stderr]   Downloaded windows_i686_gnullvm v0.53.0
[INFO] [stderr]   Downloaded windows_i686_msvc v0.53.0
[INFO] [stderr]   Downloaded windows_x86_64_gnu v0.53.0
[INFO] [stderr]   Downloaded windows_i686_gnu v0.53.0
[INFO] [stderr]   Downloaded linux-raw-sys v0.9.4
[INFO] [stderr]   Downloaded sqlite3-src v0.7.0
[INFO] running `Command { std: "docker" "create" "-v" "/var/lib/crater-agent-workspace/builds/worker-4-tc1/source:/opt/rustwide/workdir:ro,Z" "-v" "/var/lib/crater-agent-workspace/builds/worker-4-tc1/target:/opt/rustwide/target:rw,Z" "-v" "/var/lib/crater-agent-workspace/cargo-home:/opt/rustwide/cargo-home:ro,Z" "-v" "/var/lib/crater-agent-workspace/rustup-home:/opt/rustwide/rustup-home:ro,Z" "-m" "1610612736" "--network" "none" "ghcr.io/rust-lang/crates-build-env/linux@sha256:77db811e55d90add9212f6832c23229e3de5f1c1f9905e8cb07319ea15df73ac" "sleep" "infinity", kill_on_drop: false }`
[INFO] [stdout] bf390d1f161d842ebcbf74a82a61da6879d2446cbaadcc9e0b45ea3f2aa698b6
[INFO] running `Command { std: "docker" "start" "bf390d1f161d842ebcbf74a82a61da6879d2446cbaadcc9e0b45ea3f2aa698b6", kill_on_drop: false }`
[INFO] running `Command { std: "docker" "inspect" "bf390d1f161d842ebcbf74a82a61da6879d2446cbaadcc9e0b45ea3f2aa698b6", kill_on_drop: false }`
[INFO] running `Command { std: "docker" "exec" "-e" "SOURCE_DIR=/opt/rustwide/workdir" "-e" "CARGO_HOME=/opt/rustwide/cargo-home" "-e" "RUSTUP_HOME=/opt/rustwide/rustup-home" "-e" "CARGO_TARGET_DIR=/opt/rustwide/target" "-w" "/opt/rustwide/workdir" "--user" "0:0" "bf390d1f161d842ebcbf74a82a61da6879d2446cbaadcc9e0b45ea3f2aa698b6" "/opt/rustwide/cargo-home/bin/cargo" "+1.99.0-beta.8" "metadata" "--no-deps" "--format-version=1", kill_on_drop: false }`
[INFO] running `Command { std: "docker" "inspect" "bf390d1f161d842ebcbf74a82a61da6879d2446cbaadcc9e0b45ea3f2aa698b6", kill_on_drop: false }`
[INFO] running `Command { std: "docker" "exec" "-e" "SOURCE_DIR=/opt/rustwide/workdir" "-e" "CARGO_HOME=/opt/rustwide/cargo-home" "-e" "RUSTUP_HOME=/opt/rustwide/rustup-home" "-e" "CARGO_TARGET_DIR=/opt/rustwide/target" "-e" "CARGO_INCREMENTAL=0" "-e" "RUST_BACKTRACE=full" "-e" "RUSTFLAGS=--cap-lints=warn" "-e" "RUSTDOCFLAGS=--cap-lints=warn" "-w" "/opt/rustwide/workdir" "--user" "0:0" "bf390d1f161d842ebcbf74a82a61da6879d2446cbaadcc9e0b45ea3f2aa698b6" "/opt/rustwide/cargo-home/bin/cargo" "+1.99.0-beta.8" "build" "--frozen" "--message-format=json" "--release", kill_on_drop: false }`
[INFO] [stderr] warning: Cargo.toml: only one of `license` or `license-file` is necessary
[INFO] [stderr] `license` should be used if the package license can be expressed with a standard SPDX expression.
[INFO] [stderr] `license-file` should be used if the package uses a non-standard license.
[INFO] [stderr] See https://doc.rust-lang.org/cargo/reference/manifest.html#the-license-and-license-file-fields for more information.
[INFO] [stderr] warning: `dev-tool` (manifest) generated 1 warning
[INFO] [stderr]    Compiling proc-macro2 v1.0.101
[INFO] [stderr]    Compiling unicode-ident v1.0.18
[INFO] [stderr]    Compiling cfg-if v1.0.3
[INFO] [stderr]    Compiling smallvec v1.15.1
[INFO] [stderr]    Compiling shlex v1.3.0
[INFO] [stderr]    Compiling pkg-config v0.3.32
[INFO] [stderr]    Compiling stable_deref_trait v1.2.0
[INFO] [stderr]    Compiling bytes v1.10.1
[INFO] [stderr]    Compiling parking_lot_core v0.9.11
[INFO] [stderr]    Compiling futures-core v0.3.31
[INFO] [stderr]    Compiling itoa v1.0.15
[INFO] [stderr]    Compiling memchr v2.7.5
[INFO] [stderr]    Compiling lock_api v0.4.13
[INFO] [stderr]    Compiling typenum v1.18.0
[INFO] [stderr]    Compiling version_check v0.9.5
[INFO] [stderr]    Compiling mio v1.0.4
[INFO] [stderr]    Compiling socket2 v0.6.0
[INFO] [stderr]    Compiling signal-hook-registry v1.4.6
[INFO] [stderr]    Compiling futures-sink v0.3.31
[INFO] [stderr]    Compiling cc v1.2.34
[INFO] [stderr]    Compiling const-oid v0.9.6
[INFO] [stderr]    Compiling vcpkg v0.2.15
[INFO] [stderr]    Compiling slab v0.4.11
[INFO] [stderr]    Compiling litemap v0.8.0
[INFO] [stderr]    Compiling zeroize v1.8.1
[INFO] [stderr]    Compiling writeable v0.6.1
[INFO] [stderr]    Compiling generic-array v0.14.7
[INFO] [stderr]    Compiling num-traits v0.2.19
[INFO] [stderr]    Compiling parking_lot v0.12.4
[INFO] [stderr]    Compiling equivalent v1.0.2
[INFO] [stderr]    Compiling icu_properties_data v2.0.1
[INFO] [stderr]    Compiling zerocopy v0.8.26
[INFO] [stderr]    Compiling serde v1.0.219
[INFO] [stderr]    Compiling icu_normalizer_data v2.0.0
[INFO] [stderr]    Compiling hashbrown v0.15.5
[INFO] [stderr]    Compiling tracing-core v0.1.34
[INFO] [stderr]    Compiling getrandom v0.2.16
[INFO] [stderr]    Compiling subtle v2.6.1
[INFO] [stderr]    Compiling quote v1.0.40
[INFO] [stderr]    Compiling percent-encoding v2.3.2
[INFO] [stderr]    Compiling syn v2.0.106
[INFO] [stderr]    Compiling base64ct v1.8.0
[INFO] [stderr]    Compiling futures-io v0.3.31
[INFO] [stderr]    Compiling bitflags v2.9.4
[INFO] [stderr]    Compiling openssl v0.10.73
[INFO] [stderr]    Compiling http v1.3.1
[INFO] [stderr]    Compiling foreign-types-shared v0.1.1
[INFO] [stderr]    Compiling log v0.4.27
[INFO] [stderr]    Compiling httparse v1.10.1
[INFO] [stderr]    Compiling futures-task v0.3.31
[INFO] [stderr]    Compiling crossbeam-utils v0.8.21
[INFO] [stderr]    Compiling foreign-types v0.3.2
[INFO] [stderr]    Compiling futures-util v0.3.31
[INFO] [stderr]    Compiling pem-rfc7468 v0.7.0
[INFO] [stderr]    Compiling rand_core v0.6.4
[INFO] [stderr]    Compiling tracing v0.1.41
[INFO] [stderr]    Compiling tower-service v0.3.3
[INFO] [stderr]    Compiling atomic-waker v1.1.2
[INFO] [stderr]    Compiling try-lock v0.2.5
[INFO] [stderr]    Compiling native-tls v0.2.14
[INFO] [stderr]    Compiling want v0.3.1
[INFO] [stderr]    Compiling crypto-common v0.1.6
[INFO] [stderr]    Compiling block-buffer v0.10.4
[INFO] [stderr]    Compiling der v0.7.10
[INFO] [stderr]    Compiling indexmap v2.11.0
[INFO] [stderr]    Compiling digest v0.10.7
[INFO] [stderr]    Compiling aho-corasick v1.1.3
[INFO] [stderr]    Compiling futures-channel v0.3.31
[INFO] [stderr]    Compiling regex-syntax v0.8.6
[INFO] [stderr]    Compiling ryu v1.0.20
[INFO] [stderr]    Compiling unicase v2.8.1
[INFO] [stderr]    Compiling http-body v1.0.1
[INFO] [stderr]    Compiling openssl-probe v0.1.6
[INFO] [stderr]    Compiling num-integer v0.1.46
[INFO] [stderr]    Compiling mime_guess v2.0.5
[INFO] [stderr]    Compiling form_urlencoded v1.2.2
[INFO] [stderr]    Compiling sync_wrapper v1.0.2
[INFO] [stderr]    Compiling ipnet v2.11.0
[INFO] [stderr]    Compiling num-bigint-dig v0.8.4
[INFO] [stderr]    Compiling spin v0.9.8
[INFO] [stderr]    Compiling crossbeam-epoch v0.9.18
[INFO] [stderr]    Compiling utf8parse v0.2.2
[INFO] [stderr]    Compiling openssl-sys v0.9.109
[INFO] [stderr]    Compiling sqlite3-src v0.7.0
[INFO] [stderr]    Compiling utf8_iter v1.0.4
[INFO] [stderr]    Compiling rayon-core v1.13.0
[INFO] [stderr]    Compiling serde_json v1.0.143
[INFO] [stderr]    Compiling base64 v0.22.1
[INFO] [stderr]    Compiling tower-layer v0.3.3
[INFO] [stderr]    Compiling getrandom v0.3.3
[INFO] [stderr]    Compiling crossbeam-deque v0.8.6
[INFO] [stderr]    Compiling anstyle-parse v0.2.7
[INFO] [stderr]    Compiling lazy_static v1.5.0
[INFO] [stderr]    Compiling num-iter v0.1.45
[INFO] [stderr]    Compiling http-body-util v0.1.3
[INFO] [stderr]    Compiling iri-string v0.7.8
[INFO] [stderr]    Compiling is_terminal_polyfill v1.70.1
[INFO] [stderr]    Compiling colorchoice v1.0.4
[INFO] [stderr]    Compiling anstyle v1.0.11
[INFO] [stderr]    Compiling anstyle-query v1.1.4
[INFO] [stderr]    Compiling cpufeatures v0.2.17
[INFO] [stderr]    Compiling anstream v0.6.20
[INFO] [stderr]    Compiling sqlite3-sys v0.18.0
[INFO] [stderr]    Compiling signature v2.2.0
[INFO] [stderr]    Compiling spki v0.7.3
[INFO] [stderr]    Compiling rustls-pki-types v1.12.0
[INFO] [stderr]    Compiling encoding_rs v0.8.35
[INFO] [stderr]    Compiling pkcs8 v0.10.2
[INFO] [stderr]    Compiling num_cpus v1.17.0
[INFO] [stderr]    Compiling iana-time-zone v0.1.63
[INFO] [stderr]    Compiling ppv-lite86 v0.2.21
[INFO] [stderr]    Compiling pkcs1 v0.7.5
[INFO] [stderr]    Compiling jiff v0.2.15
[INFO] [stderr]    Compiling either v1.15.0
[INFO] [stderr]    Compiling unsafe-libyaml v0.2.11
[INFO] [stderr]    Compiling threadpool v1.8.1
[INFO] [stderr]    Compiling rayon v1.11.0
[INFO] [stderr]    Compiling rand_chacha v0.3.1
[INFO] [stderr]    Compiling chrono v0.4.41
[INFO] [stderr]    Compiling rand v0.8.5
[INFO] [stderr]    Compiling sqlite v0.37.0
[INFO] [stderr]    Compiling uuid v1.18.0
[INFO] [stderr]    Compiling sha1 v0.10.6
[INFO] [stderr]    Compiling sha2 v0.10.9
[INFO] [stderr]    Compiling hmac v0.12.1
[INFO] [stderr]    Compiling md5 v0.8.0
[INFO] [stderr]    Compiling glob v0.3.3
[INFO] [stderr]    Compiling regex-automata v0.4.10
[INFO] [stderr]    Compiling synstructure v0.13.2
[INFO] [stderr]    Compiling rsa v0.9.8
[INFO] [stderr]    Compiling zerofrom-derive v0.1.6
[INFO] [stderr]    Compiling yoke-derive v0.8.0
[INFO] [stderr]    Compiling zerovec-derive v0.11.1
[INFO] [stderr]    Compiling displaydoc v0.2.5
[INFO] [stderr]    Compiling tokio-macros v2.5.0
[INFO] [stderr]    Compiling serde_derive v1.0.219
[INFO] [stderr]    Compiling openssl-macros v0.1.1
[INFO] [stderr]    Compiling from-sqlite-row-macro v1.0.0
[INFO] [stderr]    Compiling tokio v1.47.1
[INFO] [stderr]    Compiling zerofrom v0.1.6
[INFO] [stderr]    Compiling yoke v0.8.0
[INFO] [stderr]    Compiling zerovec v0.11.4
[INFO] [stderr]    Compiling zerotrie v0.2.2
[INFO] [stderr]    Compiling regex v1.11.2
[INFO] [stderr]    Compiling env_filter v0.1.3
[INFO] [stderr]    Compiling tinystr v0.8.1
[INFO] [stderr]    Compiling potential_utf v0.1.3
[INFO] [stderr]    Compiling icu_collections v2.0.0
[INFO] [stderr]    Compiling env_logger v0.11.8
[INFO] [stderr]    Compiling icu_locale_core v2.0.0
[INFO] [stderr]    Compiling icu_provider v2.0.0
[INFO] [stderr]    Compiling icu_normalizer v2.0.0
[INFO] [stderr]    Compiling icu_properties v2.0.1
[INFO] [stderr]    Compiling idna_adapter v1.2.1
[INFO] [stderr]    Compiling idna v1.1.0
[INFO] [stderr]    Compiling serde_urlencoded v0.7.1
[INFO] [stderr]    Compiling url v2.5.7
[INFO] [stderr]    Compiling serde_yaml v0.9.34+deprecated
[INFO] [stderr]    Compiling tokio-util v0.7.16
[INFO] [stderr]    Compiling tower v0.5.2
[INFO] [stderr]    Compiling tokio-native-tls v0.3.1
[INFO] [stderr]    Compiling h2 v0.4.12
[INFO] [stderr]    Compiling tower-http v0.6.6
[INFO] [stderr]    Compiling hyper v1.7.0
[INFO] [stderr]    Compiling hyper-util v0.1.16
[INFO] [stderr]    Compiling hyper-tls v0.6.0
[INFO] [stderr]    Compiling reqwest v0.12.23
[INFO] [stderr]    Compiling dev-tool v0.1.12 (/opt/rustwide/workdir)
[INFO] [stdout] warning: variable does not need to be mutable
[INFO] [stdout]   --> src/log_util.rs:11:13
[INFO] [stdout]    |
[INFO] [stdout] 11 |         let mut file = OpenOptions::new()
[INFO] [stdout]    |             ----^^^^
[INFO] [stdout]    |             |
[INFO] [stdout]    |             help: remove this `mut`
[INFO] [stdout]    |
[INFO] [stdout]    = note: `#[warn(unused_mut)]` (part of `#[warn(unused)]`) on by default
[INFO] [stdout] 
[INFO] [stdout] 
[INFO] [stdout] warning: unused variable: `bytes`
[INFO] [stdout]   --> src/secure_util.rs:22:23
[INFO] [stdout]    |
[INFO] [stdout] 22 |     pub fn aes_encode(bytes: &[u8], key: &str) -> String {
[INFO] [stdout]    |                       ^^^^^ help: if this is intentional, prefix it with an underscore: `_bytes`
[INFO] [stdout]    |
[INFO] [stdout]    = note: `#[warn(unused_variables)]` (part of `#[warn(unused)]`) on by default
[INFO] [stdout] 
[INFO] [stdout] 
[INFO] [stdout] warning: unused variable: `key`
[INFO] [stdout]   --> src/secure_util.rs:22:37
[INFO] [stdout]    |
[INFO] [stdout] 22 |     pub fn aes_encode(bytes: &[u8], key: &str) -> String {
[INFO] [stdout]    |                                     ^^^ help: if this is intentional, prefix it with an underscore: `_key`
[INFO] [stdout] 
[INFO] [stdout] 
[INFO] [stdout] warning: unused variable: `decode_str`
[INFO] [stdout]   --> src/secure_util.rs:27:23
[INFO] [stdout]    |
[INFO] [stdout] 27 |     pub fn aes_decode(decode_str: &str, key: &str) -> Vec<u8> {
[INFO] [stdout]    |                       ^^^^^^^^^^ help: if this is intentional, prefix it with an underscore: `_decode_str`
[INFO] [stdout] 
[INFO] [stdout] 
[INFO] [stdout] warning: unused variable: `key`
[INFO] [stdout]   --> src/secure_util.rs:27:41
[INFO] [stdout]    |
[INFO] [stdout] 27 |     pub fn aes_decode(decode_str: &str, key: &str) -> Vec<u8> {
[INFO] [stdout]    |                                         ^^^ help: if this is intentional, prefix it with an underscore: `_key`
[INFO] [stdout] 
[INFO] [stdout] 
[INFO] [stdout] warning: struct `HttpUtil` is never constructed
[INFO] [stdout]  --> src/http_util.rs:6:12
[INFO] [stdout]   |
[INFO] [stdout] 6 | pub struct HttpUtil;
[INFO] [stdout]   |            ^^^^^^^^
[INFO] [stdout]   |
[INFO] [stdout]   = note: `#[warn(dead_code)]` (part of `#[warn(unused)]`) on by default
[INFO] [stdout] 
[INFO] [stdout] 
[INFO] [stdout] warning: multiple associated functions are never used
[INFO] [stdout]   --> src/http_util.rs:11:18
[INFO] [stdout]    |
[INFO] [stdout]  8 | impl HttpUtil {
[INFO] [stdout]    | ------------- associated functions in this implementation
[INFO] [stdout] ...
[INFO] [stdout] 11 |     pub async fn get(url: &str) -> Result<String, Box<dyn std::error::Error>> {
[INFO] [stdout]    |                  ^^^
[INFO] [stdout] ...
[INFO] [stdout] 20 |     pub fn blocking_get(url: &str) -> Result<String, Box<dyn std::error::Error>>{
[INFO] [stdout]    |            ^^^^^^^^^^^^
[INFO] [stdout] ...
[INFO] [stdout] 27 |     pub async fn post(url: &str, body: String) -> Result<String, Box<dyn std::error::Error>> {
[INFO] [stdout]    |                  ^^^^
[INFO] [stdout] ...
[INFO] [stdout] 39 |     pub fn blocking_post(url: &str, body: String) -> Result<String, Box<dyn std::error::Error>> {
[INFO] [stdout]    |            ^^^^^^^^^^^^^
[INFO] [stdout] ...
[INFO] [stdout] 48 |     pub async fn post_json(url: &str, body: HashMap<&str, &str>) -> Result<String, Box<dyn std::error::Error>> {
[INFO] [stdout]    |                  ^^^^^^^^^
[INFO] [stdout] ...
[INFO] [stdout] 59 |     pub async fn post_form(url: &str, form: Vec<(&str, &str)>) -> Result<String, Box<dyn std::error::Error>> {
[INFO] [stdout]    |                  ^^^^^^^^^
[INFO] [stdout] ...
[INFO] [stdout] 70 |     pub async fn request(method: reqwest::Method, url: &str, headers: Vec<(&str, &str)>, body: &str) -> Result<String, Box<dyn std::...
[INFO] [stdout]    |                  ^^^^^^^
[INFO] [stdout] ...
[INFO] [stdout] 85 |     pub async fn post_bytes(url: &str, data: Vec<u8>) -> Result<(), Box<dyn std::error::Error>>{
[INFO] [stdout]    |                  ^^^^^^^^^^
[INFO] [stdout] 
[INFO] [stdout] 
[INFO] [stdout] warning: struct `LogUtil` is never constructed
[INFO] [stdout]  --> src/log_util.rs:6:12
[INFO] [stdout]   |
[INFO] [stdout] 6 | pub struct LogUtil;
[INFO] [stdout]   |            ^^^^^^^
[INFO] [stdout] 
[INFO] [stdout] 
[INFO] [stdout] warning: methods `init`, `info`, `error`, and `warn` are never used
[INFO] [stdout]   --> src/log_util.rs:10:12
[INFO] [stdout]    |
[INFO] [stdout]  8 | impl LogUtil {
[INFO] [stdout]    | ------------ methods in this implementation
[INFO] [stdout]  9 |     /// 初始化日志记录器，将日志记录到文件
[INFO] [stdout] 10 |     pub fn init(&self, log_file_path: &str) {
[INFO] [stdout]    |            ^^^^
[INFO] [stdout] ...
[INFO] [stdout] 36 |     pub fn info(&self, message: &str) {
[INFO] [stdout]    |            ^^^^
[INFO] [stdout] ...
[INFO] [stdout] 43 |     pub fn error(&self, message: &str) {
[INFO] [stdout]    |            ^^^^^
[INFO] [stdout] ...
[INFO] [stdout] 50 |     pub fn warn(&self, message: &str) {
[INFO] [stdout]    |            ^^^^
[INFO] [stdout] 
[INFO] [stdout] 
[INFO] [stdout] warning: struct `ThreadUtil` is never constructed
[INFO] [stdout]  --> src/thread_util.rs:4:12
[INFO] [stdout]   |
[INFO] [stdout] 4 | pub struct ThreadUtil {
[INFO] [stdout]   |            ^^^^^^^^^^
[INFO] [stdout] 
[INFO] [stdout] 
[INFO] [stdout] warning: associated items `new`, `execute`, `join`, and `spawn` are never used
[INFO] [stdout]   --> src/thread_util.rs:13:12
[INFO] [stdout]    |
[INFO] [stdout]  8 | impl ThreadUtil {
[INFO] [stdout]    | --------------- associated items in this implementation
[INFO] [stdout] ...
[INFO] [stdout] 13 |     pub fn new(thread_num: usize) -> Self {
[INFO] [stdout]    |            ^^^
[INFO] [stdout] ...
[INFO] [stdout] 30 |     pub fn execute<F>(&self, task: F)
[INFO] [stdout]    |            ^^^^^^^
[INFO] [stdout] ...
[INFO] [stdout] 42 |     pub fn join(&self) {
[INFO] [stdout]    |            ^^^^
[INFO] [stdout] ...
[INFO] [stdout] 46 |     pub fn spawn<F, T>(f: F) -> thread::JoinHandle<T>
[INFO] [stdout]    |            ^^^^^
[INFO] [stdout] 
[INFO] [stdout] 
[INFO] [stderr]     Finished `release` profile [optimized] target(s) in 2m 26s
[INFO] [stderr] warning: the following packages contain code that will be rejected by a future version of Rust: num-bigint-dig v0.8.4
[INFO] [stderr] note: to see what the problems were, use the option `--future-incompat-report`, or run `cargo report future-incompatibilities --id 1`
[INFO] running `Command { std: "docker" "inspect" "bf390d1f161d842ebcbf74a82a61da6879d2446cbaadcc9e0b45ea3f2aa698b6", kill_on_drop: false }`
[INFO] running `Command { std: "docker" "exec" "-e" "SOURCE_DIR=/opt/rustwide/workdir" "-e" "CARGO_HOME=/opt/rustwide/cargo-home" "-e" "RUSTUP_HOME=/opt/rustwide/rustup-home" "-e" "CARGO_TARGET_DIR=/opt/rustwide/target" "-e" "CARGO_INCREMENTAL=0" "-e" "RUST_BACKTRACE=full" "-e" "RUSTFLAGS=--cap-lints=warn" "-e" "RUSTDOCFLAGS=--cap-lints=warn" "-w" "/opt/rustwide/workdir" "--user" "0:0" "bf390d1f161d842ebcbf74a82a61da6879d2446cbaadcc9e0b45ea3f2aa698b6" "/opt/rustwide/cargo-home/bin/cargo" "+1.99.0-beta.8" "test" "--frozen" "--no-run" "--message-format=json" "--release", kill_on_drop: false }`
[INFO] [stderr] warning: Cargo.toml: only one of `license` or `license-file` is necessary
[INFO] [stderr] `license` should be used if the package license can be expressed with a standard SPDX expression.
[INFO] [stderr] `license-file` should be used if the package uses a non-standard license.
[INFO] [stderr] See https://doc.rust-lang.org/cargo/reference/manifest.html#the-license-and-license-file-fields for more information.
[INFO] [stderr] warning: `dev-tool` (manifest) generated 1 warning
[INFO] [stdout] warning: variable does not need to be mutable
[INFO] [stdout]   --> src/log_util.rs:11:13
[INFO] [stdout]    |
[INFO] [stdout] 11 |         let mut file = OpenOptions::new()
[INFO] [stdout]    |             ----^^^^
[INFO] [stdout]    |             |
[INFO] [stdout]    |             help: remove this `mut`
[INFO] [stdout]    |
[INFO] [stdout]    = note: `#[warn(unused_mut)]` (part of `#[warn(unused)]`) on by default
[INFO] [stdout] 
[INFO] [stdout] 
[INFO] [stdout] warning: unused variable: `bytes`
[INFO] [stdout]   --> src/secure_util.rs:22:23
[INFO] [stdout]    |
[INFO] [stdout] 22 |     pub fn aes_encode(bytes: &[u8], key: &str) -> String {
[INFO] [stdout]    |                       ^^^^^ help: if this is intentional, prefix it with an underscore: `_bytes`
[INFO] [stdout]    |
[INFO] [stdout]    = note: `#[warn(unused_variables)]` (part of `#[warn(unused)]`) on by default
[INFO] [stdout] 
[INFO] [stdout] 
[INFO] [stdout] warning: unused variable: `key`
[INFO] [stdout]   --> src/secure_util.rs:22:37
[INFO] [stdout]    |
[INFO] [stdout] 22 |     pub fn aes_encode(bytes: &[u8], key: &str) -> String {
[INFO] [stdout]    |                                     ^^^ help: if this is intentional, prefix it with an underscore: `_key`
[INFO] [stdout] 
[INFO] [stdout] 
[INFO] [stdout] warning: unused variable: `decode_str`
[INFO] [stdout]   --> src/secure_util.rs:27:23
[INFO] [stdout]    |
[INFO] [stdout] 27 |     pub fn aes_decode(decode_str: &str, key: &str) -> Vec<u8> {
[INFO] [stdout]    |                       ^^^^^^^^^^ help: if this is intentional, prefix it with an underscore: `_decode_str`
[INFO] [stdout] 
[INFO] [stdout] 
[INFO] [stdout] warning: unused variable: `key`
[INFO] [stdout]   --> src/secure_util.rs:27:41
[INFO] [stdout]    |
[INFO] [stdout] 27 |     pub fn aes_decode(decode_str: &str, key: &str) -> Vec<u8> {
[INFO] [stdout]    |                                         ^^^ help: if this is intentional, prefix it with an underscore: `_key`
[INFO] [stdout] 
[INFO] [stdout] 
[INFO] [stdout] warning: struct `HttpUtil` is never constructed
[INFO] [stdout]  --> src/http_util.rs:6:12
[INFO] [stdout]   |
[INFO] [stdout] 6 | pub struct HttpUtil;
[INFO] [stdout]   |            ^^^^^^^^
[INFO] [stdout]   |
[INFO] [stdout]   = note: `#[warn(dead_code)]` (part of `#[warn(unused)]`) on by default
[INFO] [stdout] 
[INFO] [stdout] 
[INFO] [stdout] warning: multiple associated functions are never used
[INFO] [stdout]   --> src/http_util.rs:11:18
[INFO] [stdout]    |
[INFO] [stdout]  8 | impl HttpUtil {
[INFO] [stdout]    | ------------- associated functions in this implementation
[INFO] [stdout] ...
[INFO] [stdout] 11 |     pub async fn get(url: &str) -> Result<String, Box<dyn std::error::Error>> {
[INFO] [stdout]    |                  ^^^
[INFO] [stdout] ...
[INFO] [stdout] 20 |     pub fn blocking_get(url: &str) -> Result<String, Box<dyn std::error::Error>>{
[INFO] [stdout]    |            ^^^^^^^^^^^^
[INFO] [stdout] ...
[INFO] [stdout] 27 |     pub async fn post(url: &str, body: String) -> Result<String, Box<dyn std::error::Error>> {
[INFO] [stdout]    |                  ^^^^
[INFO] [stdout] ...
[INFO] [stdout] 39 |     pub fn blocking_post(url: &str, body: String) -> Result<String, Box<dyn std::error::Error>> {
[INFO] [stdout]    |            ^^^^^^^^^^^^^
[INFO] [stdout] ...
[INFO] [stdout] 48 |     pub async fn post_json(url: &str, body: HashMap<&str, &str>) -> Result<String, Box<dyn std::error::Error>> {
[INFO] [stdout]    |                  ^^^^^^^^^
[INFO] [stdout] ...
[INFO] [stdout] 59 |     pub async fn post_form(url: &str, form: Vec<(&str, &str)>) -> Result<String, Box<dyn std::error::Error>> {
[INFO] [stdout]    |                  ^^^^^^^^^
[INFO] [stdout] ...
[INFO] [stdout] 70 |     pub async fn request(method: reqwest::Method, url: &str, headers: Vec<(&str, &str)>, body: &str) -> Result<String, Box<dyn std::...
[INFO] [stdout]    |                  ^^^^^^^
[INFO] [stdout] ...
[INFO] [stdout] 85 |     pub async fn post_bytes(url: &str, data: Vec<u8>) -> Result<(), Box<dyn std::error::Error>>{
[INFO] [stdout]    |                  ^^^^^^^^^^
[INFO] [stdout] 
[INFO] [stdout] 
[INFO] [stdout] warning: struct `LogUtil` is never constructed
[INFO] [stdout]  --> src/log_util.rs:6:12
[INFO] [stdout]   |
[INFO] [stdout] 6 | pub struct LogUtil;
[INFO] [stdout]   |            ^^^^^^^
[INFO] [stdout] 
[INFO] [stdout] 
[INFO] [stderr]    Compiling dev-tool v0.1.12 (/opt/rustwide/workdir)
[INFO] [stdout] warning: methods `init`, `info`, `error`, and `warn` are never used
[INFO] [stdout]   --> src/log_util.rs:10:12
[INFO] [stdout]    |
[INFO] [stdout]  8 | impl LogUtil {
[INFO] [stdout]    | ------------ methods in this implementation
[INFO] [stdout]  9 |     /// 初始化日志记录器，将日志记录到文件
[INFO] [stdout] 10 |     pub fn init(&self, log_file_path: &str) {
[INFO] [stdout]    |            ^^^^
[INFO] [stdout] ...
[INFO] [stdout] 36 |     pub fn info(&self, message: &str) {
[INFO] [stdout]    |            ^^^^
[INFO] [stdout] ...
[INFO] [stdout] 43 |     pub fn error(&self, message: &str) {
[INFO] [stdout]    |            ^^^^^
[INFO] [stdout] ...
[INFO] [stdout] 50 |     pub fn warn(&self, message: &str) {
[INFO] [stdout]    |            ^^^^
[INFO] [stdout] 
[INFO] [stdout] 
[INFO] [stdout] warning: struct `ThreadUtil` is never constructed
[INFO] [stdout]  --> src/thread_util.rs:4:12
[INFO] [stdout]   |
[INFO] [stdout] 4 | pub struct ThreadUtil {
[INFO] [stdout]   |            ^^^^^^^^^^
[INFO] [stdout] 
[INFO] [stdout] 
[INFO] [stdout] warning: associated items `new`, `execute`, `join`, and `spawn` are never used
[INFO] [stdout]   --> src/thread_util.rs:13:12
[INFO] [stdout]    |
[INFO] [stdout]  8 | impl ThreadUtil {
[INFO] [stdout]    | --------------- associated items in this implementation
[INFO] [stdout] ...
[INFO] [stdout] 13 |     pub fn new(thread_num: usize) -> Self {
[INFO] [stdout]    |            ^^^
[INFO] [stdout] ...
[INFO] [stdout] 30 |     pub fn execute<F>(&self, task: F)
[INFO] [stdout]    |            ^^^^^^^
[INFO] [stdout] ...
[INFO] [stdout] 42 |     pub fn join(&self) {
[INFO] [stdout]    |            ^^^^
[INFO] [stdout] ...
[INFO] [stdout] 46 |     pub fn spawn<F, T>(f: F) -> thread::JoinHandle<T>
[INFO] [stdout]    |            ^^^^^
[INFO] [stdout] 
[INFO] [stdout] 
[INFO] [stdout] warning: variable does not need to be mutable
[INFO] [stdout]   --> src/log_util.rs:11:13
[INFO] [stdout]    |
[INFO] [stdout] 11 |         let mut file = OpenOptions::new()
[INFO] [stdout]    |             ----^^^^
[INFO] [stdout]    |             |
[INFO] [stdout]    |             help: remove this `mut`
[INFO] [stdout]    |
[INFO] [stdout]    = note: `#[warn(unused_mut)]` (part of `#[warn(unused)]`) on by default
[INFO] [stdout] 
[INFO] [stdout] 
[INFO] [stdout] warning: unused variable: `bytes`
[INFO] [stdout]   --> src/secure_util.rs:22:23
[INFO] [stdout]    |
[INFO] [stdout] 22 |     pub fn aes_encode(bytes: &[u8], key: &str) -> String {
[INFO] [stdout]    |                       ^^^^^ help: if this is intentional, prefix it with an underscore: `_bytes`
[INFO] [stdout]    |
[INFO] [stdout]    = note: `#[warn(unused_variables)]` (part of `#[warn(unused)]`) on by default
[INFO] [stdout] 
[INFO] [stdout] 
[INFO] [stdout] warning: unused variable: `key`
[INFO] [stdout]   --> src/secure_util.rs:22:37
[INFO] [stdout]    |
[INFO] [stdout] 22 |     pub fn aes_encode(bytes: &[u8], key: &str) -> String {
[INFO] [stdout]    |                                     ^^^ help: if this is intentional, prefix it with an underscore: `_key`
[INFO] [stdout] 
[INFO] [stdout] 
[INFO] [stdout] warning: unused variable: `decode_str`
[INFO] [stdout]   --> src/secure_util.rs:27:23
[INFO] [stdout]    |
[INFO] [stdout] 27 |     pub fn aes_decode(decode_str: &str, key: &str) -> Vec<u8> {
[INFO] [stdout]    |                       ^^^^^^^^^^ help: if this is intentional, prefix it with an underscore: `_decode_str`
[INFO] [stdout] 
[INFO] [stdout] 
[INFO] [stdout] warning: unused variable: `key`
[INFO] [stdout]   --> src/secure_util.rs:27:41
[INFO] [stdout]    |
[INFO] [stdout] 27 |     pub fn aes_decode(decode_str: &str, key: &str) -> Vec<u8> {
[INFO] [stdout]    |                                         ^^^ help: if this is intentional, prefix it with an underscore: `_key`
[INFO] [stdout] 
[INFO] [stdout] 
[INFO] [stdout] warning: unused variable: `map`
[INFO] [stdout]   --> src/collection_util.rs:94:13
[INFO] [stdout]    |
[INFO] [stdout] 94 |         let map = HashMap::<i32, i32>::new();
[INFO] [stdout]    |             ^^^ help: if this is intentional, prefix it with an underscore: `_map`
[INFO] [stdout] 
[INFO] [stdout] 
[INFO] [stdout] warning: struct `HttpUtil` is never constructed
[INFO] [stdout]  --> src/http_util.rs:6:12
[INFO] [stdout]   |
[INFO] [stdout] 6 | pub struct HttpUtil;
[INFO] [stdout]   |            ^^^^^^^^
[INFO] [stdout]   |
[INFO] [stdout]   = note: `#[warn(dead_code)]` (part of `#[warn(unused)]`) on by default
[INFO] [stdout] 
[INFO] [stdout] 
[INFO] [stdout] warning: multiple associated functions are never used
[INFO] [stdout]   --> src/http_util.rs:11:18
[INFO] [stdout]    |
[INFO] [stdout]  8 | impl HttpUtil {
[INFO] [stdout]    | ------------- associated functions in this implementation
[INFO] [stdout] ...
[INFO] [stdout] 11 |     pub async fn get(url: &str) -> Result<String, Box<dyn std::error::Error>> {
[INFO] [stdout]    |                  ^^^
[INFO] [stdout] ...
[INFO] [stdout] 20 |     pub fn blocking_get(url: &str) -> Result<String, Box<dyn std::error::Error>>{
[INFO] [stdout]    |            ^^^^^^^^^^^^
[INFO] [stdout] ...
[INFO] [stdout] 27 |     pub async fn post(url: &str, body: String) -> Result<String, Box<dyn std::error::Error>> {
[INFO] [stdout]    |                  ^^^^
[INFO] [stdout] ...
[INFO] [stdout] 39 |     pub fn blocking_post(url: &str, body: String) -> Result<String, Box<dyn std::error::Error>> {
[INFO] [stdout]    |            ^^^^^^^^^^^^^
[INFO] [stdout] ...
[INFO] [stdout] 48 |     pub async fn post_json(url: &str, body: HashMap<&str, &str>) -> Result<String, Box<dyn std::error::Error>> {
[INFO] [stdout]    |                  ^^^^^^^^^
[INFO] [stdout] ...
[INFO] [stdout] 59 |     pub async fn post_form(url: &str, form: Vec<(&str, &str)>) -> Result<String, Box<dyn std::error::Error>> {
[INFO] [stdout]    |                  ^^^^^^^^^
[INFO] [stdout] ...
[INFO] [stdout] 70 |     pub async fn request(method: reqwest::Method, url: &str, headers: Vec<(&str, &str)>, body: &str) -> Result<String, Box<dyn std::...
[INFO] [stdout]    |                  ^^^^^^^
[INFO] [stdout] ...
[INFO] [stdout] 85 |     pub async fn post_bytes(url: &str, data: Vec<u8>) -> Result<(), Box<dyn std::error::Error>>{
[INFO] [stdout]    |                  ^^^^^^^^^^
[INFO] [stdout] 
[INFO] [stdout] 
[INFO] [stdout] warning: associated function `spawn` is never used
[INFO] [stdout]   --> src/thread_util.rs:46:12
[INFO] [stdout]    |
[INFO] [stdout]  8 | impl ThreadUtil {
[INFO] [stdout]    | --------------- associated function in this implementation
[INFO] [stdout] ...
[INFO] [stdout] 46 |     pub fn spawn<F, T>(f: F) -> thread::JoinHandle<T>
[INFO] [stdout]    |            ^^^^^
[INFO] [stdout] 
[INFO] [stdout] 
[INFO] [stderr]     Finished `release` profile [optimized] target(s) in 7.20s
[INFO] [stderr] warning: the following packages contain code that will be rejected by a future version of Rust: num-bigint-dig v0.8.4
[INFO] [stderr] note: to see what the problems were, use the option `--future-incompat-report`, or run `cargo report future-incompatibilities --id 1`
[INFO] running `Command { std: "docker" "inspect" "bf390d1f161d842ebcbf74a82a61da6879d2446cbaadcc9e0b45ea3f2aa698b6", kill_on_drop: false }`
[INFO] running `Command { std: "docker" "exec" "-e" "SOURCE_DIR=/opt/rustwide/workdir" "-e" "CARGO_HOME=/opt/rustwide/cargo-home" "-e" "RUSTUP_HOME=/opt/rustwide/rustup-home" "-e" "CARGO_TARGET_DIR=/opt/rustwide/target" "-e" "CARGO_INCREMENTAL=0" "-e" "RUST_BACKTRACE=full" "-e" "RUSTFLAGS=--cap-lints=warn" "-e" "RUSTDOCFLAGS=--cap-lints=warn" "-w" "/opt/rustwide/workdir" "--user" "0:0" "bf390d1f161d842ebcbf74a82a61da6879d2446cbaadcc9e0b45ea3f2aa698b6" "/opt/rustwide/cargo-home/bin/cargo" "+1.99.0-beta.8" "test" "--frozen" "--release", kill_on_drop: false }`
[INFO] [stderr] warning: Cargo.toml: only one of `license` or `license-file` is necessary
[INFO] [stderr] `license` should be used if the package license can be expressed with a standard SPDX expression.
[INFO] [stderr] `license-file` should be used if the package uses a non-standard license.
[INFO] [stderr] See https://doc.rust-lang.org/cargo/reference/manifest.html#the-license-and-license-file-fields for more information.
[INFO] [stderr] warning: `dev-tool` (manifest) generated 1 warning
[INFO] [stderr] warning: variable does not need to be mutable
[INFO] [stderr]   --> src/log_util.rs:11:13
[INFO] [stderr]    |
[INFO] [stderr] 11 |         let mut file = OpenOptions::new()
[INFO] [stderr]    |             ----^^^^
[INFO] [stderr]    |             |
[INFO] [stderr]    |             help: remove this `mut`
[INFO] [stderr]    |
[INFO] [stderr]    = note: `#[warn(unused_mut)]` (part of `#[warn(unused)]`) on by default
[INFO] [stderr] 
[INFO] [stderr] warning: unused variable: `bytes`
[INFO] [stderr]   --> src/secure_util.rs:22:23
[INFO] [stderr]    |
[INFO] [stderr] 22 |     pub fn aes_encode(bytes: &[u8], key: &str) -> String {
[INFO] [stderr]    |                       ^^^^^ help: if this is intentional, prefix it with an underscore: `_bytes`
[INFO] [stderr]    |
[INFO] [stderr]    = note: `#[warn(unused_variables)]` (part of `#[warn(unused)]`) on by default
[INFO] [stderr] 
[INFO] [stderr] warning: unused variable: `key`
[INFO] [stderr]   --> src/secure_util.rs:22:37
[INFO] [stderr]    |
[INFO] [stderr] 22 |     pub fn aes_encode(bytes: &[u8], key: &str) -> String {
[INFO] [stderr]    |                                     ^^^ help: if this is intentional, prefix it with an underscore: `_key`
[INFO] [stderr] 
[INFO] [stderr] warning: unused variable: `decode_str`
[INFO] [stderr]   --> src/secure_util.rs:27:23
[INFO] [stderr]    |
[INFO] [stderr] 27 |     pub fn aes_decode(decode_str: &str, key: &str) -> Vec<u8> {
[INFO] [stderr]    |                       ^^^^^^^^^^ help: if this is intentional, prefix it with an underscore: `_decode_str`
[INFO] [stderr] 
[INFO] [stderr] warning: unused variable: `key`
[INFO] [stderr]   --> src/secure_util.rs:27:41
[INFO] [stderr]    |
[INFO] [stderr] 27 |     pub fn aes_decode(decode_str: &str, key: &str) -> Vec<u8> {
[INFO] [stderr]    |                                         ^^^ help: if this is intentional, prefix it with an underscore: `_key`
[INFO] [stderr] 
[INFO] [stderr] warning: struct `HttpUtil` is never constructed
[INFO] [stderr]  --> src/http_util.rs:6:12
[INFO] [stderr]   |
[INFO] [stderr] 6 | pub struct HttpUtil;
[INFO] [stderr]   |            ^^^^^^^^
[INFO] [stderr]   |
[INFO] [stderr]   = note: `#[warn(dead_code)]` (part of `#[warn(unused)]`) on by default
[INFO] [stderr] 
[INFO] [stderr] warning: multiple associated functions are never used
[INFO] [stderr]   --> src/http_util.rs:11:18
[INFO] [stderr]    |
[INFO] [stderr]  8 | impl HttpUtil {
[INFO] [stderr]    | ------------- associated functions in this implementation
[INFO] [stderr] ...
[INFO] [stderr] 11 |     pub async fn get(url: &str) -> Result<String, Box<dyn std::error::Error>> {
[INFO] [stderr]    |                  ^^^
[INFO] [stderr] ...
[INFO] [stderr] 20 |     pub fn blocking_get(url: &str) -> Result<String, Box<dyn std::error::Error>>{
[INFO] [stderr]    |            ^^^^^^^^^^^^
[INFO] [stderr] ...
[INFO] [stderr] 27 |     pub async fn post(url: &str, body: String) -> Result<String, Box<dyn std::error::Error>> {
[INFO] [stderr]    |                  ^^^^
[INFO] [stderr] ...
[INFO] [stderr] 39 |     pub fn blocking_post(url: &str, body: String) -> Result<String, Box<dyn std::error::Error>> {
[INFO] [stderr]    |            ^^^^^^^^^^^^^
[INFO] [stderr] ...
[INFO] [stderr] 48 |     pub async fn post_json(url: &str, body: HashMap<&str, &str>) -> Result<String, Box<dyn std::error::Error>> {
[INFO] [stderr]    |                  ^^^^^^^^^
[INFO] [stderr] ...
[INFO] [stderr] 59 |     pub async fn post_form(url: &str, form: Vec<(&str, &str)>) -> Result<String, Box<dyn std::error::Error>> {
[INFO] [stderr]    |                  ^^^^^^^^^
[INFO] [stderr] ...
[INFO] [stderr] 70 |     pub async fn request(method: reqwest::Method, url: &str, headers: Vec<(&str, &str)>, body: &str) -> Result<String, Box<dyn std::...
[INFO] [stderr]    |                  ^^^^^^^
[INFO] [stderr] ...
[INFO] [stderr] 85 |     pub async fn post_bytes(url: &str, data: Vec<u8>) -> Result<(), Box<dyn std::error::Error>>{
[INFO] [stderr]    |                  ^^^^^^^^^^
[INFO] [stderr] 
[INFO] [stderr] warning: struct `LogUtil` is never constructed
[INFO] [stderr]  --> src/log_util.rs:6:12
[INFO] [stderr]   |
[INFO] [stderr] 6 | pub struct LogUtil;
[INFO] [stderr]   |            ^^^^^^^
[INFO] [stderr] 
[INFO] [stderr] warning: methods `init`, `info`, `error`, and `warn` are never used
[INFO] [stderr]   --> src/log_util.rs:10:12
[INFO] [stderr]    |
[INFO] [stderr]  8 | impl LogUtil {
[INFO] [stderr]    | ------------ methods in this implementation
[INFO] [stderr]  9 |     /// 初始化日志记录器，将日志记录到文件
[INFO] [stderr] 10 |     pub fn init(&self, log_file_path: &str) {
[INFO] [stderr]    |            ^^^^
[INFO] [stderr] ...
[INFO] [stderr] 36 |     pub fn info(&self, message: &str) {
[INFO] [stderr]    |            ^^^^
[INFO] [stderr] ...
[INFO] [stderr] 43 |     pub fn error(&self, message: &str) {
[INFO] [stderr]    |            ^^^^^
[INFO] [stderr] ...
[INFO] [stderr] 50 |     pub fn warn(&self, message: &str) {
[INFO] [stderr]    |            ^^^^
[INFO] [stderr] 
[INFO] [stderr] warning: struct `ThreadUtil` is never constructed
[INFO] [stderr]  --> src/thread_util.rs:4:12
[INFO] [stderr]   |
[INFO] [stderr] 4 | pub struct ThreadUtil {
[INFO] [stderr]   |            ^^^^^^^^^^
[INFO] [stderr] 
[INFO] [stderr] warning: associated items `new`, `execute`, `join`, and `spawn` are never used
[INFO] [stderr]   --> src/thread_util.rs:13:12
[INFO] [stderr]    |
[INFO] [stderr]  8 | impl ThreadUtil {
[INFO] [stderr]    | --------------- associated items in this implementation
[INFO] [stderr] ...
[INFO] [stderr] 13 |     pub fn new(thread_num: usize) -> Self {
[INFO] [stderr]    |            ^^^
[INFO] [stderr] ...
[INFO] [stderr] 30 |     pub fn execute<F>(&self, task: F)
[INFO] [stderr]    |            ^^^^^^^
[INFO] [stderr] ...
[INFO] [stderr] 42 |     pub fn join(&self) {
[INFO] [stderr]    |            ^^^^
[INFO] [stderr] ...
[INFO] [stderr] 46 |     pub fn spawn<F, T>(f: F) -> thread::JoinHandle<T>
[INFO] [stderr]    |            ^^^^^
[INFO] [stderr] 
[INFO] [stderr] warning: unused variable: `map`
[INFO] [stderr]   --> src/collection_util.rs:94:13
[INFO] [stderr]    |
[INFO] [stderr] 94 |         let map = HashMap::<i32, i32>::new();
[INFO] [stderr]    |             ^^^ help: if this is intentional, prefix it with an underscore: `_map`
[INFO] [stderr] 
[INFO] [stderr] warning: associated function `spawn` is never used
[INFO] [stderr]   --> src/thread_util.rs:46:12
[INFO] [stderr]    |
[INFO] [stderr]  8 | impl ThreadUtil {
[INFO] [stderr]    | --------------- associated function in this implementation
[INFO] [stderr] ...
[INFO] [stderr] 46 |     pub fn spawn<F, T>(f: F) -> thread::JoinHandle<T>
[INFO] [stderr]    |            ^^^^^
[INFO] [stderr] 
[INFO] [stderr] warning: `dev-tool` (lib) generated 11 warnings (run `cargo fix --lib -p dev-tool` to apply 5 suggestions)
[INFO] [stderr] warning: `dev-tool` (lib test) generated 9 warnings (7 duplicates) (run `cargo fix --lib -p dev-tool --tests` to apply 1 suggestion)
[INFO] [stderr]     Finished `release` profile [optimized] target(s) in 0.30s
[INFO] [stderr] warning: the following packages contain code that will be rejected by a future version of Rust: num-bigint-dig v0.8.4
[INFO] [stderr] note: to see what the problems were, use the option `--future-incompat-report`, or run `cargo report future-incompatibilities --id 1`
[INFO] [stderr]      Running unittests src/lib.rs (/opt/rustwide/target/release/deps/dev_tool-28b2dbe4f88ee37a)
[INFO] [stdout] 
[INFO] [stdout] running 29 tests
[INFO] [stdout] test conf_util::tests::test_json_conf_util ... ok
[INFO] [stdout] test date_util::tests::test_current_timestamp ... ok
[INFO] [stdout] test date_util::tests::test_parse_datetime ... ok
[INFO] [stdout] test file_util::tests::test_glob ... ok
[INFO] [stdout] test collection_util::tests::test_remove_first ... ok
[INFO] [stdout] test file_util::tests::test_write_string ... FAILED
[INFO] [stdout] test file_util::tests::test_write_bytes_and_read_bytes_with_invalid_path ... FAILED
[INFO] [stdout] test file_util::tests::test_append_string ... FAILED
[INFO] [stdout] test date_util::tests::test_current_time_string ... ok
[INFO] [stdout] test file_util::tests::test_write_bytes ... FAILED
[INFO] [stdout] test file_util::tests::test_read_bytes ... FAILED
[INFO] [stdout] test file_util::tests::test_read_string ... FAILED
[INFO] [stdout] test conf_util_yaml::tests::test_json_conf_util ... ok
[INFO] [stdout] test hex_util::tests::test_encode_decode_hex_str ... ok
[INFO] [stdout] test date_util::tests::test_cmp_string ... ok
[INFO] [stdout] test id_util::tests::test_snowflake_id ... ok
[INFO] [stdout] test id_util::tests::test_uuid ... ok
[INFO] [stdout] test macro_util::it_works ... ok
[INFO] [stdout] test secure_util::tests::test_sha256 ... ok
[INFO] [stdout] test log_util::tests::it_works ... FAILED
[INFO] [stdout] test id_util::tests::test_random_string_id ... ok
[INFO] [stdout] test re_util::tests::test_re_util ... ok
[INFO] [stdout] test hex_util::tests::test_to_hex ... ok
[INFO] [stdout] test secure_util::tests::test_base64 ... ok
[INFO] [stdout] test thread_util::tests::it_works ... ok
[INFO] [stdout] test file_util::tests::test_list ... FAILED
[INFO] [stdout] test secure_util::tests::test_rsa2 ... ok
[INFO] [stdout] test sqlite_util::tests::it_works ... ok
[INFO] [stdout] test secure_util::tests::test_rsa ... ok
[INFO] [stderr] error: test failed, to rerun pass `--lib`
[INFO] [stdout] 
[INFO] [stdout] failures:
[INFO] [stdout] 
[INFO] [stdout] ---- file_util::tests::test_write_string stdout ----
[INFO] [stdout] 
[INFO] [stdout] thread 'file_util::tests::test_write_string' (3183) panicked at src/file_util.rs:363:71:
[INFO] [stdout] called `Result::unwrap()` on an `Err` value: Os { code: 2, kind: NotFound, message: "No such file or directory" }
[INFO] [stdout] stack backtrace:
[INFO] [stdout]    0:     0x5b45ff081d21 - <<std[70759c8f55707aa4]::sys::backtrace::BacktraceLock>::print::DisplayBacktrace as core[df12db4294e9bfd3]::fmt::Display>::fmt
[INFO] [stdout]    1:     0x5b45ff099f7a - core[df12db4294e9bfd3]::fmt::write
[INFO] [stdout]    2:     0x5b45ff087cfc - <alloc[2182bb758b4b3781]::vec::Vec<u8> as core[df12db4294e9bfd3]::io::write::Write>::write_fmt
[INFO] [stdout]    3:     0x5b45ff05c826 - std[70759c8f55707aa4]::panicking::default_hook::{closure#0}
[INFO] [stdout]    4:     0x5b45ff079949 - std[70759c8f55707aa4]::panicking::default_hook
[INFO] [stdout]    5:     0x5b45feeca4f0 - test[9d35eded1c95d3be]::test_main_inner::<test[9d35eded1c95d3be]::test_main_static::{closure#0}>::{closure#0}
[INFO] [stdout]    6:     0x5b45ff079b02 - std[70759c8f55707aa4]::panicking::panic_with_hook
[INFO] [stdout]    7:     0x5b45ff05c8d2 - std[70759c8f55707aa4]::panicking::panic_handler::{closure#0}
[INFO] [stdout]    8:     0x5b45ff055309 - std[70759c8f55707aa4]::sys::backtrace::__rust_end_short_backtrace::<std[70759c8f55707aa4]::panicking::panic_handler::{closure#0}, !>
[INFO] [stdout]    9:     0x5b45ff05d4cd - __rustc[8fa7c3cbc660c2b3]::rust_begin_unwind
[INFO] [stdout]   10:     0x5b45ff09a75c - core[df12db4294e9bfd3]::panicking::panic_fmt
[INFO] [stdout]   11:     0x5b45ff09a532 - core[df12db4294e9bfd3]::result::unwrap_failed
[INFO] [stdout]   12:     0x5b45fee945b0 - dev_tool[df9f301b50390fdf]::file_util::tests::test_write_string
[INFO] [stdout]   13:     0x5b45feeb3ea9 - <dev_tool[df9f301b50390fdf]::file_util::tests::test_write_string::{closure#0} as core[df12db4294e9bfd3]::ops::function::FnOnce<()>>::call_once
[INFO] [stdout]   14:     0x5b45feebd7db - test[9d35eded1c95d3be]::__rust_begin_short_backtrace::<core[df12db4294e9bfd3]::result::Result<(), alloc[2182bb758b4b3781]::string::String>, fn() -> core[df12db4294e9bfd3]::result::Result<(), alloc[2182bb758b4b3781]::string::String>>
[INFO] [stdout]   15:     0x5b45feecae45 - test[9d35eded1c95d3be]::run_test::{closure#0}
[INFO] [stdout]   16:     0x5b45feec4704 - std[70759c8f55707aa4]::sys::backtrace::__rust_begin_short_backtrace::<test[9d35eded1c95d3be]::run_test::{closure#1}, ()>
[INFO] [stdout]   17:     0x5b45feecdfa2 - <std[70759c8f55707aa4]::thread::lifecycle::spawn_unchecked<test[9d35eded1c95d3be]::run_test::{closure#1}, ()>::{closure#1} as core[df12db4294e9bfd3]::ops::function::FnOnce<()>>::call_once::{shim:vtable#0}
[INFO] [stdout]   18:     0x5b45ff080f69 - <std[70759c8f55707aa4]::sys::thread::unix::Thread>::new::thread_start
[INFO] [stdout]   19:     0x76104e4cedfa - <unknown>
[INFO] [stdout]   20:     0x76104e5623d4 - clone
[INFO] [stdout]   21:                0x0 - <unknown>
[INFO] [stdout] 
[INFO] [stdout] ---- file_util::tests::test_write_bytes_and_read_bytes_with_invalid_path stdout ----
[INFO] [stdout] 
[INFO] [stdout] thread 'file_util::tests::test_write_bytes_and_read_bytes_with_invalid_path' (3182) panicked at src/file_util.rs:408:87:
[INFO] [stdout] called `Result::unwrap()` on an `Err` value: Custom { kind: NotFound, error: "目录不存在或不是目录" }
[INFO] [stdout] stack backtrace:
[INFO] [stdout]    0:     0x5b45ff081d21 - <<std[70759c8f55707aa4]::sys::backtrace::BacktraceLock>::print::DisplayBacktrace as core[df12db4294e9bfd3]::fmt::Display>::fmt
[INFO] [stdout]    1:     0x5b45ff099f7a - core[df12db4294e9bfd3]::fmt::write
[INFO] [stdout]    2:     0x5b45ff087cfc - <alloc[2182bb758b4b3781]::vec::Vec<u8> as core[df12db4294e9bfd3]::io::write::Write>::write_fmt
[INFO] [stdout]    3:     0x5b45ff05c826 - std[70759c8f55707aa4]::panicking::default_hook::{closure#0}
[INFO] [stdout]    4:     0x5b45ff079949 - std[70759c8f55707aa4]::panicking::default_hook
[INFO] [stdout]    5:     0x5b45feeca4f0 - test[9d35eded1c95d3be]::test_main_inner::<test[9d35eded1c95d3be]::test_main_static::{closure#0}>::{closure#0}
[INFO] [stdout]    6:     0x5b45ff079b02 - std[70759c8f55707aa4]::panicking::panic_with_hook
[INFO] [stdout]    7:     0x5b45ff05c8d2 - std[70759c8f55707aa4]::panicking::panic_handler::{closure#0}
[INFO] [stdout]    8:     0x5b45ff055309 - std[70759c8f55707aa4]::sys::backtrace::__rust_end_short_backtrace::<std[70759c8f55707aa4]::panicking::panic_handler::{closure#0}, !>
[INFO] [stdout]    9:     0x5b45ff05d4cd - __rustc[8fa7c3cbc660c2b3]::rust_begin_unwind
[INFO] [stdout]   10:     0x5b45ff09a75c - core[df12db4294e9bfd3]::panicking::panic_fmt
[INFO] [stdout]   11:     0x5b45ff09a532 - core[df12db4294e9bfd3]::result::unwrap_failed
[INFO] [stdout]   12:     0x5b45fee94d5c - dev_tool[df9f301b50390fdf]::file_util::tests::test_write_bytes_and_read_bytes_with_invalid_path
[INFO] [stdout]   13:     0x5b45feeb3ee9 - <dev_tool[df9f301b50390fdf]::file_util::tests::test_write_bytes_and_read_bytes_with_invalid_path::{closure#0} as core[df12db4294e9bfd3]::ops::function::FnOnce<()>>::call_once
[INFO] [stdout]   14:     0x5b45feebd7db - test[9d35eded1c95d3be]::__rust_begin_short_backtrace::<core[df12db4294e9bfd3]::result::Result<(), alloc[2182bb758b4b3781]::string::String>, fn() -> core[df12db4294e9bfd3]::result::Result<(), alloc[2182bb758b4b3781]::string::String>>
[INFO] [stdout]   15:     0x5b45feecae45 - test[9d35eded1c95d3be]::run_test::{closure#0}
[INFO] [stdout]   16:     0x5b45feec4704 - std[70759c8f55707aa4]::sys::backtrace::__rust_begin_short_backtrace::<test[9d35eded1c95d3be]::run_test::{closure#1}, ()>
[INFO] [stdout]   17:     0x5b45feecdfa2 - <std[70759c8f55707aa4]::thread::lifecycle::spawn_unchecked<test[9d35eded1c95d3be]::run_test::{closure#1}, ()>::{closure#1} as core[df12db4294e9bfd3]::ops::function::FnOnce<()>>::call_once::{shim:vtable#0}
[INFO] [stdout]   18:     0x5b45ff080f69 - <std[70759c8f55707aa4]::sys::thread::unix::Thread>::new::thread_start
[INFO] [stdout]   19:     0x76104e4cedfa - <unknown>
[INFO] [stdout]   20:     0x76104e5623d4 - clone
[INFO] [stdout]   21:                0x0 - <unknown>
[INFO] [stdout] 
[INFO] [stdout] ---- file_util::tests::test_append_string stdout ----
[INFO] [stdout] 
[INFO] [stdout] thread 'file_util::tests::test_append_string' (3176) panicked at src/file_util.rs:377:49:
[INFO] [stdout] called `Result::unwrap()` on an `Err` value: Os { code: 2, kind: NotFound, message: "No such file or directory" }
[INFO] [stdout] stack backtrace:
[INFO] [stdout]    0:     0x5b45ff081d21 - <<std[70759c8f55707aa4]::sys::backtrace::BacktraceLock>::print::DisplayBacktrace as core[df12db4294e9bfd3]::fmt::Display>::fmt
[INFO] [stdout]    1:     0x5b45ff099f7a - core[df12db4294e9bfd3]::fmt::write
[INFO] [stdout]    2:     0x5b45ff087cfc - <alloc[2182bb758b4b3781]::vec::Vec<u8> as core[df12db4294e9bfd3]::io::write::Write>::write_fmt
[INFO] [stdout]    3:     0x5b45ff05c826 - std[70759c8f55707aa4]::panicking::default_hook::{closure#0}
[INFO] [stdout]    4:     0x5b45ff079949 - std[70759c8f55707aa4]::panicking::default_hook
[INFO] [stdout]    5:     0x5b45feeca4f0 - test[9d35eded1c95d3be]::test_main_inner::<test[9d35eded1c95d3be]::test_main_static::{closure#0}>::{closure#0}
[INFO] [stdout]    6:     0x5b45ff079b02 - std[70759c8f55707aa4]::panicking::panic_with_hook
[INFO] [stdout]    7:     0x5b45ff05c8d2 - std[70759c8f55707aa4]::panicking::panic_handler::{closure#0}
[INFO] [stdout]    8:     0x5b45ff055309 - std[70759c8f55707aa4]::sys::backtrace::__rust_end_short_backtrace::<std[70759c8f55707aa4]::panicking::panic_handler::{closure#0}, !>
[INFO] [stdout]    9:     0x5b45ff05d4cd - __rustc[8fa7c3cbc660c2b3]::rust_begin_unwind
[INFO] [stdout]   10:     0x5b45ff09a75c - core[df12db4294e9bfd3]::panicking::panic_fmt
[INFO] [stdout]   11:     0x5b45ff09a532 - core[df12db4294e9bfd3]::result::unwrap_failed
[INFO] [stdout]   12:     0x5b45fee949b3 - dev_tool[df9f301b50390fdf]::file_util::tests::test_append_string
[INFO] [stdout]   13:     0x5b45feeb3ec9 - <dev_tool[df9f301b50390fdf]::file_util::tests::test_append_string::{closure#0} as core[df12db4294e9bfd3]::ops::function::FnOnce<()>>::call_once
[INFO] [stdout]   14:     0x5b45feebd7db - test[9d35eded1c95d3be]::__rust_begin_short_backtrace::<core[df12db4294e9bfd3]::result::Result<(), alloc[2182bb758b4b3781]::string::String>, fn() -> core[df12db4294e9bfd3]::result::Result<(), alloc[2182bb758b4b3781]::string::String>>
[INFO] [stdout]   15:     0x5b45feecae45 - test[9d35eded1c95d3be]::run_test::{closure#0}
[INFO] [stdout]   16:     0x5b45feec4704 - std[70759c8f55707aa4]::sys::backtrace::__rust_begin_short_backtrace::<test[9d35eded1c95d3be]::run_test::{closure#1}, ()>
[INFO] [stdout]   17:     0x5b45feecdfa2 - <std[70759c8f55707aa4]::thread::lifecycle::spawn_unchecked<test[9d35eded1c95d3be]::run_test::{closure#1}, ()>::{closure#1} as core[df12db4294e9bfd3]::ops::function::FnOnce<()>>::call_once::{shim:vtable#0}
[INFO] [stdout]   18:     0x5b45ff080f69 - <std[70759c8f55707aa4]::sys::thread::unix::Thread>::new::thread_start
[INFO] [stdout]   19:     0x76104e4cedfa - <unknown>
[INFO] [stdout]   20:     0x76104e5623d4 - clone
[INFO] [stdout]   21:                0x0 - <unknown>
[INFO] [stdout] 
[INFO] [stdout] ---- file_util::tests::test_write_bytes stdout ----
[INFO] [stdout] 
[INFO] [stdout] thread 'file_util::tests::test_write_bytes' (3181) panicked at src/file_util.rs:394:49:
[INFO] [stdout] called `Result::unwrap()` on an `Err` value: Os { code: 2, kind: NotFound, message: "No such file or directory" }
[INFO] [stdout] stack backtrace:
[INFO] [stdout]    0:     0x5b45ff081d21 - <<std[70759c8f55707aa4]::sys::backtrace::BacktraceLock>::print::DisplayBacktrace as core[df12db4294e9bfd3]::fmt::Display>::fmt
[INFO] [stdout]    1:     0x5b45ff099f7a - core[df12db4294e9bfd3]::fmt::write
[INFO] [stdout]    2:     0x5b45ff087cfc - <alloc[2182bb758b4b3781]::vec::Vec<u8> as core[df12db4294e9bfd3]::io::write::Write>::write_fmt
[INFO] [stdout]    3:     0x5b45ff05c826 - std[70759c8f55707aa4]::panicking::default_hook::{closure#0}
[INFO] [stdout]    4:     0x5b45ff079949 - std[70759c8f55707aa4]::panicking::default_hook
[INFO] [stdout]    5:     0x5b45feeca4f0 - test[9d35eded1c95d3be]::test_main_inner::<test[9d35eded1c95d3be]::test_main_static::{closure#0}>::{closure#0}
[INFO] [stdout]    6:     0x5b45ff079b02 - std[70759c8f55707aa4]::panicking::panic_with_hook
[INFO] [stdout]    7:     0x5b45ff05c8d2 - std[70759c8f55707aa4]::panicking::panic_handler::{closure#0}
[INFO] [stdout]    8:     0x5b45ff055309 - std[70759c8f55707aa4]::sys::backtrace::__rust_end_short_backtrace::<std[70759c8f55707aa4]::panicking::panic_handler::{closure#0}, !>
[INFO] [stdout]    9:     0x5b45ff05d4cd - __rustc[8fa7c3cbc660c2b3]::rust_begin_unwind
[INFO] [stdout]   10:     0x5b45ff09a75c - core[df12db4294e9bfd3]::panicking::panic_fmt
[INFO] [stdout]   11:     0x5b45ff09a532 - core[df12db4294e9bfd3]::result::unwrap_failed
[INFO] [stdout]   12:     0x5b45fee942d3 - dev_tool[df9f301b50390fdf]::file_util::tests::test_write_bytes
[INFO] [stdout]   13:     0x5b45feeb3e89 - <dev_tool[df9f301b50390fdf]::file_util::tests::test_write_bytes::{closure#0} as core[df12db4294e9bfd3]::ops::function::FnOnce<()>>::call_once
[INFO] [stdout]   14:     0x5b45feebd7db - test[9d35eded1c95d3be]::__rust_begin_short_backtrace::<core[df12db4294e9bfd3]::result::Result<(), alloc[2182bb758b4b3781]::string::String>, fn() -> core[df12db4294e9bfd3]::result::Result<(), alloc[2182bb758b4b3781]::string::String>>
[INFO] [stdout]   15:     0x5b45feecae45 - test[9d35eded1c95d3be]::run_test::{closure#0}
[INFO] [stdout]   16:     0x5b45feec4704 - std[70759c8f55707aa4]::sys::backtrace::__rust_begin_short_backtrace::<test[9d35eded1c95d3be]::run_test::{closure#1}, ()>
[INFO] [stdout]   17:     0x5b45feecdfa2 - <std[70759c8f55707aa4]::thread::lifecycle::spawn_unchecked<test[9d35eded1c95d3be]::run_test::{closure#1}, ()>::{closure#1} as core[df12db4294e9bfd3]::ops::function::FnOnce<()>>::call_once::{shim:vtable#0}
[INFO] [stdout]   18:     0x5b45ff080f69 - <std[70759c8f55707aa4]::sys::thread::unix::Thread>::new::thread_start
[INFO] [stdout]   19:     0x76104e4cedfa - <unknown>
[INFO] [stdout]   20:     0x76104e5623d4 - clone
[INFO] [stdout]   21:                0x0 - <unknown>
[INFO] [stdout] 
[INFO] [stdout] ---- file_util::tests::test_read_bytes stdout ----
[INFO] [stdout] 
[INFO] [stdout] thread 'file_util::tests::test_read_bytes' (3179) panicked at src/file_util.rs:350:14:
[INFO] [stdout] called `Result::unwrap()` on an `Err` value: Os { code: 2, kind: NotFound, message: "No such file or directory" }
[INFO] [stdout] stack backtrace:
[INFO] [stdout]    0:     0x5b45ff081d21 - <<std[70759c8f55707aa4]::sys::backtrace::BacktraceLock>::print::DisplayBacktrace as core[df12db4294e9bfd3]::fmt::Display>::fmt
[INFO] [stdout]    1:     0x5b45ff099f7a - core[df12db4294e9bfd3]::fmt::write
[INFO] [stdout]    2:     0x5b45ff087cfc - <alloc[2182bb758b4b3781]::vec::Vec<u8> as core[df12db4294e9bfd3]::io::write::Write>::write_fmt
[INFO] [stdout]    3:     0x5b45ff05c826 - std[70759c8f55707aa4]::panicking::default_hook::{closure#0}
[INFO] [stdout]    4:     0x5b45ff079949 - std[70759c8f55707aa4]::panicking::default_hook
[INFO] [stdout]    5:     0x5b45feeca4f0 - test[9d35eded1c95d3be]::test_main_inner::<test[9d35eded1c95d3be]::test_main_static::{closure#0}>::{closure#0}
[INFO] [stdout]    6:     0x5b45ff079b02 - std[70759c8f55707aa4]::panicking::panic_with_hook
[INFO] [stdout]    7:     0x5b45ff05c8d2 - std[70759c8f55707aa4]::panicking::panic_handler::{closure#0}
[INFO] [stdout]    8:     0x5b45ff055309 - std[70759c8f55707aa4]::sys::backtrace::__rust_end_short_backtrace::<std[70759c8f55707aa4]::panicking::panic_handler::{closure#0}, !>
[INFO] [stdout]    9:     0x5b45ff05d4cd - __rustc[8fa7c3cbc660c2b3]::rust_begin_unwind
[INFO] [stdout]   10:     0x5b45ff09a75c - core[df12db4294e9bfd3]::panicking::panic_fmt
[INFO] [stdout]   11:     0x5b45ff09a532 - core[df12db4294e9bfd3]::result::unwrap_failed
[INFO] [stdout]   12:     0x5b45fee93d4c - dev_tool[df9f301b50390fdf]::file_util::tests::test_read_bytes
[INFO] [stdout]   13:     0x5b45feeb3e49 - <dev_tool[df9f301b50390fdf]::file_util::tests::test_read_bytes::{closure#0} as core[df12db4294e9bfd3]::ops::function::FnOnce<()>>::call_once
[INFO] [stdout]   14:     0x5b45feebd7db - test[9d35eded1c95d3be]::__rust_begin_short_backtrace::<core[df12db4294e9bfd3]::result::Result<(), alloc[2182bb758b4b3781]::string::String>, fn() -> core[df12db4294e9bfd3]::result::Result<(), alloc[2182bb758b4b3781]::string::String>>
[INFO] [stdout]   15:     0x5b45feecae45 - test[9d35eded1c95d3be]::run_test::{closure#0}
[INFO] [stdout]   16:     0x5b45feec4704 - std[70759c8f55707aa4]::sys::backtrace::__rust_begin_short_backtrace::<test[9d35eded1c95d3be]::run_test::{closure#1}, ()>
[INFO] [stdout]   17:     0x5b45feecdfa2 - <std[70759c8f55707aa4]::thread::lifecycle::spawn_unchecked<test[9d35eded1c95d3be]::run_test::{closure#1}, ()>::{closure#1} as core[df12db4294e9bfd3]::ops::function::FnOnce<()>>::call_once::{shim:vtable#0}
[INFO] [stdout]   18:     0x5b45ff080f69 - <std[70759c8f55707aa4]::sys::thread::unix::Thread>::new::thread_start
[INFO] [stdout]   19:     0x76104e4cedfa - <unknown>
[INFO] [stdout]   20:     0x76104e5623d4 - clone
[INFO] [stdout]   21:                0x0 - <unknown>
[INFO] [stdout] 
[INFO] [stdout] ---- file_util::tests::test_read_string stdout ----
[INFO] [stdout] "d:/tmp/temp_file.txt"
[INFO] [stdout] Error: Os { code: 2, kind: NotFound, message: "No such file or directory" }
[INFO] [stdout] 
[INFO] [stdout] ---- log_util::tests::it_works stdout ----
[INFO] [stdout] 
[INFO] [stdout] thread 'log_util::tests::it_works' (3189) panicked at src/log_util.rs:15:34:
[INFO] [stdout] Failed to create log file: Os { code: 30, kind: ReadOnlyFilesystem, message: "Read-only file system" }
[INFO] [stdout] stack backtrace:
[INFO] [stdout]    0:     0x5b45ff081d21 - <<std[70759c8f55707aa4]::sys::backtrace::BacktraceLock>::print::DisplayBacktrace as core[df12db4294e9bfd3]::fmt::Display>::fmt
[INFO] [stdout]    1:     0x5b45ff099f7a - core[df12db4294e9bfd3]::fmt::write
[INFO] [stdout]    2:     0x5b45ff087cfc - <alloc[2182bb758b4b3781]::vec::Vec<u8> as core[df12db4294e9bfd3]::io::write::Write>::write_fmt
[INFO] [stdout]    3:     0x5b45ff05c826 - std[70759c8f55707aa4]::panicking::default_hook::{closure#0}
[INFO] [stdout]    4:     0x5b45ff079949 - std[70759c8f55707aa4]::panicking::default_hook
[INFO] [stdout]    5:     0x5b45feeca4f0 - test[9d35eded1c95d3be]::test_main_inner::<test[9d35eded1c95d3be]::test_main_static::{closure#0}>::{closure#0}
[INFO] [stdout]    6:     0x5b45ff079b02 - std[70759c8f55707aa4]::panicking::panic_with_hook
[INFO] [stdout]    7:     0x5b45ff05c8d2 - std[70759c8f55707aa4]::panicking::panic_handler::{closure#0}
[INFO] [stdout]    8:     0x5b45ff055309 - std[70759c8f55707aa4]::sys::backtrace::__rust_end_short_backtrace::<std[70759c8f55707aa4]::panicking::panic_handler::{closure#0}, !>
[INFO] [stdout]    9:     0x5b45ff05d4cd - __rustc[8fa7c3cbc660c2b3]::rust_begin_unwind
[INFO] [stdout]   10:     0x5b45ff09a75c - core[df12db4294e9bfd3]::panicking::panic_fmt
[INFO] [stdout]   11:     0x5b45ff09a532 - core[df12db4294e9bfd3]::result::unwrap_failed
[INFO] [stdout]   12:     0x5b45fee93519 - <dev_tool[df9f301b50390fdf]::log_util::LogUtil>::init
[INFO] [stdout]   13:     0x5b45feeaa932 - dev_tool[df9f301b50390fdf]::log_util::tests::it_works
[INFO] [stdout]   14:     0x5b45feeb3ca9 - <dev_tool[df9f301b50390fdf]::log_util::tests::it_works::{closure#0} as core[df12db4294e9bfd3]::ops::function::FnOnce<()>>::call_once
[INFO] [stdout]   15:     0x5b45feebd7db - test[9d35eded1c95d3be]::__rust_begin_short_backtrace::<core[df12db4294e9bfd3]::result::Result<(), alloc[2182bb758b4b3781]::string::String>, fn() -> core[df12db4294e9bfd3]::result::Result<(), alloc[2182bb758b4b3781]::string::String>>
[INFO] [stdout]   16:     0x5b45feecae45 - test[9d35eded1c95d3be]::run_test::{closure#0}
[INFO] [stdout]   17:     0x5b45feec4704 - std[70759c8f55707aa4]::sys::backtrace::__rust_begin_short_backtrace::<test[9d35eded1c95d3be]::run_test::{closure#1}, ()>
[INFO] [stdout]   18:     0x5b45feecdfa2 - <std[70759c8f55707aa4]::thread::lifecycle::spawn_unchecked<test[9d35eded1c95d3be]::run_test::{closure#1}, ()>::{closure#1} as core[df12db4294e9bfd3]::ops::function::FnOnce<()>>::call_once::{shim:vtable#0}
[INFO] [stdout]   19:     0x5b45ff080f69 - <std[70759c8f55707aa4]::sys::thread::unix::Thread>::new::thread_start
[INFO] [stdout]   20:     0x76104e4cedfa - <unknown>
[INFO] [stdout]   21:     0x76104e5623d4 - clone
[INFO] [stdout]   22:                0x0 - <unknown>
[INFO] [stdout] 
[INFO] [stdout] ---- file_util::tests::test_list stdout ----
[INFO] [stdout] 
[INFO] [stdout] thread 'file_util::tests::test_list' (3178) panicked at src/file_util.rs:317:39:
[INFO] [stdout] Failed to create sub dir: Os { code: 2, kind: NotFound, message: "No such file or directory" }
[INFO] [stdout] stack backtrace:
[INFO] [stdout]    0:     0x5b45ff081d21 - <<std[70759c8f55707aa4]::sys::backtrace::BacktraceLock>::print::DisplayBacktrace as core[df12db4294e9bfd3]::fmt::Display>::fmt
[INFO] [stdout]    1:     0x5b45ff099f7a - core[df12db4294e9bfd3]::fmt::write
[INFO] [stdout]    2:     0x5b45ff087cfc - <alloc[2182bb758b4b3781]::vec::Vec<u8> as core[df12db4294e9bfd3]::io::write::Write>::write_fmt
[INFO] [stdout]    3:     0x5b45ff05c826 - std[70759c8f55707aa4]::panicking::default_hook::{closure#0}
[INFO] [stdout]    4:     0x5b45ff079949 - std[70759c8f55707aa4]::panicking::default_hook
[INFO] [stdout]    5:     0x5b45feeca4f0 - test[9d35eded1c95d3be]::test_main_inner::<test[9d35eded1c95d3be]::test_main_static::{closure#0}>::{closure#0}
[INFO] [stdout]    6:     0x5b45ff079b02 - std[70759c8f55707aa4]::panicking::panic_with_hook
[INFO] [stdout]    7:     0x5b45ff05c8d2 - std[70759c8f55707aa4]::panicking::panic_handler::{closure#0}
[INFO] [stdout]    8:     0x5b45ff055309 - std[70759c8f55707aa4]::sys::backtrace::__rust_end_short_backtrace::<std[70759c8f55707aa4]::panicking::panic_handler::{closure#0}, !>
[INFO] [stdout]    9:     0x5b45ff05d4cd - __rustc[8fa7c3cbc660c2b3]::rust_begin_unwind
[INFO] [stdout]   10:     0x5b45ff09a75c - core[df12db4294e9bfd3]::panicking::panic_fmt
[INFO] [stdout]   11:     0x5b45ff09a532 - core[df12db4294e9bfd3]::result::unwrap_failed
[INFO] [stdout]   12:     0x5b45fee951a5 - dev_tool[df9f301b50390fdf]::file_util::tests::test_list
[INFO] [stdout]   13:     0x5b45feeb3f29 - <dev_tool[df9f301b50390fdf]::file_util::tests::test_list::{closure#0} as core[df12db4294e9bfd3]::ops::function::FnOnce<()>>::call_once
[INFO] [stdout]   14:     0x5b45feebd7db - test[9d35eded1c95d3be]::__rust_begin_short_backtrace::<core[df12db4294e9bfd3]::result::Result<(), alloc[2182bb758b4b3781]::string::String>, fn() -> core[df12db4294e9bfd3]::result::Result<(), alloc[2182bb758b4b3781]::string::String>>
[INFO] [stdout]   15:     0x5b45feecae45 - test[9d35eded1c95d3be]::run_test::{closure#0}
[INFO] [stdout]   16:     0x5b45feec4704 - std[70759c8f55707aa4]::sys::backtrace::__rust_begin_short_backtrace::<test[9d35eded1c95d3be]::run_test::{closure#1}, ()>
[INFO] [stdout]   17:     0x5b45feecdfa2 - <std[70759c8f55707aa4]::thread::lifecycle::spawn_unchecked<test[9d35eded1c95d3be]::run_test::{closure#1}, ()>::{closure#1} as core[df12db4294e9bfd3]::ops::function::FnOnce<()>>::call_once::{shim:vtable#0}
[INFO] [stdout]   18:     0x5b45ff080f69 - <std[70759c8f55707aa4]::sys::thread::unix::Thread>::new::thread_start
[INFO] [stdout]   19:     0x76104e4cedfa - <unknown>
[INFO] [stdout]   20:     0x76104e5623d4 - clone
[INFO] [stdout]   21:                0x0 - <unknown>
[INFO] [stdout] 
[INFO] [stdout] 
[INFO] [stdout] failures:
[INFO] [stdout]     file_util::tests::test_append_string
[INFO] [stdout]     file_util::tests::test_list
[INFO] [stdout]     file_util::tests::test_read_bytes
[INFO] [stdout]     file_util::tests::test_read_string
[INFO] [stdout]     file_util::tests::test_write_bytes
[INFO] [stdout]     file_util::tests::test_write_bytes_and_read_bytes_with_invalid_path
[INFO] [stdout]     file_util::tests::test_write_string
[INFO] [stdout]     log_util::tests::it_works
[INFO] [stdout] 
[INFO] [stdout] test result: FAILED. 21 passed; 8 failed; 0 ignored; 0 measured; 0 filtered out; finished in 0.90s
[INFO] [stdout] 
[INFO] running `Command { std: "docker" "inspect" "bf390d1f161d842ebcbf74a82a61da6879d2446cbaadcc9e0b45ea3f2aa698b6", kill_on_drop: false }`
[INFO] running `Command { std: "docker" "rm" "-f" "bf390d1f161d842ebcbf74a82a61da6879d2446cbaadcc9e0b45ea3f2aa698b6", kill_on_drop: false }`
[INFO] [stdout] bf390d1f161d842ebcbf74a82a61da6879d2446cbaadcc9e0b45ea3f2aa698b6
