[INFO] fetching crate dev-flow 0.3.9...
[INFO] testing dev-flow-0.3.9 against 1.100.0-beta.1+cargoflags=--release for beta-release-1.100-2
[INFO] extracting crate dev-flow 0.3.9 into /workspace/builds/worker-5-tc2/source
[INFO] started tweaking crates.io crate dev-flow 0.3.9
[INFO] removed 0 missing tests
[INFO] finished tweaking crates.io crate dev-flow 0.3.9
[INFO] tweaked toml for crates.io crate dev-flow 0.3.9 written to /workspace/builds/worker-5-tc2/source/Cargo.toml
[INFO] validating manifest of crates.io crate dev-flow 0.3.9 on toolchain 1.100.0-beta.1
[INFO] running `Command { std: CARGO_HOME="/workspace/cargo-home" RUSTUP_HOME="/workspace/rustup-home" "/workspace/cargo-home/bin/cargo" "+1.100.0-beta.1" "metadata" "--manifest-path" "Cargo.toml" "--no-deps", kill_on_drop: false }`
[INFO] crate crates.io crate dev-flow 0.3.9 already has a lockfile, it will not be regenerated
[INFO] running `Command { std: CARGO_HOME="/workspace/cargo-home" RUSTUP_HOME="/workspace/rustup-home" "/workspace/cargo-home/bin/cargo" "+1.100.0-beta.1" "fetch" "--manifest-path" "Cargo.toml", kill_on_drop: false }`
[INFO] [stderr] warning: `package.homepage` is redundant with `package.repository`
[INFO] [stderr]   --> Cargo.toml:94:12
[INFO] [stderr]    |
[INFO] [stderr] 94 | homepage = "https://github.com/daphnee-ovo/dev-flow"
[INFO] [stderr]    |            ^^^^^^^^^^^^^^^^^^^^^^^^^^^^^^^^^^^^^^^^^
[INFO] [stderr] ...
[INFO] [stderr] 99 | repository = "https://github.com/daphnee-ovo/dev-flow"
[INFO] [stderr]    |              -----------------------------------------
[INFO] [stderr]    |
[INFO] [stderr]    = note: `cargo::redundant_homepage` is set to `warn` by default
[INFO] [stderr] help: consider removing `package.homepage`
[INFO] [stderr] warning: `dev-flow` (manifest) generated 1 warning
[INFO] running `Command { std: "docker" "create" "-v" "/var/lib/crater-agent-workspace/builds/worker-5-tc2/source:/opt/rustwide/workdir:ro,Z" "-v" "/var/lib/crater-agent-workspace/builds/worker-5-tc2/target:/opt/rustwide/target:rw,Z" "-v" "/var/lib/crater-agent-workspace/cargo-home:/opt/rustwide/cargo-home:ro,Z" "-v" "/var/lib/crater-agent-workspace/rustup-home:/opt/rustwide/rustup-home:ro,Z" "-m" "1610612736" "--network" "none" "ghcr.io/rust-lang/crates-build-env/linux@sha256:77db811e55d90add9212f6832c23229e3de5f1c1f9905e8cb07319ea15df73ac" "sleep" "infinity", kill_on_drop: false }`
[INFO] [stdout] 454ad710b30e54495fcc771db230d94296465417381ba0c1c0689a110d023676
[INFO] running `Command { std: "docker" "start" "454ad710b30e54495fcc771db230d94296465417381ba0c1c0689a110d023676", kill_on_drop: false }`
[INFO] running `Command { std: "docker" "inspect" "454ad710b30e54495fcc771db230d94296465417381ba0c1c0689a110d023676", kill_on_drop: false }`
[INFO] running `Command { std: "docker" "exec" "-e" "SOURCE_DIR=/opt/rustwide/workdir" "-e" "CARGO_HOME=/opt/rustwide/cargo-home" "-e" "RUSTUP_HOME=/opt/rustwide/rustup-home" "-e" "CARGO_TARGET_DIR=/opt/rustwide/target" "-w" "/opt/rustwide/workdir" "--user" "0:0" "454ad710b30e54495fcc771db230d94296465417381ba0c1c0689a110d023676" "/opt/rustwide/cargo-home/bin/cargo" "+1.100.0-beta.1" "metadata" "--no-deps" "--format-version=1", kill_on_drop: false }`
[INFO] running `Command { std: "docker" "inspect" "454ad710b30e54495fcc771db230d94296465417381ba0c1c0689a110d023676", kill_on_drop: false }`
[INFO] running `Command { std: "docker" "exec" "-e" "SOURCE_DIR=/opt/rustwide/workdir" "-e" "CARGO_HOME=/opt/rustwide/cargo-home" "-e" "RUSTUP_HOME=/opt/rustwide/rustup-home" "-e" "CARGO_TARGET_DIR=/opt/rustwide/target" "-e" "CARGO_INCREMENTAL=0" "-e" "RUST_BACKTRACE=full" "-e" "RUSTFLAGS=--cap-lints=warn" "-e" "RUSTDOCFLAGS=--cap-lints=warn" "-w" "/opt/rustwide/workdir" "--user" "0:0" "454ad710b30e54495fcc771db230d94296465417381ba0c1c0689a110d023676" "/opt/rustwide/cargo-home/bin/cargo" "+1.100.0-beta.1" "build" "--frozen" "--message-format=json" "--release", kill_on_drop: false }`
[INFO] [stderr] warning: `package.homepage` is redundant with `package.repository`
[INFO] [stderr]   --> Cargo.toml:94:12
[INFO] [stderr]    |
[INFO] [stderr] 94 | homepage = "https://github.com/daphnee-ovo/dev-flow"
[INFO] [stderr]    |            ^^^^^^^^^^^^^^^^^^^^^^^^^^^^^^^^^^^^^^^^^
[INFO] [stderr] ...
[INFO] [stderr] 99 | repository = "https://github.com/daphnee-ovo/dev-flow"
[INFO] [stderr]    |              -----------------------------------------
[INFO] [stderr]    |
[INFO] [stderr]    = note: `cargo::redundant_homepage` is set to `warn` by default
[INFO] [stderr] help: consider removing `package.homepage`
[INFO] [stderr] warning: `dev-flow` (manifest) generated 1 warning
[INFO] [stderr]    Compiling log v0.4.30
[INFO] [stderr]    Compiling serde_core v1.0.228
[INFO] [stderr]    Compiling bitflags v2.11.1
[INFO] [stderr]    Compiling syn v2.0.117
[INFO] [stderr]    Compiling socket2 v0.6.4
[INFO] [stderr]    Compiling http v1.4.1
[INFO] [stderr]    Compiling cc v1.2.62
[INFO] [stderr]    Compiling generic-array v0.14.7
[INFO] [stderr]    Compiling crc32fast v1.5.0
[INFO] [stderr]    Compiling futures-io v0.3.32
[INFO] [stderr]    Compiling memchr v2.8.0
[INFO] [stderr]    Compiling hashbrown v0.16.1
[INFO] [stderr]    Compiling rustls-pki-types v1.14.1
[INFO] [stderr]    Compiling getrandom v0.2.17
[INFO] [stderr]    Compiling rle-decode-fast v1.0.3
[INFO] [stderr]    Compiling no_std_io2 v0.9.4
[INFO] [stderr]    Compiling mio v1.2.1
[INFO] [stderr]    Compiling tracing v0.1.44
[INFO] [stderr]    Compiling futures-util v0.3.32
[INFO] [stderr]    Compiling dary_heap v0.3.9
[INFO] [stderr]    Compiling rustix v1.1.4
[INFO] [stderr]    Compiling adler32 v1.2.0
[INFO] [stderr]    Compiling rustls v0.23.40
[INFO] [stderr]    Compiling libflate_lz77 v2.3.0
[INFO] [stderr]    Compiling proc-macro-error-attr2 v2.0.0
[INFO] [stderr]    Compiling ahash v0.8.12
[INFO] [stderr]    Compiling libflate v2.3.0
[INFO] [stderr]    Compiling inotify-sys v0.1.5
[INFO] [stderr]    Compiling filetime v0.2.29
[INFO] [stderr]    Compiling instant v0.1.13
[INFO] [stderr]    Compiling inotify v0.10.2
[INFO] [stderr]    Compiling notify-types v1.0.1
[INFO] [stderr]    Compiling hashbrown v0.14.5
[INFO] [stderr]    Compiling crypto-common v0.1.7
[INFO] [stderr]    Compiling block-buffer v0.10.4
[INFO] [stderr]    Compiling digest v0.10.7
[INFO] [stderr]    Compiling webpki-roots v1.0.7
[INFO] [stderr]    Compiling is-docker v0.2.0
[INFO] [stderr]    Compiling simd-adler32 v0.3.9
[INFO] [stderr]    Compiling sha2 v0.10.9
[INFO] [stderr]    Compiling console v0.15.11
[INFO] [stderr]    Compiling is-wsl v0.4.0
[INFO] [stderr]    Compiling notify v7.0.0
[INFO] [stderr]    Compiling dev-flow v0.3.9 (/opt/rustwide/workdir)
[INFO] [stderr]    Compiling http-body v1.0.1
[INFO] [stderr]    Compiling rust-embed-utils v8.11.0
[INFO] [stderr]    Compiling http-body-util v0.1.3
[INFO] [stderr]    Compiling hashlink v0.9.1
[INFO] [stderr]    Compiling miniz_oxide v0.8.9
[INFO] [stderr]    Compiling pathdiff v0.2.3
[INFO] [stderr]    Compiling shell-words v1.1.1
[INFO] [stderr]    Compiling axum-core v0.5.6
[INFO] [stderr]    Compiling mime_guess v2.0.5
[INFO] [stderr]    Compiling chrono v0.4.44
[INFO] [stderr]    Compiling open v5.3.5
[INFO] [stderr]    Compiling flate2 v1.1.9
[INFO] [stderr]    Compiling zstd-sys v2.0.16+zstd.1.5.7
[INFO] [stderr]    Compiling ring v0.17.14
[INFO] [stderr]    Compiling libsqlite3-sys v0.28.0
[INFO] [stderr]    Compiling tempfile v3.27.0
[INFO] [stderr]    Compiling xattr v1.6.1
[INFO] [stderr]    Compiling notify-debouncer-mini v0.5.0
[INFO] [stderr]    Compiling tar v0.4.46
[INFO] [stderr]    Compiling serde_json v1.0.150
[INFO] [stderr]    Compiling serde_path_to_error v0.1.20
[INFO] [stderr]    Compiling synstructure v0.13.2
[INFO] [stderr]    Compiling proc-macro-error2 v2.0.1
[INFO] [stderr]    Compiling zerofrom-derive v0.1.7
[INFO] [stderr]    Compiling yoke-derive v0.8.2
[INFO] [stderr]    Compiling zerovec-derive v0.11.3
[INFO] [stderr]    Compiling displaydoc v0.2.6
[INFO] [stderr]    Compiling tokio-macros v2.7.0
[INFO] [stderr]    Compiling serde_derive v1.0.228
[INFO] [stderr]    Compiling thiserror-impl v1.0.69
[INFO] [stderr]    Compiling rust-embed-impl v8.11.0
[INFO] [stderr]    Compiling tokio v1.52.3
[INFO] [stderr]    Compiling clap_derive v4.6.1
[INFO] [stderr]    Compiling zerofrom v0.1.8
[INFO] [stderr]    Compiling yoke v0.8.2
[INFO] [stderr]    Compiling thiserror v1.0.69
[INFO] [stderr]    Compiling dialoguer v0.11.0
[INFO] [stderr]    Compiling zerovec v0.11.6
[INFO] [stderr]    Compiling zerotrie v0.2.4
[INFO] [stderr]    Compiling tinystr v0.8.3
[INFO] [stderr]    Compiling icu_locale_core v2.2.0
[INFO] [stderr]    Compiling potential_utf v0.1.5
[INFO] [stderr]    Compiling clap v4.6.1
[INFO] [stderr]    Compiling icu_collections v2.2.0
[INFO] [stderr]    Compiling serde v1.0.228
[INFO] [stderr]    Compiling icu_provider v2.2.0
[INFO] [stderr]    Compiling icu_properties v2.2.0
[INFO] [stderr]    Compiling icu_normalizer v2.2.0
[INFO] [stderr]    Compiling serde_urlencoded v0.7.1
[INFO] [stderr]    Compiling serde_spanned v0.6.9
[INFO] [stderr]    Compiling toml_datetime v0.6.11
[INFO] [stderr]    Compiling rustls-webpki v0.103.13
[INFO] [stderr]    Compiling idna_adapter v1.2.2
[INFO] [stderr]    Compiling idna v1.1.0
[INFO] [stderr]    Compiling toml_edit v0.22.27
[INFO] [stderr]    Compiling zstd-safe v7.2.4
[INFO] [stderr]    Compiling zstd v0.13.3
[INFO] [stderr]    Compiling hyper v1.10.1
[INFO] [stderr]    Compiling include-flate-compress v0.3.3
[INFO] [stderr]    Compiling tower v0.5.3
[INFO] [stderr]    Compiling include-flate-codegen v0.3.3
[INFO] [stderr]    Compiling url v2.5.8
[INFO] [stderr]    Compiling tokio-util v0.7.18
[INFO] [stderr]    Compiling tower-http v0.6.11
[INFO] [stderr]    Compiling tokio-stream v0.1.18
[INFO] [stderr]    Compiling hyper-util v0.1.20
[INFO] [stderr]    Compiling toml v0.8.23
[INFO] [stderr]    Compiling axum v0.8.9
[INFO] [stderr]    Compiling tokio-rustls v0.26.4
[INFO] [stderr]    Compiling hyper-rustls v0.27.9
[INFO] [stderr]    Compiling reqwest v0.12.28
[INFO] [stderr]    Compiling include-flate v0.3.3
[INFO] [stderr]    Compiling rust-embed v8.11.0
[INFO] [stderr]    Compiling rusqlite v0.31.0
[INFO] [stdout] warning: unused variable: `filename`
[INFO] [stdout]    --> src/commands/rollback.rs:361:22
[INFO] [stdout]     |
[INFO] [stdout] 361 | fn rebuild_task_file(filename: &str, tasks: &[&archive_db::TaskRecord]) -> String {
[INFO] [stdout]     |                      ^^^^^^^^ help: if this is intentional, prefix it with an underscore: `_filename`
[INFO] [stdout]     |
[INFO] [stdout]     = note: `#[warn(unused_variables)]` (part of `#[warn(unused)]`) on by default
[INFO] [stdout] 
[INFO] [stdout] 
[INFO] [stdout] warning: variable does not need to be mutable
[INFO] [stdout]   --> src/core/platform.rs:81:9
[INFO] [stdout]    |
[INFO] [stdout] 81 |     let mut candidates = Vec::new();
[INFO] [stdout]    |         ----^^^^^^^^^^
[INFO] [stdout]    |         |
[INFO] [stdout]    |         help: remove this `mut`
[INFO] [stdout]    |
[INFO] [stdout]    = note: `#[warn(unused_mut)]` (part of `#[warn(unused)]`) on by default
[INFO] [stdout] 
[INFO] [stdout] 
[INFO] [stdout] warning: value assigned to `in_entry` is never read
[INFO] [stdout]    --> src/dashboard/server.rs:793:5
[INFO] [stdout]     |
[INFO] [stdout] 793 |     in_entry = false;
[INFO] [stdout]     |     ^^^^^^^^^^^^^^^^
[INFO] [stdout]     |
[INFO] [stdout]     = help: maybe it is overwritten before being read?
[INFO] [stdout]     = note: `#[warn(unused_assignments)]` (part of `#[warn(unused)]`) on by default
[INFO] [stdout] 
[INFO] [stdout] 
[INFO] [stdout] warning: function `add_claims` is never used
[INFO] [stdout]    --> src/core/claim.rs:145:8
[INFO] [stdout]     |
[INFO] [stdout] 145 | pub fn add_claims(doc_root: &Path, ids: &[String]) -> std::io::Result<()> {
[INFO] [stdout]     |        ^^^^^^^^^^
[INFO] [stdout]     |
[INFO] [stdout]     = note: `#[warn(dead_code)]` (part of `#[warn(unused)]`) on by default
[INFO] [stdout] 
[INFO] [stdout] 
[INFO] [stdout] warning: function `add_claims_with_agent` is never used
[INFO] [stdout]    --> src/core/claim.rs:149:8
[INFO] [stdout]     |
[INFO] [stdout] 149 | pub fn add_claims_with_agent(
[INFO] [stdout]     |        ^^^^^^^^^^^^^^^^^^^^^
[INFO] [stdout] 
[INFO] [stdout] 
[INFO] [stdout] warning: field `renames` is never read
[INFO] [stdout]   --> src/core/renumber.rs:21:9
[INFO] [stdout]    |
[INFO] [stdout] 17 | pub struct RenumberResult {
[INFO] [stdout]    |            -------------- field in this struct
[INFO] [stdout] ...
[INFO] [stdout] 21 |     pub renames: Vec<(u32, u32)>,
[INFO] [stdout]    |         ^^^^^^^
[INFO] [stdout] 
[INFO] [stdout] 
[INFO] [stderr]     Finished `release` profile [optimized] target(s) in 4m 15s
[INFO] [stderr] warning: the following packages contain code that will be rejected by a future version of Rust: proc-macro-error2 v2.0.1
[INFO] [stderr] note: to see what the problems were, use the option `--future-incompat-report`, or run `cargo report future-incompatibilities --id 10`
[INFO] running `Command { std: "docker" "inspect" "454ad710b30e54495fcc771db230d94296465417381ba0c1c0689a110d023676", kill_on_drop: false }`
[INFO] running `Command { std: "docker" "exec" "-e" "SOURCE_DIR=/opt/rustwide/workdir" "-e" "CARGO_HOME=/opt/rustwide/cargo-home" "-e" "RUSTUP_HOME=/opt/rustwide/rustup-home" "-e" "CARGO_TARGET_DIR=/opt/rustwide/target" "-e" "CARGO_INCREMENTAL=0" "-e" "RUST_BACKTRACE=full" "-e" "RUSTFLAGS=--cap-lints=warn" "-e" "RUSTDOCFLAGS=--cap-lints=warn" "-w" "/opt/rustwide/workdir" "--user" "0:0" "454ad710b30e54495fcc771db230d94296465417381ba0c1c0689a110d023676" "/opt/rustwide/cargo-home/bin/cargo" "+1.100.0-beta.1" "test" "--frozen" "--no-run" "--message-format=json" "--release", kill_on_drop: false }`
[INFO] [stderr] warning: `package.homepage` is redundant with `package.repository`
[INFO] [stderr]   --> Cargo.toml:94:12
[INFO] [stderr]    |
[INFO] [stderr] 94 | homepage = "https://github.com/daphnee-ovo/dev-flow"
[INFO] [stderr]    |            ^^^^^^^^^^^^^^^^^^^^^^^^^^^^^^^^^^^^^^^^^
[INFO] [stderr] ...
[INFO] [stderr] 99 | repository = "https://github.com/daphnee-ovo/dev-flow"
[INFO] [stderr]    |              -----------------------------------------
[INFO] [stderr]    |
[INFO] [stderr]    = note: `cargo::redundant_homepage` is set to `warn` by default
[INFO] [stderr] help: consider removing `package.homepage`
[INFO] [stderr] warning: `dev-flow` (manifest) generated 1 warning
[INFO] [stderr]    Compiling parking_lot v0.12.5
[INFO] [stderr]    Compiling dev-flow v0.3.9 (/opt/rustwide/workdir)
[INFO] [stderr]    Compiling serial_test_derive v3.5.0
[INFO] [stderr]    Compiling futures-executor v0.3.32
[INFO] [stderr]    Compiling serial_test v3.5.0
[INFO] [stdout] warning: function `setup_dev_doc` is never used
[INFO] [stdout]   --> tests/common/mod.rs:39:8
[INFO] [stdout]    |
[INFO] [stdout] 39 | pub fn setup_dev_doc(dir: &Path, phase: &str, mode: &str) {
[INFO] [stdout]    |        ^^^^^^^^^^^^^
[INFO] [stdout]    |
[INFO] [stdout]    = note: `#[warn(dead_code)]` (part of `#[warn(unused)]`) on by default
[INFO] [stdout] 
[INFO] [stdout] 
[INFO] [stdout] warning: function `setup_dev_doc` is never used
[INFO] [stdout]   --> tests/common/mod.rs:39:8
[INFO] [stdout]    |
[INFO] [stdout] 39 | pub fn setup_dev_doc(dir: &Path, phase: &str, mode: &str) {
[INFO] [stdout]    |        ^^^^^^^^^^^^^
[INFO] [stdout]    |
[INFO] [stdout]    = note: `#[warn(dead_code)]` (part of `#[warn(unused)]`) on by default
[INFO] [stdout] 
[INFO] [stdout] 
[INFO] [stdout] warning: function `setup_dev_doc` is never used
[INFO] [stdout]   --> tests/common/mod.rs:39:8
[INFO] [stdout]    |
[INFO] [stdout] 39 | pub fn setup_dev_doc(dir: &Path, phase: &str, mode: &str) {
[INFO] [stdout]    |        ^^^^^^^^^^^^^
[INFO] [stdout]    |
[INFO] [stdout]    = note: `#[warn(dead_code)]` (part of `#[warn(unused)]`) on by default
[INFO] [stdout] 
[INFO] [stdout] 
[INFO] [stdout] warning: function `setup_dev_doc` is never used
[INFO] [stdout]   --> tests/common/mod.rs:39:8
[INFO] [stdout]    |
[INFO] [stdout] 39 | pub fn setup_dev_doc(dir: &Path, phase: &str, mode: &str) {
[INFO] [stdout]    |        ^^^^^^^^^^^^^
[INFO] [stdout]    |
[INFO] [stdout]    = note: `#[warn(dead_code)]` (part of `#[warn(unused)]`) on by default
[INFO] [stdout] 
[INFO] [stdout] 
[INFO] [stdout] warning: function `setup_dev_doc` is never used
[INFO] [stdout]   --> tests/common/mod.rs:39:8
[INFO] [stdout]    |
[INFO] [stdout] 39 | pub fn setup_dev_doc(dir: &Path, phase: &str, mode: &str) {
[INFO] [stdout]    |        ^^^^^^^^^^^^^
[INFO] [stdout]    |
[INFO] [stdout]    = note: `#[warn(dead_code)]` (part of `#[warn(unused)]`) on by default
[INFO] [stdout] 
[INFO] [stdout] 
[INFO] [stdout] warning: function `setup_dev_doc` is never used
[INFO] [stdout]   --> tests/common/mod.rs:39:8
[INFO] [stdout]    |
[INFO] [stdout] 39 | pub fn setup_dev_doc(dir: &Path, phase: &str, mode: &str) {
[INFO] [stdout]    |        ^^^^^^^^^^^^^
[INFO] [stdout]    |
[INFO] [stdout]    = note: `#[warn(dead_code)]` (part of `#[warn(unused)]`) on by default
[INFO] [stdout] 
[INFO] [stdout] 
[INFO] [stdout] warning: function `setup_dev_doc` is never used
[INFO] [stdout]   --> tests/common/mod.rs:39:8
[INFO] [stdout]    |
[INFO] [stdout] 39 | pub fn setup_dev_doc(dir: &Path, phase: &str, mode: &str) {
[INFO] [stdout]    |        ^^^^^^^^^^^^^
[INFO] [stdout]    |
[INFO] [stdout]    = note: `#[warn(dead_code)]` (part of `#[warn(unused)]`) on by default
[INFO] [stdout] 
[INFO] [stdout] 
[INFO] [stdout] warning: function `setup_dev_doc` is never used
[INFO] [stdout]   --> tests/common/mod.rs:39:8
[INFO] [stdout]    |
[INFO] [stdout] 39 | pub fn setup_dev_doc(dir: &Path, phase: &str, mode: &str) {
[INFO] [stdout]    |        ^^^^^^^^^^^^^
[INFO] [stdout]    |
[INFO] [stdout]    = note: `#[warn(dead_code)]` (part of `#[warn(unused)]`) on by default
[INFO] [stdout] 
[INFO] [stdout] 
[INFO] [stdout] warning: function `setup_dev_doc` is never used
[INFO] [stdout]   --> tests/common/mod.rs:39:8
[INFO] [stdout]    |
[INFO] [stdout] 39 | pub fn setup_dev_doc(dir: &Path, phase: &str, mode: &str) {
[INFO] [stdout]    |        ^^^^^^^^^^^^^
[INFO] [stdout]    |
[INFO] [stdout]    = note: `#[warn(dead_code)]` (part of `#[warn(unused)]`) on by default
[INFO] [stdout] 
[INFO] [stdout] 
[INFO] [stdout] warning: function `setup_dev_doc` is never used
[INFO] [stdout]   --> tests/common/mod.rs:39:8
[INFO] [stdout]    |
[INFO] [stdout] 39 | pub fn setup_dev_doc(dir: &Path, phase: &str, mode: &str) {
[INFO] [stdout]    |        ^^^^^^^^^^^^^
[INFO] [stdout]    |
[INFO] [stdout]    = note: `#[warn(dead_code)]` (part of `#[warn(unused)]`) on by default
[INFO] [stdout] 
[INFO] [stdout] 
[INFO] [stdout] warning: unused variable: `filename`
[INFO] [stdout]    --> src/commands/rollback.rs:361:22
[INFO] [stdout]     |
[INFO] [stdout] 361 | fn rebuild_task_file(filename: &str, tasks: &[&archive_db::TaskRecord]) -> String {
[INFO] [stdout]     |                      ^^^^^^^^ help: if this is intentional, prefix it with an underscore: `_filename`
[INFO] [stdout]     |
[INFO] [stdout]     = note: `#[warn(unused_variables)]` (part of `#[warn(unused)]`) on by default
[INFO] [stdout] 
[INFO] [stdout] 
[INFO] [stdout] warning: variable does not need to be mutable
[INFO] [stdout]   --> src/core/platform.rs:81:9
[INFO] [stdout]    |
[INFO] [stdout] 81 |     let mut candidates = Vec::new();
[INFO] [stdout]    |         ----^^^^^^^^^^
[INFO] [stdout]    |         |
[INFO] [stdout]    |         help: remove this `mut`
[INFO] [stdout]    |
[INFO] [stdout]    = note: `#[warn(unused_mut)]` (part of `#[warn(unused)]`) on by default
[INFO] [stdout] 
[INFO] [stdout] 
[INFO] [stdout] warning: value assigned to `in_entry` is never read
[INFO] [stdout]    --> src/dashboard/server.rs:793:5
[INFO] [stdout]     |
[INFO] [stdout] 793 |     in_entry = false;
[INFO] [stdout]     |     ^^^^^^^^^^^^^^^^
[INFO] [stdout]     |
[INFO] [stdout]     = help: maybe it is overwritten before being read?
[INFO] [stdout]     = note: `#[warn(unused_assignments)]` (part of `#[warn(unused)]`) on by default
[INFO] [stdout] 
[INFO] [stdout] 
[INFO] [stdout] warning: unused variable: `filename`
[INFO] [stdout]    --> src/commands/rollback.rs:361:22
[INFO] [stdout]     |
[INFO] [stdout] 361 | fn rebuild_task_file(filename: &str, tasks: &[&archive_db::TaskRecord]) -> String {
[INFO] [stdout]     |                      ^^^^^^^^ help: if this is intentional, prefix it with an underscore: `_filename`
[INFO] [stdout]     |
[INFO] [stdout]     = note: `#[warn(unused_variables)]` (part of `#[warn(unused)]`) on by default
[INFO] [stdout] 
[INFO] [stdout] 
[INFO] [stdout] warning: function `add_claims` is never used
[INFO] [stdout]    --> src/core/claim.rs:145:8
[INFO] [stdout]     |
[INFO] [stdout] 145 | pub fn add_claims(doc_root: &Path, ids: &[String]) -> std::io::Result<()> {
[INFO] [stdout]     |        ^^^^^^^^^^
[INFO] [stdout]     |
[INFO] [stdout]     = note: `#[warn(dead_code)]` (part of `#[warn(unused)]`) on by default
[INFO] [stdout] 
[INFO] [stdout] 
[INFO] [stdout] warning: function `add_claims_with_agent` is never used
[INFO] [stdout]    --> src/core/claim.rs:149:8
[INFO] [stdout]     |
[INFO] [stdout] 149 | pub fn add_claims_with_agent(
[INFO] [stdout]     |        ^^^^^^^^^^^^^^^^^^^^^
[INFO] [stdout] 
[INFO] [stdout] 
[INFO] [stdout] warning: field `renames` is never read
[INFO] [stdout]   --> src/core/renumber.rs:21:9
[INFO] [stdout]    |
[INFO] [stdout] 17 | pub struct RenumberResult {
[INFO] [stdout]    |            -------------- field in this struct
[INFO] [stdout] ...
[INFO] [stdout] 21 |     pub renames: Vec<(u32, u32)>,
[INFO] [stdout]    |         ^^^^^^^
[INFO] [stdout] 
[INFO] [stdout] 
[INFO] [stdout] warning: variable does not need to be mutable
[INFO] [stdout]   --> src/core/platform.rs:81:9
[INFO] [stdout]    |
[INFO] [stdout] 81 |     let mut candidates = Vec::new();
[INFO] [stdout]    |         ----^^^^^^^^^^
[INFO] [stdout]    |         |
[INFO] [stdout]    |         help: remove this `mut`
[INFO] [stdout]    |
[INFO] [stdout]    = note: `#[warn(unused_mut)]` (part of `#[warn(unused)]`) on by default
[INFO] [stdout] 
[INFO] [stdout] 
[INFO] [stdout] warning: value assigned to `in_entry` is never read
[INFO] [stdout]    --> src/dashboard/server.rs:793:5
[INFO] [stdout]     |
[INFO] [stdout] 793 |     in_entry = false;
[INFO] [stdout]     |     ^^^^^^^^^^^^^^^^
[INFO] [stdout]     |
[INFO] [stdout]     = help: maybe it is overwritten before being read?
[INFO] [stdout]     = note: `#[warn(unused_assignments)]` (part of `#[warn(unused)]`) on by default
[INFO] [stdout] 
[INFO] [stdout] 
[INFO] [stdout] warning: function `add_claims` is never used
[INFO] [stdout]    --> src/core/claim.rs:145:8
[INFO] [stdout]     |
[INFO] [stdout] 145 | pub fn add_claims(doc_root: &Path, ids: &[String]) -> std::io::Result<()> {
[INFO] [stdout]     |        ^^^^^^^^^^
[INFO] [stdout]     |
[INFO] [stdout]     = note: `#[warn(dead_code)]` (part of `#[warn(unused)]`) on by default
[INFO] [stdout] 
[INFO] [stdout] 
[INFO] [stdout] warning: function `add_claims_with_agent` is never used
[INFO] [stdout]    --> src/core/claim.rs:149:8
[INFO] [stdout]     |
[INFO] [stdout] 149 | pub fn add_claims_with_agent(
[INFO] [stdout]     |        ^^^^^^^^^^^^^^^^^^^^^
[INFO] [stdout] 
[INFO] [stdout] 
[INFO] [stdout] warning: field `renames` is never read
[INFO] [stdout]   --> src/core/renumber.rs:21:9
[INFO] [stdout]    |
[INFO] [stdout] 17 | pub struct RenumberResult {
[INFO] [stdout]    |            -------------- field in this struct
[INFO] [stdout] ...
[INFO] [stdout] 21 |     pub renames: Vec<(u32, u32)>,
[INFO] [stdout]    |         ^^^^^^^
[INFO] [stdout] 
[INFO] [stdout] 
[INFO] [stderr]     Finished `release` profile [optimized] target(s) in 51.73s
[INFO] [stderr] warning: the following packages contain code that will be rejected by a future version of Rust: proc-macro-error2 v2.0.1
[INFO] [stderr] note: to see what the problems were, use the option `--future-incompat-report`, or run `cargo report future-incompatibilities --id 10`
[INFO] running `Command { std: "docker" "inspect" "454ad710b30e54495fcc771db230d94296465417381ba0c1c0689a110d023676", kill_on_drop: false }`
[INFO] running `Command { std: "docker" "exec" "-e" "SOURCE_DIR=/opt/rustwide/workdir" "-e" "CARGO_HOME=/opt/rustwide/cargo-home" "-e" "RUSTUP_HOME=/opt/rustwide/rustup-home" "-e" "CARGO_TARGET_DIR=/opt/rustwide/target" "-e" "CARGO_INCREMENTAL=0" "-e" "RUST_BACKTRACE=full" "-e" "RUSTFLAGS=--cap-lints=warn" "-e" "RUSTDOCFLAGS=--cap-lints=warn" "-w" "/opt/rustwide/workdir" "--user" "0:0" "454ad710b30e54495fcc771db230d94296465417381ba0c1c0689a110d023676" "/opt/rustwide/cargo-home/bin/cargo" "+1.100.0-beta.1" "test" "--frozen" "--release", kill_on_drop: false }`
[INFO] [stderr] warning: `package.homepage` is redundant with `package.repository`
[INFO] [stderr]   --> Cargo.toml:94:12
[INFO] [stderr]    |
[INFO] [stderr] 94 | homepage = "https://github.com/daphnee-ovo/dev-flow"
[INFO] [stderr]    |            ^^^^^^^^^^^^^^^^^^^^^^^^^^^^^^^^^^^^^^^^^
[INFO] [stderr] ...
[INFO] [stderr] 99 | repository = "https://github.com/daphnee-ovo/dev-flow"
[INFO] [stderr]    |              -----------------------------------------
[INFO] [stderr]    |
[INFO] [stderr]    = note: `cargo::redundant_homepage` is set to `warn` by default
[INFO] [stderr] help: consider removing `package.homepage`
[INFO] [stderr] warning: `dev-flow` (manifest) generated 1 warning
[INFO] [stderr]    Compiling dev-flow v0.3.9 (/opt/rustwide/workdir)
[INFO] [stderr] warning: function `setup_dev_doc` is never used
[INFO] [stderr]   --> tests/common/mod.rs:39:8
[INFO] [stderr]    |
[INFO] [stderr] 39 | pub fn setup_dev_doc(dir: &Path, phase: &str, mode: &str) {
[INFO] [stderr]    |        ^^^^^^^^^^^^^
[INFO] [stderr]    |
[INFO] [stderr]    = note: `#[warn(dead_code)]` (part of `#[warn(unused)]`) on by default
[INFO] [stderr] 
[INFO] [stderr] warning: `dev-flow` (test "test_guard_phase") generated 1 warning (1 duplicate)
[INFO] [stderr] warning: `dev-flow` (test "test_iterate_audit_preserves_tasks") generated 1 warning (1 duplicate)
[INFO] [stderr] warning: `dev-flow` (test "test_dow_test_script_adapters") generated 1 warning (1 duplicate)
[INFO] [stderr] warning: `dev-flow` (test "test_dow_status_read") generated 1 warning (1 duplicate)
[INFO] [stderr] warning: `dev-flow` (test "test_dow_test_adapters") generated 1 warning (1 duplicate)
[INFO] [stderr] warning: `dev-flow` (test "test_iterate_gitignore") generated 1 warning
[INFO] [stderr] warning: `dev-flow` (test "test_dow_test_config") generated 1 warning (1 duplicate)
[INFO] [stderr] warning: `dev-flow` (test "test_dow_branch") generated 1 warning (1 duplicate)
[INFO] [stderr] warning: `dev-flow` (test "test_dow_issue") generated 1 warning (1 duplicate)
[INFO] [stderr] warning: `dev-flow` (test "test_dow_task") generated 1 warning (1 duplicate)
[INFO] [stderr] warning: unused variable: `filename`
[INFO] [stderr]    --> src/commands/rollback.rs:361:22
[INFO] [stderr]     |
[INFO] [stderr] 361 | fn rebuild_task_file(filename: &str, tasks: &[&archive_db::TaskRecord]) -> String {
[INFO] [stderr]     |                      ^^^^^^^^ help: if this is intentional, prefix it with an underscore: `_filename`
[INFO] [stderr]     |
[INFO] [stderr]     = note: `#[warn(unused_variables)]` (part of `#[warn(unused)]`) on by default
[INFO] [stderr] 
[INFO] [stderr] warning: variable does not need to be mutable
[INFO] [stderr]   --> src/core/platform.rs:81:9
[INFO] [stderr]    |
[INFO] [stderr] 81 |     let mut candidates = Vec::new();
[INFO] [stderr]    |         ----^^^^^^^^^^
[INFO] [stderr]    |         |
[INFO] [stderr]    |         help: remove this `mut`
[INFO] [stderr]    |
[INFO] [stderr]    = note: `#[warn(unused_mut)]` (part of `#[warn(unused)]`) on by default
[INFO] [stderr] 
[INFO] [stderr] warning: value assigned to `in_entry` is never read
[INFO] [stderr]    --> src/dashboard/server.rs:793:5
[INFO] [stderr]     |
[INFO] [stderr] 793 |     in_entry = false;
[INFO] [stderr]     |     ^^^^^^^^^^^^^^^^
[INFO] [stderr]     |
[INFO] [stderr]     = help: maybe it is overwritten before being read?
[INFO] [stderr]     = note: `#[warn(unused_assignments)]` (part of `#[warn(unused)]`) on by default
[INFO] [stderr] 
[INFO] [stderr] warning: function `add_claims` is never used
[INFO] [stderr]    --> src/core/claim.rs:145:8
[INFO] [stderr]     |
[INFO] [stderr] 145 | pub fn add_claims(doc_root: &Path, ids: &[String]) -> std::io::Result<()> {
[INFO] [stderr]     |        ^^^^^^^^^^
[INFO] [stderr]     |
[INFO] [stderr]     = note: `#[warn(dead_code)]` (part of `#[warn(unused)]`) on by default
[INFO] [stderr] 
[INFO] [stderr] warning: function `add_claims_with_agent` is never used
[INFO] [stderr]    --> src/core/claim.rs:149:8
[INFO] [stderr]     |
[INFO] [stderr] 149 | pub fn add_claims_with_agent(
[INFO] [stderr]     |        ^^^^^^^^^^^^^^^^^^^^^
[INFO] [stderr] 
[INFO] [stderr] warning: field `renames` is never read
[INFO] [stderr]   --> src/core/renumber.rs:21:9
[INFO] [stderr]    |
[INFO] [stderr] 17 | pub struct RenumberResult {
[INFO] [stderr]    |            -------------- field in this struct
[INFO] [stderr] ...
[INFO] [stderr] 21 |     pub renames: Vec<(u32, u32)>,
[INFO] [stderr]    |         ^^^^^^^
[INFO] [stderr] 
[INFO] [stderr] warning: `dev-flow` (bin "dow" test) generated 6 warnings (run `cargo fix --bin "dow" -p dev-flow --tests` to apply 2 suggestions)
[INFO] [stderr] warning: `dev-flow` (bin "dow") generated 6 warnings (6 duplicates)
[INFO] [stderr]     Finished `release` profile [optimized] target(s) in 37.04s
[INFO] [stderr] warning: the following packages contain code that will be rejected by a future version of Rust: proc-macro-error2 v2.0.1
[INFO] [stderr] note: to see what the problems were, use the option `--future-incompat-report`, or run `cargo report future-incompatibilities --id 10`
[INFO] [stderr]      Running unittests src/main.rs (/opt/rustwide/target/release/build/dev-flow/17c127b67852dccc/out/dow-17c127b67852dccc)
[INFO] [stdout] 
[INFO] [stdout] running 34 tests
[INFO] [stdout] test core::doc_validator::tests::test_well_formed_frontmatter_not_invalid ... ok
[INFO] [stdout] test core::github::tests::test_update_requires_newer_version_and_valid_published_at ... ok
[INFO] [stdout] test core::config::tests::test_default_config ... ok
[INFO] [stdout] test core::task_store::tests::test_count_checklist ... ok
[INFO] [stdout] test core::task_store::tests::test_count_checklist_empty ... ok
[INFO] [stdout] test core::task_store::tests::test_count_all_checklist ... FAILED
[INFO] [stdout] test core::config::tests::test_add_agent ... ok
[INFO] [stdout] test core::github::tests::test_compare_versions ... ok
[INFO] [stdout] test core::platform::tests::test_platform_triple_not_unknown ... ok
[INFO] [stdout] test core::platform::tests::test_agent_plugin_dir ... ok
[INFO] [stdout] test core::task_store::tests::test_has_active_work_all_done ... FAILED
[INFO] [stdout] test core::task_store::tests::test_count_undone_items ... FAILED
[INFO] [stdout] test core::doc_validator::tests::test_unclosed_frontmatter_reported_as_invalid ... ok
[INFO] [stdout] test core::platform::tests::test_config_dir_not_empty ... ok
[INFO] [stdout] test core::task_store::tests::test_has_active_work_empty_dir ... FAILED
[INFO] [stdout] test core::config::tests::test_serialize_roundtrip ... ok
[INFO] [stdout] test core::yaml::tests::test_parse_list_empty ... ok
[INFO] [stdout] test core::task_store::tests::test_has_undone_items_empty ... ok
[INFO] [stdout] test core::task_store::tests::test_has_undone_items_false ... ok
[INFO] [stdout] test core::yaml::tests::test_parse_list_missing_key ... ok
[INFO] [stdout] test core::task_store::tests::test_has_undone_items_true ... ok
[INFO] [stdout] test core::yaml::tests::test_parse_with_spaces_in_value ... ok
[INFO] [stdout] test core::task_store::tests::test_iter_task_files_empty_dir ... FAILED
[INFO] [stdout] test core::yaml::tests::test_parse_basic ... ok
[INFO] [stdout] test core::task_store::tests::test_iter_task_files_filters_correctly ... FAILED
[INFO] [stdout] test core::task_store::tests::test_has_active_work_with_undone ... FAILED
[INFO] [stdout] test core::yaml::tests::test_parse_empty_lines_and_comments ... ok
[INFO] [stdout] test core::task_store::tests::test_iter_task_files_nonexistent_dir ... ok
[INFO] [stdout] test core::yaml::tests::test_parse_list_basic ... ok
[INFO] [stdout] test core::yaml::tests::test_set_list_and_read_back ... ok
[INFO] [stdout] test dashboard::data::tests::test_parse_issues_fullwidth_colon ... ok
[INFO] [stdout] test core::yaml::tests::test_set_list_empty_removes_field ... ok
[INFO] [stdout] test dashboard::data::tests::test_collect_project_data ... ok
[INFO] [stdout] test core::archive_db::tests::test_migrate_drops_mode_column_preserving_data ... ok
[INFO] [stderr] error: test failed, to rerun pass `--bin dow`
[INFO] [stdout] 
[INFO] [stdout] failures:
[INFO] [stdout] 
[INFO] [stdout] ---- core::task_store::tests::test_count_all_checklist stdout ----
[INFO] [stdout] 
[INFO] [stdout] thread 'core::task_store::tests::test_count_all_checklist' (3982) panicked at src/core/task_store.rs:101:34:
[INFO] [stdout] called `Result::unwrap()` on an `Err` value: Os { code: 30, kind: ReadOnlyFilesystem, message: "Read-only file system" }
[INFO] [stdout] stack backtrace:
[INFO] [stdout]    0:     0x5ed096dee881 - <<std[617be2ca0a6fd877]::sys::backtrace::BacktraceLock>::print::DisplayBacktrace as core[a373ad73a504971]::fmt::Display>::fmt
[INFO] [stdout]    1:     0x5ed096e0472a - core[a373ad73a504971]::fmt::write
[INFO] [stdout]    2:     0x5ed096df2d8c - <alloc[2e1b2a31b91974c5]::vec::Vec<u8> as core[a373ad73a504971]::io::write::Write>::write_fmt
[INFO] [stdout]    3:     0x5ed096dc8b66 - std[617be2ca0a6fd877]::panicking::default_hook::{closure#0}
[INFO] [stdout]    4:     0x5ed096de5e69 - std[617be2ca0a6fd877]::panicking::default_hook
[INFO] [stdout]    5:     0x5ed096bdf9b0 - test[aada8e7e76ba119b]::test_main_inner::{closure#0}
[INFO] [stdout]    6:     0x5ed096de6022 - std[617be2ca0a6fd877]::panicking::panic_with_hook
[INFO] [stdout]    7:     0x5ed096dc8c12 - std[617be2ca0a6fd877]::panicking::panic_handler::{closure#0}
[INFO] [stdout]    8:     0x5ed096dc1549 - std[617be2ca0a6fd877]::sys::backtrace::__rust_end_short_backtrace::<std[617be2ca0a6fd877]::panicking::panic_handler::{closure#0}, !>
[INFO] [stdout]    9:     0x5ed096dc981d - __rustc[ea4f61d10b84890b]::rust_begin_unwind
[INFO] [stdout]   10:     0x5ed096e04e8c - core[a373ad73a504971]::panicking::panic_fmt
[INFO] [stdout]   11:     0x5ed096e04c62 - core[a373ad73a504971]::result::unwrap_failed
[INFO] [stdout]   12:     0x5ed096b6c3f4 - dow[c07484e014dc7436]::core::task_store::tests::setup_tmp_dir
[INFO] [stdout]   13:     0x5ed096b6d0a7 - <dow[c07484e014dc7436]::core::task_store::tests::test_count_all_checklist::{closure#0} as core[a373ad73a504971]::ops::function::FnOnce<()>>::call_once
[INFO] [stdout]   14:     0x5ed096bd2dfb - test[aada8e7e76ba119b]::__rust_begin_short_backtrace::<core[a373ad73a504971]::result::Result<(), alloc[2e1b2a31b91974c5]::string::String>, fn() -> core[a373ad73a504971]::result::Result<(), alloc[2e1b2a31b91974c5]::string::String>>
[INFO] [stdout]   15:     0x5ed096bdffd5 - test[aada8e7e76ba119b]::run_test::{closure#0}
[INFO] [stdout]   16:     0x5ed096bd98c4 - std[617be2ca0a6fd877]::sys::backtrace::__rust_begin_short_backtrace::<test[aada8e7e76ba119b]::run_test::{closure#1}, ()>
[INFO] [stdout]   17:     0x5ed096be3062 - <std[617be2ca0a6fd877]::thread::lifecycle::spawn_unchecked<test[aada8e7e76ba119b]::run_test::{closure#1}, ()>::{closure#1} as core[a373ad73a504971]::ops::function::FnOnce<()>>::call_once::{shim:vtable#0}
[INFO] [stdout]   18:     0x5ed096dedb6f - <std[617be2ca0a6fd877]::sys::thread::unix::Thread>::new::thread_start
[INFO] [stdout]   19:     0x7d8ef69dbdfa - <unknown>
[INFO] [stdout]   20:     0x7d8ef6a6f3d4 - clone
[INFO] [stdout]   21:                0x0 - <unknown>
[INFO] [stdout] 
[INFO] [stdout] ---- core::task_store::tests::test_has_active_work_all_done stdout ----
[INFO] [stdout] 
[INFO] [stdout] thread 'core::task_store::tests::test_has_active_work_all_done' (3986) panicked at src/core/task_store.rs:101:34:
[INFO] [stdout] called `Result::unwrap()` on an `Err` value: Os { code: 30, kind: ReadOnlyFilesystem, message: "Read-only file system" }
[INFO] [stdout] stack backtrace:
[INFO] [stdout]    0:     0x5ed096dee881 - <<std[617be2ca0a6fd877]::sys::backtrace::BacktraceLock>::print::DisplayBacktrace as core[a373ad73a504971]::fmt::Display>::fmt
[INFO] [stdout]    1:     0x5ed096e0472a - core[a373ad73a504971]::fmt::write
[INFO] [stdout]    2:     0x5ed096df2d8c - <alloc[2e1b2a31b91974c5]::vec::Vec<u8> as core[a373ad73a504971]::io::write::Write>::write_fmt
[INFO] [stdout]    3:     0x5ed096dc8b66 - std[617be2ca0a6fd877]::panicking::default_hook::{closure#0}
[INFO] [stdout]    4:     0x5ed096de5e69 - std[617be2ca0a6fd877]::panicking::default_hook
[INFO] [stdout]    5:     0x5ed096bdf9b0 - test[aada8e7e76ba119b]::test_main_inner::{closure#0}
[INFO] [stdout]    6:     0x5ed096de6022 - std[617be2ca0a6fd877]::panicking::panic_with_hook
[INFO] [stdout]    7:     0x5ed096dc8c12 - std[617be2ca0a6fd877]::panicking::panic_handler::{closure#0}
[INFO] [stdout]    8:     0x5ed096dc1549 - std[617be2ca0a6fd877]::sys::backtrace::__rust_end_short_backtrace::<std[617be2ca0a6fd877]::panicking::panic_handler::{closure#0}, !>
[INFO] [stdout]    9:     0x5ed096dc981d - __rustc[ea4f61d10b84890b]::rust_begin_unwind
[INFO] [stdout]   10:     0x5ed096e04e8c - core[a373ad73a504971]::panicking::panic_fmt
[INFO] [stdout]   11:     0x5ed096e04c62 - core[a373ad73a504971]::result::unwrap_failed
[INFO] [stdout]   12:     0x5ed096b6c3f4 - dow[c07484e014dc7436]::core::task_store::tests::setup_tmp_dir
[INFO] [stdout]   13:     0x5ed096b6d666 - <dow[c07484e014dc7436]::core::task_store::tests::test_has_active_work_all_done::{closure#0} as core[a373ad73a504971]::ops::function::FnOnce<()>>::call_once
[INFO] [stdout]   14:     0x5ed096bd2dfb - test[aada8e7e76ba119b]::__rust_begin_short_backtrace::<core[a373ad73a504971]::result::Result<(), alloc[2e1b2a31b91974c5]::string::String>, fn() -> core[a373ad73a504971]::result::Result<(), alloc[2e1b2a31b91974c5]::string::String>>
[INFO] [stdout]   15:     0x5ed096bdffd5 - test[aada8e7e76ba119b]::run_test::{closure#0}
[INFO] [stdout]   16:     0x5ed096bd98c4 - std[617be2ca0a6fd877]::sys::backtrace::__rust_begin_short_backtrace::<test[aada8e7e76ba119b]::run_test::{closure#1}, ()>
[INFO] [stdout]   17:     0x5ed096be3062 - <std[617be2ca0a6fd877]::thread::lifecycle::spawn_unchecked<test[aada8e7e76ba119b]::run_test::{closure#1}, ()>::{closure#1} as core[a373ad73a504971]::ops::function::FnOnce<()>>::call_once::{shim:vtable#0}
[INFO] [stdout]   18:     0x5ed096dedb6f - <std[617be2ca0a6fd877]::sys::thread::unix::Thread>::new::thread_start
[INFO] [stdout]   19:     0x7d8ef69dbdfa - <unknown>
[INFO] [stdout]   20:     0x7d8ef6a6f3d4 - clone
[INFO] [stdout]   21:                0x0 - <unknown>
[INFO] [stdout] 
[INFO] [stdout] ---- core::task_store::tests::test_count_undone_items stdout ----
[INFO] [stdout] 
[INFO] [stdout] thread 'core::task_store::tests::test_count_undone_items' (3985) panicked at src/core/task_store.rs:101:34:
[INFO] [stdout] called `Result::unwrap()` on an `Err` value: Os { code: 30, kind: ReadOnlyFilesystem, message: "Read-only file system" }
[INFO] [stdout] stack backtrace:
[INFO] [stdout]    0:     0x5ed096dee881 - <<std[617be2ca0a6fd877]::sys::backtrace::BacktraceLock>::print::DisplayBacktrace as core[a373ad73a504971]::fmt::Display>::fmt
[INFO] [stdout]    1:     0x5ed096e0472a - core[a373ad73a504971]::fmt::write
[INFO] [stdout]    2:     0x5ed096df2d8c - <alloc[2e1b2a31b91974c5]::vec::Vec<u8> as core[a373ad73a504971]::io::write::Write>::write_fmt
[INFO] [stdout]    3:     0x5ed096dc8b66 - std[617be2ca0a6fd877]::panicking::default_hook::{closure#0}
[INFO] [stdout]    4:     0x5ed096de5e69 - std[617be2ca0a6fd877]::panicking::default_hook
[INFO] [stdout]    5:     0x5ed096bdf9b0 - test[aada8e7e76ba119b]::test_main_inner::{closure#0}
[INFO] [stdout]    6:     0x5ed096de6022 - std[617be2ca0a6fd877]::panicking::panic_with_hook
[INFO] [stdout]    7:     0x5ed096dc8c12 - std[617be2ca0a6fd877]::panicking::panic_handler::{closure#0}
[INFO] [stdout]    8:     0x5ed096dc1549 - std[617be2ca0a6fd877]::sys::backtrace::__rust_end_short_backtrace::<std[617be2ca0a6fd877]::panicking::panic_handler::{closure#0}, !>
[INFO] [stdout]    9:     0x5ed096dc981d - __rustc[ea4f61d10b84890b]::rust_begin_unwind
[INFO] [stdout]   10:     0x5ed096e04e8c - core[a373ad73a504971]::panicking::panic_fmt
[INFO] [stdout]   11:     0x5ed096e04c62 - core[a373ad73a504971]::result::unwrap_failed
[INFO] [stdout]   12:     0x5ed096b6c3f4 - dow[c07484e014dc7436]::core::task_store::tests::setup_tmp_dir
[INFO] [stdout]   13:     0x5ed096b6ce96 - <dow[c07484e014dc7436]::core::task_store::tests::test_count_undone_items::{closure#0} as core[a373ad73a504971]::ops::function::FnOnce<()>>::call_once
[INFO] [stdout]   14:     0x5ed096bd2dfb - test[aada8e7e76ba119b]::__rust_begin_short_backtrace::<core[a373ad73a504971]::result::Result<(), alloc[2e1b2a31b91974c5]::string::String>, fn() -> core[a373ad73a504971]::result::Result<(), alloc[2e1b2a31b91974c5]::string::String>>
[INFO] [stdout]   15:     0x5ed096bdffd5 - test[aada8e7e76ba119b]::run_test::{closure#0}
[INFO] [stdout]   16:     0x5ed096bd98c4 - std[617be2ca0a6fd877]::sys::backtrace::__rust_begin_short_backtrace::<test[aada8e7e76ba119b]::run_test::{closure#1}, ()>
[INFO] [stdout]   17:     0x5ed096be3062 - <std[617be2ca0a6fd877]::thread::lifecycle::spawn_unchecked<test[aada8e7e76ba119b]::run_test::{closure#1}, ()>::{closure#1} as core[a373ad73a504971]::ops::function::FnOnce<()>>::call_once::{shim:vtable#0}
[INFO] [stdout]   18:     0x5ed096dedb6f - <std[617be2ca0a6fd877]::sys::thread::unix::Thread>::new::thread_start
[INFO] [stdout]   19:     0x7d8ef69dbdfa - <unknown>
[INFO] [stdout]   20:     0x7d8ef6a6f3d4 - clone
[INFO] [stdout]   21:                0x0 - <unknown>
[INFO] [stdout] 
[INFO] [stdout] ---- core::task_store::tests::test_has_active_work_empty_dir stdout ----
[INFO] [stdout] 
[INFO] [stdout] thread 'core::task_store::tests::test_has_active_work_empty_dir' (3987) panicked at src/core/task_store.rs:101:34:
[INFO] [stdout] called `Result::unwrap()` on an `Err` value: Os { code: 30, kind: ReadOnlyFilesystem, message: "Read-only file system" }
[INFO] [stdout] stack backtrace:
[INFO] [stdout]    0:     0x5ed096dee881 - <<std[617be2ca0a6fd877]::sys::backtrace::BacktraceLock>::print::DisplayBacktrace as core[a373ad73a504971]::fmt::Display>::fmt
[INFO] [stdout]    1:     0x5ed096e0472a - core[a373ad73a504971]::fmt::write
[INFO] [stdout]    2:     0x5ed096df2d8c - <alloc[2e1b2a31b91974c5]::vec::Vec<u8> as core[a373ad73a504971]::io::write::Write>::write_fmt
[INFO] [stdout]    3:     0x5ed096dc8b66 - std[617be2ca0a6fd877]::panicking::default_hook::{closure#0}
[INFO] [stdout]    4:     0x5ed096de5e69 - std[617be2ca0a6fd877]::panicking::default_hook
[INFO] [stdout]    5:     0x5ed096bdf9b0 - test[aada8e7e76ba119b]::test_main_inner::{closure#0}
[INFO] [stdout]    6:     0x5ed096de6022 - std[617be2ca0a6fd877]::panicking::panic_with_hook
[INFO] [stdout]    7:     0x5ed096dc8c12 - std[617be2ca0a6fd877]::panicking::panic_handler::{closure#0}
[INFO] [stdout]    8:     0x5ed096dc1549 - std[617be2ca0a6fd877]::sys::backtrace::__rust_end_short_backtrace::<std[617be2ca0a6fd877]::panicking::panic_handler::{closure#0}, !>
[INFO] [stdout]    9:     0x5ed096dc981d - __rustc[ea4f61d10b84890b]::rust_begin_unwind
[INFO] [stdout]   10:     0x5ed096e04e8c - core[a373ad73a504971]::panicking::panic_fmt
[INFO] [stdout]   11:     0x5ed096e04c62 - core[a373ad73a504971]::result::unwrap_failed
[INFO] [stdout]   12:     0x5ed096b6c3f4 - dow[c07484e014dc7436]::core::task_store::tests::setup_tmp_dir
[INFO] [stdout]   13:     0x5ed096b6d7be - <dow[c07484e014dc7436]::core::task_store::tests::test_has_active_work_empty_dir::{closure#0} as core[a373ad73a504971]::ops::function::FnOnce<()>>::call_once
[INFO] [stdout]   14:     0x5ed096bd2dfb - test[aada8e7e76ba119b]::__rust_begin_short_backtrace::<core[a373ad73a504971]::result::Result<(), alloc[2e1b2a31b91974c5]::string::String>, fn() -> core[a373ad73a504971]::result::Result<(), alloc[2e1b2a31b91974c5]::string::String>>
[INFO] [stdout]   15:     0x5ed096bdffd5 - test[aada8e7e76ba119b]::run_test::{closure#0}
[INFO] [stdout]   16:     0x5ed096bd98c4 - std[617be2ca0a6fd877]::sys::backtrace::__rust_begin_short_backtrace::<test[aada8e7e76ba119b]::run_test::{closure#1}, ()>
[INFO] [stdout]   17:     0x5ed096be3062 - <std[617be2ca0a6fd877]::thread::lifecycle::spawn_unchecked<test[aada8e7e76ba119b]::run_test::{closure#1}, ()>::{closure#1} as core[a373ad73a504971]::ops::function::FnOnce<()>>::call_once::{shim:vtable#0}
[INFO] [stdout]   18:     0x5ed096dedb6f - <std[617be2ca0a6fd877]::sys::thread::unix::Thread>::new::thread_start
[INFO] [stdout]   19:     0x7d8ef69dbdfa - <unknown>
[INFO] [stdout]   20:     0x7d8ef6a6f3d4 - clone
[INFO] [stdout]   21:                0x0 - <unknown>
[INFO] [stdout] 
[INFO] [stdout] ---- core::task_store::tests::test_iter_task_files_empty_dir stdout ----
[INFO] [stdout] 
[INFO] [stdout] thread 'core::task_store::tests::test_iter_task_files_empty_dir' (3992) panicked at src/core/task_store.rs:101:34:
[INFO] [stdout] called `Result::unwrap()` on an `Err` value: Os { code: 30, kind: ReadOnlyFilesystem, message: "Read-only file system" }
[INFO] [stdout] stack backtrace:
[INFO] [stdout]    0:     0x5ed096dee881 - <<std[617be2ca0a6fd877]::sys::backtrace::BacktraceLock>::print::DisplayBacktrace as core[a373ad73a504971]::fmt::Display>::fmt
[INFO] [stdout]    1:     0x5ed096e0472a - core[a373ad73a504971]::fmt::write
[INFO] [stdout]    2:     0x5ed096df2d8c - <alloc[2e1b2a31b91974c5]::vec::Vec<u8> as core[a373ad73a504971]::io::write::Write>::write_fmt
[INFO] [stdout]    3:     0x5ed096dc8b66 - std[617be2ca0a6fd877]::panicking::default_hook::{closure#0}
[INFO] [stdout]    4:     0x5ed096de5e69 - std[617be2ca0a6fd877]::panicking::default_hook
[INFO] [stdout]    5:     0x5ed096bdf9b0 - test[aada8e7e76ba119b]::test_main_inner::{closure#0}
[INFO] [stdout]    6:     0x5ed096de6022 - std[617be2ca0a6fd877]::panicking::panic_with_hook
[INFO] [stdout]    7:     0x5ed096dc8c12 - std[617be2ca0a6fd877]::panicking::panic_handler::{closure#0}
[INFO] [stdout]    8:     0x5ed096dc1549 - std[617be2ca0a6fd877]::sys::backtrace::__rust_end_short_backtrace::<std[617be2ca0a6fd877]::panicking::panic_handler::{closure#0}, !>
[INFO] [stdout]    9:     0x5ed096dc981d - __rustc[ea4f61d10b84890b]::rust_begin_unwind
[INFO] [stdout]   10:     0x5ed096e04e8c - core[a373ad73a504971]::panicking::panic_fmt
[INFO] [stdout]   11:     0x5ed096e04c62 - core[a373ad73a504971]::result::unwrap_failed
[INFO] [stdout]   12:     0x5ed096b6c3f4 - dow[c07484e014dc7436]::core::task_store::tests::setup_tmp_dir
[INFO] [stdout]   13:     0x5ed096b6d860 - <dow[c07484e014dc7436]::core::task_store::tests::test_iter_task_files_empty_dir::{closure#0} as core[a373ad73a504971]::ops::function::FnOnce<()>>::call_once
[INFO] [stdout]   14:     0x5ed096bd2dfb - test[aada8e7e76ba119b]::__rust_begin_short_backtrace::<core[a373ad73a504971]::result::Result<(), alloc[2e1b2a31b91974c5]::string::String>, fn() -> core[a373ad73a504971]::result::Result<(), alloc[2e1b2a31b91974c5]::string::String>>
[INFO] [stdout]   15:     0x5ed096bdffd5 - test[aada8e7e76ba119b]::run_test::{closure#0}
[INFO] [stdout]   16:     0x5ed096bd98c4 - std[617be2ca0a6fd877]::sys::backtrace::__rust_begin_short_backtrace::<test[aada8e7e76ba119b]::run_test::{closure#1}, ()>
[INFO] [stdout]   17:     0x5ed096be3062 - <std[617be2ca0a6fd877]::thread::lifecycle::spawn_unchecked<test[aada8e7e76ba119b]::run_test::{closure#1}, ()>::{closure#1} as core[a373ad73a504971]::ops::function::FnOnce<()>>::call_once::{shim:vtable#0}
[INFO] [stdout]   18:     0x5ed096dedb6f - <std[617be2ca0a6fd877]::sys::thread::unix::Thread>::new::thread_start
[INFO] [stdout]   19:     0x7d8ef69dbdfa - <unknown>
[INFO] [stdout]   20:     0x7d8ef6a6f3d4 - clone
[INFO] [stdout]   21:                0x0 - <unknown>
[INFO] [stdout] 
[INFO] [stdout] ---- core::task_store::tests::test_iter_task_files_filters_correctly stdout ----
[INFO] [stdout] 
[INFO] [stdout] thread 'core::task_store::tests::test_iter_task_files_filters_correctly' (3993) panicked at src/core/task_store.rs:101:34:
[INFO] [stdout] called `Result::unwrap()` on an `Err` value: Os { code: 30, kind: ReadOnlyFilesystem, message: "Read-only file system" }
[INFO] [stdout] stack backtrace:
[INFO] [stdout]    0:     0x5ed096dee881 - <<std[617be2ca0a6fd877]::sys::backtrace::BacktraceLock>::print::DisplayBacktrace as core[a373ad73a504971]::fmt::Display>::fmt
[INFO] [stdout]    1:     0x5ed096e0472a - core[a373ad73a504971]::fmt::write
[INFO] [stdout]    2:     0x5ed096df2d8c - <alloc[2e1b2a31b91974c5]::vec::Vec<u8> as core[a373ad73a504971]::io::write::Write>::write_fmt
[INFO] [stdout]    3:     0x5ed096dc8b66 - std[617be2ca0a6fd877]::panicking::default_hook::{closure#0}
[INFO] [stdout]    4:     0x5ed096de5e69 - std[617be2ca0a6fd877]::panicking::default_hook
[INFO] [stdout]    5:     0x5ed096bdf9b0 - test[aada8e7e76ba119b]::test_main_inner::{closure#0}
[INFO] [stdout]    6:     0x5ed096de6022 - std[617be2ca0a6fd877]::panicking::panic_with_hook
[INFO] [stdout]    7:     0x5ed096dc8c12 - std[617be2ca0a6fd877]::panicking::panic_handler::{closure#0}
[INFO] [stdout]    8:     0x5ed096dc1549 - std[617be2ca0a6fd877]::sys::backtrace::__rust_end_short_backtrace::<std[617be2ca0a6fd877]::panicking::panic_handler::{closure#0}, !>
[INFO] [stdout]    9:     0x5ed096dc981d - __rustc[ea4f61d10b84890b]::rust_begin_unwind
[INFO] [stdout]   10:     0x5ed096e04e8c - core[a373ad73a504971]::panicking::panic_fmt
[INFO] [stdout]   11:     0x5ed096e04c62 - core[a373ad73a504971]::result::unwrap_failed
[INFO] [stdout]   12:     0x5ed096b6c3f4 - dow[c07484e014dc7436]::core::task_store::tests::setup_tmp_dir
[INFO] [stdout]   13:     0x5ed096b6db36 - <dow[c07484e014dc7436]::core::task_store::tests::test_iter_task_files_filters_correctly::{closure#0} as core[a373ad73a504971]::ops::function::FnOnce<()>>::call_once
[INFO] [stdout]   14:     0x5ed096bd2dfb - test[aada8e7e76ba119b]::__rust_begin_short_backtrace::<core[a373ad73a504971]::result::Result<(), alloc[2e1b2a31b91974c5]::string::String>, fn() -> core[a373ad73a504971]::result::Result<(), alloc[2e1b2a31b91974c5]::string::String>>
[INFO] [stdout]   15:     0x5ed096bdffd5 - test[aada8e7e76ba119b]::run_test::{closure#0}
[INFO] [stdout]   16:     0x5ed096bd98c4 - std[617be2ca0a6fd877]::sys::backtrace::__rust_begin_short_backtrace::<test[aada8e7e76ba119b]::run_test::{closure#1}, ()>
[INFO] [stdout]   17:     0x5ed096be3062 - <std[617be2ca0a6fd877]::thread::lifecycle::spawn_unchecked<test[aada8e7e76ba119b]::run_test::{closure#1}, ()>::{closure#1} as core[a373ad73a504971]::ops::function::FnOnce<()>>::call_once::{shim:vtable#0}
[INFO] [stdout]   18:     0x5ed096dedb6f - <std[617be2ca0a6fd877]::sys::thread::unix::Thread>::new::thread_start
[INFO] [stdout]   19:     0x7d8ef69dbdfa - <unknown>
[INFO] [stdout]   20:     0x7d8ef6a6f3d4 - clone
[INFO] [stdout]   21:                0x0 - <unknown>
[INFO] [stdout] 
[INFO] [stdout] ---- core::task_store::tests::test_has_active_work_with_undone stdout ----
[INFO] [stdout] 
[INFO] [stdout] thread 'core::task_store::tests::test_has_active_work_with_undone' (3988) panicked at src/core/task_store.rs:101:34:
[INFO] [stdout] called `Result::unwrap()` on an `Err` value: Os { code: 30, kind: ReadOnlyFilesystem, message: "Read-only file system" }
[INFO] [stdout] stack backtrace:
[INFO] [stdout]    0:     0x5ed096dee881 - <<std[617be2ca0a6fd877]::sys::backtrace::BacktraceLock>::print::DisplayBacktrace as core[a373ad73a504971]::fmt::Display>::fmt
[INFO] [stdout]    1:     0x5ed096e0472a - core[a373ad73a504971]::fmt::write
[INFO] [stdout]    2:     0x5ed096df2d8c - <alloc[2e1b2a31b91974c5]::vec::Vec<u8> as core[a373ad73a504971]::io::write::Write>::write_fmt
[INFO] [stdout]    3:     0x5ed096dc8b66 - std[617be2ca0a6fd877]::panicking::default_hook::{closure#0}
[INFO] [stdout]    4:     0x5ed096de5e69 - std[617be2ca0a6fd877]::panicking::default_hook
[INFO] [stdout]    5:     0x5ed096bdf9b0 - test[aada8e7e76ba119b]::test_main_inner::{closure#0}
[INFO] [stdout]    6:     0x5ed096de6022 - std[617be2ca0a6fd877]::panicking::panic_with_hook
[INFO] [stdout]    7:     0x5ed096dc8c12 - std[617be2ca0a6fd877]::panicking::panic_handler::{closure#0}
[INFO] [stdout]    8:     0x5ed096dc1549 - std[617be2ca0a6fd877]::sys::backtrace::__rust_end_short_backtrace::<std[617be2ca0a6fd877]::panicking::panic_handler::{closure#0}, !>
[INFO] [stdout]    9:     0x5ed096dc981d - __rustc[ea4f61d10b84890b]::rust_begin_unwind
[INFO] [stdout]   10:     0x5ed096e04e8c - core[a373ad73a504971]::panicking::panic_fmt
[INFO] [stdout]   11:     0x5ed096e04c62 - core[a373ad73a504971]::result::unwrap_failed
[INFO] [stdout]   12:     0x5ed096b6c3f4 - dow[c07484e014dc7436]::core::task_store::tests::setup_tmp_dir
[INFO] [stdout]   13:     0x5ed096b6d946 - <dow[c07484e014dc7436]::core::task_store::tests::test_has_active_work_with_undone::{closure#0} as core[a373ad73a504971]::ops::function::FnOnce<()>>::call_once
[INFO] [stdout]   14:     0x5ed096bd2dfb - test[aada8e7e76ba119b]::__rust_begin_short_backtrace::<core[a373ad73a504971]::result::Result<(), alloc[2e1b2a31b91974c5]::string::String>, fn() -> core[a373ad73a504971]::result::Result<(), alloc[2e1b2a31b91974c5]::string::String>>
[INFO] [stdout]   15:     0x5ed096bdffd5 - test[aada8e7e76ba119b]::run_test::{closure#0}
[INFO] [stdout]   16:     0x5ed096bd98c4 - std[617be2ca0a6fd877]::sys::backtrace::__rust_begin_short_backtrace::<test[aada8e7e76ba119b]::run_test::{closure#1}, ()>
[INFO] [stdout]   17:     0x5ed096be3062 - <std[617be2ca0a6fd877]::thread::lifecycle::spawn_unchecked<test[aada8e7e76ba119b]::run_test::{closure#1}, ()>::{closure#1} as core[a373ad73a504971]::ops::function::FnOnce<()>>::call_once::{shim:vtable#0}
[INFO] [stdout]   18:     0x5ed096dedb6f - <std[617be2ca0a6fd877]::sys::thread::unix::Thread>::new::thread_start
[INFO] [stdout]   19:     0x7d8ef69dbdfa - <unknown>
[INFO] [stdout]   20:     0x7d8ef6a6f3d4 - clone
[INFO] [stdout]   21:                0x0 - <unknown>
[INFO] [stdout] 
[INFO] [stdout] 
[INFO] [stdout] failures:
[INFO] [stdout]     core::task_store::tests::test_count_all_checklist
[INFO] [stdout]     core::task_store::tests::test_count_undone_items
[INFO] [stdout]     core::task_store::tests::test_has_active_work_all_done
[INFO] [stdout]     core::task_store::tests::test_has_active_work_empty_dir
[INFO] [stdout]     core::task_store::tests::test_has_active_work_with_undone
[INFO] [stdout]     core::task_store::tests::test_iter_task_files_empty_dir
[INFO] [stdout]     core::task_store::tests::test_iter_task_files_filters_correctly
[INFO] [stdout] 
[INFO] [stdout] test result: FAILED. 27 passed; 7 failed; 0 ignored; 0 measured; 0 filtered out; finished in 0.33s
[INFO] [stdout] 
[INFO] running `Command { std: "docker" "inspect" "454ad710b30e54495fcc771db230d94296465417381ba0c1c0689a110d023676", kill_on_drop: false }`
[INFO] running `Command { std: "docker" "rm" "-f" "454ad710b30e54495fcc771db230d94296465417381ba0c1c0689a110d023676", kill_on_drop: false }`
[INFO] [stdout] 454ad710b30e54495fcc771db230d94296465417381ba0c1c0689a110d023676
