[INFO] fetching crate dess-examples 0.1.1...
[INFO] testing dess-examples-0.1.1 against 1.100.0-beta.1+cargoflags=--release for beta-release-1.100-2
[INFO] extracting crate dess-examples 0.1.1 into /workspace/builds/worker-4-tc2/source
[INFO] started tweaking crates.io crate dess-examples 0.1.1
[INFO] finished tweaking crates.io crate dess-examples 0.1.1
[INFO] tweaked toml for crates.io crate dess-examples 0.1.1 written to /workspace/builds/worker-4-tc2/source/Cargo.toml
[INFO] validating manifest of crates.io crate dess-examples 0.1.1 on toolchain 1.100.0-beta.1
[INFO] running `Command { std: CARGO_HOME="/workspace/cargo-home" RUSTUP_HOME="/workspace/rustup-home" "/workspace/cargo-home/bin/cargo" "+1.100.0-beta.1" "metadata" "--manifest-path" "Cargo.toml" "--no-deps", kill_on_drop: false }`
[INFO] crate crates.io crate dess-examples 0.1.1 already has a lockfile, it will not be regenerated
[INFO] running `Command { std: CARGO_HOME="/workspace/cargo-home" RUSTUP_HOME="/workspace/rustup-home" "/workspace/cargo-home/bin/cargo" "+1.100.0-beta.1" "fetch" "--manifest-path" "Cargo.toml", kill_on_drop: false }`
[INFO] running `Command { std: "docker" "create" "-v" "/var/lib/crater-agent-workspace/builds/worker-4-tc2/source:/opt/rustwide/workdir:ro,Z" "-v" "/var/lib/crater-agent-workspace/builds/worker-4-tc2/target:/opt/rustwide/target:rw,Z" "-v" "/var/lib/crater-agent-workspace/cargo-home:/opt/rustwide/cargo-home:ro,Z" "-v" "/var/lib/crater-agent-workspace/rustup-home:/opt/rustwide/rustup-home:ro,Z" "-m" "1610612736" "--network" "none" "ghcr.io/rust-lang/crates-build-env/linux@sha256:77db811e55d90add9212f6832c23229e3de5f1c1f9905e8cb07319ea15df73ac" "sleep" "infinity", kill_on_drop: false }`
[INFO] [stdout] 9fe979831f2f95fde02728de9292319ac250fd89c36d2ee1693e3fe5537bbfe5
[INFO] running `Command { std: "docker" "start" "9fe979831f2f95fde02728de9292319ac250fd89c36d2ee1693e3fe5537bbfe5", kill_on_drop: false }`
[INFO] running `Command { std: "docker" "inspect" "9fe979831f2f95fde02728de9292319ac250fd89c36d2ee1693e3fe5537bbfe5", kill_on_drop: false }`
[INFO] running `Command { std: "docker" "exec" "-e" "SOURCE_DIR=/opt/rustwide/workdir" "-e" "CARGO_HOME=/opt/rustwide/cargo-home" "-e" "RUSTUP_HOME=/opt/rustwide/rustup-home" "-e" "CARGO_TARGET_DIR=/opt/rustwide/target" "-w" "/opt/rustwide/workdir" "--user" "0:0" "9fe979831f2f95fde02728de9292319ac250fd89c36d2ee1693e3fe5537bbfe5" "/opt/rustwide/cargo-home/bin/cargo" "+1.100.0-beta.1" "metadata" "--no-deps" "--format-version=1", kill_on_drop: false }`
[INFO] running `Command { std: "docker" "inspect" "9fe979831f2f95fde02728de9292319ac250fd89c36d2ee1693e3fe5537bbfe5", kill_on_drop: false }`
[INFO] running `Command { std: "docker" "exec" "-e" "SOURCE_DIR=/opt/rustwide/workdir" "-e" "CARGO_HOME=/opt/rustwide/cargo-home" "-e" "RUSTUP_HOME=/opt/rustwide/rustup-home" "-e" "CARGO_TARGET_DIR=/opt/rustwide/target" "-e" "CARGO_INCREMENTAL=0" "-e" "RUST_BACKTRACE=full" "-e" "RUSTFLAGS=--cap-lints=warn" "-e" "RUSTDOCFLAGS=--cap-lints=warn" "-w" "/opt/rustwide/workdir" "--user" "0:0" "9fe979831f2f95fde02728de9292319ac250fd89c36d2ee1693e3fe5537bbfe5" "/opt/rustwide/cargo-home/bin/cargo" "+1.100.0-beta.1" "build" "--frozen" "--message-format=json" "--release", kill_on_drop: false }`
[INFO] [stderr]    Compiling proc-macro2 v1.0.70
[INFO] [stderr]    Compiling serde v1.0.193
[INFO] [stderr]    Compiling memchr v2.6.4
[INFO] [stderr]    Compiling anyhow v1.0.75
[INFO] [stderr]    Compiling itoa v1.0.10
[INFO] [stderr]    Compiling ryu v1.0.16
[INFO] [stderr]    Compiling serde_json v1.0.108
[INFO] [stderr]    Compiling hashbrown v0.14.3
[INFO] [stderr]    Compiling unsafe-libyaml v0.2.10
[INFO] [stderr]    Compiling eng_fmt v0.1.2
[INFO] [stderr]    Compiling aho-corasick v1.1.2
[INFO] [stderr]    Compiling quote v1.0.33
[INFO] [stderr]    Compiling syn v2.0.41
[INFO] [stderr]    Compiling syn v1.0.109
[INFO] [stderr]    Compiling proc-macro-error-attr v1.0.4
[INFO] [stderr]    Compiling indexmap v2.1.0
[INFO] [stderr]    Compiling regex-automata v0.4.3
[INFO] [stderr]    Compiling serde_derive v1.0.193
[INFO] [stderr]    Compiling proc-macro-error v1.0.4
[INFO] [stderr]    Compiling regex v1.10.2
[INFO] [stderr]    Compiling dess-proc-macros v0.1.1
[INFO] [stderr]    Compiling serde_yaml v0.9.27
[INFO] [stderr]    Compiling bincode v1.3.3
[INFO] [stderr]    Compiling dess v0.1.0
[INFO] [stderr]    Compiling dess-examples v0.1.1 (/opt/rustwide/workdir)
[INFO] [stderr]     Finished `release` profile [optimized] target(s) in 22.10s
[INFO] running `Command { std: "docker" "inspect" "9fe979831f2f95fde02728de9292319ac250fd89c36d2ee1693e3fe5537bbfe5", kill_on_drop: false }`
[INFO] running `Command { std: "docker" "exec" "-e" "SOURCE_DIR=/opt/rustwide/workdir" "-e" "CARGO_HOME=/opt/rustwide/cargo-home" "-e" "RUSTUP_HOME=/opt/rustwide/rustup-home" "-e" "CARGO_TARGET_DIR=/opt/rustwide/target" "-e" "CARGO_INCREMENTAL=0" "-e" "RUST_BACKTRACE=full" "-e" "RUSTFLAGS=--cap-lints=warn" "-e" "RUSTDOCFLAGS=--cap-lints=warn" "-w" "/opt/rustwide/workdir" "--user" "0:0" "9fe979831f2f95fde02728de9292319ac250fd89c36d2ee1693e3fe5537bbfe5" "/opt/rustwide/cargo-home/bin/cargo" "+1.100.0-beta.1" "test" "--frozen" "--no-run" "--message-format=json" "--release", kill_on_drop: false }`
[INFO] [stderr]    Compiling dess-examples v0.1.1 (/opt/rustwide/workdir)
[INFO] [stderr]     Finished `release` profile [optimized] target(s) in 5.22s
[INFO] running `Command { std: "docker" "inspect" "9fe979831f2f95fde02728de9292319ac250fd89c36d2ee1693e3fe5537bbfe5", kill_on_drop: false }`
[INFO] running `Command { std: "docker" "exec" "-e" "SOURCE_DIR=/opt/rustwide/workdir" "-e" "CARGO_HOME=/opt/rustwide/cargo-home" "-e" "RUSTUP_HOME=/opt/rustwide/rustup-home" "-e" "CARGO_TARGET_DIR=/opt/rustwide/target" "-e" "CARGO_INCREMENTAL=0" "-e" "RUST_BACKTRACE=full" "-e" "RUSTFLAGS=--cap-lints=warn" "-e" "RUSTDOCFLAGS=--cap-lints=warn" "-w" "/opt/rustwide/workdir" "--user" "0:0" "9fe979831f2f95fde02728de9292319ac250fd89c36d2ee1693e3fe5537bbfe5" "/opt/rustwide/cargo-home/bin/cargo" "+1.100.0-beta.1" "test" "--frozen" "--release", kill_on_drop: false }`
[INFO] [stderr]     Finished `release` profile [optimized] target(s) in 0.05s
[INFO] [stderr]      Running unittests src/lib.rs (/opt/rustwide/target/release/build/dess-examples/54cd7bdbffc85f4a/out/dess_examples-54cd7bdbffc85f4a)
[INFO] [stdout] 
[INFO] [stdout] running 16 tests
[INFO] [stdout] test three_thermal_mass_sys::tests::test_euler_against_benchmark ... FAILED
[INFO] [stdout] test three_thermal_mass_sys::tests::test_heuns_against_benchmark ... FAILED
[INFO] [stdout] test three_thermal_mass_sys::tests::test_bare_clone ... ok
[INFO] [stdout] test three_thermal_mass_sys::tests::test_ralstons_against_benchmark ... FAILED
[INFO] [stdout] test tests::method_tests::test_midpoint_accuracy ... FAILED
[INFO] [stdout] test tests::method_tests::test_heuns_accuracy ... FAILED
[INFO] [stdout] test three_thermal_mass_sys::tests::test_rk45_against_benchmark ... FAILED
[INFO] [stdout] test tests::method_tests::test_eulers_accuracy ... FAILED
[INFO] [stdout] test three_thermal_mass_sys::tests::test_rk4_against_benchmark ... FAILED
[INFO] [stdout] test three_thermal_mass_sys::tests::test_rk23_against_benchmark ... FAILED
[INFO] [stdout] test three_thermal_mass_sys::tests::test_rk4_dt_behavior ... ok
[INFO] [stdout] test tests::method_tests::test_ralstons_accuracy ... FAILED
[INFO] [stdout] test tests::method_tests::test_rk45_accuracy ... FAILED
[INFO] [stdout] test three_thermal_mass_sys::tests::test_midpoint_against_benchmark ... FAILED
[INFO] [stdout] test tests::method_tests::test_rk23_accuracy ... FAILED
[INFO] [stdout] test tests::method_tests::test_rk4_accuracy ... FAILED
[INFO] [stdout] 
[INFO] [stdout] failures:
[INFO] [stdout] 
[INFO] [stdout] ---- three_thermal_mass_sys::tests::test_euler_against_benchmark stdout ----
[INFO] [stdout] 
[INFO] [stdout] thread 'three_thermal_mass_sys::tests::test_euler_against_benchmark' (749) panicked at src/three_thermal_mass_sys.rs:457:80:
[INFO] [stdout] called `Result::unwrap()` on an `Err` value: No such file or directory (os error 2)
[INFO] [stdout] stack backtrace:
[INFO] [stdout]    0:     0x5797cc0d6901 - <<std[617be2ca0a6fd877]::sys::backtrace::BacktraceLock>::print::DisplayBacktrace as core[a373ad73a504971]::fmt::Display>::fmt
[INFO] [stdout]    1:     0x5797cc0ebaaa - core[a373ad73a504971]::fmt::write
[INFO] [stdout]    2:     0x5797cc0dabec - <alloc[2e1b2a31b91974c5]::vec::Vec<u8> as core[a373ad73a504971]::io::write::Write>::write_fmt
[INFO] [stdout]    3:     0x5797cc0b2a26 - std[617be2ca0a6fd877]::panicking::default_hook::{closure#0}
[INFO] [stdout]    4:     0x5797cc0cef99 - std[617be2ca0a6fd877]::panicking::default_hook
[INFO] [stdout]    5:     0x5797cc051a20 - test[aada8e7e76ba119b]::test_main_inner::{closure#0}
[INFO] [stdout]    6:     0x5797cc0cf152 - std[617be2ca0a6fd877]::panicking::panic_with_hook
[INFO] [stdout]    7:     0x5797cc0b2ad2 - std[617be2ca0a6fd877]::panicking::panic_handler::{closure#0}
[INFO] [stdout]    8:     0x5797cc0ab7b9 - std[617be2ca0a6fd877]::sys::backtrace::__rust_end_short_backtrace::<std[617be2ca0a6fd877]::panicking::panic_handler::{closure#0}, !>
[INFO] [stdout]    9:     0x5797cc0b36dd - __rustc[ea4f61d10b84890b]::rust_begin_unwind
[INFO] [stdout]   10:     0x5797cc0ec1dc - core[a373ad73a504971]::panicking::panic_fmt
[INFO] [stdout]   11:     0x5797cc0ebfb2 - core[a373ad73a504971]::result::unwrap_failed
[INFO] [stdout]   12:     0x5797cc03a9d4 - <dess_examples[b1ee9cf253465d9b]::three_thermal_mass_sys::tests::test_euler_against_benchmark::{closure#0} as core[a373ad73a504971]::ops::function::FnOnce<()>>::call_once
[INFO] [stdout]   13:     0x5797cc044e6b - test[aada8e7e76ba119b]::__rust_begin_short_backtrace::<core[a373ad73a504971]::result::Result<(), alloc[2e1b2a31b91974c5]::string::String>, fn() -> core[a373ad73a504971]::result::Result<(), alloc[2e1b2a31b91974c5]::string::String>>
[INFO] [stdout]   14:     0x5797cc052045 - test[aada8e7e76ba119b]::run_test::{closure#0}
[INFO] [stdout]   15:     0x5797cc04b934 - std[617be2ca0a6fd877]::sys::backtrace::__rust_begin_short_backtrace::<test[aada8e7e76ba119b]::run_test::{closure#1}, ()>
[INFO] [stdout]   16:     0x5797cc0550d2 - <std[617be2ca0a6fd877]::thread::lifecycle::spawn_unchecked<test[aada8e7e76ba119b]::run_test::{closure#1}, ()>::{closure#1} as core[a373ad73a504971]::ops::function::FnOnce<()>>::call_once::{shim:vtable#0}
[INFO] [stdout]   17:     0x5797cc0d615f - <std[617be2ca0a6fd877]::sys::thread::unix::Thread>::new::thread_start
[INFO] [stdout]   18:     0x70e2402b5dfa - <unknown>
[INFO] [stdout]   19:     0x70e2403493d4 - clone
[INFO] [stdout]   20:                0x0 - <unknown>
[INFO] [stdout] 
[INFO] [stdout] ---- three_thermal_mass_sys::tests::test_heuns_against_benchmark stdout ----
[INFO] [stdout] 
[INFO] [stdout] thread 'three_thermal_mass_sys::tests::test_heuns_against_benchmark' (750) panicked at src/three_thermal_mass_sys.rs:473:80:
[INFO] [stdout] called `Result::unwrap()` on an `Err` value: No such file or directory (os error 2)
[INFO] [stdout] stack backtrace:
[INFO] [stdout]    0:     0x5797cc0d6901 - <<std[617be2ca0a6fd877]::sys::backtrace::BacktraceLock>::print::DisplayBacktrace as core[a373ad73a504971]::fmt::Display>::fmt
[INFO] [stdout]    1:     0x5797cc0ebaaa - core[a373ad73a504971]::fmt::write
[INFO] [stdout]    2:     0x5797cc0dabec - <alloc[2e1b2a31b91974c5]::vec::Vec<u8> as core[a373ad73a504971]::io::write::Write>::write_fmt
[INFO] [stdout]    3:     0x5797cc0b2a26 - std[617be2ca0a6fd877]::panicking::default_hook::{closure#0}
[INFO] [stdout]    4:     0x5797cc0cef99 - std[617be2ca0a6fd877]::panicking::default_hook
[INFO] [stdout]    5:     0x5797cc051a20 - test[aada8e7e76ba119b]::test_main_inner::{closure#0}
[INFO] [stdout]    6:     0x5797cc0cf152 - std[617be2ca0a6fd877]::panicking::panic_with_hook
[INFO] [stdout]    7:     0x5797cc0b2ad2 - std[617be2ca0a6fd877]::panicking::panic_handler::{closure#0}
[INFO] [stdout]    8:     0x5797cc0ab7b9 - std[617be2ca0a6fd877]::sys::backtrace::__rust_end_short_backtrace::<std[617be2ca0a6fd877]::panicking::panic_handler::{closure#0}, !>
[INFO] [stdout]    9:     0x5797cc0b36dd - __rustc[ea4f61d10b84890b]::rust_begin_unwind
[INFO] [stdout]   10:     0x5797cc0ec1dc - core[a373ad73a504971]::panicking::panic_fmt
[INFO] [stdout]   11:     0x5797cc0ebfb2 - core[a373ad73a504971]::result::unwrap_failed
[INFO] [stdout]   12:     0x5797cc03ad14 - <dess_examples[b1ee9cf253465d9b]::three_thermal_mass_sys::tests::test_heuns_against_benchmark::{closure#0} as core[a373ad73a504971]::ops::function::FnOnce<()>>::call_once
[INFO] [stdout]   13:     0x5797cc044e6b - test[aada8e7e76ba119b]::__rust_begin_short_backtrace::<core[a373ad73a504971]::result::Result<(), alloc[2e1b2a31b91974c5]::string::String>, fn() -> core[a373ad73a504971]::result::Result<(), alloc[2e1b2a31b91974c5]::string::String>>
[INFO] [stdout]   14:     0x5797cc052045 - test[aada8e7e76ba119b]::run_test::{closure#0}
[INFO] [stdout]   15:     0x5797cc04b934 - std[617be2ca0a6fd877]::sys::backtrace::__rust_begin_short_backtrace::<test[aada8e7e76ba119b]::run_test::{closure#1}, ()>
[INFO] [stdout]   16:     0x5797cc0550d2 - <std[617be2ca0a6fd877]::thread::lifecycle::spawn_unchecked<test[aada8e7e76ba119b]::run_test::{closure#1}, ()>::{closure#1} as core[a373ad73a504971]::ops::function::FnOnce<()>>::call_once::{shim:vtable#0}
[INFO] [stdout]   17:     0x5797cc0d615f - <std[617be2ca0a6fd877]::sys::thread::unix::Thread>::new::thread_start
[INFO] [stdout]   18:     0x70e2402b5dfa - <unknown>
[INFO] [stdout]   19:     0x70e2403493d4 - clone
[INFO] [stdout]   20:                0x0 - <unknown>
[INFO] [stdout] 
[INFO] [stdout] ---- three_thermal_mass_sys::tests::test_ralstons_against_benchmark stdout ----
[INFO] [stdout] 
[INFO] [stdout] thread 'three_thermal_mass_sys::tests::test_ralstons_against_benchmark' (752) panicked at src/three_thermal_mass_sys.rs:505:80:
[INFO] [stdout] called `Result::unwrap()` on an `Err` value: No such file or directory (os error 2)
[INFO] [stdout] stack backtrace:
[INFO] [stdout]    0:     0x5797cc0d6901 - <<std[617be2ca0a6fd877]::sys::backtrace::BacktraceLock>::print::DisplayBacktrace as core[a373ad73a504971]::fmt::Display>::fmt
[INFO] [stdout]    1:     0x5797cc0ebaaa - core[a373ad73a504971]::fmt::write
[INFO] [stdout]    2:     0x5797cc0dabec - <alloc[2e1b2a31b91974c5]::vec::Vec<u8> as core[a373ad73a504971]::io::write::Write>::write_fmt
[INFO] [stdout]    3:     0x5797cc0b2a26 - std[617be2ca0a6fd877]::panicking::default_hook::{closure#0}
[INFO] [stdout]    4:     0x5797cc0cef99 - std[617be2ca0a6fd877]::panicking::default_hook
[INFO] [stdout]    5:     0x5797cc051a20 - test[aada8e7e76ba119b]::test_main_inner::{closure#0}
[INFO] [stdout]    6:     0x5797cc0cf152 - std[617be2ca0a6fd877]::panicking::panic_with_hook
[INFO] [stdout]    7:     0x5797cc0b2ad2 - std[617be2ca0a6fd877]::panicking::panic_handler::{closure#0}
[INFO] [stdout]    8:     0x5797cc0ab7b9 - std[617be2ca0a6fd877]::sys::backtrace::__rust_end_short_backtrace::<std[617be2ca0a6fd877]::panicking::panic_handler::{closure#0}, !>
[INFO] [stdout]    9:     0x5797cc0b36dd - __rustc[ea4f61d10b84890b]::rust_begin_unwind
[INFO] [stdout]   10:     0x5797cc0ec1dc - core[a373ad73a504971]::panicking::panic_fmt
[INFO] [stdout]   11:     0x5797cc0ebfb2 - core[a373ad73a504971]::result::unwrap_failed
[INFO] [stdout]   12:     0x5797cc03b394 - <dess_examples[b1ee9cf253465d9b]::three_thermal_mass_sys::tests::test_ralstons_against_benchmark::{closure#0} as core[a373ad73a504971]::ops::function::FnOnce<()>>::call_once
[INFO] [stdout]   13:     0x5797cc044e6b - test[aada8e7e76ba119b]::__rust_begin_short_backtrace::<core[a373ad73a504971]::result::Result<(), alloc[2e1b2a31b91974c5]::string::String>, fn() -> core[a373ad73a504971]::result::Result<(), alloc[2e1b2a31b91974c5]::string::String>>
[INFO] [stdout]   14:     0x5797cc052045 - test[aada8e7e76ba119b]::run_test::{closure#0}
[INFO] [stdout]   15:     0x5797cc04b934 - std[617be2ca0a6fd877]::sys::backtrace::__rust_begin_short_backtrace::<test[aada8e7e76ba119b]::run_test::{closure#1}, ()>
[INFO] [stdout]   16:     0x5797cc0550d2 - <std[617be2ca0a6fd877]::thread::lifecycle::spawn_unchecked<test[aada8e7e76ba119b]::run_test::{closure#1}, ()>::{closure#1} as core[a373ad73a504971]::ops::function::FnOnce<()>>::call_once::{shim:vtable#0}
[INFO] [stdout]   17:     0x5797cc0d615f - <std[617be2ca0a6fd877]::sys::thread::unix::Thread>::new::thread_start
[INFO] [stdout]   18:     0x70e2402b5dfa - <unknown>
[INFO] [stdout]   19:     0x70e2403493d4 - clone
[INFO] [stdout]   20:                0x0 - <unknown>
[INFO] [stdout] 
[INFO] [stdout] ---- tests::method_tests::test_midpoint_accuracy stdout ----
[INFO] [stdout] Midpoint Method:
[INFO] [stdout] 
[INFO] [stdout] thread 'tests::method_tests::test_midpoint_accuracy' (743) panicked at src/tests/euler_three_thermal_mass_sys.rs:60:90:
[INFO] [stdout] called `Result::unwrap()` on an `Err` value: No such file or directory (os error 2)
[INFO] [stdout] stack backtrace:
[INFO] [stdout]    0:     0x5797cc0d6901 - <<std[617be2ca0a6fd877]::sys::backtrace::BacktraceLock>::print::DisplayBacktrace as core[a373ad73a504971]::fmt::Display>::fmt
[INFO] [stdout]    1:     0x5797cc0ebaaa - core[a373ad73a504971]::fmt::write
[INFO] [stdout]    2:     0x5797cc0dabec - <alloc[2e1b2a31b91974c5]::vec::Vec<u8> as core[a373ad73a504971]::io::write::Write>::write_fmt
[INFO] [stdout]    3:     0x5797cc0b2a26 - std[617be2ca0a6fd877]::panicking::default_hook::{closure#0}
[INFO] [stdout]    4:     0x5797cc0cef99 - std[617be2ca0a6fd877]::panicking::default_hook
[INFO] [stdout]    5:     0x5797cc051a20 - test[aada8e7e76ba119b]::test_main_inner::{closure#0}
[INFO] [stdout]    6:     0x5797cc0cf152 - std[617be2ca0a6fd877]::panicking::panic_with_hook
[INFO] [stdout]    7:     0x5797cc0b2ad2 - std[617be2ca0a6fd877]::panicking::panic_handler::{closure#0}
[INFO] [stdout]    8:     0x5797cc0ab7b9 - std[617be2ca0a6fd877]::sys::backtrace::__rust_end_short_backtrace::<std[617be2ca0a6fd877]::panicking::panic_handler::{closure#0}, !>
[INFO] [stdout]    9:     0x5797cc0b36dd - __rustc[ea4f61d10b84890b]::rust_begin_unwind
[INFO] [stdout]   10:     0x5797cc0ec1dc - core[a373ad73a504971]::panicking::panic_fmt
[INFO] [stdout]   11:     0x5797cc0ebfb2 - core[a373ad73a504971]::result::unwrap_failed
[INFO] [stdout]   12:     0x5797cc042725 - dess_examples[b1ee9cf253465d9b]::tests::euler_three_thermal_mass_sys::test_method_against_euler_baseline
[INFO] [stdout]   13:     0x5797cc043b2c - <dess_examples[b1ee9cf253465d9b]::tests::method_tests::test_midpoint_accuracy::{closure#0} as core[a373ad73a504971]::ops::function::FnOnce<()>>::call_once
[INFO] [stdout]   14:     0x5797cc044e6b - test[aada8e7e76ba119b]::__rust_begin_short_backtrace::<core[a373ad73a504971]::result::Result<(), alloc[2e1b2a31b91974c5]::string::String>, fn() -> core[a373ad73a504971]::result::Result<(), alloc[2e1b2a31b91974c5]::string::String>>
[INFO] [stdout]   15:     0x5797cc052045 - test[aada8e7e76ba119b]::run_test::{closure#0}
[INFO] [stdout]   16:     0x5797cc04b934 - std[617be2ca0a6fd877]::sys::backtrace::__rust_begin_short_backtrace::<test[aada8e7e76ba119b]::run_test::{closure#1}, ()>
[INFO] [stdout]   17:     0x5797cc0550d2 - <std[617be2ca0a6fd877]::thread::lifecycle::spawn_unchecked<test[aada8e7e76ba119b]::run_test::{closure#1}, ()>::{closure#1} as core[a373ad73a504971]::ops::function::FnOnce<()>>::call_once::{shim:vtable#0}
[INFO] [stdout]   18:     0x5797cc0d615f - <std[617be2ca0a6fd877]::sys::thread::unix::Thread>::new::thread_start
[INFO] [stdout]   19:     0x70e2402b5dfa - <unknown>
[INFO] [stdout]   20:     0x70e2403493d4 - clone
[INFO] [stdout]   21:                0x0 - <unknown>
[INFO] [stdout] 
[INFO] [stdout] ---- tests::method_tests::test_heuns_accuracy stdout ----
[INFO] [stdout] Heun's Method:
[INFO] [stdout] 
[INFO] [stdout] thread 'tests::method_tests::test_heuns_accuracy' (742) panicked at src/tests/euler_three_thermal_mass_sys.rs:60:90:
[INFO] [stdout] called `Result::unwrap()` on an `Err` value: No such file or directory (os error 2)
[INFO] [stdout] stack backtrace:
[INFO] [stdout]    0:     0x5797cc0d6901 - <<std[617be2ca0a6fd877]::sys::backtrace::BacktraceLock>::print::DisplayBacktrace as core[a373ad73a504971]::fmt::Display>::fmt
[INFO] [stdout]    1:     0x5797cc0ebaaa - core[a373ad73a504971]::fmt::write
[INFO] [stdout]    2:     0x5797cc0dabec - <alloc[2e1b2a31b91974c5]::vec::Vec<u8> as core[a373ad73a504971]::io::write::Write>::write_fmt
[INFO] [stdout]    3:     0x5797cc0b2a26 - std[617be2ca0a6fd877]::panicking::default_hook::{closure#0}
[INFO] [stdout]    4:     0x5797cc0cef99 - std[617be2ca0a6fd877]::panicking::default_hook
[INFO] [stdout]    5:     0x5797cc051a20 - test[aada8e7e76ba119b]::test_main_inner::{closure#0}
[INFO] [stdout]    6:     0x5797cc0cf152 - std[617be2ca0a6fd877]::panicking::panic_with_hook
[INFO] [stdout]    7:     0x5797cc0b2ad2 - std[617be2ca0a6fd877]::panicking::panic_handler::{closure#0}
[INFO] [stdout]    8:     0x5797cc0ab7b9 - std[617be2ca0a6fd877]::sys::backtrace::__rust_end_short_backtrace::<std[617be2ca0a6fd877]::panicking::panic_handler::{closure#0}, !>
[INFO] [stdout]    9:     0x5797cc0b36dd - __rustc[ea4f61d10b84890b]::rust_begin_unwind
[INFO] [stdout]   10:     0x5797cc0ec1dc - core[a373ad73a504971]::panicking::panic_fmt
[INFO] [stdout]   11:     0x5797cc0ebfb2 - core[a373ad73a504971]::result::unwrap_failed
[INFO] [stdout]   12:     0x5797cc042725 - dess_examples[b1ee9cf253465d9b]::tests::euler_three_thermal_mass_sys::test_method_against_euler_baseline
[INFO] [stdout]   13:     0x5797cc043a2a - <dess_examples[b1ee9cf253465d9b]::tests::method_tests::test_heuns_accuracy::{closure#0} as core[a373ad73a504971]::ops::function::FnOnce<()>>::call_once
[INFO] [stdout]   14:     0x5797cc044e6b - test[aada8e7e76ba119b]::__rust_begin_short_backtrace::<core[a373ad73a504971]::result::Result<(), alloc[2e1b2a31b91974c5]::string::String>, fn() -> core[a373ad73a504971]::result::Result<(), alloc[2e1b2a31b91974c5]::string::String>>
[INFO] [stdout]   15:     0x5797cc052045 - test[aada8e7e76ba119b]::run_test::{closure#0}
[INFO] [stdout]   16:     0x5797cc04b934 - std[617be2ca0a6fd877]::sys::backtrace::__rust_begin_short_backtrace::<test[aada8e7e76ba119b]::run_test::{closure#1}, ()>
[INFO] [stdout]   17:     0x5797cc0550d2 - <std[617be2ca0a6fd877]::thread::lifecycle::spawn_unchecked<test[aada8e7e76ba119b]::run_test::{closure#1}, ()>::{closure#1} as core[a373ad73a504971]::ops::function::FnOnce<()>>::call_once::{shim:vtable#0}
[INFO] [stdout]   18:     0x5797cc0d615f - <std[617be2ca0a6fd877]::sys::thread::unix::Thread>::new::thread_start
[INFO] [stdout]   19:     0x70e2402b5dfa - <unknown>
[INFO] [stdout]   20:     0x70e2403493d4 - clone
[INFO] [stdout]   21:                0x0 - <unknown>
[INFO] [stdout] 
[INFO] [stdout] ---- three_thermal_mass_sys::tests::test_rk45_against_benchmark stdout ----
[INFO] [stdout] 
[INFO] [stdout] thread 'three_thermal_mass_sys::tests::test_rk45_against_benchmark' (754) panicked at src/three_thermal_mass_sys.rs:601:80:
[INFO] [stdout] called `Result::unwrap()` on an `Err` value: No such file or directory (os error 2)
[INFO] [stdout] stack backtrace:
[INFO] [stdout]    0:     0x5797cc0d6901 - <<std[617be2ca0a6fd877]::sys::backtrace::BacktraceLock>::print::DisplayBacktrace as core[a373ad73a504971]::fmt::Display>::fmt
[INFO] [stdout]    1:     0x5797cc0ebaaa - core[a373ad73a504971]::fmt::write
[INFO] [stdout]    2:     0x5797cc0dabec - <alloc[2e1b2a31b91974c5]::vec::Vec<u8> as core[a373ad73a504971]::io::write::Write>::write_fmt
[INFO] [stdout]    3:     0x5797cc0b2a26 - std[617be2ca0a6fd877]::panicking::default_hook::{closure#0}
[INFO] [stdout]    4:     0x5797cc0cef99 - std[617be2ca0a6fd877]::panicking::default_hook
[INFO] [stdout]    5:     0x5797cc051a20 - test[aada8e7e76ba119b]::test_main_inner::{closure#0}
[INFO] [stdout]    6:     0x5797cc0cf152 - std[617be2ca0a6fd877]::panicking::panic_with_hook
[INFO] [stdout]    7:     0x5797cc0b2ad2 - std[617be2ca0a6fd877]::panicking::panic_handler::{closure#0}
[INFO] [stdout]    8:     0x5797cc0ab7b9 - std[617be2ca0a6fd877]::sys::backtrace::__rust_end_short_backtrace::<std[617be2ca0a6fd877]::panicking::panic_handler::{closure#0}, !>
[INFO] [stdout]    9:     0x5797cc0b36dd - __rustc[ea4f61d10b84890b]::rust_begin_unwind
[INFO] [stdout]   10:     0x5797cc0ec1dc - core[a373ad73a504971]::panicking::panic_fmt
[INFO] [stdout]   11:     0x5797cc0ebfb2 - core[a373ad73a504971]::result::unwrap_failed
[INFO] [stdout]   12:     0x5797cc03a694 - <dess_examples[b1ee9cf253465d9b]::three_thermal_mass_sys::tests::test_rk45_against_benchmark::{closure#0} as core[a373ad73a504971]::ops::function::FnOnce<()>>::call_once
[INFO] [stdout]   13:     0x5797cc044e6b - test[aada8e7e76ba119b]::__rust_begin_short_backtrace::<core[a373ad73a504971]::result::Result<(), alloc[2e1b2a31b91974c5]::string::String>, fn() -> core[a373ad73a504971]::result::Result<(), alloc[2e1b2a31b91974c5]::string::String>>
[INFO] [stdout]   14:     0x5797cc052045 - test[aada8e7e76ba119b]::run_test::{closure#0}
[INFO] [stdout]   15:     0x5797cc04b934 - std[617be2ca0a6fd877]::sys::backtrace::__rust_begin_short_backtrace::<test[aada8e7e76ba119b]::run_test::{closure#1}, ()>
[INFO] [stdout]   16:     0x5797cc0550d2 - <std[617be2ca0a6fd877]::thread::lifecycle::spawn_unchecked<test[aada8e7e76ba119b]::run_test::{closure#1}, ()>::{closure#1} as core[a373ad73a504971]::ops::function::FnOnce<()>>::call_once::{shim:vtable#0}
[INFO] [stdout]   17:     0x5797cc0d615f - <std[617be2ca0a6fd877]::sys::thread::unix::Thread>::new::thread_start
[INFO] [stdout]   18:     0x70e2402b5dfa - <unknown>
[INFO] [stdout]   19:     0x70e2403493d4 - clone
[INFO] [stdout]   20:                0x0 - <unknown>
[INFO] [stdout] 
[INFO] [stdout] ---- tests::method_tests::test_eulers_accuracy stdout ----
[INFO] [stdout] Euler's Method:
[INFO] [stdout] 
[INFO] [stdout] thread 'tests::method_tests::test_eulers_accuracy' (741) panicked at src/tests/euler_three_thermal_mass_sys.rs:60:90:
[INFO] [stdout] called `Result::unwrap()` on an `Err` value: No such file or directory (os error 2)
[INFO] [stdout] stack backtrace:
[INFO] [stdout]    0:     0x5797cc0d6901 - <<std[617be2ca0a6fd877]::sys::backtrace::BacktraceLock>::print::DisplayBacktrace as core[a373ad73a504971]::fmt::Display>::fmt
[INFO] [stdout]    1:     0x5797cc0ebaaa - core[a373ad73a504971]::fmt::write
[INFO] [stdout]    2:     0x5797cc0dabec - <alloc[2e1b2a31b91974c5]::vec::Vec<u8> as core[a373ad73a504971]::io::write::Write>::write_fmt
[INFO] [stdout]    3:     0x5797cc0b2a26 - std[617be2ca0a6fd877]::panicking::default_hook::{closure#0}
[INFO] [stdout]    4:     0x5797cc0cef99 - std[617be2ca0a6fd877]::panicking::default_hook
[INFO] [stdout]    5:     0x5797cc051a20 - test[aada8e7e76ba119b]::test_main_inner::{closure#0}
[INFO] [stdout]    6:     0x5797cc0cf152 - std[617be2ca0a6fd877]::panicking::panic_with_hook
[INFO] [stdout]    7:     0x5797cc0b2ad2 - std[617be2ca0a6fd877]::panicking::panic_handler::{closure#0}
[INFO] [stdout]    8:     0x5797cc0ab7b9 - std[617be2ca0a6fd877]::sys::backtrace::__rust_end_short_backtrace::<std[617be2ca0a6fd877]::panicking::panic_handler::{closure#0}, !>
[INFO] [stdout]    9:     0x5797cc0b36dd - __rustc[ea4f61d10b84890b]::rust_begin_unwind
[INFO] [stdout]   10:     0x5797cc0ec1dc - core[a373ad73a504971]::panicking::panic_fmt
[INFO] [stdout]   11:     0x5797cc0ebfb2 - core[a373ad73a504971]::result::unwrap_failed
[INFO] [stdout]   12:     0x5797cc042725 - dess_examples[b1ee9cf253465d9b]::tests::euler_three_thermal_mass_sys::test_method_against_euler_baseline
[INFO] [stdout]   13:     0x5797cc043a99 - <dess_examples[b1ee9cf253465d9b]::tests::method_tests::test_eulers_accuracy::{closure#0} as core[a373ad73a504971]::ops::function::FnOnce<()>>::call_once
[INFO] [stdout]   14:     0x5797cc044e6b - test[aada8e7e76ba119b]::__rust_begin_short_backtrace::<core[a373ad73a504971]::result::Result<(), alloc[2e1b2a31b91974c5]::string::String>, fn() -> core[a373ad73a504971]::result::Result<(), alloc[2e1b2a31b91974c5]::string::String>>
[INFO] [stdout]   15:     0x5797cc052045 - test[aada8e7e76ba119b]::run_test::{closure#0}
[INFO] [stdout]   16:     0x5797cc04b934 - std[617be2ca0a6fd877]::sys::backtrace::__rust_begin_short_backtrace::<test[aada8e7e76ba119b]::run_test::{closure#1}, ()>
[INFO] [stdout]   17:     0x5797cc0550d2 - <std[617be2ca0a6fd877]::thread::lifecycle::spawn_unchecked<test[aada8e7e76ba119b]::run_test::{closure#1}, ()>::{closure#1} as core[a373ad73a504971]::ops::function::FnOnce<()>>::call_once::{shim:vtable#0}
[INFO] [stdout]   18:     0x5797cc0d615f - <std[617be2ca0a6fd877]::sys::thread::unix::Thread>::new::thread_start
[INFO] [stdout]   19:     0x70e2402b5dfa - <unknown>
[INFO] [stdout]   20:     0x70e2403493d4 - clone
[INFO] [stdout]   21:                0x0 - <unknown>
[INFO] [stdout] 
[INFO] [stdout] ---- three_thermal_mass_sys::tests::test_rk4_against_benchmark stdout ----
[INFO] [stdout] 
[INFO] [stdout] thread 'three_thermal_mass_sys::tests::test_rk4_against_benchmark' (755) panicked at src/three_thermal_mass_sys.rs:533:80:
[INFO] [stdout] called `Result::unwrap()` on an `Err` value: No such file or directory (os error 2)
[INFO] [stdout] stack backtrace:
[INFO] [stdout]    0:     0x5797cc0d6901 - <<std[617be2ca0a6fd877]::sys::backtrace::BacktraceLock>::print::DisplayBacktrace as core[a373ad73a504971]::fmt::Display>::fmt
[INFO] [stdout]    1:     0x5797cc0ebaaa - core[a373ad73a504971]::fmt::write
[INFO] [stdout]    2:     0x5797cc0dabec - <alloc[2e1b2a31b91974c5]::vec::Vec<u8> as core[a373ad73a504971]::io::write::Write>::write_fmt
[INFO] [stdout]    3:     0x5797cc0b2a26 - std[617be2ca0a6fd877]::panicking::default_hook::{closure#0}
[INFO] [stdout]    4:     0x5797cc0cef99 - std[617be2ca0a6fd877]::panicking::default_hook
[INFO] [stdout]    5:     0x5797cc051a20 - test[aada8e7e76ba119b]::test_main_inner::{closure#0}
[INFO] [stdout]    6:     0x5797cc0cf152 - std[617be2ca0a6fd877]::panicking::panic_with_hook
[INFO] [stdout]    7:     0x5797cc0b2ad2 - std[617be2ca0a6fd877]::panicking::panic_handler::{closure#0}
[INFO] [stdout]    8:     0x5797cc0ab7b9 - std[617be2ca0a6fd877]::sys::backtrace::__rust_end_short_backtrace::<std[617be2ca0a6fd877]::panicking::panic_handler::{closure#0}, !>
[INFO] [stdout]    9:     0x5797cc0b36dd - __rustc[ea4f61d10b84890b]::rust_begin_unwind
[INFO] [stdout]   10:     0x5797cc0ec1dc - core[a373ad73a504971]::panicking::panic_fmt
[INFO] [stdout]   11:     0x5797cc0ebfb2 - core[a373ad73a504971]::result::unwrap_failed
[INFO] [stdout]   12:     0x5797cc03a014 - <dess_examples[b1ee9cf253465d9b]::three_thermal_mass_sys::tests::test_rk4_against_benchmark::{closure#0} as core[a373ad73a504971]::ops::function::FnOnce<()>>::call_once
[INFO] [stdout]   13:     0x5797cc044e6b - test[aada8e7e76ba119b]::__rust_begin_short_backtrace::<core[a373ad73a504971]::result::Result<(), alloc[2e1b2a31b91974c5]::string::String>, fn() -> core[a373ad73a504971]::result::Result<(), alloc[2e1b2a31b91974c5]::string::String>>
[INFO] [stdout]   14:     0x5797cc052045 - test[aada8e7e76ba119b]::run_test::{closure#0}
[INFO] [stdout]   15:     0x5797cc04b934 - std[617be2ca0a6fd877]::sys::backtrace::__rust_begin_short_backtrace::<test[aada8e7e76ba119b]::run_test::{closure#1}, ()>
[INFO] [stdout]   16:     0x5797cc0550d2 - <std[617be2ca0a6fd877]::thread::lifecycle::spawn_unchecked<test[aada8e7e76ba119b]::run_test::{closure#1}, ()>::{closure#1} as core[a373ad73a504971]::ops::function::FnOnce<()>>::call_once::{shim:vtable#0}
[INFO] [stdout]   17:     0x5797cc0d615f - <std[617be2ca0a6fd877]::sys::thread::unix::Thread>::new::thread_start
[INFO] [stdout]   18:     0x70e2402b5dfa - <unknown>
[INFO] [stdout]   19:     0x70e2403493d4 - clone
[INFO] [stdout]   20:                0x0 - <unknown>
[INFO] [stdout] 
[INFO] [stdout] ---- three_thermal_mass_sys::tests::test_rk23_against_benchmark stdout ----
[INFO] [stdout] 
[INFO] [stdout] thread 'three_thermal_mass_sys::tests::test_rk23_against_benchmark' (753) panicked at src/three_thermal_mass_sys.rs:519:80:
[INFO] [stdout] called `Result::unwrap()` on an `Err` value: No such file or directory (os error 2)
[INFO] [stdout] stack backtrace:
[INFO] [stdout]    0:     0x5797cc0d6901 - <<std[617be2ca0a6fd877]::sys::backtrace::BacktraceLock>::print::DisplayBacktrace as core[a373ad73a504971]::fmt::Display>::fmt
[INFO] [stdout]    1:     0x5797cc0ebaaa - core[a373ad73a504971]::fmt::write
[INFO] [stdout]    2:     0x5797cc0dabec - <alloc[2e1b2a31b91974c5]::vec::Vec<u8> as core[a373ad73a504971]::io::write::Write>::write_fmt
[INFO] [stdout]    3:     0x5797cc0b2a26 - std[617be2ca0a6fd877]::panicking::default_hook::{closure#0}
[INFO] [stdout]    4:     0x5797cc0cef99 - std[617be2ca0a6fd877]::panicking::default_hook
[INFO] [stdout]    5:     0x5797cc051a20 - test[aada8e7e76ba119b]::test_main_inner::{closure#0}
[INFO] [stdout]    6:     0x5797cc0cf152 - std[617be2ca0a6fd877]::panicking::panic_with_hook
[INFO] [stdout]    7:     0x5797cc0b2ad2 - std[617be2ca0a6fd877]::panicking::panic_handler::{closure#0}
[INFO] [stdout]    8:     0x5797cc0ab7b9 - std[617be2ca0a6fd877]::sys::backtrace::__rust_end_short_backtrace::<std[617be2ca0a6fd877]::panicking::panic_handler::{closure#0}, !>
[INFO] [stdout]    9:     0x5797cc0b36dd - __rustc[ea4f61d10b84890b]::rust_begin_unwind
[INFO] [stdout]   10:     0x5797cc0ec1dc - core[a373ad73a504971]::panicking::panic_fmt
[INFO] [stdout]   11:     0x5797cc0ebfb2 - core[a373ad73a504971]::result::unwrap_failed
[INFO] [stdout]   12:     0x5797cc03a354 - <dess_examples[b1ee9cf253465d9b]::three_thermal_mass_sys::tests::test_rk23_against_benchmark::{closure#0} as core[a373ad73a504971]::ops::function::FnOnce<()>>::call_once
[INFO] [stdout]   13:     0x5797cc044e6b - test[aada8e7e76ba119b]::__rust_begin_short_backtrace::<core[a373ad73a504971]::result::Result<(), alloc[2e1b2a31b91974c5]::string::String>, fn() -> core[a373ad73a504971]::result::Result<(), alloc[2e1b2a31b91974c5]::string::String>>
[INFO] [stdout]   14:     0x5797cc052045 - test[aada8e7e76ba119b]::run_test::{closure#0}
[INFO] [stdout]   15:     0x5797cc04b934 - std[617be2ca0a6fd877]::sys::backtrace::__rust_begin_short_backtrace::<test[aada8e7e76ba119b]::run_test::{closure#1}, ()>
[INFO] [stdout]   16:     0x5797cc0550d2 - <std[617be2ca0a6fd877]::thread::lifecycle::spawn_unchecked<test[aada8e7e76ba119b]::run_test::{closure#1}, ()>::{closure#1} as core[a373ad73a504971]::ops::function::FnOnce<()>>::call_once::{shim:vtable#0}
[INFO] [stdout]   17:     0x5797cc0d615f - <std[617be2ca0a6fd877]::sys::thread::unix::Thread>::new::thread_start
[INFO] [stdout]   18:     0x70e2402b5dfa - <unknown>
[INFO] [stdout]   19:     0x70e2403493d4 - clone
[INFO] [stdout]   20:                0x0 - <unknown>
[INFO] [stdout] 
[INFO] [stdout] ---- tests::method_tests::test_ralstons_accuracy stdout ----
[INFO] [stdout] Ralston's Method:
[INFO] [stdout] 
[INFO] [stdout] thread 'tests::method_tests::test_ralstons_accuracy' (744) panicked at src/tests/euler_three_thermal_mass_sys.rs:60:90:
[INFO] [stdout] called `Result::unwrap()` on an `Err` value: No such file or directory (os error 2)
[INFO] [stdout] stack backtrace:
[INFO] [stdout]    0:     0x5797cc0d6901 - <<std[617be2ca0a6fd877]::sys::backtrace::BacktraceLock>::print::DisplayBacktrace as core[a373ad73a504971]::fmt::Display>::fmt
[INFO] [stdout]    1:     0x5797cc0ebaaa - core[a373ad73a504971]::fmt::write
[INFO] [stdout]    2:     0x5797cc0dabec - <alloc[2e1b2a31b91974c5]::vec::Vec<u8> as core[a373ad73a504971]::io::write::Write>::write_fmt
[INFO] [stdout]    3:     0x5797cc0b2a26 - std[617be2ca0a6fd877]::panicking::default_hook::{closure#0}
[INFO] [stdout]    4:     0x5797cc0cef99 - std[617be2ca0a6fd877]::panicking::default_hook
[INFO] [stdout]    5:     0x5797cc051a20 - test[aada8e7e76ba119b]::test_main_inner::{closure#0}
[INFO] [stdout]    6:     0x5797cc0cf152 - std[617be2ca0a6fd877]::panicking::panic_with_hook
[INFO] [stdout]    7:     0x5797cc0b2ad2 - std[617be2ca0a6fd877]::panicking::panic_handler::{closure#0}
[INFO] [stdout]    8:     0x5797cc0ab7b9 - std[617be2ca0a6fd877]::sys::backtrace::__rust_end_short_backtrace::<std[617be2ca0a6fd877]::panicking::panic_handler::{closure#0}, !>
[INFO] [stdout]    9:     0x5797cc0b36dd - __rustc[ea4f61d10b84890b]::rust_begin_unwind
[INFO] [stdout]   10:     0x5797cc0ec1dc - core[a373ad73a504971]::panicking::panic_fmt
[INFO] [stdout]   11:     0x5797cc0ebfb2 - core[a373ad73a504971]::result::unwrap_failed
[INFO] [stdout]   12:     0x5797cc042725 - dess_examples[b1ee9cf253465d9b]::tests::euler_three_thermal_mass_sys::test_method_against_euler_baseline
[INFO] [stdout]   13:     0x5797cc043bbc - <dess_examples[b1ee9cf253465d9b]::tests::method_tests::test_ralstons_accuracy::{closure#0} as core[a373ad73a504971]::ops::function::FnOnce<()>>::call_once
[INFO] [stdout]   14:     0x5797cc044e6b - test[aada8e7e76ba119b]::__rust_begin_short_backtrace::<core[a373ad73a504971]::result::Result<(), alloc[2e1b2a31b91974c5]::string::String>, fn() -> core[a373ad73a504971]::result::Result<(), alloc[2e1b2a31b91974c5]::string::String>>
[INFO] [stdout]   15:     0x5797cc052045 - test[aada8e7e76ba119b]::run_test::{closure#0}
[INFO] [stdout]   16:     0x5797cc04b934 - std[617be2ca0a6fd877]::sys::backtrace::__rust_begin_short_backtrace::<test[aada8e7e76ba119b]::run_test::{closure#1}, ()>
[INFO] [stdout]   17:     0x5797cc0550d2 - <std[617be2ca0a6fd877]::thread::lifecycle::spawn_unchecked<test[aada8e7e76ba119b]::run_test::{closure#1}, ()>::{closure#1} as core[a373ad73a504971]::ops::function::FnOnce<()>>::call_once::{shim:vtable#0}
[INFO] [stdout]   18:     0x5797cc0d615f - <std[617be2ca0a6fd877]::sys::thread::unix::Thread>::new::thread_start
[INFO] [stdout]   19:     0x70e2402b5dfa - <unknown>
[INFO] [stdout]   20:     0x70e2403493d4 - clone
[INFO] [stdout]   21:                0x0 - <unknown>
[INFO] [stdout] 
[INFO] [stdout] ---- tests::method_tests::test_rk45_accuracy stdout ----
[INFO] [stdout] RK45 (Cash-Karp) Method:
[INFO] [stdout] 
[INFO] [stdout] thread 'tests::method_tests::test_rk45_accuracy' (746) panicked at src/tests/euler_three_thermal_mass_sys.rs:60:90:
[INFO] [stdout] called `Result::unwrap()` on an `Err` value: No such file or directory (os error 2)
[INFO] [stdout] stack backtrace:
[INFO] [stdout]    0:     0x5797cc0d6901 - <<std[617be2ca0a6fd877]::sys::backtrace::BacktraceLock>::print::DisplayBacktrace as core[a373ad73a504971]::fmt::Display>::fmt
[INFO] [stdout]    1:     0x5797cc0ebaaa - core[a373ad73a504971]::fmt::write
[INFO] [stdout]    2:     0x5797cc0dabec - <alloc[2e1b2a31b91974c5]::vec::Vec<u8> as core[a373ad73a504971]::io::write::Write>::write_fmt
[INFO] [stdout]    3:     0x5797cc0b2a26 - std[617be2ca0a6fd877]::panicking::default_hook::{closure#0}
[INFO] [stdout]    4:     0x5797cc0cef99 - std[617be2ca0a6fd877]::panicking::default_hook
[INFO] [stdout]    5:     0x5797cc051a20 - test[aada8e7e76ba119b]::test_main_inner::{closure#0}
[INFO] [stdout]    6:     0x5797cc0cf152 - std[617be2ca0a6fd877]::panicking::panic_with_hook
[INFO] [stdout]    7:     0x5797cc0b2ad2 - std[617be2ca0a6fd877]::panicking::panic_handler::{closure#0}
[INFO] [stdout]    8:     0x5797cc0ab7b9 - std[617be2ca0a6fd877]::sys::backtrace::__rust_end_short_backtrace::<std[617be2ca0a6fd877]::panicking::panic_handler::{closure#0}, !>
[INFO] [stdout]    9:     0x5797cc0b36dd - __rustc[ea4f61d10b84890b]::rust_begin_unwind
[INFO] [stdout]   10:     0x5797cc0ec1dc - core[a373ad73a504971]::panicking::panic_fmt
[INFO] [stdout]   11:     0x5797cc0ebfb2 - core[a373ad73a504971]::result::unwrap_failed
[INFO] [stdout]   12:     0x5797cc042725 - dess_examples[b1ee9cf253465d9b]::tests::euler_three_thermal_mass_sys::test_method_against_euler_baseline
[INFO] [stdout]   13:     0x5797cc043838 - <dess_examples[b1ee9cf253465d9b]::tests::method_tests::test_rk45_accuracy::{closure#0} as core[a373ad73a504971]::ops::function::FnOnce<()>>::call_once
[INFO] [stdout]   14:     0x5797cc044e6b - test[aada8e7e76ba119b]::__rust_begin_short_backtrace::<core[a373ad73a504971]::result::Result<(), alloc[2e1b2a31b91974c5]::string::String>, fn() -> core[a373ad73a504971]::result::Result<(), alloc[2e1b2a31b91974c5]::string::String>>
[INFO] [stdout]   15:     0x5797cc052045 - test[aada8e7e76ba119b]::run_test::{closure#0}
[INFO] [stdout]   16:     0x5797cc04b934 - std[617be2ca0a6fd877]::sys::backtrace::__rust_begin_short_backtrace::<test[aada8e7e76ba119b]::run_test::{closure#1}, ()>
[INFO] [stdout]   17:     0x5797cc0550d2 - <std[617be2ca0a6fd877]::thread::lifecycle::spawn_unchecked<test[aada8e7e76ba119b]::run_test::{closure#1}, ()>::{closure#1} as core[a373ad73a504971]::ops::function::FnOnce<()>>::call_once::{shim:vtable#0}
[INFO] [stdout]   18:     0x5797cc0d615f - <std[617be2ca0a6fd877]::sys::thread::unix::Thread>::new::thread_start
[INFO] [stdout]   19:     0x70e2402b5dfa - <unknown>
[INFO] [stdout]   20:     0x70e2403493d4 - clone
[INFO] [stdout]   21:                0x0 - <unknown>
[INFO] [stdout] 
[INFO] [stdout] ---- three_thermal_mass_sys::tests::test_midpoint_against_benchmark stdout ----
[INFO] [stdout] 
[INFO] [stdout] thread 'three_thermal_mass_sys::tests::test_midpoint_against_benchmark' (751) panicked at src/three_thermal_mass_sys.rs:489:80:
[INFO] [stdout] called `Result::unwrap()` on an `Err` value: No such file or directory (os error 2)
[INFO] [stdout] stack backtrace:
[INFO] [stdout]    0:     0x5797cc0d6901 - <<std[617be2ca0a6fd877]::sys::backtrace::BacktraceLock>::print::DisplayBacktrace as core[a373ad73a504971]::fmt::Display>::fmt
[INFO] [stdout]    1:     0x5797cc0ebaaa - core[a373ad73a504971]::fmt::write
[INFO] [stdout]    2:     0x5797cc0dabec - <alloc[2e1b2a31b91974c5]::vec::Vec<u8> as core[a373ad73a504971]::io::write::Write>::write_fmt
[INFO] [stdout]    3:     0x5797cc0b2a26 - std[617be2ca0a6fd877]::panicking::default_hook::{closure#0}
[INFO] [stdout]    4:     0x5797cc0cef99 - std[617be2ca0a6fd877]::panicking::default_hook
[INFO] [stdout]    5:     0x5797cc051a20 - test[aada8e7e76ba119b]::test_main_inner::{closure#0}
[INFO] [stdout]    6:     0x5797cc0cf152 - std[617be2ca0a6fd877]::panicking::panic_with_hook
[INFO] [stdout]    7:     0x5797cc0b2ad2 - std[617be2ca0a6fd877]::panicking::panic_handler::{closure#0}
[INFO] [stdout]    8:     0x5797cc0ab7b9 - std[617be2ca0a6fd877]::sys::backtrace::__rust_end_short_backtrace::<std[617be2ca0a6fd877]::panicking::panic_handler::{closure#0}, !>
[INFO] [stdout]    9:     0x5797cc0b36dd - __rustc[ea4f61d10b84890b]::rust_begin_unwind
[INFO] [stdout]   10:     0x5797cc0ec1dc - core[a373ad73a504971]::panicking::panic_fmt
[INFO] [stdout]   11:     0x5797cc0ebfb2 - core[a373ad73a504971]::result::unwrap_failed
[INFO] [stdout]   12:     0x5797cc03b054 - <dess_examples[b1ee9cf253465d9b]::three_thermal_mass_sys::tests::test_midpoint_against_benchmark::{closure#0} as core[a373ad73a504971]::ops::function::FnOnce<()>>::call_once
[INFO] [stdout]   13:     0x5797cc044e6b - test[aada8e7e76ba119b]::__rust_begin_short_backtrace::<core[a373ad73a504971]::result::Result<(), alloc[2e1b2a31b91974c5]::string::String>, fn() -> core[a373ad73a504971]::result::Result<(), alloc[2e1b2a31b91974c5]::string::String>>
[INFO] [stdout]   14:     0x5797cc052045 - test[aada8e7e76ba119b]::run_test::{closure#0}
[INFO] [stdout]   15:     0x5797cc04b934 - std[617be2ca0a6fd877]::sys::backtrace::__rust_begin_short_backtrace::<test[aada8e7e76ba119b]::run_test::{closure#1}, ()>
[INFO] [stdout]   16:     0x5797cc0550d2 - <std[617be2ca0a6fd877]::thread::lifecycle::spawn_unchecked<test[aada8e7e76ba119b]::run_test::{closure#1}, ()>::{closure#1} as core[a373ad73a504971]::ops::function::FnOnce<()>>::call_once::{shim:vtable#0}
[INFO] [stdout]   17:     0x5797cc0d615f - <std[617be2ca0a6fd877]::sys::thread::unix::Thread>::new::thread_start
[INFO] [stdout]   18:     0x70e2402b5dfa - <unknown>
[INFO] [stdout]   19:     0x70e2403493d4 - clone
[INFO] [stdout]   20:                0x0 - <unknown>
[INFO] [stdout] 
[INFO] [stdout] ---- tests::method_tests::test_rk23_accuracy stdout ----
[INFO] [stdout] RK23 (Bogacki-Shampine) Method:
[INFO] [stdout] 
[INFO] [stdout] thread 'tests::method_tests::test_rk23_accuracy' (745) panicked at src/tests/euler_three_thermal_mass_sys.rs:60:90:
[INFO] [stdout] called `Result::unwrap()` on an `Err` value: No such file or directory (os error 2)
[INFO] [stdout] stack backtrace:
[INFO] [stdout]    0:     0x5797cc0d6901 - <<std[617be2ca0a6fd877]::sys::backtrace::BacktraceLock>::print::DisplayBacktrace as core[a373ad73a504971]::fmt::Display>::fmt
[INFO] [stdout]    1:     0x5797cc0ebaaa - core[a373ad73a504971]::fmt::write
[INFO] [stdout]    2:     0x5797cc0dabec - <alloc[2e1b2a31b91974c5]::vec::Vec<u8> as core[a373ad73a504971]::io::write::Write>::write_fmt
[INFO] [stdout]    3:     0x5797cc0b2a26 - std[617be2ca0a6fd877]::panicking::default_hook::{closure#0}
[INFO] [stdout]    4:     0x5797cc0cef99 - std[617be2ca0a6fd877]::panicking::default_hook
[INFO] [stdout]    5:     0x5797cc051a20 - test[aada8e7e76ba119b]::test_main_inner::{closure#0}
[INFO] [stdout]    6:     0x5797cc0cf152 - std[617be2ca0a6fd877]::panicking::panic_with_hook
[INFO] [stdout]    7:     0x5797cc0b2ad2 - std[617be2ca0a6fd877]::panicking::panic_handler::{closure#0}
[INFO] [stdout]    8:     0x5797cc0ab7b9 - std[617be2ca0a6fd877]::sys::backtrace::__rust_end_short_backtrace::<std[617be2ca0a6fd877]::panicking::panic_handler::{closure#0}, !>
[INFO] [stdout]    9:     0x5797cc0b36dd - __rustc[ea4f61d10b84890b]::rust_begin_unwind
[INFO] [stdout]   10:     0x5797cc0ec1dc - core[a373ad73a504971]::panicking::panic_fmt
[INFO] [stdout]   11:     0x5797cc0ebfb2 - core[a373ad73a504971]::result::unwrap_failed
[INFO] [stdout]   12:     0x5797cc042725 - dess_examples[b1ee9cf253465d9b]::tests::euler_three_thermal_mass_sys::test_method_against_euler_baseline
[INFO] [stdout]   13:     0x5797cc043551 - <dess_examples[b1ee9cf253465d9b]::tests::method_tests::test_rk23_accuracy::{closure#0} as core[a373ad73a504971]::ops::function::FnOnce<()>>::call_once
[INFO] [stdout]   14:     0x5797cc044e6b - test[aada8e7e76ba119b]::__rust_begin_short_backtrace::<core[a373ad73a504971]::result::Result<(), alloc[2e1b2a31b91974c5]::string::String>, fn() -> core[a373ad73a504971]::result::Result<(), alloc[2e1b2a31b91974c5]::string::String>>
[INFO] [stdout]   15:     0x5797cc052045 - test[aada8e7e76ba119b]::run_test::{closure#0}
[INFO] [stdout]   16:     0x5797cc04b934 - std[617be2ca0a6fd877]::sys::backtrace::__rust_begin_short_backtrace::<test[aada8e7e76ba119b]::run_test::{closure#1}, ()>
[INFO] [stdout]   17:     0x5797cc0550d2 - <std[617be2ca0a6fd877]::thread::lifecycle::spawn_unchecked<test[aada8e7e76ba119b]::run_test::{closure#1}, ()>::{closure#1} as core[a373ad73a504971]::ops::function::FnOnce<()>>::call_once::{shim:vtable#0}
[INFO] [stdout]   18:     0x5797cc0d615f - <std[617be2ca0a6fd877]::sys::thread::unix::Thread>::new::thread_start
[INFO] [stdout]   19:     0x70e2402b5dfa - <unknown>
[INFO] [stdout]   20:     0x70e2403493d4 - clone
[INFO] [stdout]   21:                0x0 - <unknown>
[INFO] [stdout] 
[INFO] [stdout] ---- tests::method_tests::test_rk4_accuracy stdout ----
[INFO] [stdout] RK4 Method:
[INFO] [stdout] 
[INFO] [stdout] thread 'tests::method_tests::test_rk4_accuracy' (747) panicked at src/tests/euler_three_thermal_mass_sys.rs:60:90:
[INFO] [stdout] called `Result::unwrap()` on an `Err` value: No such file or directory (os error 2)
[INFO] [stdout] stack backtrace:
[INFO] [stdout]    0:     0x5797cc0d6901 - <<std[617be2ca0a6fd877]::sys::backtrace::BacktraceLock>::print::DisplayBacktrace as core[a373ad73a504971]::fmt::Display>::fmt
[INFO] [stdout]    1:     0x5797cc0ebaaa - core[a373ad73a504971]::fmt::write
[INFO] [stdout]    2:     0x5797cc0dabec - <alloc[2e1b2a31b91974c5]::vec::Vec<u8> as core[a373ad73a504971]::io::write::Write>::write_fmt
[INFO] [stdout]    3:     0x5797cc0b2a26 - std[617be2ca0a6fd877]::panicking::default_hook::{closure#0}
[INFO] [stdout]    4:     0x5797cc0cef99 - std[617be2ca0a6fd877]::panicking::default_hook
[INFO] [stdout]    5:     0x5797cc051a20 - test[aada8e7e76ba119b]::test_main_inner::{closure#0}
[INFO] [stdout]    6:     0x5797cc0cf152 - std[617be2ca0a6fd877]::panicking::panic_with_hook
[INFO] [stdout]    7:     0x5797cc0b2ad2 - std[617be2ca0a6fd877]::panicking::panic_handler::{closure#0}
[INFO] [stdout]    8:     0x5797cc0ab7b9 - std[617be2ca0a6fd877]::sys::backtrace::__rust_end_short_backtrace::<std[617be2ca0a6fd877]::panicking::panic_handler::{closure#0}, !>
[INFO] [stdout]    9:     0x5797cc0b36dd - __rustc[ea4f61d10b84890b]::rust_begin_unwind
[INFO] [stdout]   10:     0x5797cc0ec1dc - core[a373ad73a504971]::panicking::panic_fmt
[INFO] [stdout]   11:     0x5797cc0ebfb2 - core[a373ad73a504971]::result::unwrap_failed
[INFO] [stdout]   12:     0x5797cc042725 - dess_examples[b1ee9cf253465d9b]::tests::euler_three_thermal_mass_sys::test_method_against_euler_baseline
[INFO] [stdout]   13:     0x5797cc04339c - <dess_examples[b1ee9cf253465d9b]::tests::method_tests::test_rk4_accuracy::{closure#0} as core[a373ad73a504971]::ops::function::FnOnce<()>>::call_once
[INFO] [stdout]   14:     0x5797cc044e6b - test[aada8e7e76ba119b]::__rust_begin_short_backtrace::<core[a373ad73a504971]::result::Result<(), alloc[2e1b2a31b91974c5]::string::String>, fn() -> core[a373ad73a504971]::result::Result<(), alloc[2e1b2a31b91974c5]::string::String>>
[INFO] [stdout]   15:     0x5797cc052045 - test[aada8e7e76ba119b]::run_test::{closure#0}
[INFO] [stdout]   16:     0x5797cc04b934 - std[617be2ca0a6fd877]::sys::backtrace::__rust_begin_short_backtrace::<test[aada8e7e76ba119b]::run_test::{closure#1}, ()>
[INFO] [stdout]   17:     0x5797cc0550d2 - <std[617be2ca0a6fd877]::thread::lifecycle::spawn_unchecked<test[aada8e7e76ba119b]::run_test::{closure#1}, ()>::{closure#1} as core[a373ad73a504971]::ops::function::FnOnce<()>>::call_once::{shim:vtable#0}
[INFO] [stdout]   18:     0x5797cc0d615f - <std[617be2ca0a6fd877]::sys::thread::unix::Thread>::new::thread_start
[INFO] [stdout]   19:     0x70e2402b5dfa - <unknown>
[INFO] [stdout]   20:     0x70e2403493d4 - clone
[INFO] [stdout]   21:                0x0 - <unknown>
[INFO] [stdout] 
[INFO] [stdout] 
[INFO] [stdout] failures:
[INFO] [stdout]     tests::method_tests::test_eulers_accuracy
[INFO] [stdout]     tests::method_tests::test_heuns_accuracy
[INFO] [stdout]     tests::method_tests::test_midpoint_accuracy
[INFO] [stdout]     tests::method_tests::test_ralstons_accuracy
[INFO] [stdout]     tests::method_tests::test_rk23_accuracy
[INFO] [stdout]     tests::method_tests::test_rk45_accuracy
[INFO] [stdout]     tests::method_tests::test_rk4_accuracy
[INFO] [stdout]     three_thermal_mass_sys::tests::test_euler_against_benchmark
[INFO] [stdout]     three_thermal_mass_sys::tests::test_heuns_against_benchmark
[INFO] [stdout]     three_thermal_mass_sys::tests::test_midpoint_against_benchmark
[INFO] [stdout]     three_thermal_mass_sys::tests::test_ralstons_against_benchmark
[INFO] [stdout]     three_thermal_mass_sys::tests::test_rk23_against_benchmark
[INFO] [stdout]     three_thermal_mass_sys::tests::test_rk45_against_benchmark
[INFO] [stdout]     three_thermal_mass_sys::tests::test_rk4_against_benchmark
[INFO] [stdout] 
[INFO] [stdout] test result: FAILED. 2 passed; 14 failed; 0 ignored; 0 measured; 0 filtered out; finished in 0.01s
[INFO] [stdout] 
[INFO] [stderr] error: test failed, to rerun pass `--lib`
[INFO] running `Command { std: "docker" "inspect" "9fe979831f2f95fde02728de9292319ac250fd89c36d2ee1693e3fe5537bbfe5", kill_on_drop: false }`
[INFO] running `Command { std: "docker" "rm" "-f" "9fe979831f2f95fde02728de9292319ac250fd89c36d2ee1693e3fe5537bbfe5", kill_on_drop: false }`
[INFO] [stdout] 9fe979831f2f95fde02728de9292319ac250fd89c36d2ee1693e3fe5537bbfe5
