[INFO] fetching crate despatma-dependency-container 0.3.8...
[INFO] testing despatma-dependency-container-0.3.8 against 1.100.0-beta.1+cargoflags=--release for beta-release-1.100-2
[INFO] extracting crate despatma-dependency-container 0.3.8 into /workspace/builds/worker-0-tc2/source
[INFO] started tweaking crates.io crate despatma-dependency-container 0.3.8
[INFO] removed 0 missing tests
[INFO] finished tweaking crates.io crate despatma-dependency-container 0.3.8
[INFO] tweaked toml for crates.io crate despatma-dependency-container 0.3.8 written to /workspace/builds/worker-0-tc2/source/Cargo.toml
[INFO] validating manifest of crates.io crate despatma-dependency-container 0.3.8 on toolchain 1.100.0-beta.1
[INFO] running `Command { std: CARGO_HOME="/workspace/cargo-home" RUSTUP_HOME="/workspace/rustup-home" "/workspace/cargo-home/bin/cargo" "+1.100.0-beta.1" "metadata" "--manifest-path" "Cargo.toml" "--no-deps", kill_on_drop: false }`
[INFO] crate crates.io crate despatma-dependency-container 0.3.8 already has a lockfile, it will not be regenerated
[INFO] running `Command { std: CARGO_HOME="/workspace/cargo-home" RUSTUP_HOME="/workspace/rustup-home" "/workspace/cargo-home/bin/cargo" "+1.100.0-beta.1" "fetch" "--manifest-path" "Cargo.toml", kill_on_drop: false }`
[INFO] running `Command { std: "docker" "create" "-v" "/var/lib/crater-agent-workspace/builds/worker-0-tc2/source:/opt/rustwide/workdir:ro,Z" "-v" "/var/lib/crater-agent-workspace/builds/worker-0-tc2/target:/opt/rustwide/target:rw,Z" "-v" "/var/lib/crater-agent-workspace/cargo-home:/opt/rustwide/cargo-home:ro,Z" "-v" "/var/lib/crater-agent-workspace/rustup-home:/opt/rustwide/rustup-home:ro,Z" "-m" "1610612736" "--network" "none" "ghcr.io/rust-lang/crates-build-env/linux@sha256:77db811e55d90add9212f6832c23229e3de5f1c1f9905e8cb07319ea15df73ac" "sleep" "infinity", kill_on_drop: false }`
[INFO] [stdout] a1f51158eec1d77f5b479be45a6b96fe3119d0f8979a017ef4bba820425ebfd8
[INFO] running `Command { std: "docker" "start" "a1f51158eec1d77f5b479be45a6b96fe3119d0f8979a017ef4bba820425ebfd8", kill_on_drop: false }`
[INFO] running `Command { std: "docker" "inspect" "a1f51158eec1d77f5b479be45a6b96fe3119d0f8979a017ef4bba820425ebfd8", kill_on_drop: false }`
[INFO] running `Command { std: "docker" "exec" "-e" "SOURCE_DIR=/opt/rustwide/workdir" "-e" "CARGO_HOME=/opt/rustwide/cargo-home" "-e" "RUSTUP_HOME=/opt/rustwide/rustup-home" "-e" "CARGO_TARGET_DIR=/opt/rustwide/target" "-w" "/opt/rustwide/workdir" "--user" "0:0" "a1f51158eec1d77f5b479be45a6b96fe3119d0f8979a017ef4bba820425ebfd8" "/opt/rustwide/cargo-home/bin/cargo" "+1.100.0-beta.1" "metadata" "--no-deps" "--format-version=1", kill_on_drop: false }`
[INFO] running `Command { std: "docker" "inspect" "a1f51158eec1d77f5b479be45a6b96fe3119d0f8979a017ef4bba820425ebfd8", kill_on_drop: false }`
[INFO] running `Command { std: "docker" "exec" "-e" "SOURCE_DIR=/opt/rustwide/workdir" "-e" "CARGO_HOME=/opt/rustwide/cargo-home" "-e" "RUSTUP_HOME=/opt/rustwide/rustup-home" "-e" "CARGO_TARGET_DIR=/opt/rustwide/target" "-e" "CARGO_INCREMENTAL=0" "-e" "RUST_BACKTRACE=full" "-e" "RUSTFLAGS=--cap-lints=warn" "-e" "RUSTDOCFLAGS=--cap-lints=warn" "-w" "/opt/rustwide/workdir" "--user" "0:0" "a1f51158eec1d77f5b479be45a6b96fe3119d0f8979a017ef4bba820425ebfd8" "/opt/rustwide/cargo-home/bin/cargo" "+1.100.0-beta.1" "build" "--frozen" "--message-format=json" "--release", kill_on_drop: false }`
[INFO] [stderr]    Compiling convert_case v0.9.0
[INFO] [stderr]    Compiling syn v2.0.110
[INFO] [stderr]    Compiling proc-macro-error-attr2 v2.0.0
[INFO] [stderr]    Compiling tokenstream2-tmpl v0.1.2
[INFO] [stderr]    Compiling proc-macro-error2 v2.0.1
[INFO] [stderr]    Compiling despatma-lib v0.3.8
[INFO] [stderr]    Compiling despatma-visitor v0.3.8
[INFO] [stderr]    Compiling despatma-dependency-container v0.3.8 (/opt/rustwide/workdir)
[INFO] [stderr]     Finished `release` profile [optimized] target(s) in 27.98s
[INFO] [stderr] warning: the following packages contain code that will be rejected by a future version of Rust: proc-macro-error2 v2.0.1
[INFO] [stderr] note: to see what the problems were, use the option `--future-incompat-report`, or run `cargo report future-incompatibilities --id 6`
[INFO] running `Command { std: "docker" "inspect" "a1f51158eec1d77f5b479be45a6b96fe3119d0f8979a017ef4bba820425ebfd8", kill_on_drop: false }`
[INFO] running `Command { std: "docker" "exec" "-e" "SOURCE_DIR=/opt/rustwide/workdir" "-e" "CARGO_HOME=/opt/rustwide/cargo-home" "-e" "RUSTUP_HOME=/opt/rustwide/rustup-home" "-e" "CARGO_TARGET_DIR=/opt/rustwide/target" "-e" "CARGO_INCREMENTAL=0" "-e" "RUST_BACKTRACE=full" "-e" "RUSTFLAGS=--cap-lints=warn" "-e" "RUSTDOCFLAGS=--cap-lints=warn" "-w" "/opt/rustwide/workdir" "--user" "0:0" "a1f51158eec1d77f5b479be45a6b96fe3119d0f8979a017ef4bba820425ebfd8" "/opt/rustwide/cargo-home/bin/cargo" "+1.100.0-beta.1" "test" "--frozen" "--no-run" "--message-format=json" "--release", kill_on_drop: false }`
[INFO] [stderr]    Compiling syn v2.0.110
[INFO] [stderr]    Compiling serde_json v1.0.145
[INFO] [stderr]    Compiling serde_core v1.0.228
[INFO] [stderr]    Compiling prettyplease v0.2.37
[INFO] [stderr]    Compiling target-triple v1.0.0
[INFO] [stderr]    Compiling proc-macro2 v1.0.103
[INFO] [stderr]    Compiling unicode-ident v1.0.22
[INFO] [stderr]    Compiling quote v1.0.42
[INFO] [stderr]    Compiling winnow v0.7.13
[INFO] [stderr]    Compiling serde v1.0.228
[INFO] [stderr]    Compiling toml_writer v1.0.4
[INFO] [stderr]    Compiling memchr v2.7.6
[INFO] [stderr]    Compiling serde_spanned v1.0.3
[INFO] [stderr]    Compiling toml_datetime v0.7.3
[INFO] [stderr]    Compiling glob v0.3.3
[INFO] [stderr]    Compiling diff v0.1.13
[INFO] [stderr]    Compiling toml_parser v1.0.4
[INFO] [stderr]    Compiling yansi v1.0.1
[INFO] [stderr]    Compiling termcolor v1.4.1
[INFO] [stderr]    Compiling toml v0.9.8
[INFO] [stderr]    Compiling pretty_assertions v1.4.1
[INFO] [stderr]    Compiling async-once-cell v0.5.4
[INFO] [stderr]    Compiling tokenstream2-tmpl v0.1.2
[INFO] [stderr]    Compiling despatma-lib v0.3.8
[INFO] [stderr]    Compiling proc-macro-error2 v2.0.1
[INFO] [stderr]    Compiling serde_derive v1.0.228
[INFO] [stderr]    Compiling tokio-macros v2.6.0
[INFO] [stderr]    Compiling despatma-visitor v0.3.8
[INFO] [stderr]    Compiling auto_impl v1.3.0
[INFO] [stderr]    Compiling despatma-dependency-container v0.3.8 (/opt/rustwide/workdir)
[INFO] [stderr]    Compiling tokio v1.48.0
[INFO] [stderr]    Compiling macrotest v1.2.0
[INFO] [stderr]    Compiling trybuild v1.0.114
[INFO] [stderr]     Finished `release` profile [optimized] target(s) in 2m 20s
[INFO] [stderr] warning: the following packages contain code that will be rejected by a future version of Rust: proc-macro-error2 v2.0.1
[INFO] [stderr] note: to see what the problems were, use the option `--future-incompat-report`, or run `cargo report future-incompatibilities --id 7`
[INFO] running `Command { std: "docker" "inspect" "a1f51158eec1d77f5b479be45a6b96fe3119d0f8979a017ef4bba820425ebfd8", kill_on_drop: false }`
[INFO] running `Command { std: "docker" "exec" "-e" "SOURCE_DIR=/opt/rustwide/workdir" "-e" "CARGO_HOME=/opt/rustwide/cargo-home" "-e" "RUSTUP_HOME=/opt/rustwide/rustup-home" "-e" "CARGO_TARGET_DIR=/opt/rustwide/target" "-e" "CARGO_INCREMENTAL=0" "-e" "RUST_BACKTRACE=full" "-e" "RUSTFLAGS=--cap-lints=warn" "-e" "RUSTDOCFLAGS=--cap-lints=warn" "-w" "/opt/rustwide/workdir" "--user" "0:0" "a1f51158eec1d77f5b479be45a6b96fe3119d0f8979a017ef4bba820425ebfd8" "/opt/rustwide/cargo-home/bin/cargo" "+1.100.0-beta.1" "test" "--frozen" "--release", kill_on_drop: false }`
[INFO] [stderr]     Finished `release` profile [optimized] target(s) in 0.12s
[INFO] [stderr] warning: the following packages contain code that will be rejected by a future version of Rust: proc-macro-error2 v2.0.1
[INFO] [stderr] note: to see what the problems were, use the option `--future-incompat-report`, or run `cargo report future-incompatibilities --id 7`
[INFO] [stderr]      Running unittests src/lib.rs (/opt/rustwide/target/release/build/despatma-dependency-container/2ab9f57835e5792b/out/despatma_dependency_container-2ab9f57835e5792b)
[INFO] [stdout] 
[INFO] [stdout] running 14 tests
[INFO] [stdout] test processing::visitor::extract_box_type::tests::extract_box_type ... ok
[INFO] [stdout] test processing::visitor::extract_lifetime::tests::extract_lifetime ... ok
[INFO] [stdout] test output::tests::from_processing_dependency ... ok
[INFO] [stdout] test input::tests::from_item_impl ... ok
[INFO] [stdout] test processing::visitor::impl_trait_but_registered_concrete::tests::impl_trait_but_registered_concrete ... ok
[INFO] [stdout] test processing::visitor::extract_async::tests::extract_async ... ok
[INFO] [stdout] test processing::visitor::link_dependencies::tests::link_dependencies ... ok
[INFO] [stdout] test processing::visitor::extract_embedded_dependency::tests::extract_input_dependency ... ok
[INFO] [stdout] test processing::visitor::owning_managed_dependency::tests::owning_managed_dependency ... ok
[INFO] [stdout] test processing::visitor::add_wildcard_lifetime::tests::add_wildcard_lifetime ... ok
[INFO] [stdout] test processing::visitor::impl_trait_fields::tests::impl_trait_fields ... ok
[INFO] [stdout] test processing::visitor::replace_impl_generics_with_concrete::tests::impl_trait_but_registered_concrete ... ok
[INFO] [stdout] test processing::visitor::wrap_box_type::tests::wrap_box_type ... ok
[INFO] [stdout] test output::tests::from_processing_container ... ok
[INFO] [stdout] 
[INFO] [stdout] test result: ok. 14 passed; 0 failed; 0 ignored; 0 measured; 0 filtered out; finished in 0.01s
[INFO] [stdout] 
[INFO] [stderr]      Running tests/tests.rs (/opt/rustwide/target/release/build/despatma-dependency-container/dc38162833343419/out/tests-dc38162833343419)
[INFO] [stdout] 
[INFO] [stdout] running 2 tests
[INFO] [stderr]    Compiling proc-macro2 v1.0.103
[INFO] [stderr]    Compiling quote v1.0.42
[INFO] [stderr]    Compiling unicode-ident v1.0.22
[INFO] [stderr]    Compiling serde_core v1.0.228
[INFO] [stderr]    Compiling unicode-segmentation v1.12.0
[INFO] [stderr]    Compiling prettyplease v0.2.37
[INFO] [stderr]    Compiling serde v1.0.228
[INFO] [stderr]    Compiling winnow v0.7.13
[INFO] [stderr]    Compiling serde_json v1.0.145
[INFO] [stderr]    Compiling ryu v1.0.20
[INFO] [stderr]    Compiling toml_writer v1.0.4
[INFO] [stderr]    Compiling memchr v2.7.6
[INFO] [stderr]    Compiling diff v0.1.13
[INFO] [stderr]    Compiling convert_case v0.9.0
[INFO] [stderr]    Compiling itoa v1.0.15
[INFO] [stderr]    Compiling strsim v0.11.1
[INFO] [stderr]    Compiling pin-project-lite v0.2.16
[INFO] [stderr]    Compiling fastrand v2.3.0
[INFO] [stderr]    Compiling glob v0.3.3
[INFO] [stderr]    Compiling syn v2.0.110
[INFO] [stderr]    Compiling proc-macro-error-attr2 v2.0.0
[INFO] [stderr]    Compiling yansi v1.0.1
[INFO] [stderr]    Compiling pretty_assertions v1.4.1
[INFO] [stderr]    Compiling async-once-cell v0.5.4
[INFO] [stderr]    Compiling toml_parser v1.0.4
[INFO] [stderr]    Compiling toml_datetime v0.7.3
[INFO] [stderr]    Compiling serde_spanned v1.0.3
[INFO] [stderr]    Compiling toml v0.9.8
[INFO] [stderr]    Compiling proc-macro-error2 v2.0.1
[INFO] [stderr]    Compiling tokenstream2-tmpl v0.1.2
[INFO] [stderr]    Compiling despatma-lib v0.3.8
[INFO] [stderr]    Compiling serde_derive v1.0.228
[INFO] [stderr]    Compiling despatma-visitor v0.3.8
[INFO] [stderr]    Compiling tokio-macros v2.6.0
[INFO] [stderr]    Compiling auto_impl v1.3.0
[INFO] [stderr]    Compiling despatma-dependency-container v0.3.8 (/opt/rustwide/workdir)
[INFO] [stderr]    Compiling tokio v1.48.0
[INFO] [stderr]    Compiling macrotest v1.2.0
[INFO] [stderr]    Compiling despatma-dependency-container-tests v0.0.0 (/opt/rustwide/target/tests/trybuild/despatma-dependency-container)
[INFO] [stderr]     Finished `dev` profile [unoptimized + debuginfo] target(s) in 44.88s
[INFO] [stderr] warning: the following packages contain code that will be rejected by a future version of Rust: proc-macro-error2 v2.0.1
[INFO] [stderr] note: to see what the problems were, use the option `--future-incompat-report`, or run `cargo report future-incompatibilities --id 1`
[INFO] [stderr] 
[INFO] [stderr] 
[INFO] [stderr] test tests/expand/container_composition.rs ... ok
[INFO] [stderr] 
[INFO] [stderr] STDOUT:
[INFO] [stderr] ┈┈┈┈┈┈┈┈┈┈┈┈┈┈┈┈┈┈┈┈┈┈┈┈┈┈┈┈┈┈┈┈┈┈┈┈┈┈┈┈┈┈┈┈┈┈┈┈┈┈┈┈┈┈┈┈┈┈┈┈
[INFO] [stderr] Service started on port 8080
[INFO] [stderr] ┈┈┈┈┈┈┈┈┈┈┈┈┈┈┈┈┈┈┈┈┈┈┈┈┈┈┈┈┈┈┈┈┈┈┈┈┈┈┈┈┈┈┈┈┈┈┈┈┈┈┈┈┈┈┈┈┈┈┈┈
[INFO] [stderr] 
[INFO] [stderr] test tests/expand/scoped-lifetime.rs ... ok
[INFO] [stderr] 
[INFO] [stderr] STDOUT:
[INFO] [stderr] ┈┈┈┈┈┈┈┈┈┈┈┈┈┈┈┈┈┈┈┈┈┈┈┈┈┈┈┈┈┈┈┈┈┈┈┈┈┈┈┈┈┈┈┈┈┈┈┈┈┈┈┈┈┈┈┈┈┈┈┈
[INFO] [stderr] Service (scoped config) started on port 8080
[INFO] [stderr] ┈┈┈┈┈┈┈┈┈┈┈┈┈┈┈┈┈┈┈┈┈┈┈┈┈┈┈┈┈┈┈┈┈┈┈┈┈┈┈┈┈┈┈┈┈┈┈┈┈┈┈┈┈┈┈┈┈┈┈┈
[INFO] [stderr] 
[INFO] [stderr] test tests/expand/singleton-lifetime-impl-trait-with-box.rs ... ok
[INFO] [stderr] 
[INFO] [stderr] STDOUT:
[INFO] [stderr] ┈┈┈┈┈┈┈┈┈┈┈┈┈┈┈┈┈┈┈┈┈┈┈┈┈┈┈┈┈┈┈┈┈┈┈┈┈┈┈┈┈┈┈┈┈┈┈┈┈┈┈┈┈┈┈┈┈┈┈┈
[INFO] [stderr] Box dyn Trait singleton lifetime service started on port 8080
[INFO] [stderr] ┈┈┈┈┈┈┈┈┈┈┈┈┈┈┈┈┈┈┈┈┈┈┈┈┈┈┈┈┈┈┈┈┈┈┈┈┈┈┈┈┈┈┈┈┈┈┈┈┈┈┈┈┈┈┈┈┈┈┈┈
[INFO] [stderr] 
[INFO] [stderr] test tests/expand/documented.rs ... ok
[INFO] [stderr] 
[INFO] [stderr] STDOUT:
[INFO] [stderr] ┈┈┈┈┈┈┈┈┈┈┈┈┈┈┈┈┈┈┈┈┈┈┈┈┈┈┈┈┈┈┈┈┈┈┈┈┈┈┈┈┈┈┈┈┈┈┈┈┈┈┈┈┈┈┈┈┈┈┈┈
[INFO] [stderr] Documented service started
[INFO] [stderr] ┈┈┈┈┈┈┈┈┈┈┈┈┈┈┈┈┈┈┈┈┈┈┈┈┈┈┈┈┈┈┈┈┈┈┈┈┈┈┈┈┈┈┈┈┈┈┈┈┈┈┈┈┈┈┈┈┈┈┈┈
[INFO] [stderr] 
[INFO] [stderr] test tests/expand/impl_trait_registering_concrete.rs ... ok
[INFO] [stderr] 
[INFO] [stderr] STDOUT:
[INFO] [stderr] ┈┈┈┈┈┈┈┈┈┈┈┈┈┈┈┈┈┈┈┈┈┈┈┈┈┈┈┈┈┈┈┈┈┈┈┈┈┈┈┈┈┈┈┈┈┈┈┈┈┈┈┈┈┈┈┈┈┈┈┈
[INFO] [stderr] Impl trait but registering concrete service started on port 8080
[INFO] [stderr] ┈┈┈┈┈┈┈┈┈┈┈┈┈┈┈┈┈┈┈┈┈┈┈┈┈┈┈┈┈┈┈┈┈┈┈┈┈┈┈┈┈┈┈┈┈┈┈┈┈┈┈┈┈┈┈┈┈┈┈┈
[INFO] [stderr] 
[INFO] [stderr] test tests/expand/lifetime_with_managed_impl_trait_generic.rs ... ok
[INFO] [stderr] 
[INFO] [stderr] STDOUT:
[INFO] [stderr] ┈┈┈┈┈┈┈┈┈┈┈┈┈┈┈┈┈┈┈┈┈┈┈┈┈┈┈┈┈┈┈┈┈┈┈┈┈┈┈┈┈┈┈┈┈┈┈┈┈┈┈┈┈┈┈┈┈┈┈┈
[INFO] [stderr] Lifetime service with managed impl trait generic started
[INFO] [stderr] ┈┈┈┈┈┈┈┈┈┈┈┈┈┈┈┈┈┈┈┈┈┈┈┈┈┈┈┈┈┈┈┈┈┈┈┈┈┈┈┈┈┈┈┈┈┈┈┈┈┈┈┈┈┈┈┈┈┈┈┈
[INFO] [stderr] 
[INFO] [stderr] test tests/expand/async_constructor_argument.rs ... ok
[INFO] [stderr] 
[INFO] [stderr] STDOUT:
[INFO] [stderr] ┈┈┈┈┈┈┈┈┈┈┈┈┈┈┈┈┈┈┈┈┈┈┈┈┈┈┈┈┈┈┈┈┈┈┈┈┈┈┈┈┈┈┈┈┈┈┈┈┈┈┈┈┈┈┈┈┈┈┈┈
[INFO] [stderr] Async service started on port 8080
[INFO] [stderr] ┈┈┈┈┈┈┈┈┈┈┈┈┈┈┈┈┈┈┈┈┈┈┈┈┈┈┈┈┈┈┈┈┈┈┈┈┈┈┈┈┈┈┈┈┈┈┈┈┈┈┈┈┈┈┈┈┈┈┈┈
[INFO] [stderr] 
[INFO] [stderr] test tests/expand/singleton-lifetime-impl-trait.rs ... ok
[INFO] [stderr] 
[INFO] [stderr] STDOUT:
[INFO] [stderr] ┈┈┈┈┈┈┈┈┈┈┈┈┈┈┈┈┈┈┈┈┈┈┈┈┈┈┈┈┈┈┈┈┈┈┈┈┈┈┈┈┈┈┈┈┈┈┈┈┈┈┈┈┈┈┈┈┈┈┈┈
[INFO] [stderr] Impl Trait singleton lifetime service started on port 8080
[INFO] [stderr] ┈┈┈┈┈┈┈┈┈┈┈┈┈┈┈┈┈┈┈┈┈┈┈┈┈┈┈┈┈┈┈┈┈┈┈┈┈┈┈┈┈┈┈┈┈┈┈┈┈┈┈┈┈┈┈┈┈┈┈┈
[INFO] [stderr] 
[INFO] [stderr] test tests/expand/async-singleton-dependency.rs ... ok
[INFO] [stderr] 
[INFO] [stderr] STDOUT:
[INFO] [stderr] ┈┈┈┈┈┈┈┈┈┈┈┈┈┈┈┈┈┈┈┈┈┈┈┈┈┈┈┈┈┈┈┈┈┈┈┈┈┈┈┈┈┈┈┈┈┈┈┈┈┈┈┈┈┈┈┈┈┈┈┈
[INFO] [stderr] Async singleton service started on port 8080
[INFO] [stderr] ┈┈┈┈┈┈┈┈┈┈┈┈┈┈┈┈┈┈┈┈┈┈┈┈┈┈┈┈┈┈┈┈┈┈┈┈┈┈┈┈┈┈┈┈┈┈┈┈┈┈┈┈┈┈┈┈┈┈┈┈
[INFO] [stderr] 
[INFO] [stderr] test tests/expand/side-effects.rs ... ok
[INFO] [stderr] 
[INFO] [stderr] STDOUT:
[INFO] [stderr] ┈┈┈┈┈┈┈┈┈┈┈┈┈┈┈┈┈┈┈┈┈┈┈┈┈┈┈┈┈┈┈┈┈┈┈┈┈┈┈┈┈┈┈┈┈┈┈┈┈┈┈┈┈┈┈┈┈┈┈┈
[INFO] [stderr] Tracing enabled
[INFO] [stderr] Service started on port 8080 with side effect
[INFO] [stderr] ┈┈┈┈┈┈┈┈┈┈┈┈┈┈┈┈┈┈┈┈┈┈┈┈┈┈┈┈┈┈┈┈┈┈┈┈┈┈┈┈┈┈┈┈┈┈┈┈┈┈┈┈┈┈┈┈┈┈┈┈
[INFO] [stderr] 
[INFO] [stderr] test tests/expand/singleton-lifetime.rs ... ok
[INFO] [stderr] 
[INFO] [stderr] STDOUT:
[INFO] [stderr] ┈┈┈┈┈┈┈┈┈┈┈┈┈┈┈┈┈┈┈┈┈┈┈┈┈┈┈┈┈┈┈┈┈┈┈┈┈┈┈┈┈┈┈┈┈┈┈┈┈┈┈┈┈┈┈┈┈┈┈┈
[INFO] [stderr] Service (singleton config) started on port 8080
[INFO] [stderr] ┈┈┈┈┈┈┈┈┈┈┈┈┈┈┈┈┈┈┈┈┈┈┈┈┈┈┈┈┈┈┈┈┈┈┈┈┈┈┈┈┈┈┈┈┈┈┈┈┈┈┈┈┈┈┈┈┈┈┈┈
[INFO] [stderr] 
[INFO] [stderr] test tests/expand/constructor_argument.rs ... ok
[INFO] [stderr] 
[INFO] [stderr] WARNINGS:
[INFO] [stderr] ┈┈┈┈┈┈┈┈┈┈┈┈┈┈┈┈┈┈┈┈┈┈┈┈┈┈┈┈┈┈┈┈┈┈┈┈┈┈┈┈┈┈┈┈┈┈┈┈┈┈┈┈┈┈┈┈┈┈┈┈
[INFO] [stderr] warning: unused variable: `repository`
[INFO] [stderr]   --> tests/expand/constructor_argument.rs:30:8
[INFO] [stderr]    |
[INFO] [stderr] 30 |     fn repository(&self, config: &Config) -> Repository {
[INFO] [stderr]    |        ^^^^^^^^^^ help: if this is intentional, prefix it with an underscore: `_repository`
[INFO] [stderr]    |
[INFO] [stderr]    = note: `#[warn(unused_variables)]` (part of `#[warn(unused)]`) on by default
[INFO] [stderr] ┈┈┈┈┈┈┈┈┈┈┈┈┈┈┈┈┈┈┈┈┈┈┈┈┈┈┈┈┈┈┈┈┈┈┈┈┈┈┈┈┈┈┈┈┈┈┈┈┈┈┈┈┈┈┈┈┈┈┈┈
[INFO] [stderr] 
[INFO] [stderr] STDOUT:
[INFO] [stderr] ┈┈┈┈┈┈┈┈┈┈┈┈┈┈┈┈┈┈┈┈┈┈┈┈┈┈┈┈┈┈┈┈┈┈┈┈┈┈┈┈┈┈┈┈┈┈┈┈┈┈┈┈┈┈┈┈┈┈┈┈
[INFO] [stderr] Service started on port 8080
[INFO] [stderr] ┈┈┈┈┈┈┈┈┈┈┈┈┈┈┈┈┈┈┈┈┈┈┈┈┈┈┈┈┈┈┈┈┈┈┈┈┈┈┈┈┈┈┈┈┈┈┈┈┈┈┈┈┈┈┈┈┈┈┈┈
[INFO] [stderr] 
[INFO] [stderr] STDERR:
[INFO] [stderr] ┈┈┈┈┈┈┈┈┈┈┈┈┈┈┈┈┈┈┈┈┈┈┈┈┈┈┈┈┈┈┈┈┈┈┈┈┈┈┈┈┈┈┈┈┈┈┈┈┈┈┈┈┈┈┈┈┈┈┈┈
[INFO] [stderr] warning: unused variable: `repository`
[INFO] [stderr]   --> /opt/rustwide/workdir/tests/expand/constructor_argument.rs:30:8
[INFO] [stderr]    |
[INFO] [stderr] 30 |     fn repository(&self, config: &Config) -> Repository {
[INFO] [stderr]    |        ^^^^^^^^^^ help: if this is intentional, prefix it with an underscore: `_repository`
[INFO] [stderr]    |
[INFO] [stderr]    = note: `#[warn(unused_variables)]` (part of `#[warn(unused)]`) on by default
[INFO] [stderr] ┈┈┈┈┈┈┈┈┈┈┈┈┈┈┈┈┈┈┈┈┈┈┈┈┈┈┈┈┈┈┈┈┈┈┈┈┈┈┈┈┈┈┈┈┈┈┈┈┈┈┈┈┈┈┈┈┈┈┈┈
[INFO] [stderr] 
[INFO] [stderr] test tests/expand/box_dyn_trait.rs ... ok
[INFO] [stderr] 
[INFO] [stderr] STDOUT:
[INFO] [stderr] ┈┈┈┈┈┈┈┈┈┈┈┈┈┈┈┈┈┈┈┈┈┈┈┈┈┈┈┈┈┈┈┈┈┈┈┈┈┈┈┈┈┈┈┈┈┈┈┈┈┈┈┈┈┈┈┈┈┈┈┈
[INFO] [stderr] Box dyn Trait service started on port 8080
[INFO] [stderr] ┈┈┈┈┈┈┈┈┈┈┈┈┈┈┈┈┈┈┈┈┈┈┈┈┈┈┈┈┈┈┈┈┈┈┈┈┈┈┈┈┈┈┈┈┈┈┈┈┈┈┈┈┈┈┈┈┈┈┈┈
[INFO] [stderr] 
[INFO] [stderr] test tests/expand/simple.rs ... ok
[INFO] [stderr] 
[INFO] [stderr] STDOUT:
[INFO] [stderr] ┈┈┈┈┈┈┈┈┈┈┈┈┈┈┈┈┈┈┈┈┈┈┈┈┈┈┈┈┈┈┈┈┈┈┈┈┈┈┈┈┈┈┈┈┈┈┈┈┈┈┈┈┈┈┈┈┈┈┈┈
[INFO] [stderr] Service started on port 8080
[INFO] [stderr] ┈┈┈┈┈┈┈┈┈┈┈┈┈┈┈┈┈┈┈┈┈┈┈┈┈┈┈┈┈┈┈┈┈┈┈┈┈┈┈┈┈┈┈┈┈┈┈┈┈┈┈┈┈┈┈┈┈┈┈┈
[INFO] [stderr] 
[INFO] [stderr] test tests/expand/rpit.rs ... ok
[INFO] [stderr] 
[INFO] [stderr] STDOUT:
[INFO] [stderr] ┈┈┈┈┈┈┈┈┈┈┈┈┈┈┈┈┈┈┈┈┈┈┈┈┈┈┈┈┈┈┈┈┈┈┈┈┈┈┈┈┈┈┈┈┈┈┈┈┈┈┈┈┈┈┈┈┈┈┈┈
[INFO] [stderr] Impl trait service started on port 8080
[INFO] [stderr] ┈┈┈┈┈┈┈┈┈┈┈┈┈┈┈┈┈┈┈┈┈┈┈┈┈┈┈┈┈┈┈┈┈┈┈┈┈┈┈┈┈┈┈┈┈┈┈┈┈┈┈┈┈┈┈┈┈┈┈┈
[INFO] [stderr] 
[INFO] [stderr] test tests/expand/simple_reference.rs ... ok
[INFO] [stderr] 
[INFO] [stderr] STDOUT:
[INFO] [stderr] ┈┈┈┈┈┈┈┈┈┈┈┈┈┈┈┈┈┈┈┈┈┈┈┈┈┈┈┈┈┈┈┈┈┈┈┈┈┈┈┈┈┈┈┈┈┈┈┈┈┈┈┈┈┈┈┈┈┈┈┈
[INFO] [stderr] Task started on port 8080
[INFO] [stderr] ┈┈┈┈┈┈┈┈┈┈┈┈┈┈┈┈┈┈┈┈┈┈┈┈┈┈┈┈┈┈┈┈┈┈┈┈┈┈┈┈┈┈┈┈┈┈┈┈┈┈┈┈┈┈┈┈┈┈┈┈
[INFO] [stderr] 
[INFO] [stderr] test tests/expand/async_dep.rs ... ok
[INFO] [stderr] 
[INFO] [stderr] STDOUT:
[INFO] [stderr] ┈┈┈┈┈┈┈┈┈┈┈┈┈┈┈┈┈┈┈┈┈┈┈┈┈┈┈┈┈┈┈┈┈┈┈┈┈┈┈┈┈┈┈┈┈┈┈┈┈┈┈┈┈┈┈┈┈┈┈┈
[INFO] [stderr] Async service started on port 8080
[INFO] [stderr] ┈┈┈┈┈┈┈┈┈┈┈┈┈┈┈┈┈┈┈┈┈┈┈┈┈┈┈┈┈┈┈┈┈┈┈┈┈┈┈┈┈┈┈┈┈┈┈┈┈┈┈┈┈┈┈┈┈┈┈┈
[INFO] [stderr] 
[INFO] [stderr] test tests/expand/trailing_comma.rs ... ok
[INFO] [stderr] 
[INFO] [stderr] STDOUT:
[INFO] [stderr] ┈┈┈┈┈┈┈┈┈┈┈┈┈┈┈┈┈┈┈┈┈┈┈┈┈┈┈┈┈┈┈┈┈┈┈┈┈┈┈┈┈┈┈┈┈┈┈┈┈┈┈┈┈┈┈┈┈┈┈┈
[INFO] [stderr] Trailing comma service started on port 8080
[INFO] [stderr] ┈┈┈┈┈┈┈┈┈┈┈┈┈┈┈┈┈┈┈┈┈┈┈┈┈┈┈┈┈┈┈┈┈┈┈┈┈┈┈┈┈┈┈┈┈┈┈┈┈┈┈┈┈┈┈┈┈┈┈┈
[INFO] [stderr] 
[INFO] [stderr] test tests/expand/box_dyn_trait_with_lifetime.rs ... ok
[INFO] [stderr] 
[INFO] [stderr] WARNINGS:
[INFO] [stderr] ┈┈┈┈┈┈┈┈┈┈┈┈┈┈┈┈┈┈┈┈┈┈┈┈┈┈┈┈┈┈┈┈┈┈┈┈┈┈┈┈┈┈┈┈┈┈┈┈┈┈┈┈┈┈┈┈┈┈┈┈
[INFO] [stderr] warning: eliding a lifetime that's named elsewhere is confusing
[INFO] [stderr]   --> tests/expand/box_dyn_trait_with_lifetime.rs:36:54
[INFO] [stderr]    |
[INFO] [stderr] 25 | #[despatma_dependency_container::dependency_container]
[INFO] [stderr]    | ------------------------------------------------------ the lifetime is named here
[INFO] [stderr] ...
[INFO] [stderr] 36 |     fn service(&self, dal: &Box<dyn DAL>) -> Service<&Box<dyn DAL>> {
[INFO] [stderr]    |                                                      ^^^^^^^^^^^^^ the same lifetime is elided here
[INFO] [stderr]    |
[INFO] [stderr]    = help: the same lifetime is referred to in inconsistent ways, making the signature confusing
[INFO] [stderr]    = note: `#[warn(mismatched_lifetime_syntaxes)]` on by default
[INFO] [stderr] help: consistently use `'a`
[INFO] [stderr]    |
[INFO] [stderr] 36 |     fn service(&self, dal: &Box<dyn DAL>) -> Service<&'a Box<dyn DAL>> {
[INFO] [stderr]    |                                                       ++
[INFO] [stderr] ┈┈┈┈┈┈┈┈┈┈┈┈┈┈┈┈┈┈┈┈┈┈┈┈┈┈┈┈┈┈┈┈┈┈┈┈┈┈┈┈┈┈┈┈┈┈┈┈┈┈┈┈┈┈┈┈┈┈┈┈
[INFO] [stderr] 
[INFO] [stderr] STDOUT:
[INFO] [stderr] ┈┈┈┈┈┈┈┈┈┈┈┈┈┈┈┈┈┈┈┈┈┈┈┈┈┈┈┈┈┈┈┈┈┈┈┈┈┈┈┈┈┈┈┈┈┈┈┈┈┈┈┈┈┈┈┈┈┈┈┈
[INFO] [stderr] Box dyn Trait singleton service started
[INFO] [stderr] ┈┈┈┈┈┈┈┈┈┈┈┈┈┈┈┈┈┈┈┈┈┈┈┈┈┈┈┈┈┈┈┈┈┈┈┈┈┈┈┈┈┈┈┈┈┈┈┈┈┈┈┈┈┈┈┈┈┈┈┈
[INFO] [stderr] 
[INFO] [stderr] STDERR:
[INFO] [stderr] ┈┈┈┈┈┈┈┈┈┈┈┈┈┈┈┈┈┈┈┈┈┈┈┈┈┈┈┈┈┈┈┈┈┈┈┈┈┈┈┈┈┈┈┈┈┈┈┈┈┈┈┈┈┈┈┈┈┈┈┈
[INFO] [stderr] warning: eliding a lifetime that's named elsewhere is confusing
[INFO] [stderr]   --> /opt/rustwide/workdir/tests/expand/box_dyn_trait_with_lifetime.rs:36:54
[INFO] [stderr]    |
[INFO] [stderr] 25 | #[despatma_dependency_container::dependency_container]
[INFO] [stderr]    | ------------------------------------------------------ the lifetime is named here
[INFO] [stderr] ...
[INFO] [stderr] 36 |     fn service(&self, dal: &Box<dyn DAL>) -> Service<&Box<dyn DAL>> {
[INFO] [stderr]    |                                                      ^^^^^^^^^^^^^ the same lifetime is elided here
[INFO] [stderr]    |
[INFO] [stderr]    = help: the same lifetime is referred to in inconsistent ways, making the signature confusing
[INFO] [stderr]    = note: `#[warn(mismatched_lifetime_syntaxes)]` on by default
[INFO] [stderr] help: consistently use `'a`
[INFO] [stderr]    |
[INFO] [stderr] 36 |     fn service(&self, dal: &Box<dyn DAL>) -> Service<&'a Box<dyn DAL>> {
[INFO] [stderr]    |                                                       ++
[INFO] [stderr] ┈┈┈┈┈┈┈┈┈┈┈┈┈┈┈┈┈┈┈┈┈┈┈┈┈┈┈┈┈┈┈┈┈┈┈┈┈┈┈┈┈┈┈┈┈┈┈┈┈┈┈┈┈┈┈┈┈┈┈┈
[INFO] [stderr] 
[INFO] [stderr] test tests/expand/box_dyn_trait_return_impl.rs ... ok
[INFO] [stderr] 
[INFO] [stderr] STDOUT:
[INFO] [stderr] ┈┈┈┈┈┈┈┈┈┈┈┈┈┈┈┈┈┈┈┈┈┈┈┈┈┈┈┈┈┈┈┈┈┈┈┈┈┈┈┈┈┈┈┈┈┈┈┈┈┈┈┈┈┈┈┈┈┈┈┈
[INFO] [stderr] Box dyn Trait rpit service started on port 8080
[INFO] [stderr] ┈┈┈┈┈┈┈┈┈┈┈┈┈┈┈┈┈┈┈┈┈┈┈┈┈┈┈┈┈┈┈┈┈┈┈┈┈┈┈┈┈┈┈┈┈┈┈┈┈┈┈┈┈┈┈┈┈┈┈┈
[INFO] [stderr] 
[INFO] [stderr] test tests/expand/visibility.rs ... ok
[INFO] [stderr] 
[INFO] [stderr] 
[INFO] [stderr]     Checking serde_core v1.0.228
[INFO] [stderr]     Checking unicode-ident v1.0.22
[INFO] [stderr]     Checking winnow v0.7.13
[INFO] [stderr]     Checking ryu v1.0.20
[INFO] [stderr]     Checking toml_writer v1.0.4
[INFO] [stderr]     Checking memchr v2.7.6
[INFO] [stderr]     Checking diff v0.1.13
[INFO] [stderr]     Checking itoa v1.0.15
[INFO] [stderr] error: no such command: `expand`
[INFO] [stderr] 
[INFO] [stderr] help: view all installed commands with `cargo --list`
[INFO] [stderr] help: find a package to install `expand` with `cargo search cargo-expand`
[INFO] [stderr]     Checking pin-project-lite v0.2.16
[INFO] [stderr]     Checking fastrand v2.3.0
[INFO] [stderr]     Checking proc-macro2 v1.0.103
[INFO] [stderr]     Checking glob v0.3.3
[INFO] [stderr]     Checking yansi v1.0.1
[INFO] [stderr]     Checking tokio v1.48.0
[INFO] [stderr]     Checking strsim v0.11.1
[INFO] [stderr]     Checking async-once-cell v0.5.4
[INFO] [stderr]     Checking pretty_assertions v1.4.1
[INFO] [stderr]     Checking quote v1.0.42
[INFO] [stdout] test expand ... FAILED
[INFO] [stderr]     Checking syn v2.0.110
[INFO] [stdout] test fail has been running for over 60 seconds
[INFO] [stderr]     Checking toml_parser v1.0.4
[INFO] [stderr]     Checking toml_datetime v0.7.3
[INFO] [stderr]     Checking serde_spanned v1.0.3
[INFO] [stderr]     Checking serde_json v1.0.145
[INFO] [stderr]     Checking serde v1.0.228
[INFO] [stderr]     Checking toml v0.9.8
[INFO] [stderr]     Checking prettyplease v0.2.37
[INFO] [stderr]     Checking proc-macro-error2 v2.0.1
[INFO] [stderr]     Checking macrotest v1.2.0
[INFO] [stderr]     Checking despatma-dependency-container-tests v0.0.0 (/opt/rustwide/target/tests/trybuild/despatma-dependency-container)
[INFO] [stderr]     Finished `dev` profile [unoptimized + debuginfo] target(s) in 13.88s
[INFO] [stderr] warning: the following packages contain code that will be rejected by a future version of Rust: proc-macro-error2 v2.0.1
[INFO] [stderr] note: to see what the problems were, use the option `--future-incompat-report`, or run `cargo report future-incompatibilities --id 1`
[INFO] [stderr] 
[INFO] [stderr] 
[INFO] [stderr] test tests/fail/constructor_argument_impl_trait.rs ... mismatch
[INFO] [stderr] 
[INFO] [stderr] EXPECTED:
[INFO] [stderr] ┈┈┈┈┈┈┈┈┈┈┈┈┈┈┈┈┈┈┈┈┈┈┈┈┈┈┈┈┈┈┈┈┈┈┈┈┈┈┈┈┈┈┈┈┈┈┈┈┈┈┈┈┈┈┈┈┈┈┈┈
[INFO] [stderr] error: Only concrete types supported
[INFO] [stderr] 
[INFO] [stderr]          = help: Change this `impl` type to a concrete type
[INFO] [stderr] 
[INFO] [stderr]   --> tests/fail/constructor_argument_impl_trait.rs:16:17
[INFO] [stderr]    |
[INFO] [stderr] 16 |     fn new(dal: impl DAL) {}
[INFO] [stderr]    |                 ^^^^^^^^
[INFO] [stderr] 
[INFO] [stderr] error[E0433]: failed to resolve: use of undeclared type `DependencyContainer`
[INFO] [stderr]   --> tests/fail/constructor_argument_impl_trait.rs:25:21
[INFO] [stderr]    |
[INFO] [stderr] 25 |     let container = DependencyContainer::new(dal);
[INFO] [stderr]    |                     ^^^^^^^^^^^^^^^^^^^ use of undeclared type `DependencyContainer`
[INFO] [stderr] ┈┈┈┈┈┈┈┈┈┈┈┈┈┈┈┈┈┈┈┈┈┈┈┈┈┈┈┈┈┈┈┈┈┈┈┈┈┈┈┈┈┈┈┈┈┈┈┈┈┈┈┈┈┈┈┈┈┈┈┈
[INFO] [stderr] 
[INFO] [stderr] ACTUAL OUTPUT:
[INFO] [stderr] ┈┈┈┈┈┈┈┈┈┈┈┈┈┈┈┈┈┈┈┈┈┈┈┈┈┈┈┈┈┈┈┈┈┈┈┈┈┈┈┈┈┈┈┈┈┈┈┈┈┈┈┈┈┈┈┈┈┈┈┈
[INFO] [stderr] error: Only concrete types supported
[INFO] [stderr] 
[INFO] [stderr]          = help: Change this `impl` type to a concrete type
[INFO] [stderr] 
[INFO] [stderr]   --> tests/fail/constructor_argument_impl_trait.rs:16:17
[INFO] [stderr]    |
[INFO] [stderr] 16 |     fn new(dal: impl DAL) {}
[INFO] [stderr]    |                 ^^^^^^^^
[INFO] [stderr] ┈┈┈┈┈┈┈┈┈┈┈┈┈┈┈┈┈┈┈┈┈┈┈┈┈┈┈┈┈┈┈┈┈┈┈┈┈┈┈┈┈┈┈┈┈┈┈┈┈┈┈┈┈┈┈┈┈┈┈┈
[INFO] [stderr] note: If the actual output is the correct output you can bless it by rerunning
[INFO] [stderr]       your test with the environment variable TRYBUILD=overwrite
[INFO] [stderr] 
[INFO] [stderr] test tests/fail/dependency_misspell.rs ... mismatch
[INFO] [stderr] 
[INFO] [stderr] EXPECTED:
[INFO] [stderr] ┈┈┈┈┈┈┈┈┈┈┈┈┈┈┈┈┈┈┈┈┈┈┈┈┈┈┈┈┈┈┈┈┈┈┈┈┈┈┈┈┈┈┈┈┈┈┈┈┈┈┈┈┈┈┈┈┈┈┈┈
[INFO] [stderr] error: The 'canfi' dependency has not been registered
[INFO] [stderr] 
[INFO] [stderr]          = help: Did you mean `config`?
[INFO] [stderr] 
[INFO] [stderr]   --> tests/fail/dependency_misspell.rs:20:23
[INFO] [stderr]    |
[INFO] [stderr] 20 |     fn service(&self, canfi: Config) -> Service {
[INFO] [stderr]    |                       ^^^^^
[INFO] [stderr] 
[INFO] [stderr] error[E0433]: failed to resolve: use of undeclared type `DependencyContainer`
[INFO] [stderr]   --> tests/fail/dependency_misspell.rs:26:21
[INFO] [stderr]    |
[INFO] [stderr] 26 |     let container = DependencyContainer::new();
[INFO] [stderr]    |                     ^^^^^^^^^^^^^^^^^^^ use of undeclared type `DependencyContainer`
[INFO] [stderr] ┈┈┈┈┈┈┈┈┈┈┈┈┈┈┈┈┈┈┈┈┈┈┈┈┈┈┈┈┈┈┈┈┈┈┈┈┈┈┈┈┈┈┈┈┈┈┈┈┈┈┈┈┈┈┈┈┈┈┈┈
[INFO] [stderr] 
[INFO] [stderr] ACTUAL OUTPUT:
[INFO] [stderr] ┈┈┈┈┈┈┈┈┈┈┈┈┈┈┈┈┈┈┈┈┈┈┈┈┈┈┈┈┈┈┈┈┈┈┈┈┈┈┈┈┈┈┈┈┈┈┈┈┈┈┈┈┈┈┈┈┈┈┈┈
[INFO] [stderr] error: The 'canfi' dependency has not been registered
[INFO] [stderr] 
[INFO] [stderr]          = help: Did you mean `config`?
[INFO] [stderr] 
[INFO] [stderr]   --> tests/fail/dependency_misspell.rs:20:23
[INFO] [stderr]    |
[INFO] [stderr] 20 |     fn service(&self, canfi: Config) -> Service {
[INFO] [stderr]    |                       ^^^^^
[INFO] [stderr] ┈┈┈┈┈┈┈┈┈┈┈┈┈┈┈┈┈┈┈┈┈┈┈┈┈┈┈┈┈┈┈┈┈┈┈┈┈┈┈┈┈┈┈┈┈┈┈┈┈┈┈┈┈┈┈┈┈┈┈┈
[INFO] [stderr] note: If the actual output is the correct output you can bless it by rerunning
[INFO] [stderr]       your test with the environment variable TRYBUILD=overwrite
[INFO] [stderr] 
[INFO] [stderr] test tests/fail/impl_trait_but_requesting_concrete.rs ... mismatch
[INFO] [stderr] 
[INFO] [stderr] EXPECTED:
[INFO] [stderr] ┈┈┈┈┈┈┈┈┈┈┈┈┈┈┈┈┈┈┈┈┈┈┈┈┈┈┈┈┈┈┈┈┈┈┈┈┈┈┈┈┈┈┈┈┈┈┈┈┈┈┈┈┈┈┈┈┈┈┈┈
[INFO] [stderr] error: Requested type is a concrete type, but the registered type is: `impl DAL`
[INFO] [stderr] 
[INFO] [stderr]          = help: change this to `dal: impl DAL`
[INFO] [stderr] 
[INFO] [stderr]   --> tests/fail/impl_trait_but_requesting_concrete.rs:33:39
[INFO] [stderr]    |
[INFO] [stderr] 33 |     fn service(&self, config: Config, dal: PostgresDAL) -> Service<PostgresDAL> {
[INFO] [stderr]    |                                       ^^^^^^^^^^^^^^^^
[INFO] [stderr] 
[INFO] [stderr] error[E0433]: failed to resolve: use of undeclared type `DependencyContainer`
[INFO] [stderr]   --> tests/fail/impl_trait_but_requesting_concrete.rs:39:21
[INFO] [stderr]    |
[INFO] [stderr] 39 |     let container = DependencyContainer::new();
[INFO] [stderr]    |                     ^^^^^^^^^^^^^^^^^^^ use of undeclared type `DependencyContainer`
[INFO] [stderr] ┈┈┈┈┈┈┈┈┈┈┈┈┈┈┈┈┈┈┈┈┈┈┈┈┈┈┈┈┈┈┈┈┈┈┈┈┈┈┈┈┈┈┈┈┈┈┈┈┈┈┈┈┈┈┈┈┈┈┈┈
[INFO] [stderr] 
[INFO] [stderr] ACTUAL OUTPUT:
[INFO] [stderr] ┈┈┈┈┈┈┈┈┈┈┈┈┈┈┈┈┈┈┈┈┈┈┈┈┈┈┈┈┈┈┈┈┈┈┈┈┈┈┈┈┈┈┈┈┈┈┈┈┈┈┈┈┈┈┈┈┈┈┈┈
[INFO] [stderr] error: Requested type is a concrete type, but the registered type is: `impl DAL`
[INFO] [stderr] 
[INFO] [stderr]          = help: change this to `dal: impl DAL`
[INFO] [stderr] 
[INFO] [stderr]   --> tests/fail/impl_trait_but_requesting_concrete.rs:33:39
[INFO] [stderr]    |
[INFO] [stderr] 33 |     fn service(&self, config: Config, dal: PostgresDAL) -> Service<PostgresDAL> {
[INFO] [stderr]    |                                       ^^^^^^^^^^^^^^^^
[INFO] [stderr] ┈┈┈┈┈┈┈┈┈┈┈┈┈┈┈┈┈┈┈┈┈┈┈┈┈┈┈┈┈┈┈┈┈┈┈┈┈┈┈┈┈┈┈┈┈┈┈┈┈┈┈┈┈┈┈┈┈┈┈┈
[INFO] [stderr] note: If the actual output is the correct output you can bless it by rerunning
[INFO] [stderr]       your test with the environment variable TRYBUILD=overwrite
[INFO] [stderr] 
[INFO] [stderr] test tests/fail/lifetimes_with_impl_trait_but_no_concrete.rs ... mismatch
[INFO] [stderr] 
[INFO] [stderr] EXPECTED:
[INFO] [stderr] ┈┈┈┈┈┈┈┈┈┈┈┈┈┈┈┈┈┈┈┈┈┈┈┈┈┈┈┈┈┈┈┈┈┈┈┈┈┈┈┈┈┈┈┈┈┈┈┈┈┈┈┈┈┈┈┈┈┈┈┈
[INFO] [stderr] error: Need to know which type to store to manage this scoped dependency
[INFO] [stderr] 
[INFO] [stderr]          = help: Consider adding a type hint to the lifetime attribute
[INFO] [stderr]          = note: #[Scoped(ScopedType)]
[INFO] [stderr] 
[INFO] [stderr]   --> tests/fail/lifetimes_with_impl_trait_but_no_concrete.rs:38:25
[INFO] [stderr]    |
[INFO] [stderr] 38 |     fn config(&self) -> impl Config {
[INFO] [stderr]    |                         ^^^^^^^^^^^
[INFO] [stderr] 
[INFO] [stderr] error: Need to know which type to store to manage this singleton dependency
[INFO] [stderr] 
[INFO] [stderr]          = help: Consider adding a type hint to the lifetime attribute
[INFO] [stderr]          = note: #[Singleton(SingletonType)]
[INFO] [stderr] 
[INFO] [stderr]   --> tests/fail/lifetimes_with_impl_trait_but_no_concrete.rs:43:22
[INFO] [stderr]    |
[INFO] [stderr] 43 |     fn dal(&self) -> impl DAL {
[INFO] [stderr]    |                      ^^^^^^^^
[INFO] [stderr] 
[INFO] [stderr] error[E0433]: failed to resolve: use of undeclared type `DependencyContainer`
[INFO] [stderr]   --> tests/fail/lifetimes_with_impl_trait_but_no_concrete.rs:53:21
[INFO] [stderr]    |
[INFO] [stderr] 53 |     let container = DependencyContainer::new();
[INFO] [stderr]    |                     ^^^^^^^^^^^^^^^^^^^ use of undeclared type `DependencyContainer`
[INFO] [stderr] ┈┈┈┈┈┈┈┈┈┈┈┈┈┈┈┈┈┈┈┈┈┈┈┈┈┈┈┈┈┈┈┈┈┈┈┈┈┈┈┈┈┈┈┈┈┈┈┈┈┈┈┈┈┈┈┈┈┈┈┈
[INFO] [stderr] 
[INFO] [stderr] ACTUAL OUTPUT:
[INFO] [stderr] ┈┈┈┈┈┈┈┈┈┈┈┈┈┈┈┈┈┈┈┈┈┈┈┈┈┈┈┈┈┈┈┈┈┈┈┈┈┈┈┈┈┈┈┈┈┈┈┈┈┈┈┈┈┈┈┈┈┈┈┈
[INFO] [stderr] error: Need to know which type to store to manage this scoped dependency
[INFO] [stderr] 
[INFO] [stderr]          = help: Consider adding a type hint to the lifetime attribute
[INFO] [stderr]          = note: #[Scoped(ScopedType)]
[INFO] [stderr] 
[INFO] [stderr]   --> tests/fail/lifetimes_with_impl_trait_but_no_concrete.rs:38:25
[INFO] [stderr]    |
[INFO] [stderr] 38 |     fn config(&self) -> impl Config {
[INFO] [stderr]    |                         ^^^^^^^^^^^
[INFO] [stderr] 
[INFO] [stderr] error: Need to know which type to store to manage this singleton dependency
[INFO] [stderr] 
[INFO] [stderr]          = help: Consider adding a type hint to the lifetime attribute
[INFO] [stderr]          = note: #[Singleton(SingletonType)]
[INFO] [stderr] 
[INFO] [stderr]   --> tests/fail/lifetimes_with_impl_trait_but_no_concrete.rs:43:22
[INFO] [stderr]    |
[INFO] [stderr] 43 |     fn dal(&self) -> impl DAL {
[INFO] [stderr]    |                      ^^^^^^^^
[INFO] [stderr] ┈┈┈┈┈┈┈┈┈┈┈┈┈┈┈┈┈┈┈┈┈┈┈┈┈┈┈┈┈┈┈┈┈┈┈┈┈┈┈┈┈┈┈┈┈┈┈┈┈┈┈┈┈┈┈┈┈┈┈┈
[INFO] [stderr] note: If the actual output is the correct output you can bless it by rerunning
[INFO] [stderr]       your test with the environment variable TRYBUILD=overwrite
[INFO] [stderr] 
[INFO] [stderr] test tests/fail/mismatch_return_type.rs ... ok
[INFO] [stderr] test tests/fail/taking_ownership_of_managed_dependency.rs ... mismatch
[INFO] [stderr] 
[INFO] [stderr] EXPECTED:
[INFO] [stderr] ┈┈┈┈┈┈┈┈┈┈┈┈┈┈┈┈┈┈┈┈┈┈┈┈┈┈┈┈┈┈┈┈┈┈┈┈┈┈┈┈┈┈┈┈┈┈┈┈┈┈┈┈┈┈┈┈┈┈┈┈
[INFO] [stderr] error: This dependency is managed by the container
[INFO] [stderr] 
[INFO] [stderr]          = help: Take a reference here instead: &Config
[INFO] [stderr] 
[INFO] [stderr]   --> tests/fail/taking_ownership_of_managed_dependency.rs:22:31
[INFO] [stderr]    |
[INFO] [stderr] 22 |     fn service(&self, config: Config) -> Service {
[INFO] [stderr]    |                               ^^^^^^
[INFO] [stderr] 
[INFO] [stderr] error[E0433]: failed to resolve: use of undeclared type `DependencyContainer`
[INFO] [stderr]   --> tests/fail/taking_ownership_of_managed_dependency.rs:28:21
[INFO] [stderr]    |
[INFO] [stderr] 28 |     let container = DependencyContainer::new();
[INFO] [stderr]    |                     ^^^^^^^^^^^^^^^^^^^ use of undeclared type `DependencyContainer`
[INFO] [stderr] ┈┈┈┈┈┈┈┈┈┈┈┈┈┈┈┈┈┈┈┈┈┈┈┈┈┈┈┈┈┈┈┈┈┈┈┈┈┈┈┈┈┈┈┈┈┈┈┈┈┈┈┈┈┈┈┈┈┈┈┈
[INFO] [stderr] 
[INFO] [stderr] ACTUAL OUTPUT:
[INFO] [stderr] ┈┈┈┈┈┈┈┈┈┈┈┈┈┈┈┈┈┈┈┈┈┈┈┈┈┈┈┈┈┈┈┈┈┈┈┈┈┈┈┈┈┈┈┈┈┈┈┈┈┈┈┈┈┈┈┈┈┈┈┈
[INFO] [stderr] error: This dependency is managed by the container
[INFO] [stderr] 
[INFO] [stderr]          = help: Take a reference here instead: &Config
[INFO] [stderr] 
[INFO] [stderr]   --> tests/fail/taking_ownership_of_managed_dependency.rs:22:31
[INFO] [stderr]    |
[INFO] [stderr] 22 |     fn service(&self, config: Config) -> Service {
[INFO] [stderr]    |                               ^^^^^^
[INFO] [stderr] ┈┈┈┈┈┈┈┈┈┈┈┈┈┈┈┈┈┈┈┈┈┈┈┈┈┈┈┈┈┈┈┈┈┈┈┈┈┈┈┈┈┈┈┈┈┈┈┈┈┈┈┈┈┈┈┈┈┈┈┈
[INFO] [stderr] note: If the actual output is the correct output you can bless it by rerunning
[INFO] [stderr]       your test with the environment variable TRYBUILD=overwrite
[INFO] [stderr] 
[INFO] [stderr] test tests/fail/unsupported_fn_args.rs ... mismatch
[INFO] [stderr] 
[INFO] [stderr] EXPECTED:
[INFO] [stderr] ┈┈┈┈┈┈┈┈┈┈┈┈┈┈┈┈┈┈┈┈┈┈┈┈┈┈┈┈┈┈┈┈┈┈┈┈┈┈┈┈┈┈┈┈┈┈┈┈┈┈┈┈┈┈┈┈┈┈┈┈
[INFO] [stderr] error: This argument type is not supported
[INFO] [stderr]   --> tests/fail/unsupported_fn_args.rs:11:22
[INFO] [stderr]    |
[INFO] [stderr] 11 |     fn config(&self, x!(): u32, [first, ..]: &[i32], [eerste, tweede]: &[i32; 2]) -> Config {
[INFO] [stderr]    |                      ^^^^
[INFO] [stderr] 
[INFO] [stderr] error: This argument type is not supported
[INFO] [stderr]   --> tests/fail/unsupported_fn_args.rs:11:33
[INFO] [stderr]    |
[INFO] [stderr] 11 |     fn config(&self, x!(): u32, [first, ..]: &[i32], [eerste, tweede]: &[i32; 2]) -> Config {
[INFO] [stderr]    |                                 ^^^^^^^^^^^
[INFO] [stderr] 
[INFO] [stderr] error: This argument type is not supported
[INFO] [stderr]   --> tests/fail/unsupported_fn_args.rs:11:54
[INFO] [stderr]    |
[INFO] [stderr] 11 |     fn config(&self, x!(): u32, [first, ..]: &[i32], [eerste, tweede]: &[i32; 2]) -> Config {
[INFO] [stderr]    |                                                      ^^^^^^^^^^^^^^^^
[INFO] [stderr] 
[INFO] [stderr] error: This argument type is not supported
[INFO] [stderr]   --> tests/fail/unsupported_fn_args.rs:15:23
[INFO] [stderr]    |
[INFO] [stderr] 15 |     fn service(&self, Config { port }: Config, (a, b): (i32, i32)) -> Service {
[INFO] [stderr]    |                       ^^^^^^^^^^^^^^^
[INFO] [stderr] 
[INFO] [stderr] error: This argument type is not supported
[INFO] [stderr]   --> tests/fail/unsupported_fn_args.rs:15:48
[INFO] [stderr]    |
[INFO] [stderr] 15 |     fn service(&self, Config { port }: Config, (a, b): (i32, i32)) -> Service {
[INFO] [stderr]    |                                                ^^^^^^
[INFO] [stderr] 
[INFO] [stderr] error: This argument type is not supported
[INFO] [stderr]   --> tests/fail/unsupported_fn_args.rs:19:20
[INFO] [stderr]    |
[INFO] [stderr] 19 |     fn task(&self, Service(port): Service, _: i32) -> Task {
[INFO] [stderr]    |                    ^^^^^^^^^^^^^
[INFO] [stderr] 
[INFO] [stderr] error: This argument type is not supported
[INFO] [stderr]   --> tests/fail/unsupported_fn_args.rs:19:44
[INFO] [stderr]    |
[INFO] [stderr] 19 |     fn task(&self, Service(port): Service, _: i32) -> Task {
[INFO] [stderr]    |                                            ^
[INFO] [stderr] 
[INFO] [stderr] error[E0433]: failed to resolve: use of undeclared type `DependencyContainer`
[INFO] [stderr]   --> tests/fail/unsupported_fn_args.rs:25:21
[INFO] [stderr]    |
[INFO] [stderr] 25 |     let container = DependencyContainer::new();
[INFO] [stderr]    |                     ^^^^^^^^^^^^^^^^^^^ use of undeclared type `DependencyContainer`
[INFO] [stderr] ┈┈┈┈┈┈┈┈┈┈┈┈┈┈┈┈┈┈┈┈┈┈┈┈┈┈┈┈┈┈┈┈┈┈┈┈┈┈┈┈┈┈┈┈┈┈┈┈┈┈┈┈┈┈┈┈┈┈┈┈
[INFO] [stderr] 
[INFO] [stderr] ACTUAL OUTPUT:
[INFO] [stderr] ┈┈┈┈┈┈┈┈┈┈┈┈┈┈┈┈┈┈┈┈┈┈┈┈┈┈┈┈┈┈┈┈┈┈┈┈┈┈┈┈┈┈┈┈┈┈┈┈┈┈┈┈┈┈┈┈┈┈┈┈
[INFO] [stderr] error: This argument type is not supported
[INFO] [stderr]   --> tests/fail/unsupported_fn_args.rs:11:22
[INFO] [stderr]    |
[INFO] [stderr] 11 |     fn config(&self, x!(): u32, [first, ..]: &[i32], [eerste, tweede]: &[i32; 2]) -> Config {
[INFO] [stderr]    |                      ^^^^
[INFO] [stderr] 
[INFO] [stderr] error: This argument type is not supported
[INFO] [stderr]   --> tests/fail/unsupported_fn_args.rs:11:33
[INFO] [stderr]    |
[INFO] [stderr] 11 |     fn config(&self, x!(): u32, [first, ..]: &[i32], [eerste, tweede]: &[i32; 2]) -> Config {
[INFO] [stderr]    |                                 ^^^^^^^^^^^
[INFO] [stderr] 
[INFO] [stderr] error: This argument type is not supported
[INFO] [stderr]   --> tests/fail/unsupported_fn_args.rs:11:54
[INFO] [stderr]    |
[INFO] [stderr] 11 |     fn config(&self, x!(): u32, [first, ..]: &[i32], [eerste, tweede]: &[i32; 2]) -> Config {
[INFO] [stderr]    |                                                      ^^^^^^^^^^^^^^^^
[INFO] [stderr] 
[INFO] [stderr] error: This argument type is not supported
[INFO] [stderr]   --> tests/fail/unsupported_fn_args.rs:15:23
[INFO] [stderr]    |
[INFO] [stderr] 15 |     fn service(&self, Config { port }: Config, (a, b): (i32, i32)) -> Service {
[INFO] [stderr]    |                       ^^^^^^^^^^^^^^^
[INFO] [stderr] 
[INFO] [stderr] error: This argument type is not supported
[INFO] [stderr]   --> tests/fail/unsupported_fn_args.rs:15:48
[INFO] [stderr]    |
[INFO] [stderr] 15 |     fn service(&self, Config { port }: Config, (a, b): (i32, i32)) -> Service {
[INFO] [stderr]    |                                                ^^^^^^
[INFO] [stderr] 
[INFO] [stderr] error: This argument type is not supported
[INFO] [stderr]   --> tests/fail/unsupported_fn_args.rs:19:20
[INFO] [stderr]    |
[INFO] [stderr] 19 |     fn task(&self, Service(port): Service, _: i32) -> Task {
[INFO] [stderr]    |                    ^^^^^^^^^^^^^
[INFO] [stderr] 
[INFO] [stderr] error: This argument type is not supported
[INFO] [stderr]   --> tests/fail/unsupported_fn_args.rs:19:44
[INFO] [stderr]    |
[INFO] [stderr] 19 |     fn task(&self, Service(port): Service, _: i32) -> Task {
[INFO] [stderr]    |                                            ^
[INFO] [stderr] ┈┈┈┈┈┈┈┈┈┈┈┈┈┈┈┈┈┈┈┈┈┈┈┈┈┈┈┈┈┈┈┈┈┈┈┈┈┈┈┈┈┈┈┈┈┈┈┈┈┈┈┈┈┈┈┈┈┈┈┈
[INFO] [stderr] note: If the actual output is the correct output you can bless it by rerunning
[INFO] [stderr]       your test with the environment variable TRYBUILD=overwrite
[INFO] [stderr] 
[INFO] [stdout] test fail ... FAILED
[INFO] [stdout] 
[INFO] [stdout] failures:
[INFO] [stdout] 
[INFO] [stdout] ---- expand stdout ----
[INFO] [stdout] Running 21 macro expansion tests
[INFO] [stdout] Expansion error:
[INFO] [stdout] error: no such command: `expand`
[INFO] [stdout] 
[INFO] [stdout] help: view all installed commands with `cargo --list`
[INFO] [stdout] help: find a package to install `expand` with `cargo search cargo-expand`
[INFO] [stdout] 
[INFO] [stdout] Expansion error:
[INFO] [stdout] error: no such command: `expand`
[INFO] [stdout] 
[INFO] [stdout] help: view all installed commands with `cargo --list`
[INFO] [stdout] help: find a package to install `expand` with `cargo search cargo-expand`
[INFO] [stdout] 
[INFO] [stdout] Expansion error:
[INFO] [stdout] error: no such command: `expand`
[INFO] [stdout] 
[INFO] [stdout] help: view all installed commands with `cargo --list`
[INFO] [stdout] help: find a package to install `expand` with `cargo search cargo-expand`
[INFO] [stdout] 
[INFO] [stdout] Expansion error:
[INFO] [stdout] error: no such command: `expand`
[INFO] [stdout] 
[INFO] [stdout] help: view all installed commands with `cargo --list`
[INFO] [stdout] help: find a package to install `expand` with `cargo search cargo-expand`
[INFO] [stdout] 
[INFO] [stdout] Expansion error:
[INFO] [stdout] error: no such command: `expand`
[INFO] [stdout] 
[INFO] [stdout] help: view all installed commands with `cargo --list`
[INFO] [stdout] help: find a package to install `expand` with `cargo search cargo-expand`
[INFO] [stdout] 
[INFO] [stdout] Expansion error:
[INFO] [stdout] error: no such command: `expand`
[INFO] [stdout] 
[INFO] [stdout] help: view all installed commands with `cargo --list`
[INFO] [stdout] help: find a package to install `expand` with `cargo search cargo-expand`
[INFO] [stdout] 
[INFO] [stdout] Expansion error:
[INFO] [stdout] error: no such command: `expand`
[INFO] [stdout] 
[INFO] [stdout] help: view all installed commands with `cargo --list`
[INFO] [stdout] help: find a package to install `expand` with `cargo search cargo-expand`
[INFO] [stdout] 
[INFO] [stdout] Expansion error:
[INFO] [stdout] error: no such command: `expand`
[INFO] [stdout] 
[INFO] [stdout] help: view all installed commands with `cargo --list`
[INFO] [stdout] help: find a package to install `expand` with `cargo search cargo-expand`
[INFO] [stdout] 
[INFO] [stdout] Expansion error:
[INFO] [stdout] error: no such command: `expand`
[INFO] [stdout] 
[INFO] [stdout] help: view all installed commands with `cargo --list`
[INFO] [stdout] help: find a package to install `expand` with `cargo search cargo-expand`
[INFO] [stdout] 
[INFO] [stdout] Expansion error:
[INFO] [stdout] error: no such command: `expand`
[INFO] [stdout] 
[INFO] [stdout] help: view all installed commands with `cargo --list`
[INFO] [stdout] help: find a package to install `expand` with `cargo search cargo-expand`
[INFO] [stdout] 
[INFO] [stdout] Expansion error:
[INFO] [stdout] error: no such command: `expand`
[INFO] [stdout] 
[INFO] [stdout] help: view all installed commands with `cargo --list`
[INFO] [stdout] help: find a package to install `expand` with `cargo search cargo-expand`
[INFO] [stdout] 
[INFO] [stdout] Expansion error:
[INFO] [stdout] error: no such command: `expand`
[INFO] [stdout] 
[INFO] [stdout] help: view all installed commands with `cargo --list`
[INFO] [stdout] help: find a package to install `expand` with `cargo search cargo-expand`
[INFO] [stdout] 
[INFO] [stdout] Expansion error:
[INFO] [stdout] error: no such command: `expand`
[INFO] [stdout] 
[INFO] [stdout] help: view all installed commands with `cargo --list`
[INFO] [stdout] help: find a package to install `expand` with `cargo search cargo-expand`
[INFO] [stdout] 
[INFO] [stdout] Expansion error:
[INFO] [stdout] error: no such command: `expand`
[INFO] [stdout] 
[INFO] [stdout] help: view all installed commands with `cargo --list`
[INFO] [stdout] help: find a package to install `expand` with `cargo search cargo-expand`
[INFO] [stdout] 
[INFO] [stdout] Expansion error:
[INFO] [stdout] error: no such command: `expand`
[INFO] [stdout] 
[INFO] [stdout] help: view all installed commands with `cargo --list`
[INFO] [stdout] help: find a package to install `expand` with `cargo search cargo-expand`
[INFO] [stdout] 
[INFO] [stdout] Expansion error:
[INFO] [stdout] error: no such command: `expand`
[INFO] [stdout] 
[INFO] [stdout] help: view all installed commands with `cargo --list`
[INFO] [stdout] help: find a package to install `expand` with `cargo search cargo-expand`
[INFO] [stdout] 
[INFO] [stdout] Expansion error:
[INFO] [stdout] error: no such command: `expand`
[INFO] [stdout] 
[INFO] [stdout] help: view all installed commands with `cargo --list`
[INFO] [stdout] help: find a package to install `expand` with `cargo search cargo-expand`
[INFO] [stdout] 
[INFO] [stdout] Expansion error:
[INFO] [stdout] error: no such command: `expand`
[INFO] [stdout] 
[INFO] [stdout] help: view all installed commands with `cargo --list`
[INFO] [stdout] help: find a package to install `expand` with `cargo search cargo-expand`
[INFO] [stdout] 
[INFO] [stdout] Expansion error:
[INFO] [stdout] error: no such command: `expand`
[INFO] [stdout] 
[INFO] [stdout] help: view all installed commands with `cargo --list`
[INFO] [stdout] help: find a package to install `expand` with `cargo search cargo-expand`
[INFO] [stdout] 
[INFO] [stdout] Expansion error:
[INFO] [stdout] error: no such command: `expand`
[INFO] [stdout] 
[INFO] [stdout] help: view all installed commands with `cargo --list`
[INFO] [stdout] help: find a package to install `expand` with `cargo search cargo-expand`
[INFO] [stdout] 
[INFO] [stdout] Expansion error:
[INFO] [stdout] error: no such command: `expand`
[INFO] [stdout] 
[INFO] [stdout] help: view all installed commands with `cargo --list`
[INFO] [stdout] help: find a package to install `expand` with `cargo search cargo-expand`
[INFO] [stdout] 
[INFO] [stdout] 
[INFO] [stdout] 
[INFO] [stdout] 
[INFO] [stdout] 
[INFO] [stdout] thread 'expand' (1207) panicked at /opt/rustwide/cargo-home/registry/src/index.crates.io-1949cf8c6b5b557f/macrotest-1.2.0/src/expand.rs:174:9:
[INFO] [stdout] 21 of 21 tests failed
[INFO] [stdout] stack backtrace:
[INFO] [stdout]    0:     0x58e473d21f41 - <<std[617be2ca0a6fd877]::sys::backtrace::BacktraceLock>::print::DisplayBacktrace as core[a373ad73a504971]::fmt::Display>::fmt
[INFO] [stdout]    1:     0x58e473d3885a - core[a373ad73a504971]::fmt::write
[INFO] [stdout]    2:     0x58e473d267fc - <alloc[2e1b2a31b91974c5]::vec::Vec<u8> as core[a373ad73a504971]::io::write::Write>::write_fmt
[INFO] [stdout]    3:     0x58e473cf9e66 - std[617be2ca0a6fd877]::panicking::default_hook::{closure#0}
[INFO] [stdout]    4:     0x58e473d18249 - std[617be2ca0a6fd877]::panicking::default_hook
[INFO] [stdout]    5:     0x58e473cb14d0 - test[aada8e7e76ba119b]::test_main_inner::{closure#0}
[INFO] [stdout]    6:     0x58e473d18572 - std[617be2ca0a6fd877]::panicking::panic_with_hook
[INFO] [stdout]    7:     0x58e473cf9f12 - std[617be2ca0a6fd877]::panicking::panic_handler::{closure#0}
[INFO] [stdout]    8:     0x58e473cf2769 - std[617be2ca0a6fd877]::sys::backtrace::__rust_end_short_backtrace::<std[617be2ca0a6fd877]::panicking::panic_handler::{closure#0}, !>
[INFO] [stdout]    9:     0x58e473cfab1d - __rustc[ea4f61d10b84890b]::rust_begin_unwind
[INFO] [stdout]   10:     0x58e473d38ffc - core[a373ad73a504971]::panicking::panic_fmt
[INFO] [stdout]   11:     0x58e473a4fb55 - macrotest[1fa93aa083157977]::expand::run_tests::<alloc[2e1b2a31b91974c5]::vec::Vec<alloc[2e1b2a31b91974c5]::string::String>, alloc[2e1b2a31b91974c5]::string::String, &str>
[INFO] [stdout]   12:     0x58e473a51fae - <tests[dca790aa8abbff96]::expand::{closure#0} as core[a373ad73a504971]::ops::function::FnOnce<()>>::call_once
[INFO] [stdout]   13:     0x58e473ca491b - test[aada8e7e76ba119b]::__rust_begin_short_backtrace::<core[a373ad73a504971]::result::Result<(), alloc[2e1b2a31b91974c5]::string::String>, fn() -> core[a373ad73a504971]::result::Result<(), alloc[2e1b2a31b91974c5]::string::String>>
[INFO] [stdout]   14:     0x58e473cb1af5 - test[aada8e7e76ba119b]::run_test::{closure#0}
[INFO] [stdout]   15:     0x58e473cab3e4 - std[617be2ca0a6fd877]::sys::backtrace::__rust_begin_short_backtrace::<test[aada8e7e76ba119b]::run_test::{closure#1}, ()>
[INFO] [stdout]   16:     0x58e473cb4b82 - <std[617be2ca0a6fd877]::thread::lifecycle::spawn_unchecked<test[aada8e7e76ba119b]::run_test::{closure#1}, ()>::{closure#1} as core[a373ad73a504971]::ops::function::FnOnce<()>>::call_once::{shim:vtable#0}
[INFO] [stdout]   17:     0x58e473d20e7f - <std[617be2ca0a6fd877]::sys::thread::unix::Thread>::new::thread_start
[INFO] [stdout]   18:     0x7fb1fe4a3dfa - <unknown>
[INFO] [stdout]   19:     0x7fb1fe5373d4 - clone
[INFO] [stdout]   20:                0x0 - <unknown>
[INFO] [stdout] 
[INFO] [stdout] ---- fail stdout ----
[INFO] [stdout] 
[INFO] [stdout] thread 'fail' (1208) panicked at /opt/rustwide/cargo-home/registry/src/index.crates.io-1949cf8c6b5b557f/trybuild-1.0.114/src/run.rs:102:13:
[INFO] [stdout] 7 of 8 tests failed
[INFO] [stdout] stack backtrace:
[INFO] [stdout]    0:     0x58e473d21f41 - <<std[617be2ca0a6fd877]::sys::backtrace::BacktraceLock>::print::DisplayBacktrace as core[a373ad73a504971]::fmt::Display>::fmt
[INFO] [stdout]    1:     0x58e473d3885a - core[a373ad73a504971]::fmt::write
[INFO] [stdout]    2:     0x58e473d267fc - <alloc[2e1b2a31b91974c5]::vec::Vec<u8> as core[a373ad73a504971]::io::write::Write>::write_fmt
[INFO] [stdout]    3:     0x58e473cf9e66 - std[617be2ca0a6fd877]::panicking::default_hook::{closure#0}
[INFO] [stdout]    4:     0x58e473d18249 - std[617be2ca0a6fd877]::panicking::default_hook
[INFO] [stdout]    5:     0x58e473cb14d0 - test[aada8e7e76ba119b]::test_main_inner::{closure#0}
[INFO] [stdout]    6:     0x58e473d18572 - std[617be2ca0a6fd877]::panicking::panic_with_hook
[INFO] [stdout]    7:     0x58e473cf9f12 - std[617be2ca0a6fd877]::panicking::panic_handler::{closure#0}
[INFO] [stdout]    8:     0x58e473cf2769 - std[617be2ca0a6fd877]::sys::backtrace::__rust_end_short_backtrace::<std[617be2ca0a6fd877]::panicking::panic_handler::{closure#0}, !>
[INFO] [stdout]    9:     0x58e473cfab1d - __rustc[ea4f61d10b84890b]::rust_begin_unwind
[INFO] [stdout]   10:     0x58e473d38ffc - core[a373ad73a504971]::panicking::panic_fmt
[INFO] [stdout]   11:     0x58e473c00377 - <trybuild[b2d5a1b3fd09f22c]::Runner>::run
[INFO] [stdout]   12:     0x58e473c034d0 - <trybuild[b2d5a1b3fd09f22c]::TestCases as core[a373ad73a504971]::ops::drop::Drop>::drop
[INFO] [stdout]   13:     0x58e473a51c44 - <tests[dca790aa8abbff96]::fail::{closure#0} as core[a373ad73a504971]::ops::function::FnOnce<()>>::call_once
[INFO] [stdout]   14:     0x58e473ca491b - test[aada8e7e76ba119b]::__rust_begin_short_backtrace::<core[a373ad73a504971]::result::Result<(), alloc[2e1b2a31b91974c5]::string::String>, fn() -> core[a373ad73a504971]::result::Result<(), alloc[2e1b2a31b91974c5]::string::String>>
[INFO] [stdout]   15:     0x58e473cb1af5 - test[aada8e7e76ba119b]::run_test::{closure#0}
[INFO] [stdout]   16:     0x58e473cab3e4 - std[617be2ca0a6fd877]::sys::backtrace::__rust_begin_short_backtrace::<test[aada8e7e76ba119b]::run_test::{closure#1}, ()>
[INFO] [stdout]   17:     0x58e473cb4b82 - <std[617be2ca0a6fd877]::thread::lifecycle::spawn_unchecked<test[aada8e7e76ba119b]::run_test::{closure#1}, ()>::{closure#1} as core[a373ad73a504971]::ops::function::FnOnce<()>>::call_once::{shim:vtable#0}
[INFO] [stdout]   18:     0x58e473d20e7f - <std[617be2ca0a6fd877]::sys::thread::unix::Thread>::new::thread_start
[INFO] [stdout]   19:     0x7fb1fe4a3dfa - <unknown>
[INFO] [stdout]   20:     0x7fb1fe5373d4 - clone
[INFO] [stdout]   21:                0x0 - <unknown>
[INFO] [stdout] 
[INFO] [stdout] 
[INFO] [stdout] failures:
[INFO] [stdout]     expand
[INFO] [stdout]     fail
[INFO] [stdout] 
[INFO] [stdout] test result: FAILED. 0 passed; 2 failed; 0 ignored; 0 measured; 0 filtered out; finished in 69.02s
[INFO] [stdout] 
[INFO] [stderr] test tests/fail/unsupported_impl_types.rs ... mismatch
[INFO] [stderr] 
[INFO] [stderr] EXPECTED:
[INFO] [stderr] ┈┈┈┈┈┈┈┈┈┈┈┈┈┈┈┈┈┈┈┈┈┈┈┈┈┈┈┈┈┈┈┈┈┈┈┈┈┈┈┈┈┈┈┈┈┈┈┈┈┈┈┈┈┈┈┈┈┈┈┈
[INFO] [stderr] error: This impl item is not supported
[INFO] [stderr]  --> tests/fail/unsupported_impl_types.rs:7:5
[INFO] [stderr]   |
[INFO] [stderr] 7 |     const SIZE: usize = 1;
[INFO] [stderr]   |     ^^^^^^^^^^^^^^^^^^^^^^
[INFO] [stderr] 
[INFO] [stderr] error: This impl item is not supported
[INFO] [stderr]  --> tests/fail/unsupported_impl_types.rs:9:5
[INFO] [stderr]   |
[INFO] [stderr] 9 |     type DB = Sqlite;
[INFO] [stderr]   |     ^^^^^^^^^^^^^^^^^
[INFO] [stderr] 
[INFO] [stderr] error: This impl item is not supported
[INFO] [stderr]   --> tests/fail/unsupported_impl_types.rs:11:5
[INFO] [stderr]    |
[INFO] [stderr] 11 |     db!();
[INFO] [stderr]    |     ^^^^^^
[INFO] [stderr] 
[INFO] [stderr] error[E0433]: failed to resolve: use of undeclared type `DependencyContainer`
[INFO] [stderr]   --> tests/fail/unsupported_impl_types.rs:19:21
[INFO] [stderr]    |
[INFO] [stderr] 19 |     let container = DependencyContainer::new();
[INFO] [stderr]    |                     ^^^^^^^^^^^^^^^^^^^ use of undeclared type `DependencyContainer`
[INFO] [stderr] ┈┈┈┈┈┈┈┈┈┈┈┈┈┈┈┈┈┈┈┈┈┈┈┈┈┈┈┈┈┈┈┈┈┈┈┈┈┈┈┈┈┈┈┈┈┈┈┈┈┈┈┈┈┈┈┈┈┈┈┈
[INFO] [stderr] 
[INFO] [stderr] ACTUAL OUTPUT:
[INFO] [stderr] ┈┈┈┈┈┈┈┈┈┈┈┈┈┈┈┈┈┈┈┈┈┈┈┈┈┈┈┈┈┈┈┈┈┈┈┈┈┈┈┈┈┈┈┈┈┈┈┈┈┈┈┈┈┈┈┈┈┈┈┈
[INFO] [stderr] error: This impl item is not supported
[INFO] [stderr]  --> tests/fail/unsupported_impl_types.rs:7:5
[INFO] [stderr]   |
[INFO] [stderr] 7 |     const SIZE: usize = 1;
[INFO] [stderr]   |     ^^^^^^^^^^^^^^^^^^^^^^
[INFO] [stderr] 
[INFO] [stderr] error: This impl item is not supported
[INFO] [stderr]  --> tests/fail/unsupported_impl_types.rs:9:5
[INFO] [stderr]   |
[INFO] [stderr] 9 |     type DB = Sqlite;
[INFO] [stderr]   |     ^^^^^^^^^^^^^^^^^
[INFO] [stderr] 
[INFO] [stderr] error: This impl item is not supported
[INFO] [stderr]   --> tests/fail/unsupported_impl_types.rs:11:5
[INFO] [stderr]    |
[INFO] [stderr] 11 |     db!();
[INFO] [stderr]    |     ^^^^^^
[INFO] [stderr] ┈┈┈┈┈┈┈┈┈┈┈┈┈┈┈┈┈┈┈┈┈┈┈┈┈┈┈┈┈┈┈┈┈┈┈┈┈┈┈┈┈┈┈┈┈┈┈┈┈┈┈┈┈┈┈┈┈┈┈┈
[INFO] [stderr] note: If the actual output is the correct output you can bless it by rerunning
[INFO] [stderr]       your test with the environment variable TRYBUILD=overwrite
[INFO] [stderr] 
[INFO] [stderr] 
[INFO] [stderr] 
[INFO] [stderr] error: test failed, to rerun pass `--test tests`
[INFO] running `Command { std: "docker" "inspect" "a1f51158eec1d77f5b479be45a6b96fe3119d0f8979a017ef4bba820425ebfd8", kill_on_drop: false }`
[INFO] running `Command { std: "docker" "rm" "-f" "a1f51158eec1d77f5b479be45a6b96fe3119d0f8979a017ef4bba820425ebfd8", kill_on_drop: false }`
[INFO] [stdout] a1f51158eec1d77f5b479be45a6b96fe3119d0f8979a017ef4bba820425ebfd8
