[INFO] fetching crate desire 1.0.0-rc.5...
[INFO] testing desire-1.0.0-rc.5 against 1.99.0-beta.8+cargoflags=--release for beta-release-1.100-2
[INFO] extracting crate desire 1.0.0-rc.5 into /workspace/builds/worker-0-tc1/source
[INFO] started tweaking crates.io crate desire 1.0.0-rc.5
[INFO] finished tweaking crates.io crate desire 1.0.0-rc.5
[INFO] tweaked toml for crates.io crate desire 1.0.0-rc.5 written to /workspace/builds/worker-0-tc1/source/Cargo.toml
[INFO] validating manifest of crates.io crate desire 1.0.0-rc.5 on toolchain 1.99.0-beta.8
[INFO] running `Command { std: CARGO_HOME="/workspace/cargo-home" RUSTUP_HOME="/workspace/rustup-home" "/workspace/cargo-home/bin/cargo" "+1.99.0-beta.8" "metadata" "--manifest-path" "Cargo.toml" "--no-deps", kill_on_drop: false }`
[INFO] crate crates.io crate desire 1.0.0-rc.5 already has a lockfile, it will not be regenerated
[INFO] running `Command { std: CARGO_HOME="/workspace/cargo-home" RUSTUP_HOME="/workspace/rustup-home" "/workspace/cargo-home/bin/cargo" "+1.99.0-beta.8" "fetch" "--manifest-path" "Cargo.toml", kill_on_drop: false }`
[INFO] running `Command { std: "docker" "create" "-v" "/var/lib/crater-agent-workspace/builds/worker-0-tc1/source:/opt/rustwide/workdir:ro,Z" "-v" "/var/lib/crater-agent-workspace/builds/worker-0-tc1/target:/opt/rustwide/target:rw,Z" "-v" "/var/lib/crater-agent-workspace/cargo-home:/opt/rustwide/cargo-home:ro,Z" "-v" "/var/lib/crater-agent-workspace/rustup-home:/opt/rustwide/rustup-home:ro,Z" "-m" "1610612736" "--network" "none" "ghcr.io/rust-lang/crates-build-env/linux@sha256:77db811e55d90add9212f6832c23229e3de5f1c1f9905e8cb07319ea15df73ac" "sleep" "infinity", kill_on_drop: false }`
[INFO] [stdout] 4a5845fd3ec021670e79dda15c80228ab729b4256884253241f7b7123c5ffe5f
[INFO] running `Command { std: "docker" "start" "4a5845fd3ec021670e79dda15c80228ab729b4256884253241f7b7123c5ffe5f", kill_on_drop: false }`
[INFO] running `Command { std: "docker" "inspect" "4a5845fd3ec021670e79dda15c80228ab729b4256884253241f7b7123c5ffe5f", kill_on_drop: false }`
[INFO] running `Command { std: "docker" "exec" "-e" "SOURCE_DIR=/opt/rustwide/workdir" "-e" "CARGO_HOME=/opt/rustwide/cargo-home" "-e" "RUSTUP_HOME=/opt/rustwide/rustup-home" "-e" "CARGO_TARGET_DIR=/opt/rustwide/target" "-w" "/opt/rustwide/workdir" "--user" "0:0" "4a5845fd3ec021670e79dda15c80228ab729b4256884253241f7b7123c5ffe5f" "/opt/rustwide/cargo-home/bin/cargo" "+1.99.0-beta.8" "metadata" "--no-deps" "--format-version=1", kill_on_drop: false }`
[INFO] running `Command { std: "docker" "inspect" "4a5845fd3ec021670e79dda15c80228ab729b4256884253241f7b7123c5ffe5f", kill_on_drop: false }`
[INFO] running `Command { std: "docker" "exec" "-e" "SOURCE_DIR=/opt/rustwide/workdir" "-e" "CARGO_HOME=/opt/rustwide/cargo-home" "-e" "RUSTUP_HOME=/opt/rustwide/rustup-home" "-e" "CARGO_TARGET_DIR=/opt/rustwide/target" "-e" "CARGO_INCREMENTAL=0" "-e" "RUST_BACKTRACE=full" "-e" "RUSTFLAGS=--cap-lints=warn" "-e" "RUSTDOCFLAGS=--cap-lints=warn" "-w" "/opt/rustwide/workdir" "--user" "0:0" "4a5845fd3ec021670e79dda15c80228ab729b4256884253241f7b7123c5ffe5f" "/opt/rustwide/cargo-home/bin/cargo" "+1.99.0-beta.8" "build" "--frozen" "--message-format=json" "--release", kill_on_drop: false }`
[INFO] [stderr]    Compiling futures-task v0.3.34
[INFO] [stderr]    Compiling unicase v2.9.0
[INFO] [stderr]    Compiling syn v2.0.119
[INFO] [stderr]    Compiling time-core v0.1.7
[INFO] [stderr]    Compiling multer v3.1.0
[INFO] [stderr]    Compiling futures-channel v0.3.34
[INFO] [stderr]    Compiling cookie v0.18.2
[INFO] [stderr]    Compiling tokio v1.53.1
[INFO] [stderr]    Compiling thiserror-impl v2.0.20
[INFO] [stderr]    Compiling encoding_rs v0.8.35
[INFO] [stderr]    Compiling spin v0.9.9
[INFO] [stderr]    Compiling serde_urlencoded v0.7.1
[INFO] [stderr]    Compiling futures-util v0.3.34
[INFO] [stderr]    Compiling mime_guess v2.0.5
[INFO] [stderr]    Compiling time-macros v0.2.25
[INFO] [stderr]    Compiling thiserror v2.0.20
[INFO] [stderr]    Compiling time v0.3.45
[INFO] [stderr]    Compiling tracing-attributes v0.1.31
[INFO] [stderr]    Compiling tracing v0.1.44
[INFO] [stderr]    Compiling tokio-util v0.7.19
[INFO] [stderr]    Compiling tokio-stream v0.1.19
[INFO] [stderr]    Compiling h2 v0.4.19
[INFO] [stderr]    Compiling hyper v1.11.1
[INFO] [stderr]    Compiling hyper-util v0.1.20
[INFO] [stderr]    Compiling desire v1.0.0-rc.5 (/opt/rustwide/workdir)
[INFO] [stderr]     Finished `release` profile [optimized] target(s) in 35.34s
[INFO] running `Command { std: "docker" "inspect" "4a5845fd3ec021670e79dda15c80228ab729b4256884253241f7b7123c5ffe5f", kill_on_drop: false }`
[INFO] running `Command { std: "docker" "exec" "-e" "SOURCE_DIR=/opt/rustwide/workdir" "-e" "CARGO_HOME=/opt/rustwide/cargo-home" "-e" "RUSTUP_HOME=/opt/rustwide/rustup-home" "-e" "CARGO_TARGET_DIR=/opt/rustwide/target" "-e" "CARGO_INCREMENTAL=0" "-e" "RUST_BACKTRACE=full" "-e" "RUSTFLAGS=--cap-lints=warn" "-e" "RUSTDOCFLAGS=--cap-lints=warn" "-w" "/opt/rustwide/workdir" "--user" "0:0" "4a5845fd3ec021670e79dda15c80228ab729b4256884253241f7b7123c5ffe5f" "/opt/rustwide/cargo-home/bin/cargo" "+1.99.0-beta.8" "test" "--frozen" "--no-run" "--message-format=json" "--release", kill_on_drop: false }`
[INFO] [stderr]    Compiling serde_json v1.0.151
[INFO] [stderr]    Compiling futures-macro v0.3.34
[INFO] [stderr]    Compiling tracing v0.1.44
[INFO] [stderr]    Compiling serde v1.0.229
[INFO] [stderr]    Compiling rand_chacha v0.9.0
[INFO] [stderr]    Compiling crc32fast v1.5.2
[INFO] [stderr]    Compiling ref-cast v1.0.27
[INFO] [stderr]    Compiling sha1 v0.10.7
[INFO] [stderr]    Compiling serde_derive_internals v0.30.0
[INFO] [stderr]    Compiling ref-cast-impl v1.0.27
[INFO] [stderr]    Compiling serde_path_to_error v0.1.20
[INFO] [stderr]    Compiling tracing-subscriber v0.3.23
[INFO] [stderr]    Compiling rand v0.9.5
[INFO] [stderr]    Compiling h2 v0.4.19
[INFO] [stderr]    Compiling axum-core v0.5.6
[INFO] [stderr]    Compiling flate2 v1.1.10
[INFO] [stderr]    Compiling futures-util v0.3.34
[INFO] [stderr]    Compiling tungstenite v0.26.2
[INFO] [stderr]    Compiling schemars_derive v1.2.2
[INFO] [stderr]    Compiling serde_urlencoded v0.7.1
[INFO] [stderr]    Compiling schemars v1.2.2
[INFO] [stderr]    Compiling multer v3.1.0
[INFO] [stderr]    Compiling tower v0.5.3
[INFO] [stderr]    Compiling tokio-tungstenite v0.26.2
[INFO] [stderr]    Compiling hyper v1.11.1
[INFO] [stderr]    Compiling hyper-util v0.1.20
[INFO] [stderr]    Compiling axum v0.8.9
[INFO] [stderr]    Compiling desire v1.0.0-rc.5 (/opt/rustwide/workdir)
[INFO] [stderr]     Finished `release` profile [optimized] target(s) in 36.67s
[INFO] running `Command { std: "docker" "inspect" "4a5845fd3ec021670e79dda15c80228ab729b4256884253241f7b7123c5ffe5f", kill_on_drop: false }`
[INFO] running `Command { std: "docker" "exec" "-e" "SOURCE_DIR=/opt/rustwide/workdir" "-e" "CARGO_HOME=/opt/rustwide/cargo-home" "-e" "RUSTUP_HOME=/opt/rustwide/rustup-home" "-e" "CARGO_TARGET_DIR=/opt/rustwide/target" "-e" "CARGO_INCREMENTAL=0" "-e" "RUST_BACKTRACE=full" "-e" "RUSTFLAGS=--cap-lints=warn" "-e" "RUSTDOCFLAGS=--cap-lints=warn" "-w" "/opt/rustwide/workdir" "--user" "0:0" "4a5845fd3ec021670e79dda15c80228ab729b4256884253241f7b7123c5ffe5f" "/opt/rustwide/cargo-home/bin/cargo" "+1.99.0-beta.8" "test" "--frozen" "--release", kill_on_drop: false }`
[INFO] [stderr]     Finished `release` profile [optimized] target(s) in 0.12s
[INFO] [stderr]      Running unittests src/lib.rs (/opt/rustwide/target/release/deps/desire-f761252ddb09009a)
[INFO] [stdout] 
[INFO] [stdout] running 6 tests
[INFO] [stdout] test context::tests::decode_roundtrip ... ok
[INFO] [stdout] test sse::tests::json_data_serializes ... ok
[INFO] [stdout] test sse::tests::comment_and_empty_event ... ok
[INFO] [stdout] test sse::tests::multi_line_data_repeats_data_field ... ok
[INFO] [stdout] test sse::tests::renders_fields_in_order ... ok
[INFO] [stdout] test context::tests::params_deserialize ... ok
[INFO] [stdout] 
[INFO] [stdout] test result: ok. 6 passed; 0 failed; 0 ignored; 0 measured; 0 filtered out; finished in 0.00s
[INFO] [stdout] 
[INFO] [stderr]    Doc-tests desire
[INFO] [stdout] 
[INFO] [stdout] running 36 tests
[INFO] [stdout] test src/app.rs - app::App (line 23) ... ignored
[INFO] [stdout] test src/body.rs - body::from_stream (line 47) ... ignored
[INFO] [stdout] test src/context.rs - context::Context::param (line 119) ... ignored
[INFO] [stdout] test src/context.rs - context::Context::params (line 144) ... ignored
[INFO] [stdout] test src/context.rs - context::Context::set_cookie (line 373) ... ignored
[INFO] [stdout] test src/fs.rs - fs::ServeDir (line 18) ... ignored
[INFO] [stdout] test src/fs.rs - fs::ServeFile (line 153) ... ignored
[INFO] [stdout] test src/handler.rs - handler::Handler (line 13) ... ignored
[INFO] [stdout] test src/handler.rs - handler::Handler (line 21) ... ignored
[INFO] [stdout] test src/lib.rs - (line 106) ... ignored
[INFO] [stdout] test src/lib.rs - (line 117) ... ignored
[INFO] [stdout] test src/lib.rs - (line 185) ... ignored
[INFO] [stdout] test src/lib.rs - (line 241) ... ignored
[INFO] [stdout] test src/lib.rs - (line 83) ... ignored
[INFO] [stdout] test src/lib.rs - test (line 401) ... ignored
[INFO] [stdout] test src/middleware.rs - middleware::Middleware (line 20) ... ignored
[INFO] [stdout] test src/router.rs - router::Router (line 180) ... ignored
[INFO] [stdout] test src/sse.rs - sse (line 4) ... ignored
[INFO] [stdout] test src/sse.rs - sse::Event (line 33) ... ignored
[INFO] [stdout] test src/sse.rs - sse::Sse<S>::keep_alive (line 144) ... ignored
[INFO] [stdout] test src/types.rs - types::Result (line 17) ... ignored
[INFO] [stdout] test src/lib.rs - (line 259) - compile ... ok
[INFO] [stdout] test src/lib.rs - (line 220) - compile ... ok
[INFO] [stdout] test src/server.rs - server::Server::on_bound (line 103) - compile ... ok
[INFO] [stdout] test src/lib.rs - (line 148) - compile ... ok
[INFO] [stdout] test src/lib.rs - (line 12) - compile ... ok
[INFO] [stdout] test src/into_response.rs - into_response::Json (line 121) - compile ... ok
[INFO] [stdout] test src/into_response.rs - into_response::Html (line 147) - compile ... ok
[INFO] [stdout] test src/error.rs - error::Error (line 13) - compile ... ok
[INFO] [stdout] test src/lib.rs - (line 299) - compile ... ok
[INFO] [stdout] test src/lib.rs - (line 200) - compile ... ok
[INFO] [stdout] test src/lib.rs - (line 332) - compile ... ok
[INFO] [stdout] test src/lib.rs - (line 351) - compile ... FAILED
[INFO] [stdout] test src/lib.rs - (line 53) - compile ... ok
[INFO] [stdout] test src/lib.rs - (line 127) - compile ... ok
[INFO] [stdout] test src/lib.rs - (line 274) - compile ... FAILED
[INFO] [stdout] 
[INFO] [stdout] failures:
[INFO] [stdout] 
[INFO] [stdout] ---- src/lib.rs - (line 351) stdout ----
[INFO] [stdout] error[E0432]: unresolved import `desire::openapi`
[INFO] [stdout]    --> src/lib.rs:354:13
[INFO] [stdout]     |
[INFO] [stdout] 354 | use desire::openapi::{OpenApi, PathDoc};
[INFO] [stdout]     |             ^^^^^^^ could not find `openapi` in `desire`
[INFO] [stdout]     |
[INFO] [stdout] note: found an item that was configured out
[INFO] [stdout]    --> src/lib.rs:382:9
[INFO] [stdout]     |
[INFO] [stdout] 380 | #[cfg(feature = "openapi")]
[INFO] [stdout]     |       ------------------- the item is gated behind the `openapi` feature
[INFO] [stdout] 381 | #[cfg_attr(docsrs, doc(cfg(feature = "openapi")))]
[INFO] [stdout] 382 | pub mod openapi;
[INFO] [stdout]     |         ^^^^^^^
[INFO] [stdout] 
[INFO] [stdout] error[E0599]: no method named `openapi` found for struct `desire::App` in the current scope
[INFO] [stdout]    --> src/lib.rs:363:12
[INFO] [stdout]     |
[INFO] [stdout] 363 | App::new().openapi(docs)   // /openapi.json + Swagger UI /docs
[INFO] [stdout]     |            ^^^^^^^ method not found in `desire::App`
[INFO] [stdout] 
[INFO] [stdout] error: aborting due to 2 previous errors
[INFO] [stdout] 
[INFO] [stdout] Some errors have detailed explanations: E0432, E0599.
[INFO] [stdout] For more information about an error, try `rustc --explain E0432`.
[INFO] [stdout] Couldn't compile the test.
[INFO] [stdout] ---- src/lib.rs - (line 274) stdout ----
[INFO] [stdout] error[E0433]: cannot find `TlsConfig` in `desire`
[INFO] [stdout]    --> src/lib.rs:280:18
[INFO] [stdout]     |
[INFO] [stdout] 280 |     .tls(desire::TlsConfig::builder()
[INFO] [stdout]     |                  ^^^^^^^^^ could not find `TlsConfig` in `desire`
[INFO] [stdout]     |
[INFO] [stdout] note: found an item that was configured out
[INFO] [stdout]    --> src/lib.rs:419:14
[INFO] [stdout]     |
[INFO] [stdout] 418 | #[cfg(feature = "tls")]
[INFO] [stdout]     |       --------------- the item is gated behind the `tls` feature
[INFO] [stdout] 419 | pub use tls::TlsConfig;
[INFO] [stdout]     |              ^^^^^^^^^
[INFO] [stdout] 
[INFO] [stdout] error[E0599]: no method named `tls` found for struct `Server` in the current scope
[INFO] [stdout]    --> src/lib.rs:280:6
[INFO] [stdout]     |
[INFO] [stdout] 278 | / desire::Server::new(app)
[INFO] [stdout] 279 | |     .bind("0.0.0.0:443")?
[INFO] [stdout] 280 | |     .tls(desire::TlsConfig::builder()
[INFO] [stdout]     | |     -^^^ method not found in `Server`
[INFO] [stdout]     | |_____|
[INFO] [stdout]     |
[INFO] [stdout] 
[INFO] [stdout] error: aborting due to 2 previous errors
[INFO] [stdout] 
[INFO] [stdout] Some errors have detailed explanations: E0433, E0599.
[INFO] [stdout] For more information about an error, try `rustc --explain E0433`.
[INFO] [stdout] Couldn't compile the test.
[INFO] [stdout] 
[INFO] [stdout] failures:
[INFO] [stdout]     src/lib.rs - (line 274)
[INFO] [stdout]     src/lib.rs - (line 351)
[INFO] [stdout] 
[INFO] [stdout] test result: FAILED. 13 passed; 2 failed; 21 ignored; 0 measured; 0 filtered out; finished in 0.49s
[INFO] [stdout] 
[INFO] [stdout] all doctests ran in 0.84s; merged doctests compilation took 0.34s
[INFO] [stderr] error: doctest failed, to rerun pass `--doc`
[INFO] running `Command { std: "docker" "inspect" "4a5845fd3ec021670e79dda15c80228ab729b4256884253241f7b7123c5ffe5f", kill_on_drop: false }`
[INFO] running `Command { std: "docker" "rm" "-f" "4a5845fd3ec021670e79dda15c80228ab729b4256884253241f7b7123c5ffe5f", kill_on_drop: false }`
[INFO] [stdout] 4a5845fd3ec021670e79dda15c80228ab729b4256884253241f7b7123c5ffe5f
