[INFO] fetching crate derive_flat_debug 0.1.0...
[INFO] testing derive_flat_debug-0.1.0 against 1.100.0-beta.1+cargoflags=--release for beta-release-1.100-2
[INFO] extracting crate derive_flat_debug 0.1.0 into /workspace/builds/worker-4-tc2/source
[INFO] started tweaking crates.io crate derive_flat_debug 0.1.0
[INFO] finished tweaking crates.io crate derive_flat_debug 0.1.0
[INFO] tweaked toml for crates.io crate derive_flat_debug 0.1.0 written to /workspace/builds/worker-4-tc2/source/Cargo.toml
[INFO] validating manifest of crates.io crate derive_flat_debug 0.1.0 on toolchain 1.100.0-beta.1
[INFO] running `Command { std: CARGO_HOME="/workspace/cargo-home" RUSTUP_HOME="/workspace/rustup-home" "/workspace/cargo-home/bin/cargo" "+1.100.0-beta.1" "metadata" "--manifest-path" "Cargo.toml" "--no-deps", kill_on_drop: false }`
[INFO] crate crates.io crate derive_flat_debug 0.1.0 already has a lockfile, it will not be regenerated
[INFO] running `Command { std: CARGO_HOME="/workspace/cargo-home" RUSTUP_HOME="/workspace/rustup-home" "/workspace/cargo-home/bin/cargo" "+1.100.0-beta.1" "fetch" "--manifest-path" "Cargo.toml", kill_on_drop: false }`
[INFO] [stderr] warning: `package.homepage` is redundant with `package.repository`
[INFO] [stderr]   --> Cargo.toml:25:12
[INFO] [stderr]    |
[INFO] [stderr] 25 | homepage = "https://github.com/cuppachino/derive_flat_debug"
[INFO] [stderr]    |            ^^^^^^^^^^^^^^^^^^^^^^^^^^^^^^^^^^^^^^^^^^^^^^^^^
[INFO] [stderr] ...
[INFO] [stderr] 29 | repository = "https://github.com/cuppachino/derive_flat_debug"
[INFO] [stderr]    |              -------------------------------------------------
[INFO] [stderr]    |
[INFO] [stderr]    = note: `cargo::redundant_homepage` is set to `warn` by default
[INFO] [stderr] help: consider removing `package.homepage`
[INFO] [stderr] warning: `derive_flat_debug` (manifest) generated 1 warning
[INFO] running `Command { std: "docker" "create" "-v" "/var/lib/crater-agent-workspace/builds/worker-4-tc2/source:/opt/rustwide/workdir:ro,Z" "-v" "/var/lib/crater-agent-workspace/builds/worker-4-tc2/target:/opt/rustwide/target:rw,Z" "-v" "/var/lib/crater-agent-workspace/cargo-home:/opt/rustwide/cargo-home:ro,Z" "-v" "/var/lib/crater-agent-workspace/rustup-home:/opt/rustwide/rustup-home:ro,Z" "-m" "1610612736" "--network" "none" "ghcr.io/rust-lang/crates-build-env/linux@sha256:77db811e55d90add9212f6832c23229e3de5f1c1f9905e8cb07319ea15df73ac" "sleep" "infinity", kill_on_drop: false }`
[INFO] [stdout] 2a2880b29cab5d55677ce1c8810f81bd3b209c7c5dfe4c0eb8e432d97f687d2f
[INFO] running `Command { std: "docker" "start" "2a2880b29cab5d55677ce1c8810f81bd3b209c7c5dfe4c0eb8e432d97f687d2f", kill_on_drop: false }`
[INFO] running `Command { std: "docker" "inspect" "2a2880b29cab5d55677ce1c8810f81bd3b209c7c5dfe4c0eb8e432d97f687d2f", kill_on_drop: false }`
[INFO] running `Command { std: "docker" "exec" "-e" "SOURCE_DIR=/opt/rustwide/workdir" "-e" "CARGO_HOME=/opt/rustwide/cargo-home" "-e" "RUSTUP_HOME=/opt/rustwide/rustup-home" "-e" "CARGO_TARGET_DIR=/opt/rustwide/target" "-w" "/opt/rustwide/workdir" "--user" "0:0" "2a2880b29cab5d55677ce1c8810f81bd3b209c7c5dfe4c0eb8e432d97f687d2f" "/opt/rustwide/cargo-home/bin/cargo" "+1.100.0-beta.1" "metadata" "--no-deps" "--format-version=1", kill_on_drop: false }`
[INFO] running `Command { std: "docker" "inspect" "2a2880b29cab5d55677ce1c8810f81bd3b209c7c5dfe4c0eb8e432d97f687d2f", kill_on_drop: false }`
[INFO] running `Command { std: "docker" "exec" "-e" "SOURCE_DIR=/opt/rustwide/workdir" "-e" "CARGO_HOME=/opt/rustwide/cargo-home" "-e" "RUSTUP_HOME=/opt/rustwide/rustup-home" "-e" "CARGO_TARGET_DIR=/opt/rustwide/target" "-e" "CARGO_INCREMENTAL=0" "-e" "RUST_BACKTRACE=full" "-e" "RUSTFLAGS=--cap-lints=warn" "-e" "RUSTDOCFLAGS=--cap-lints=warn" "-w" "/opt/rustwide/workdir" "--user" "0:0" "2a2880b29cab5d55677ce1c8810f81bd3b209c7c5dfe4c0eb8e432d97f687d2f" "/opt/rustwide/cargo-home/bin/cargo" "+1.100.0-beta.1" "build" "--frozen" "--message-format=json" "--release", kill_on_drop: false }`
[INFO] [stderr] warning: `package.homepage` is redundant with `package.repository`
[INFO] [stderr]   --> Cargo.toml:25:12
[INFO] [stderr]    |
[INFO] [stderr] 25 | homepage = "https://github.com/cuppachino/derive_flat_debug"
[INFO] [stderr]    |            ^^^^^^^^^^^^^^^^^^^^^^^^^^^^^^^^^^^^^^^^^^^^^^^^^
[INFO] [stderr] ...
[INFO] [stderr] 29 | repository = "https://github.com/cuppachino/derive_flat_debug"
[INFO] [stderr]    |              -------------------------------------------------
[INFO] [stderr]    |
[INFO] [stderr]    = note: `cargo::redundant_homepage` is set to `warn` by default
[INFO] [stderr] help: consider removing `package.homepage`
[INFO] [stderr] warning: `derive_flat_debug` (manifest) generated 1 warning
[INFO] [stderr]    Compiling proc-macro2 v1.0.95
[INFO] [stderr]    Compiling quote v1.0.40
[INFO] [stderr]    Compiling syn v2.0.101
[INFO] [stderr]    Compiling derive_flat_debug v0.1.0 (/opt/rustwide/workdir)
[INFO] [stderr]     Finished `release` profile [optimized] target(s) in 5.09s
[INFO] running `Command { std: "docker" "inspect" "2a2880b29cab5d55677ce1c8810f81bd3b209c7c5dfe4c0eb8e432d97f687d2f", kill_on_drop: false }`
[INFO] running `Command { std: "docker" "exec" "-e" "SOURCE_DIR=/opt/rustwide/workdir" "-e" "CARGO_HOME=/opt/rustwide/cargo-home" "-e" "RUSTUP_HOME=/opt/rustwide/rustup-home" "-e" "CARGO_TARGET_DIR=/opt/rustwide/target" "-e" "CARGO_INCREMENTAL=0" "-e" "RUST_BACKTRACE=full" "-e" "RUSTFLAGS=--cap-lints=warn" "-e" "RUSTDOCFLAGS=--cap-lints=warn" "-w" "/opt/rustwide/workdir" "--user" "0:0" "2a2880b29cab5d55677ce1c8810f81bd3b209c7c5dfe4c0eb8e432d97f687d2f" "/opt/rustwide/cargo-home/bin/cargo" "+1.100.0-beta.1" "test" "--frozen" "--no-run" "--message-format=json" "--release", kill_on_drop: false }`
[INFO] [stderr] warning: `package.homepage` is redundant with `package.repository`
[INFO] [stderr]   --> Cargo.toml:25:12
[INFO] [stderr]    |
[INFO] [stderr] 25 | homepage = "https://github.com/cuppachino/derive_flat_debug"
[INFO] [stderr]    |            ^^^^^^^^^^^^^^^^^^^^^^^^^^^^^^^^^^^^^^^^^^^^^^^^^
[INFO] [stderr] ...
[INFO] [stderr] 29 | repository = "https://github.com/cuppachino/derive_flat_debug"
[INFO] [stderr]    |              -------------------------------------------------
[INFO] [stderr]    |
[INFO] [stderr]    = note: `cargo::redundant_homepage` is set to `warn` by default
[INFO] [stderr] help: consider removing `package.homepage`
[INFO] [stderr] warning: `derive_flat_debug` (manifest) generated 1 warning
[INFO] [stderr]    Compiling derive_flat_debug v0.1.0 (/opt/rustwide/workdir)
[INFO] [stderr]     Finished `release` profile [optimized] target(s) in 0.42s
[INFO] running `Command { std: "docker" "inspect" "2a2880b29cab5d55677ce1c8810f81bd3b209c7c5dfe4c0eb8e432d97f687d2f", kill_on_drop: false }`
[INFO] running `Command { std: "docker" "exec" "-e" "SOURCE_DIR=/opt/rustwide/workdir" "-e" "CARGO_HOME=/opt/rustwide/cargo-home" "-e" "RUSTUP_HOME=/opt/rustwide/rustup-home" "-e" "CARGO_TARGET_DIR=/opt/rustwide/target" "-e" "CARGO_INCREMENTAL=0" "-e" "RUST_BACKTRACE=full" "-e" "RUSTFLAGS=--cap-lints=warn" "-e" "RUSTDOCFLAGS=--cap-lints=warn" "-w" "/opt/rustwide/workdir" "--user" "0:0" "2a2880b29cab5d55677ce1c8810f81bd3b209c7c5dfe4c0eb8e432d97f687d2f" "/opt/rustwide/cargo-home/bin/cargo" "+1.100.0-beta.1" "test" "--frozen" "--release", kill_on_drop: false }`
[INFO] [stderr] warning: `package.homepage` is redundant with `package.repository`
[INFO] [stderr]   --> Cargo.toml:25:12
[INFO] [stderr]    |
[INFO] [stderr] 25 | homepage = "https://github.com/cuppachino/derive_flat_debug"
[INFO] [stderr]    |            ^^^^^^^^^^^^^^^^^^^^^^^^^^^^^^^^^^^^^^^^^^^^^^^^^
[INFO] [stderr] ...
[INFO] [stderr] 29 | repository = "https://github.com/cuppachino/derive_flat_debug"
[INFO] [stderr]    |              -------------------------------------------------
[INFO] [stderr]    |
[INFO] [stderr]    = note: `cargo::redundant_homepage` is set to `warn` by default
[INFO] [stderr] help: consider removing `package.homepage`
[INFO] [stderr] warning: `derive_flat_debug` (manifest) generated 1 warning
[INFO] [stderr]     Finished `release` profile [optimized] target(s) in 0.03s
[INFO] [stderr]      Running unittests src/lib.rs (/opt/rustwide/target/release/build/derive_flat_debug/64cc6af406ef2b3f/out/derive_flat_debug-64cc6af406ef2b3f)
[INFO] [stdout] 
[INFO] [stderr]    Doc-tests derive_flat_debug
[INFO] [stdout] running 0 tests
[INFO] [stdout] 
[INFO] [stdout] test result: ok. 0 passed; 0 failed; 0 ignored; 0 measured; 0 filtered out; finished in 0.00s
[INFO] [stdout] 
[INFO] [stdout] 
[INFO] [stdout] running 1 test
[INFO] [stdout] test src/lib.rs - derive_debug_flat (line 16) - compile ... FAILED
[INFO] [stderr] error: doctest failed, to rerun pass `--doc`
[INFO] [stdout] 
[INFO] [stdout] failures:
[INFO] [stdout] 
[INFO] [stdout] ---- src/lib.rs - derive_debug_flat (line 16) stdout ----
[INFO] [stdout] error: cannot find derive macro `DebugFlat` in this scope
[INFO] [stdout]   --> src/lib.rs:17:10
[INFO] [stdout]    |
[INFO] [stdout] 17 | #[derive(DebugFlat, PartialEq)]
[INFO] [stdout]    |          ^^^^^^^^^
[INFO] [stdout] 
[INFO] [stdout] error: cannot find attribute `debug` in this scope
[INFO] [stdout]   --> src/lib.rs:19:7
[INFO] [stdout]    |
[INFO] [stdout] 19 |     #[debug(flatten)] Group(Molecule),
[INFO] [stdout]    |       ^^^^^
[INFO] [stdout] 
[INFO] [stdout] error: cannot find attribute `debug` in this scope
[INFO] [stdout]   --> src/lib.rs:22:7
[INFO] [stdout]    |
[INFO] [stdout] 22 |     #[debug(skip)] Infix(Infix),
[INFO] [stdout]    |       ^^^^^
[INFO] [stdout] 
[INFO] [stdout] error: cannot find attribute `debug` in this scope
[INFO] [stdout]   --> src/lib.rs:23:7
[INFO] [stdout]    |
[INFO] [stdout] 23 |     #[debug(skip)] Postfix(Postfix),
[INFO] [stdout]    |       ^^^^^
[INFO] [stdout] 
[INFO] [stdout] error[E0425]: cannot find type `Atom` in this scope
[INFO] [stdout]   --> src/lib.rs:21:10
[INFO] [stdout]    |
[INFO] [stdout] 21 |     Atom(Atom),
[INFO] [stdout]    |          ^^^^ not found in this scope
[INFO] [stdout] 
[INFO] [stdout] error[E0425]: cannot find type `Infix` in this scope
[INFO] [stdout]   --> src/lib.rs:22:26
[INFO] [stdout]    |
[INFO] [stdout] 22 |     #[debug(skip)] Infix(Infix),
[INFO] [stdout]    |                          ^^^^^ not found in this scope
[INFO] [stdout] 
[INFO] [stdout] error[E0425]: cannot find type `Postfix` in this scope
[INFO] [stdout]   --> src/lib.rs:23:28
[INFO] [stdout]    |
[INFO] [stdout] 23 |     #[debug(skip)] Postfix(Postfix),
[INFO] [stdout]    |                            ^^^^^^^ not found in this scope
[INFO] [stdout] 
[INFO] [stdout] error[E0425]: cannot find type `Filter` in this scope
[INFO] [stdout]   --> src/lib.rs:24:12
[INFO] [stdout]    |
[INFO] [stdout] 24 |     Filter(Filter),
[INFO] [stdout]    |            ^^^^^^ not found in this scope
[INFO] [stdout]    |
[INFO] [stdout] help: consider importing this struct
[INFO] [stdout]    |
[INFO] [stdout] 16 + use std::iter::Filter;
[INFO] [stdout]    |
[INFO] [stdout] 
[INFO] [stdout] error[E0277]: `QueryToken` doesn't implement `Debug`
[INFO] [stdout]   --> src/lib.rs:28:21
[INFO] [stdout]    |
[INFO] [stdout] 27 | #[derive(Debug, PartialEq)]
[INFO] [stdout]    |          ----- in this derive macro expansion
[INFO] [stdout] 28 | pub struct Molecule(pub Vec<QueryToken>);
[INFO] [stdout]    |                     ^^^^^^^^^^^^^^^^^^^ unsatisfied trait bound
[INFO] [stdout]    |
[INFO] [stdout] help: the trait `Debug` is not implemented for `QueryToken`
[INFO] [stdout]   --> src/lib.rs:18:1
[INFO] [stdout]    |
[INFO] [stdout] 18 | pub enum QueryToken {
[INFO] [stdout]    | ^^^^^^^^^^^^^^^^^^^
[INFO] [stdout]    = note: add `#[derive(Debug)]` to `QueryToken` or manually `impl Debug for QueryToken`
[INFO] [stdout] help: the trait `Debug` is implemented for `Vec<T, A>`
[INFO] [stdout]   --> /rustc/e3feeb59cd1bdd011a2bfcc0747b55125d9b8527/library/alloc/src/vec/mod.rs:4417:0
[INFO] [stdout] 
[INFO] [stdout] error: aborting due to 9 previous errors
[INFO] [stdout] 
[INFO] [stdout] Some errors have detailed explanations: E0277, E0425.
[INFO] [stdout] For more information about an error, try `rustc --explain E0277`.
[INFO] [stdout] Couldn't compile the test.
[INFO] [stdout] 
[INFO] [stdout] failures:
[INFO] [stdout]     src/lib.rs - derive_debug_flat (line 16)
[INFO] [stdout] 
[INFO] [stdout] test result: FAILED. 0 passed; 1 failed; 0 ignored; 0 measured; 0 filtered out; finished in 0.12s
[INFO] [stdout] 
[INFO] [stdout] all doctests ran in 0.28s; merged doctests compilation took 0.15s
[INFO] running `Command { std: "docker" "inspect" "2a2880b29cab5d55677ce1c8810f81bd3b209c7c5dfe4c0eb8e432d97f687d2f", kill_on_drop: false }`
[INFO] running `Command { std: "docker" "rm" "-f" "2a2880b29cab5d55677ce1c8810f81bd3b209c7c5dfe4c0eb8e432d97f687d2f", kill_on_drop: false }`
[INFO] [stdout] 2a2880b29cab5d55677ce1c8810f81bd3b209c7c5dfe4c0eb8e432d97f687d2f
