[INFO] fetching crate derive_everything 0.1.2...
[INFO] testing derive_everything-0.1.2 against 1.99.0-beta.8+cargoflags=--release for beta-release-1.100-2
[INFO] extracting crate derive_everything 0.1.2 into /workspace/builds/worker-1-tc1/source
[INFO] started tweaking crates.io crate derive_everything 0.1.2
[INFO] removed 0 missing tests
[INFO] finished tweaking crates.io crate derive_everything 0.1.2
[INFO] tweaked toml for crates.io crate derive_everything 0.1.2 written to /workspace/builds/worker-1-tc1/source/Cargo.toml
[INFO] validating manifest of crates.io crate derive_everything 0.1.2 on toolchain 1.99.0-beta.8
[INFO] running `Command { std: CARGO_HOME="/workspace/cargo-home" RUSTUP_HOME="/workspace/rustup-home" "/workspace/cargo-home/bin/cargo" "+1.99.0-beta.8" "metadata" "--manifest-path" "Cargo.toml" "--no-deps", kill_on_drop: false }`
[INFO] running `Command { std: CARGO_HOME="/workspace/cargo-home" RUSTUP_HOME="/workspace/rustup-home" "/workspace/cargo-home/bin/cargo" "+1.99.0-beta.8" "generate-lockfile" "--manifest-path" "Cargo.toml", kill_on_drop: false }`
[INFO] [stderr]     Updating crates.io index
[INFO] [stderr]      Locking 29 packages to highest compatible versions
[INFO] [stderr]       Adding syn v2.0.119 (available: v3.0.9)
[INFO] running `Command { std: CARGO_HOME="/workspace/cargo-home" RUSTUP_HOME="/workspace/rustup-home" "/workspace/cargo-home/bin/cargo" "+1.99.0-beta.8" "fetch" "--manifest-path" "Cargo.toml", kill_on_drop: false }`
[INFO] running `Command { std: "docker" "create" "-v" "/var/lib/crater-agent-workspace/builds/worker-1-tc1/source:/opt/rustwide/workdir:ro,Z" "-v" "/var/lib/crater-agent-workspace/builds/worker-1-tc1/target:/opt/rustwide/target:rw,Z" "-v" "/var/lib/crater-agent-workspace/cargo-home:/opt/rustwide/cargo-home:ro,Z" "-v" "/var/lib/crater-agent-workspace/rustup-home:/opt/rustwide/rustup-home:ro,Z" "-m" "1610612736" "--network" "none" "ghcr.io/rust-lang/crates-build-env/linux@sha256:77db811e55d90add9212f6832c23229e3de5f1c1f9905e8cb07319ea15df73ac" "sleep" "infinity", kill_on_drop: false }`
[INFO] [stdout] 67ec86ed703ec5f764dd9ebe5259d884e93525a4c2ac0f5b2b85fc5b1d4c34ac
[INFO] running `Command { std: "docker" "start" "67ec86ed703ec5f764dd9ebe5259d884e93525a4c2ac0f5b2b85fc5b1d4c34ac", kill_on_drop: false }`
[INFO] running `Command { std: "docker" "inspect" "67ec86ed703ec5f764dd9ebe5259d884e93525a4c2ac0f5b2b85fc5b1d4c34ac", kill_on_drop: false }`
[INFO] running `Command { std: "docker" "exec" "-e" "SOURCE_DIR=/opt/rustwide/workdir" "-e" "CARGO_HOME=/opt/rustwide/cargo-home" "-e" "RUSTUP_HOME=/opt/rustwide/rustup-home" "-e" "CARGO_TARGET_DIR=/opt/rustwide/target" "-w" "/opt/rustwide/workdir" "--user" "0:0" "67ec86ed703ec5f764dd9ebe5259d884e93525a4c2ac0f5b2b85fc5b1d4c34ac" "/opt/rustwide/cargo-home/bin/cargo" "+1.99.0-beta.8" "metadata" "--no-deps" "--format-version=1", kill_on_drop: false }`
[INFO] running `Command { std: "docker" "inspect" "67ec86ed703ec5f764dd9ebe5259d884e93525a4c2ac0f5b2b85fc5b1d4c34ac", kill_on_drop: false }`
[INFO] running `Command { std: "docker" "exec" "-e" "SOURCE_DIR=/opt/rustwide/workdir" "-e" "CARGO_HOME=/opt/rustwide/cargo-home" "-e" "RUSTUP_HOME=/opt/rustwide/rustup-home" "-e" "CARGO_TARGET_DIR=/opt/rustwide/target" "-e" "CARGO_INCREMENTAL=0" "-e" "RUST_BACKTRACE=full" "-e" "RUSTFLAGS=--cap-lints=warn" "-e" "RUSTDOCFLAGS=--cap-lints=warn" "-w" "/opt/rustwide/workdir" "--user" "0:0" "67ec86ed703ec5f764dd9ebe5259d884e93525a4c2ac0f5b2b85fc5b1d4c34ac" "/opt/rustwide/cargo-home/bin/cargo" "+1.99.0-beta.8" "build" "--frozen" "--message-format=json" "--release", kill_on_drop: false }`
[INFO] [stderr]    Compiling derive_everything v0.1.2 (/opt/rustwide/workdir)
[INFO] [stderr]     Finished `release` profile [optimized] target(s) in 2.44s
[INFO] running `Command { std: "docker" "inspect" "67ec86ed703ec5f764dd9ebe5259d884e93525a4c2ac0f5b2b85fc5b1d4c34ac", kill_on_drop: false }`
[INFO] running `Command { std: "docker" "exec" "-e" "SOURCE_DIR=/opt/rustwide/workdir" "-e" "CARGO_HOME=/opt/rustwide/cargo-home" "-e" "RUSTUP_HOME=/opt/rustwide/rustup-home" "-e" "CARGO_TARGET_DIR=/opt/rustwide/target" "-e" "CARGO_INCREMENTAL=0" "-e" "RUST_BACKTRACE=full" "-e" "RUSTFLAGS=--cap-lints=warn" "-e" "RUSTDOCFLAGS=--cap-lints=warn" "-w" "/opt/rustwide/workdir" "--user" "0:0" "67ec86ed703ec5f764dd9ebe5259d884e93525a4c2ac0f5b2b85fc5b1d4c34ac" "/opt/rustwide/cargo-home/bin/cargo" "+1.99.0-beta.8" "test" "--frozen" "--no-run" "--message-format=json" "--release", kill_on_drop: false }`
[INFO] [stderr]    Compiling proc-macro2 v1.0.107
[INFO] [stderr]    Compiling winnow v1.0.4
[INFO] [stderr]    Compiling unicode-ident v1.0.27
[INFO] [stderr]    Compiling syn v3.0.9
[INFO] [stderr]    Compiling toml_datetime v1.1.2+spec-1.1.0
[INFO] [stderr]    Compiling serde_spanned v1.1.2
[INFO] [stderr]    Compiling target-tuple v1.0.2
[INFO] [stderr]    Compiling serde_json v1.0.154
[INFO] [stderr]    Compiling serde v1.0.229
[INFO] [stderr]    Compiling quote v1.0.47
[INFO] [stderr]    Compiling toml_writer v1.1.3+spec-1.1.0
[INFO] [stderr]    Compiling memchr v2.8.3
[INFO] [stderr]    Compiling derive_everything v0.1.2 (/opt/rustwide/workdir)
[INFO] [stderr]    Compiling glob v0.3.4
[INFO] [stderr]    Compiling dissimilar v1.0.11
[INFO] [stderr]    Compiling toml_parser v1.1.5+spec-1.1.0
[INFO] [stderr]    Compiling toml v1.1.8+spec-1.1.0
[INFO] [stderr]    Compiling syn v2.0.119
[INFO] [stderr]    Compiling serde_derive v1.0.229
[INFO] [stderr]    Compiling trybuild v1.0.122
[INFO] [stderr]     Finished `release` profile [optimized] target(s) in 1m 07s
[INFO] running `Command { std: "docker" "inspect" "67ec86ed703ec5f764dd9ebe5259d884e93525a4c2ac0f5b2b85fc5b1d4c34ac", kill_on_drop: false }`
[INFO] running `Command { std: "docker" "exec" "-e" "SOURCE_DIR=/opt/rustwide/workdir" "-e" "CARGO_HOME=/opt/rustwide/cargo-home" "-e" "RUSTUP_HOME=/opt/rustwide/rustup-home" "-e" "CARGO_TARGET_DIR=/opt/rustwide/target" "-e" "CARGO_INCREMENTAL=0" "-e" "RUST_BACKTRACE=full" "-e" "RUSTFLAGS=--cap-lints=warn" "-e" "RUSTDOCFLAGS=--cap-lints=warn" "-w" "/opt/rustwide/workdir" "--user" "0:0" "67ec86ed703ec5f764dd9ebe5259d884e93525a4c2ac0f5b2b85fc5b1d4c34ac" "/opt/rustwide/cargo-home/bin/cargo" "+1.99.0-beta.8" "test" "--frozen" "--release", kill_on_drop: false }`
[INFO] [stderr]     Finished `release` profile [optimized] target(s) in 0.09s
[INFO] [stderr]      Running unittests src/lib.rs (/opt/rustwide/target/release/deps/derive_everything-3d135d8f521cb389)
[INFO] [stderr]      Running tests/progress.rs (/opt/rustwide/target/release/deps/tests-8ab86a26dfc1a4c0)
[INFO] [stdout] 
[INFO] [stdout] running 0 tests
[INFO] [stdout] 
[INFO] [stdout] test result: ok. 0 passed; 0 failed; 0 ignored; 0 measured; 0 filtered out; finished in 0.00s
[INFO] [stdout] 
[INFO] [stdout] 
[INFO] [stdout] running 1 test
[INFO] [stderr]    Compiling proc-macro2 v1.0.107
[INFO] [stderr]    Compiling quote v1.0.47
[INFO] [stderr]    Compiling unicode-ident v1.0.27
[INFO] [stderr]    Compiling syn v2.0.119
[INFO] [stderr]    Compiling derive_everything v0.1.2 (/opt/rustwide/workdir)
[INFO] [stderr]    Compiling derive_everything-tests v0.0.0 (/opt/rustwide/target/tests/trybuild/derive_everything)
[INFO] [stderr]     Finished `dev` profile [unoptimized + debuginfo] target(s) in 12.91s
[INFO] [stderr] 
[INFO] [stderr] 
[INFO] [stderr] test tests/pass/enum.rs [should pass] ... ok
[INFO] [stderr] test tests/pass/struct.rs [should pass] ... ok
[INFO] [stderr] test tests/fail/enum.rs [should fail to compile] ... mismatch
[INFO] [stderr] 
[INFO] [stderr] EXPECTED:
[INFO] [stderr] ┈┈┈┈┈┈┈┈┈┈┈┈┈┈┈┈┈┈┈┈┈┈┈┈┈┈┈┈┈┈┈┈┈┈┈┈┈┈┈┈┈┈┈┈┈┈┈┈┈┈┈┈┈┈┈┈┈┈┈┈
[INFO] [stderr] error: no default declared
[INFO] [stderr]  --> tests/fail/enum.rs:3:1
[INFO] [stderr]   |
[INFO] [stderr] 3 | #[derive_everything]
[INFO] [stderr]   | ^^^^^^^^^^^^^^^^^^^^
[INFO] [stderr]   |
[INFO] [stderr]   = help: make a unit variant default by placing `#[default]` above it
[INFO] [stderr]   = note: this error originates in the derive macro `Default` (in Nightly builds, run with -Z macro-backtrace for more info)
[INFO] [stderr] ┈┈┈┈┈┈┈┈┈┈┈┈┈┈┈┈┈┈┈┈┈┈┈┈┈┈┈┈┈┈┈┈┈┈┈┈┈┈┈┈┈┈┈┈┈┈┈┈┈┈┈┈┈┈┈┈┈┈┈┈
[INFO] [stderr] 
[INFO] [stderr] ACTUAL OUTPUT:
[INFO] [stderr] ┈┈┈┈┈┈┈┈┈┈┈┈┈┈┈┈┈┈┈┈┈┈┈┈┈┈┈┈┈┈┈┈┈┈┈┈┈┈┈┈┈┈┈┈┈┈┈┈┈┈┈┈┈┈┈┈┈┈┈┈
[INFO] [stderr] error[E0665]: `#[derive(Default)]` on enum with no `#[default]`
[INFO] [stderr]  --> tests/fail/enum.rs:3:1
[INFO] [stderr]   |
[INFO] [stderr] 3 |   #[derive_everything]
[INFO] [stderr]   |   ^^^^^^^^^^^^^^^^^^^^
[INFO] [stderr] 4 | / enum MoreComplicated {
[INFO] [stderr] 5 | |     Num(u64),
[INFO] [stderr] 6 | |     Str { string: String },
[INFO] [stderr] 7 | |     Vector(Vec<u64>),
[INFO] [stderr] 8 | | }
[INFO] [stderr]   | |_- this enum needs a unit variant marked with `#[default]`
[INFO] [stderr] ┈┈┈┈┈┈┈┈┈┈┈┈┈┈┈┈┈┈┈┈┈┈┈┈┈┈┈┈┈┈┈┈┈┈┈┈┈┈┈┈┈┈┈┈┈┈┈┈┈┈┈┈┈┈┈┈┈┈┈┈
[INFO] [stderr] note: If the actual output is the correct output you can bless it by rerunning
[INFO] [stderr]       your test with the environment variable TRYBUILD=overwrite
[INFO] [stderr] 
[INFO] [stderr] test tests/fail/nonsense.rs [should fail to compile] ... ok
[INFO] [stderr] test tests/fail/struct.rs [should fail to compile] ... mismatch
[INFO] [stdout] test test ... FAILED
[INFO] [stderr] 
[INFO] [stdout] 
[INFO] [stderr] EXPECTED:
[INFO] [stdout] failures:
[INFO] [stderr] ┈┈┈┈┈┈┈┈┈┈┈┈┈┈┈┈┈┈┈┈┈┈┈┈┈┈┈┈┈┈┈┈┈┈┈┈┈┈┈┈┈┈┈┈┈┈┈┈┈┈┈┈┈┈┈┈┈┈┈┈
[INFO] [stdout] 
[INFO] [stderr] error[E0277]: the trait bound `f64: Eq` is not satisfied
[INFO] [stdout] ---- test stdout ----
[INFO] [stderr]  --> tests/fail/struct.rs:4:15
[INFO] [stdout] 
[INFO] [stderr]   |
[INFO] [stdout] thread 'test' (569) panicked at /opt/rustwide/cargo-home/registry/src/index.crates.io-1949cf8c6b5b557f/trybuild-1.0.122/src/run.rs:103:13:
[INFO] [stderr] 3 | #[derive_everything]
[INFO] [stdout] 2 of 5 tests failed
[INFO] [stderr]   | -------------------- in this procedural macro expansion
[INFO] [stdout] stack backtrace:
[INFO] [stderr] 4 | struct NotOrd(f64);
[INFO] [stdout]    0:     0x566975075f51 - <<std[70759c8f55707aa4]::sys::backtrace::BacktraceLock>::print::DisplayBacktrace as core[df12db4294e9bfd3]::fmt::Display>::fmt
[INFO] [stderr]   |               ^^^ the trait `Eq` is not implemented for `f64`
[INFO] [stdout]    1:     0x56697508c60a - core[df12db4294e9bfd3]::fmt::write
[INFO] [stderr]   |
[INFO] [stdout]    2:     0x56697507aa1c - <alloc[2182bb758b4b3781]::vec::Vec<u8> as core[df12db4294e9bfd3]::io::write::Write>::write_fmt
[INFO] [stderr]   = help: the following other types implement trait `Eq`:
[INFO] [stdout]    3:     0x56697504f436 - std[70759c8f55707aa4]::panicking::default_hook::{closure#0}
[INFO] [stderr]             i128
[INFO] [stdout]    4:     0x56697506d5c9 - std[70759c8f55707aa4]::panicking::default_hook
[INFO] [stderr]             i16
[INFO] [stdout]    5:     0x5669750068a0 - test[9d35eded1c95d3be]::test_main_inner::<test[9d35eded1c95d3be]::test_main_static::{closure#0}>::{closure#0}
[INFO] [stderr]             i32
[INFO] [stdout]    6:     0x56697506d782 - std[70759c8f55707aa4]::panicking::panic_with_hook
[INFO] [stderr]             i64
[INFO] [stdout]    7:     0x56697504f4e2 - std[70759c8f55707aa4]::panicking::panic_handler::{closure#0}
[INFO] [stderr]             i8
[INFO] [stdout]    8:     0x566975047da9 - std[70759c8f55707aa4]::sys::backtrace::__rust_end_short_backtrace::<std[70759c8f55707aa4]::panicking::panic_handler::{closure#0}, !>
[INFO] [stderr]             isize
[INFO] [stdout]    9:     0x5669750500dd - __rustc[8fa7c3cbc660c2b3]::rust_begin_unwind
[INFO] [stderr]             u128
[INFO] [stdout]   10:     0x56697508cd7c - core[df12db4294e9bfd3]::panicking::panic_fmt
[INFO] [stderr]             u16
[INFO] [stdout]   11:     0x566974f5458a - <trybuild[59c024b802990f32]::Runner>::run
[INFO] [stderr]           and $N others
[INFO] [stdout]   12:     0x566974f57950 - <trybuild[59c024b802990f32]::TestCases as core[df12db4294e9bfd3]::ops::drop::Drop>::drop
[INFO] [stderr] note: required by a bound in `AssertParamIsEq`
[INFO] [stdout]   13:     0x566974f4dc56 - tests[13c861afa6488695]::test
[INFO] [stderr]  --> $RUST/core/src/cmp.rs
[INFO] [stdout]   14:     0x566974f4de89 - <tests[13c861afa6488695]::test::{closure#0} as core[df12db4294e9bfd3]::ops::function::FnOnce<()>>::call_once
[INFO] [stderr]   |
[INFO] [stdout]   15:     0x566974ff9b8b - test[9d35eded1c95d3be]::__rust_begin_short_backtrace::<core[df12db4294e9bfd3]::result::Result<(), alloc[2182bb758b4b3781]::string::String>, fn() -> core[df12db4294e9bfd3]::result::Result<(), alloc[2182bb758b4b3781]::string::String>>
[INFO] [stderr]   | pub struct AssertParamIsEq<T: Eq + ?Sized> {
[INFO] [stdout]   16:     0x5669750071f5 - test[9d35eded1c95d3be]::run_test::{closure#0}
[INFO] [stderr]   |                               ^^ required by this bound in `AssertParamIsEq`
[INFO] [stdout]   17:     0x566975000ab4 - std[70759c8f55707aa4]::sys::backtrace::__rust_begin_short_backtrace::<test[9d35eded1c95d3be]::run_test::{closure#1}, ()>
[INFO] [stderr]   = note: this error originates in the derive macro `Eq` which comes from the expansion of the attribute macro `derive_everything` (in Nightly builds, run with -Z macro-backtrace for more info)
[INFO] [stdout]   18:     0x56697500a352 - <std[70759c8f55707aa4]::thread::lifecycle::spawn_unchecked<test[9d35eded1c95d3be]::run_test::{closure#1}, ()>::{closure#1} as core[df12db4294e9bfd3]::ops::function::FnOnce<()>>::call_once::{shim:vtable#0}
[INFO] [stderr] 
[INFO] [stdout]   19:     0x566975075209 - <std[70759c8f55707aa4]::sys::thread::unix::Thread>::new::thread_start
[INFO] [stderr] error[E0277]: the trait bound `f64: Hash` is not satisfied
[INFO] [stdout]   20:     0x7156ee5c7dfa - <unknown>
[INFO] [stderr]  --> tests/fail/struct.rs:4:15
[INFO] [stdout]   21:     0x7156ee65b3d4 - clone
[INFO] [stderr]   |
[INFO] [stdout]   22:                0x0 - <unknown>
[INFO] [stderr] 3 | #[derive_everything]
[INFO] [stdout] 
[INFO] [stderr]   | -------------------- in this procedural macro expansion
[INFO] [stdout] 
[INFO] [stderr] 4 | struct NotOrd(f64);
[INFO] [stdout] failures:
[INFO] [stderr]   |               ^^^ the trait `Hash` is not implemented for `f64`
[INFO] [stdout]     test
[INFO] [stderr]   |
[INFO] [stdout] 
[INFO] [stderr]   = help: the following other types implement trait `Hash`:
[INFO] [stdout] test result: FAILED. 0 passed; 1 failed; 0 ignored; 0 measured; 0 filtered out; finished in 20.47s
[INFO] [stderr]             i128
[INFO] [stdout] 
[INFO] [stderr]             i16
[INFO] [stderr]             i32
[INFO] [stderr]             i64
[INFO] [stderr]             i8
[INFO] [stderr]             isize
[INFO] [stderr]             u128
[INFO] [stderr]             u16
[INFO] [stderr]           and $N others
[INFO] [stderr]   = note: this error originates in the derive macro `Hash` which comes from the expansion of the attribute macro `derive_everything` (in Nightly builds, run with -Z macro-backtrace for more info)
[INFO] [stderr] 
[INFO] [stderr] error[E0277]: the trait bound `f64: Ord` is not satisfied
[INFO] [stderr]  --> tests/fail/struct.rs:4:15
[INFO] [stderr]   |
[INFO] [stderr] 3 | #[derive_everything]
[INFO] [stderr]   | -------------------- in this procedural macro expansion
[INFO] [stderr] 4 | struct NotOrd(f64);
[INFO] [stderr]   |               ^^^ the trait `Ord` is not implemented for `f64`
[INFO] [stderr]   |
[INFO] [stderr]   = help: the following other types implement trait `Ord`:
[INFO] [stderr]             i128
[INFO] [stderr]             i16
[INFO] [stderr]             i32
[INFO] [stderr]             i64
[INFO] [stderr]             i8
[INFO] [stderr]             isize
[INFO] [stderr]             u128
[INFO] [stderr]             u16
[INFO] [stderr]           and $N others
[INFO] [stderr]   = note: this error originates in the derive macro `Ord` which comes from the expansion of the attribute macro `derive_everything` (in Nightly builds, run with -Z macro-backtrace for more info)
[INFO] [stderr] ┈┈┈┈┈┈┈┈┈┈┈┈┈┈┈┈┈┈┈┈┈┈┈┈┈┈┈┈┈┈┈┈┈┈┈┈┈┈┈┈┈┈┈┈┈┈┈┈┈┈┈┈┈┈┈┈┈┈┈┈
[INFO] [stderr] 
[INFO] [stderr] ACTUAL OUTPUT:
[INFO] [stderr] ┈┈┈┈┈┈┈┈┈┈┈┈┈┈┈┈┈┈┈┈┈┈┈┈┈┈┈┈┈┈┈┈┈┈┈┈┈┈┈┈┈┈┈┈┈┈┈┈┈┈┈┈┈┈┈┈┈┈┈┈
[INFO] [stderr] error[E0277]: the trait bound `f64: Eq` is not satisfied
[INFO] [stderr]  --> tests/fail/struct.rs:4:15
[INFO] [stderr]   |
[INFO] [stderr] 3 | #[derive_everything]
[INFO] [stderr]   | -------------------- in this attribute macro expansion
[INFO] [stderr] 4 | struct NotOrd(f64);
[INFO] [stderr]   |               ^^^ the trait `Eq` is not implemented for `f64`
[INFO] [stderr]   |
[INFO] [stderr]   = help: the following other types implement trait `Eq`:
[INFO] [stderr]             i128
[INFO] [stderr]             i16
[INFO] [stderr]             i32
[INFO] [stderr]             i64
[INFO] [stderr]             i8
[INFO] [stderr]             isize
[INFO] [stderr]             u128
[INFO] [stderr]             u16
[INFO] [stderr]           and $N others
[INFO] [stderr] note: required by a bound in `std::cmp::AssertParamIsEq`
[INFO] [stderr]  --> $RUST/core/src/cmp.rs
[INFO] [stderr]   = note: this error originates in the derive macro `Eq` which comes from the expansion of the attribute macro `derive_everything` (in Nightly builds, run with -Z macro-backtrace for more info)
[INFO] [stderr] 
[INFO] [stderr] error[E0277]: the trait bound `f64: Hash` is not satisfied
[INFO] [stderr]  --> tests/fail/struct.rs:4:15
[INFO] [stderr]   |
[INFO] [stderr] 3 | #[derive_everything]
[INFO] [stderr]   | -------------------- in this attribute macro expansion
[INFO] [stderr] 4 | struct NotOrd(f64);
[INFO] [stderr]   |               ^^^ the trait `Hash` is not implemented for `f64`
[INFO] [stderr]   |
[INFO] [stderr]   = help: the following other types implement trait `Hash`:
[INFO] [stderr]             i128
[INFO] [stderr]             i16
[INFO] [stderr]             i32
[INFO] [stderr]             i64
[INFO] [stderr]             i8
[INFO] [stderr]             isize
[INFO] [stderr]             u128
[INFO] [stderr]             u16
[INFO] [stderr]           and $N others
[INFO] [stderr]   = note: this error originates in the derive macro `Hash` which comes from the expansion of the attribute macro `derive_everything` (in Nightly builds, run with -Z macro-backtrace for more info)
[INFO] [stderr] 
[INFO] [stderr] error[E0277]: the trait bound `f64: Ord` is not satisfied
[INFO] [stderr]  --> tests/fail/struct.rs:4:15
[INFO] [stderr]   |
[INFO] [stderr] 3 | #[derive_everything]
[INFO] [stderr]   | -------------------- in this attribute macro expansion
[INFO] [stderr] 4 | struct NotOrd(f64);
[INFO] [stderr]   |               ^^^ the trait `Ord` is not implemented for `f64`
[INFO] [stderr]   |
[INFO] [stderr]   = help: the following other types implement trait `Ord`:
[INFO] [stderr]             i128
[INFO] [stderr]             i16
[INFO] [stderr]             i32
[INFO] [stderr]             i64
[INFO] [stderr]             i8
[INFO] [stderr]             isize
[INFO] [stderr]             u128
[INFO] [stderr]             u16
[INFO] [stderr]           and $N others
[INFO] [stderr]   = note: this error originates in the derive macro `Ord` which comes from the expansion of the attribute macro `derive_everything` (in Nightly builds, run with -Z macro-backtrace for more info)
[INFO] [stderr] ┈┈┈┈┈┈┈┈┈┈┈┈┈┈┈┈┈┈┈┈┈┈┈┈┈┈┈┈┈┈┈┈┈┈┈┈┈┈┈┈┈┈┈┈┈┈┈┈┈┈┈┈┈┈┈┈┈┈┈┈
[INFO] [stderr] note: If the actual output is the correct output you can bless it by rerunning
[INFO] [stderr]       your test with the environment variable TRYBUILD=overwrite
[INFO] [stderr] 
[INFO] [stderr] 
[INFO] [stderr] 
[INFO] [stderr] error: test failed, to rerun pass `--test tests`
[INFO] running `Command { std: "docker" "inspect" "67ec86ed703ec5f764dd9ebe5259d884e93525a4c2ac0f5b2b85fc5b1d4c34ac", kill_on_drop: false }`
[INFO] running `Command { std: "docker" "rm" "-f" "67ec86ed703ec5f764dd9ebe5259d884e93525a4c2ac0f5b2b85fc5b1d4c34ac", kill_on_drop: false }`
[INFO] [stdout] 67ec86ed703ec5f764dd9ebe5259d884e93525a4c2ac0f5b2b85fc5b1d4c34ac
