[INFO] fetching crate derive_environment 1.1.0...
[INFO] testing derive_environment-1.1.0 against 1.100.0-beta.1+cargoflags=--release for beta-release-1.100-2
[INFO] extracting crate derive_environment 1.1.0 into /workspace/builds/worker-2-tc2/source
[INFO] started tweaking crates.io crate derive_environment 1.1.0
[INFO] finished tweaking crates.io crate derive_environment 1.1.0
[INFO] tweaked toml for crates.io crate derive_environment 1.1.0 written to /workspace/builds/worker-2-tc2/source/Cargo.toml
[INFO] validating manifest of crates.io crate derive_environment 1.1.0 on toolchain 1.100.0-beta.1
[INFO] running `Command { std: CARGO_HOME="/workspace/cargo-home" RUSTUP_HOME="/workspace/rustup-home" "/workspace/cargo-home/bin/cargo" "+1.100.0-beta.1" "metadata" "--manifest-path" "Cargo.toml" "--no-deps", kill_on_drop: false }`
[INFO] crate crates.io crate derive_environment 1.1.0 already has a lockfile, it will not be regenerated
[INFO] running `Command { std: CARGO_HOME="/workspace/cargo-home" RUSTUP_HOME="/workspace/rustup-home" "/workspace/cargo-home/bin/cargo" "+1.100.0-beta.1" "fetch" "--manifest-path" "Cargo.toml", kill_on_drop: false }`
[INFO] running `Command { std: "docker" "create" "-v" "/var/lib/crater-agent-workspace/builds/worker-2-tc2/source:/opt/rustwide/workdir:ro,Z" "-v" "/var/lib/crater-agent-workspace/builds/worker-2-tc2/target:/opt/rustwide/target:rw,Z" "-v" "/var/lib/crater-agent-workspace/cargo-home:/opt/rustwide/cargo-home:ro,Z" "-v" "/var/lib/crater-agent-workspace/rustup-home:/opt/rustwide/rustup-home:ro,Z" "-m" "1610612736" "--network" "none" "ghcr.io/rust-lang/crates-build-env/linux@sha256:77db811e55d90add9212f6832c23229e3de5f1c1f9905e8cb07319ea15df73ac" "sleep" "infinity", kill_on_drop: false }`
[INFO] [stdout] 07035e0e75247134de9116d71d8fb8c12695062502f1d722d2d3bd486a2813ab
[INFO] running `Command { std: "docker" "start" "07035e0e75247134de9116d71d8fb8c12695062502f1d722d2d3bd486a2813ab", kill_on_drop: false }`
[INFO] running `Command { std: "docker" "inspect" "07035e0e75247134de9116d71d8fb8c12695062502f1d722d2d3bd486a2813ab", kill_on_drop: false }`
[INFO] running `Command { std: "docker" "exec" "-e" "SOURCE_DIR=/opt/rustwide/workdir" "-e" "CARGO_HOME=/opt/rustwide/cargo-home" "-e" "RUSTUP_HOME=/opt/rustwide/rustup-home" "-e" "CARGO_TARGET_DIR=/opt/rustwide/target" "-w" "/opt/rustwide/workdir" "--user" "0:0" "07035e0e75247134de9116d71d8fb8c12695062502f1d722d2d3bd486a2813ab" "/opt/rustwide/cargo-home/bin/cargo" "+1.100.0-beta.1" "metadata" "--no-deps" "--format-version=1", kill_on_drop: false }`
[INFO] running `Command { std: "docker" "inspect" "07035e0e75247134de9116d71d8fb8c12695062502f1d722d2d3bd486a2813ab", kill_on_drop: false }`
[INFO] running `Command { std: "docker" "exec" "-e" "SOURCE_DIR=/opt/rustwide/workdir" "-e" "CARGO_HOME=/opt/rustwide/cargo-home" "-e" "RUSTUP_HOME=/opt/rustwide/rustup-home" "-e" "CARGO_TARGET_DIR=/opt/rustwide/target" "-e" "CARGO_INCREMENTAL=0" "-e" "RUST_BACKTRACE=full" "-e" "RUSTFLAGS=--cap-lints=warn" "-e" "RUSTDOCFLAGS=--cap-lints=warn" "-w" "/opt/rustwide/workdir" "--user" "0:0" "07035e0e75247134de9116d71d8fb8c12695062502f1d722d2d3bd486a2813ab" "/opt/rustwide/cargo-home/bin/cargo" "+1.100.0-beta.1" "build" "--frozen" "--message-format=json" "--release", kill_on_drop: false }`
[INFO] [stderr]    Compiling proc-macro2 v1.0.67
[INFO] [stderr]    Compiling unicode-ident v1.0.12
[INFO] [stderr]    Compiling strsim v0.10.0
[INFO] [stderr]    Compiling fnv v1.0.7
[INFO] [stderr]    Compiling ident_case v1.0.1
[INFO] [stderr]    Compiling unicode-segmentation v1.10.1
[INFO] [stderr]    Compiling thiserror v1.0.49
[INFO] [stderr]    Compiling convert_case v0.6.0
[INFO] [stderr]    Compiling quote v1.0.33
[INFO] [stderr]    Compiling syn v2.0.38
[INFO] [stderr]    Compiling darling_core v0.20.3
[INFO] [stderr]    Compiling thiserror-impl v1.0.49
[INFO] [stderr]    Compiling darling_macro v0.20.3
[INFO] [stderr]    Compiling darling v0.20.3
[INFO] [stderr]    Compiling derive_environment_macros v1.0.0
[INFO] [stderr]    Compiling derive_environment v1.1.0 (/opt/rustwide/workdir)
[INFO] [stdout] warning: unreachable call
[INFO] [stdout]    --> src/lib.rs:87:128
[INFO] [stdout]     |
[INFO] [stdout]  79 |   macro_rules! impl_using_from_str {
[INFO] [stdout] ...
[INFO] [stdout]  87 |                           *self = s.parse().map_err(|msg: <$type as FromStr>::Err| FromEnvError::ParseError(var.to_string(), msg.to_string()))?;
[INFO] [stdout]     |                                                                                                                              --- ^^^^^^^^^ unreachable call
[INFO] [stdout]     |                                                                                                                              |
[INFO] [stdout]     |                                                                                                                              any code following this expression is unreachable
[INFO] [stdout] ...
[INFO] [stdout] 103 | / impl_using_from_str! {
[INFO] [stdout] 104 | |     u8, u16, u32, u64, u128,
[INFO] [stdout] 105 | |     i8, i16, i32, i64, i128,
[INFO] [stdout] 106 | |     bool, String, PathBuf,
[INFO] [stdout] 107 | | }
[INFO] [stdout]     | |_- in this macro invocation
[INFO] [stdout]     |
[INFO] [stdout]     = note: `#[warn(unreachable_code)]` (part of `#[warn(unused)]`) on by default
[INFO] [stdout] 
[INFO] [stdout] 
[INFO] [stdout] warning: unreachable call
[INFO] [stdout]    --> src/lib.rs:87:128
[INFO] [stdout]     |
[INFO] [stdout]  79 |   macro_rules! impl_using_from_str {
[INFO] [stdout] ...
[INFO] [stdout]  87 |                           *self = s.parse().map_err(|msg: <$type as FromStr>::Err| FromEnvError::ParseError(var.to_string(), msg.to_string()))?;
[INFO] [stdout]     |                                                                                                                              --- ^^^^^^^^^ unreachable call
[INFO] [stdout]     |                                                                                                                              |
[INFO] [stdout]     |                                                                                                                              any code following this expression is unreachable
[INFO] [stdout] ...
[INFO] [stdout] 103 | / impl_using_from_str! {
[INFO] [stdout] 104 | |     u8, u16, u32, u64, u128,
[INFO] [stdout] 105 | |     i8, i16, i32, i64, i128,
[INFO] [stdout] 106 | |     bool, String, PathBuf,
[INFO] [stdout] 107 | | }
[INFO] [stdout]     | |_- in this macro invocation
[INFO] [stdout] 
[INFO] [stdout] 
[INFO] [stderr]     Finished `release` profile [optimized] target(s) in 8.15s
[INFO] running `Command { std: "docker" "inspect" "07035e0e75247134de9116d71d8fb8c12695062502f1d722d2d3bd486a2813ab", kill_on_drop: false }`
[INFO] running `Command { std: "docker" "exec" "-e" "SOURCE_DIR=/opt/rustwide/workdir" "-e" "CARGO_HOME=/opt/rustwide/cargo-home" "-e" "RUSTUP_HOME=/opt/rustwide/rustup-home" "-e" "CARGO_TARGET_DIR=/opt/rustwide/target" "-e" "CARGO_INCREMENTAL=0" "-e" "RUST_BACKTRACE=full" "-e" "RUSTFLAGS=--cap-lints=warn" "-e" "RUSTDOCFLAGS=--cap-lints=warn" "-w" "/opt/rustwide/workdir" "--user" "0:0" "07035e0e75247134de9116d71d8fb8c12695062502f1d722d2d3bd486a2813ab" "/opt/rustwide/cargo-home/bin/cargo" "+1.100.0-beta.1" "test" "--frozen" "--no-run" "--message-format=json" "--release", kill_on_drop: false }`
[INFO] [stderr]    Compiling derive_environment v1.1.0 (/opt/rustwide/workdir)
[INFO] [stdout] warning: unreachable call
[INFO] [stdout]    --> src/lib.rs:87:128
[INFO] [stdout]     |
[INFO] [stdout]  79 |   macro_rules! impl_using_from_str {
[INFO] [stdout] ...
[INFO] [stdout]  87 |                           *self = s.parse().map_err(|msg: <$type as FromStr>::Err| FromEnvError::ParseError(var.to_string(), msg.to_string()))?;
[INFO] [stdout]     |                                                                                                                              --- ^^^^^^^^^ unreachable call
[INFO] [stdout]     |                                                                                                                              |
[INFO] [stdout]     |                                                                                                                              any code following this expression is unreachable
[INFO] [stdout] ...
[INFO] [stdout] 103 | / impl_using_from_str! {
[INFO] [stdout] 104 | |     u8, u16, u32, u64, u128,
[INFO] [stdout] 105 | |     i8, i16, i32, i64, i128,
[INFO] [stdout] 106 | |     bool, String, PathBuf,
[INFO] [stdout] 107 | | }
[INFO] [stdout]     | |_- in this macro invocation
[INFO] [stdout]     |
[INFO] [stdout]     = note: `#[warn(unreachable_code)]` (part of `#[warn(unused)]`) on by default
[INFO] [stdout] 
[INFO] [stdout] 
[INFO] [stdout] warning: unreachable call
[INFO] [stdout]    --> src/lib.rs:87:128
[INFO] [stdout]     |
[INFO] [stdout]  79 |   macro_rules! impl_using_from_str {
[INFO] [stdout] ...
[INFO] [stdout]  87 |                           *self = s.parse().map_err(|msg: <$type as FromStr>::Err| FromEnvError::ParseError(var.to_string(), msg.to_string()))?;
[INFO] [stdout]     |                                                                                                                              --- ^^^^^^^^^ unreachable call
[INFO] [stdout]     |                                                                                                                              |
[INFO] [stdout]     |                                                                                                                              any code following this expression is unreachable
[INFO] [stdout] ...
[INFO] [stdout] 103 | / impl_using_from_str! {
[INFO] [stdout] 104 | |     u8, u16, u32, u64, u128,
[INFO] [stdout] 105 | |     i8, i16, i32, i64, i128,
[INFO] [stdout] 106 | |     bool, String, PathBuf,
[INFO] [stdout] 107 | | }
[INFO] [stdout]     | |_- in this macro invocation
[INFO] [stdout] 
[INFO] [stdout] 
[INFO] [stdout] warning: unreachable call
[INFO] [stdout]    --> src/lib.rs:87:128
[INFO] [stdout]     |
[INFO] [stdout]  79 |   macro_rules! impl_using_from_str {
[INFO] [stdout] ...
[INFO] [stdout]  87 |                           *self = s.parse().map_err(|msg: <$type as FromStr>::Err| FromEnvError::ParseError(var.to_string(), msg.to_string()))?;
[INFO] [stdout]     |                                                                                                                              --- ^^^^^^^^^ unreachable call
[INFO] [stdout]     |                                                                                                                              |
[INFO] [stdout]     |                                                                                                                              any code following this expression is unreachable
[INFO] [stdout] ...
[INFO] [stdout] 103 | / impl_using_from_str! {
[INFO] [stdout] 104 | |     u8, u16, u32, u64, u128,
[INFO] [stdout] 105 | |     i8, i16, i32, i64, i128,
[INFO] [stdout] 106 | |     bool, String, PathBuf,
[INFO] [stdout] 107 | | }
[INFO] [stdout]     | |_- in this macro invocation
[INFO] [stdout]     |
[INFO] [stdout]     = note: `#[warn(unreachable_code)]` (part of `#[warn(unused)]`) on by default
[INFO] [stdout] 
[INFO] [stdout] 
[INFO] [stdout] warning: unreachable call
[INFO] [stdout]    --> src/lib.rs:87:128
[INFO] [stdout]     |
[INFO] [stdout]  79 |   macro_rules! impl_using_from_str {
[INFO] [stdout] ...
[INFO] [stdout]  87 |                           *self = s.parse().map_err(|msg: <$type as FromStr>::Err| FromEnvError::ParseError(var.to_string(), msg.to_string()))?;
[INFO] [stdout]     |                                                                                                                              --- ^^^^^^^^^ unreachable call
[INFO] [stdout]     |                                                                                                                              |
[INFO] [stdout]     |                                                                                                                              any code following this expression is unreachable
[INFO] [stdout] ...
[INFO] [stdout] 103 | / impl_using_from_str! {
[INFO] [stdout] 104 | |     u8, u16, u32, u64, u128,
[INFO] [stdout] 105 | |     i8, i16, i32, i64, i128,
[INFO] [stdout] 106 | |     bool, String, PathBuf,
[INFO] [stdout] 107 | | }
[INFO] [stdout]     | |_- in this macro invocation
[INFO] [stdout] 
[INFO] [stdout] 
[INFO] [stderr]     Finished `release` profile [optimized] target(s) in 0.57s
[INFO] running `Command { std: "docker" "inspect" "07035e0e75247134de9116d71d8fb8c12695062502f1d722d2d3bd486a2813ab", kill_on_drop: false }`
[INFO] running `Command { std: "docker" "exec" "-e" "SOURCE_DIR=/opt/rustwide/workdir" "-e" "CARGO_HOME=/opt/rustwide/cargo-home" "-e" "RUSTUP_HOME=/opt/rustwide/rustup-home" "-e" "CARGO_TARGET_DIR=/opt/rustwide/target" "-e" "CARGO_INCREMENTAL=0" "-e" "RUST_BACKTRACE=full" "-e" "RUSTFLAGS=--cap-lints=warn" "-e" "RUSTDOCFLAGS=--cap-lints=warn" "-w" "/opt/rustwide/workdir" "--user" "0:0" "07035e0e75247134de9116d71d8fb8c12695062502f1d722d2d3bd486a2813ab" "/opt/rustwide/cargo-home/bin/cargo" "+1.100.0-beta.1" "test" "--frozen" "--release", kill_on_drop: false }`
[INFO] [stderr] warning: unreachable call
[INFO] [stderr]    --> src/lib.rs:87:128
[INFO] [stderr]     |
[INFO] [stderr]  79 |   macro_rules! impl_using_from_str {
[INFO] [stderr] ...
[INFO] [stderr]  87 |                           *self = s.parse().map_err(|msg: <$type as FromStr>::Err| FromEnvError::ParseError(var.to_string(), msg.to_string()))?;
[INFO] [stderr]     |                                                                                                                              --- ^^^^^^^^^ unreachable call
[INFO] [stderr]     |                                                                                                                              |
[INFO] [stderr]     |                                                                                                                              any code following this expression is unreachable
[INFO] [stderr] ...
[INFO] [stderr] 103 | / impl_using_from_str! {
[INFO] [stderr] 104 | |     u8, u16, u32, u64, u128,
[INFO] [stderr] 105 | |     i8, i16, i32, i64, i128,
[INFO] [stderr] 106 | |     bool, String, PathBuf,
[INFO] [stderr] 107 | | }
[INFO] [stderr]     | |_- in this macro invocation
[INFO] [stderr]     |
[INFO] [stderr]     = note: `#[warn(unreachable_code)]` (part of `#[warn(unused)]`) on by default
[INFO] [stderr] 
[INFO] [stderr] warning: unreachable call
[INFO] [stderr]    --> src/lib.rs:87:128
[INFO] [stderr]     |
[INFO] [stderr]  79 |   macro_rules! impl_using_from_str {
[INFO] [stderr] ...
[INFO] [stderr]  87 |                           *self = s.parse().map_err(|msg: <$type as FromStr>::Err| FromEnvError::ParseError(var.to_string(), msg.to_string()))?;
[INFO] [stderr]     |                                                                                                                              --- ^^^^^^^^^ unreachable call
[INFO] [stderr]     |                                                                                                                              |
[INFO] [stderr]     |                                                                                                                              any code following this expression is unreachable
[INFO] [stderr] ...
[INFO] [stderr] 103 | / impl_using_from_str! {
[INFO] [stderr] 104 | |     u8, u16, u32, u64, u128,
[INFO] [stderr] 105 | |     i8, i16, i32, i64, i128,
[INFO] [stderr] 106 | |     bool, String, PathBuf,
[INFO] [stderr] 107 | | }
[INFO] [stderr]     | |_- in this macro invocation
[INFO] [stderr] 
[INFO] [stderr] warning: `derive_environment` (lib) generated 2 warnings
[INFO] [stderr] warning: `derive_environment` (lib test) generated 2 warnings (2 duplicates)
[INFO] [stderr]     Finished `release` profile [optimized] target(s) in 0.03s
[INFO] [stderr]      Running unittests src/lib.rs (/opt/rustwide/target/release/build/derive_environment/525bebb45d94405e/out/derive_environment-525bebb45d94405e)
[INFO] [stdout] 
[INFO] [stderr]    Doc-tests derive_environment
[INFO] [stdout] running 0 tests
[INFO] [stdout] 
[INFO] [stdout] test result: ok. 0 passed; 0 failed; 0 ignored; 0 measured; 0 filtered out; finished in 0.00s
[INFO] [stdout] 
[INFO] [stdout] 
[INFO] [stdout] running 3 tests
[INFO] [stdout] test src/lib.rs - (line 54) ... FAILED
[INFO] [stdout] test src/lib.rs - (line 33) ... FAILED
[INFO] [stdout] test src/lib.rs - (line 14) ... FAILED
[INFO] [stdout] 
[INFO] [stdout] failures:
[INFO] [stdout] 
[INFO] [stdout] ---- src/lib.rs - (line 54) stdout ----
[INFO] [stdout] error: couldn't create a temp dir: No space left on device (os error 28)
[INFO] [stdout] 
[INFO] [stdout] error: aborting due to 1 previous error
[INFO] [stdout] 
[INFO] [stdout] Couldn't compile the test.
[INFO] [stdout] ---- src/lib.rs - (line 33) stdout ----
[INFO] [stdout] error: linking with `cc` failed: exit status: 1
[INFO] [stdout]   |
[INFO] [stdout]   = note:  "cc" "-m64" "/tmp/rustdoctest3g24bq/rustcSQLSHk/symbols.o" "<2 object files omitted>" "-Wl,--as-needed" "-Wl,-Bstatic" "/opt/rustwide/target/release/build/derive_environment/88b4ccc4134f894e/out/libderive_environment-88b4ccc4134f894e.rlib" "/opt/rustwide/target/release/build/thiserror/02ff4f4803e9ce3d/out/libthiserror-02ff4f4803e9ce3d.rlib" "<sysroot>/lib/rustlib/x86_64-unknown-linux-gnu/lib/{libstd-*,libpanic_unwind-*,libobject-*,libmemchr-*,libaddr2line-*,libgimli-*,libcfg_if-*,librustc_demangle-*,libstd_detect-*,libhashbrown-*,librustc_std_workspace_alloc-*,libminiz_oxide-*,libadler2-*,libunwind-*,liblibc-*,librustc_std_workspace_core-*,liballoc-*,libcore-*,libcompiler_builtins-*}.rlib" "-Wl,-Bdynamic" "-lgcc_s" "-lutil" "-lrt" "-lpthread" "-lm" "-ldl" "-lc" "-L" "/tmp/rustdoctest3g24bq/rustcSQLSHk/raw-dylibs" "-B<sysroot>/lib/rustlib/x86_64-unknown-linux-gnu/bin/gcc-ld" "-fuse-ld=lld" "-Wl,--eh-frame-hdr" "-Wl,-z,noexecstack" "-L" "<sysroot>/lib/rustlib/x86_64-unknown-linux-gnu/lib" "-o" "/tmp/rustdoctest3g24bq/rust_out" "-Wl,--gc-sections" "-pie" "-Wl,-z,relro,-z,now" "-nodefaultlibs"
[INFO] [stdout]   = note: some arguments are omitted. use `--verbose` to show all linker arguments
[INFO] [stdout]   = note: PLEASE submit a bug report to https://github.com/llvm/llvm-project/issues/ and include the crash backtrace and instructions to reproduce the bug.
[INFO] [stdout]           Stack dump:
[INFO] [stdout]           0.	Program arguments: /opt/rustwide/rustup-home/toolchains/1.100.0-beta.1-x86_64-unknown-linux-gnu/lib/rustlib/x86_64-unknown-linux-gnu/bin/rust-lld -flavor gnu -plugin /usr/libexec/gcc/x86_64-linux-gnu/15/liblto_plugin.so -plugin-opt=/usr/libexec/gcc/x86_64-linux-gnu/15/lto-wrapper -plugin-opt=-fresolution=/tmp/cck10a5U.res --build-id --eh-frame-hdr -m elf_x86_64 --hash-style=gnu --as-needed -dynamic-linker /lib64/ld-linux-x86-64.so.2 -pie -z now -z relro -o /tmp/rustdoctest3g24bq/rust_out /usr/lib/gcc/x86_64-linux-gnu/15/../../../x86_64-linux-gnu/Scrt1.o /usr/lib/gcc/x86_64-linux-gnu/15/../../../x86_64-linux-gnu/crti.o /usr/lib/gcc/x86_64-linux-gnu/15/crtbeginS.o -L/tmp/rustdoctest3g24bq/rustcSQLSHk/raw-dylibs -L/opt/rustwide/rustup-home/toolchains/1.100.0-beta.1-x86_64-unknown-linux-gnu/lib/rustlib/x86_64-unknown-linux-gnu/lib -L/opt/rustwide/rustup-home/toolchains/1.100.0-beta.1-x86_64-unknown-linux-gnu/lib/rustlib/x86_64-unknown-linux-gnu/bin/gcc-ld -L/usr/lib/gcc/x86_64-linux-gnu/15 -L/usr/lib/gcc/x86_64-linux-gnu/15/../../../x86_64-linux-gnu -L/usr/lib/gcc/x86_64-linux-gnu/15/../../../../lib -L/lib/x86_64-linux-gnu -L/lib/../lib -L/usr/lib/x86_64-linux-gnu -L/usr/lib/../lib -L/usr/lib/gcc/x86_64-linux-gnu/15/../../.. -L/lib -L/usr/lib /tmp/rustdoctest3g24bq/rustcSQLSHk/symbols.o /tmp/rustdoctest3g24bq/rust_out.rust_out.72a830746f8703f-cgu.0.rcgu.o /tmp/rustdoctest3g24bq/rust_out.37ocgjjgp60u5unioiqts7248.rcgu.o --as-needed -Bstatic /opt/rustwide/target/release/build/derive_environment/88b4ccc4134f894e/out/libderive_environment-88b4ccc4134f894e.rlib /opt/rustwide/target/release/build/thiserror/02ff4f4803e9ce3d/out/libthiserror-02ff4f4803e9ce3d.rlib /opt/rustwide/rustup-home/toolchains/1.100.0-beta.1-x86_64-unknown-linux-gnu/lib/rustlib/x86_64-unknown-linux-gnu/lib/libstd-16b761440147d7a9.rlib /opt/rustwide/rustup-home/toolchains/1.100.0-beta.1-x86_64-unknown-linux-gnu/lib/rustlib/x86_64-unknown-linux-gnu/lib/libpanic_unwind-06193b1eb78e7f06.rlib /opt/rustwide/rustup-home/toolchains/1.100.0-beta.1-x86_64-unknown-linux-gnu/lib/rustlib/x86_64-unknown-linux-gnu/lib/libobject-e847c3c685ea1cb1.rlib /opt/rustwide/rustup-home/toolchains/1.100.0-beta.1-x86_64-unknown-linux-gnu/lib/rustlib/x86_64-unknown-linux-gnu/lib/libmemchr-3eada83694fea8ee.rlib /opt/rustwide/rustup-home/toolchains/1.100.0-beta.1-x86_64-unknown-linux-gnu/lib/rustlib/x86_64-unknown-linux-gnu/lib/libaddr2line-e45b7837cfecba90.rlib /opt/rustwide/rustup-home/toolchains/1.100.0-beta.1-x86_64-unknown-linux-gnu/lib/rustlib/x86_64-unknown-linux-gnu/lib/libgimli-4c083445e4f1b309.rlib /opt/rustwide/rustup-home/toolchains/1.100.0-beta.1-x86_64-unknown-linux-gnu/lib/rustlib/x86_64-unknown-linux-gnu/lib/libcfg_if-83b7517739385aef.rlib /opt/rustwide/rustup-home/toolchains/1.100.0-beta.1-x86_64-unknown-linux-gnu/lib/rustlib/x86_64-unknown-linux-gnu/lib/librustc_demangle-70c3dd8012ec456b.rlib /opt/rustwide/rustup-home/toolchains/1.100.0-beta.1-x86_64-unknown-linux-gnu/lib/rustlib/x86_64-unknown-linux-gnu/lib/libstd_detect-5a706e869bd20e53.rlib /opt/rustwide/rustup-home/toolchains/1.100.0-beta.1-x86_64-unknown-linux-gnu/lib/rustlib/x86_64-unknown-linux-gnu/lib/libhashbrown-57b195bafffbb164.rlib /opt/rustwide/rustup-home/toolchains/1.100.0-beta.1-x86_64-unknown-linux-gnu/lib/rustlib/x86_64-unknown-linux-gnu/lib/librustc_std_workspace_alloc-ecb8ab6a3d396b3b.rlib /opt/rustwide/rustup-home/toolchains/1.100.0-beta.1-x86_64-unknown-linux-gnu/lib/rustlib/x86_64-unknown-linux-gnu/lib/libminiz_oxide-619f92c70a6b31a2.rlib /opt/rustwide/rustup-home/toolchains/1.100.0-beta.1-x86_64-unknown-linux-gnu/lib/rustlib/x86_64-unknown-linux-gnu/lib/libadler2-54a12e18b9961a36.rlib /opt/rustwide/rustup-home/toolchains/1.100.0-beta.1-x86_64-unknown-linux-gnu/lib/rustlib/x86_64-unknown-linux-gnu/lib/libunwind-9e74ebf3d9efcd73.rlib /opt/rustwide/rustup-home/toolchains/1.100.0-beta.1-x86_64-unknown-linux-gnu/lib/rustlib/x86_64-unknown-linux-gnu/lib/liblibc-8d9db5923411ba8f.rlib /opt/rustwide/rustup-home/toolchains/1.100.0-beta.1-x86_64-unknown-linux-gnu/lib/rustlib/x86_64-unknown-linux-gnu/lib/librustc_std_workspace_core-5eb61dc46587de36.rlib /opt/rustwide/rustup-home/toolchains/1.100.0-beta.1-x86_64-unknown-linux-gnu/lib/rustlib/x86_64-unknown-linux-gnu/lib/liballoc-94062a2d23e2d4dc.rlib /opt/rustwide/rustup-home/toolchains/1.100.0-beta.1-x86_64-unknown-linux-gnu/lib/rustlib/x86_64-unknown-linux-gnu/lib/libcore-70b5e1f701379435.rlib /opt/rustwide/rustup-home/toolchains/1.100.0-beta.1-x86_64-unknown-linux-gnu/lib/rustlib/x86_64-unknown-linux-gnu/lib/libcompiler_builtins-2158ad85e468cc48.rlib -Bdynamic -lgcc_s -lutil -lrt -lpthread -lm -ldl -lc --eh-frame-hdr -z noexecstack --gc-sections -z relro -z now /usr/lib/gcc/x86_64-linux-gnu/15/crtendS.o /usr/lib/gcc/x86_64-linux-gnu/15/../../../x86_64-linux-gnu/crtn.o
[INFO] [stdout]           LLVM ERROR: IO failure on output stream: No space left on device
[INFO] [stdout]           collect2: error: ld returned 1 exit status
[INFO] [stdout]           
[INFO] [stdout] 
[INFO] [stdout] error: aborting due to 1 previous error
[INFO] [stdout] 
[INFO] [stdout] Couldn't compile the test.
[INFO] [stdout] ---- src/lib.rs - (line 14) stdout ----
[INFO] [stdout] error: linking with `cc` failed: exit status: 1
[INFO] [stdout]   |
[INFO] [stdout]   = note:  "cc" "-m64" "/tmp/rustdoctestndDwU3/rustcp5AQh4/symbols.o" "<2 object files omitted>" "-Wl,--as-needed" "-Wl,-Bstatic" "/opt/rustwide/target/release/build/derive_environment/88b4ccc4134f894e/out/libderive_environment-88b4ccc4134f894e.rlib" "/opt/rustwide/target/release/build/thiserror/02ff4f4803e9ce3d/out/libthiserror-02ff4f4803e9ce3d.rlib" "<sysroot>/lib/rustlib/x86_64-unknown-linux-gnu/lib/{libstd-*,libpanic_unwind-*,libobject-*,libmemchr-*,libaddr2line-*,libgimli-*,libcfg_if-*,librustc_demangle-*,libstd_detect-*,libhashbrown-*,librustc_std_workspace_alloc-*,libminiz_oxide-*,libadler2-*,libunwind-*,liblibc-*,librustc_std_workspace_core-*,liballoc-*,libcore-*,libcompiler_builtins-*}.rlib" "-Wl,-Bdynamic" "-lgcc_s" "-lutil" "-lrt" "-lpthread" "-lm" "-ldl" "-lc" "-L" "/tmp/rustdoctestndDwU3/rustcp5AQh4/raw-dylibs" "-B<sysroot>/lib/rustlib/x86_64-unknown-linux-gnu/bin/gcc-ld" "-fuse-ld=lld" "-Wl,--eh-frame-hdr" "-Wl,-z,noexecstack" "-L" "<sysroot>/lib/rustlib/x86_64-unknown-linux-gnu/lib" "-o" "/tmp/rustdoctestndDwU3/rust_out" "-Wl,--gc-sections" "-pie" "-Wl,-z,relro,-z,now" "-nodefaultlibs"
[INFO] [stdout]   = note: some arguments are omitted. use `--verbose` to show all linker arguments
[INFO] [stdout]   = note: PLEASE submit a bug report to https://github.com/llvm/llvm-project/issues/ and include the crash backtrace and instructions to reproduce the bug.
[INFO] [stdout]           collect2: fatal error: ld terminated with signal 7 [Bus error], core dumped
[INFO] [stdout]           compilation terminated.
[INFO] [stdout]           
[INFO] [stdout] 
[INFO] [stdout] error: aborting due to 1 previous error
[INFO] [stdout] 
[INFO] [stdout] Couldn't compile the test.
[INFO] [stdout] 
[INFO] [stdout] failures:
[INFO] [stdout]     src/lib.rs - (line 14)
[INFO] [stdout]     src/lib.rs - (line 33)
[INFO] [stdout]     src/lib.rs - (line 54)
[INFO] [stdout] 
[INFO] [stdout] test result: FAILED. 0 passed; 3 failed; 0 ignored; 0 measured; 0 filtered out; finished in 0.33s
[INFO] [stdout] 
[INFO] [stderr] error: doctest failed, to rerun pass `--doc`
[INFO] running `Command { std: "docker" "inspect" "07035e0e75247134de9116d71d8fb8c12695062502f1d722d2d3bd486a2813ab", kill_on_drop: false }`
[INFO] running `Command { std: "docker" "rm" "-f" "07035e0e75247134de9116d71d8fb8c12695062502f1d722d2d3bd486a2813ab", kill_on_drop: false }`
[INFO] [stdout] 07035e0e75247134de9116d71d8fb8c12695062502f1d722d2d3bd486a2813ab
