[INFO] fetching crate derive_aliases 0.4.7...
[INFO] testing derive_aliases-0.4.7 against 1.100.0-beta.1+cargoflags=--release for beta-release-1.100-2
[INFO] extracting crate derive_aliases 0.4.7 into /workspace/builds/worker-3-tc2/source
[INFO] removed /workspace/builds/worker-3-tc2/source/rust-toolchain.toml
[INFO] started tweaking crates.io crate derive_aliases 0.4.7
[INFO] removed 0 missing tests
[INFO] finished tweaking crates.io crate derive_aliases 0.4.7
[INFO] tweaked toml for crates.io crate derive_aliases 0.4.7 written to /workspace/builds/worker-3-tc2/source/Cargo.toml
[INFO] validating manifest of crates.io crate derive_aliases 0.4.7 on toolchain 1.100.0-beta.1
[INFO] running `Command { std: CARGO_HOME="/workspace/cargo-home" RUSTUP_HOME="/workspace/rustup-home" "/workspace/cargo-home/bin/cargo" "+1.100.0-beta.1" "metadata" "--manifest-path" "Cargo.toml" "--no-deps", kill_on_drop: false }`
[INFO] crate crates.io crate derive_aliases 0.4.7 already has a lockfile, it will not be regenerated
[INFO] running `Command { std: CARGO_HOME="/workspace/cargo-home" RUSTUP_HOME="/workspace/rustup-home" "/workspace/cargo-home/bin/cargo" "+1.100.0-beta.1" "fetch" "--manifest-path" "Cargo.toml", kill_on_drop: false }`
[INFO] running `Command { std: "docker" "create" "-v" "/var/lib/crater-agent-workspace/builds/worker-3-tc2/source:/opt/rustwide/workdir:ro,Z" "-v" "/var/lib/crater-agent-workspace/builds/worker-3-tc2/target:/opt/rustwide/target:rw,Z" "-v" "/var/lib/crater-agent-workspace/cargo-home:/opt/rustwide/cargo-home:ro,Z" "-v" "/var/lib/crater-agent-workspace/rustup-home:/opt/rustwide/rustup-home:ro,Z" "-m" "1610612736" "--network" "none" "ghcr.io/rust-lang/crates-build-env/linux@sha256:77db811e55d90add9212f6832c23229e3de5f1c1f9905e8cb07319ea15df73ac" "sleep" "infinity", kill_on_drop: false }`
[INFO] [stdout] ceb91a641a665aec730e1182aa0bad083df969d68069f061418910f6afc5ef56
[INFO] running `Command { std: "docker" "start" "ceb91a641a665aec730e1182aa0bad083df969d68069f061418910f6afc5ef56", kill_on_drop: false }`
[INFO] running `Command { std: "docker" "inspect" "ceb91a641a665aec730e1182aa0bad083df969d68069f061418910f6afc5ef56", kill_on_drop: false }`
[INFO] running `Command { std: "docker" "exec" "-e" "SOURCE_DIR=/opt/rustwide/workdir" "-e" "CARGO_HOME=/opt/rustwide/cargo-home" "-e" "RUSTUP_HOME=/opt/rustwide/rustup-home" "-e" "CARGO_TARGET_DIR=/opt/rustwide/target" "-w" "/opt/rustwide/workdir" "--user" "0:0" "ceb91a641a665aec730e1182aa0bad083df969d68069f061418910f6afc5ef56" "/opt/rustwide/cargo-home/bin/cargo" "+1.100.0-beta.1" "metadata" "--no-deps" "--format-version=1", kill_on_drop: false }`
[INFO] running `Command { std: "docker" "inspect" "ceb91a641a665aec730e1182aa0bad083df969d68069f061418910f6afc5ef56", kill_on_drop: false }`
[INFO] running `Command { std: "docker" "exec" "-e" "SOURCE_DIR=/opt/rustwide/workdir" "-e" "CARGO_HOME=/opt/rustwide/cargo-home" "-e" "RUSTUP_HOME=/opt/rustwide/rustup-home" "-e" "CARGO_TARGET_DIR=/opt/rustwide/target" "-e" "CARGO_INCREMENTAL=0" "-e" "RUST_BACKTRACE=full" "-e" "RUSTFLAGS=--cap-lints=warn" "-e" "RUSTDOCFLAGS=--cap-lints=warn" "-w" "/opt/rustwide/workdir" "--user" "0:0" "ceb91a641a665aec730e1182aa0bad083df969d68069f061418910f6afc5ef56" "/opt/rustwide/cargo-home/bin/cargo" "+1.100.0-beta.1" "build" "--frozen" "--message-format=json" "--release", kill_on_drop: false }`
[INFO] [stderr]    Compiling derive_aliases_proc_macro v0.4.7
[INFO] [stderr]    Compiling derive_aliases v0.4.7 (/opt/rustwide/workdir)
[INFO] [stderr]     Finished `release` profile [optimized] target(s) in 0.86s
[INFO] running `Command { std: "docker" "inspect" "ceb91a641a665aec730e1182aa0bad083df969d68069f061418910f6afc5ef56", kill_on_drop: false }`
[INFO] running `Command { std: "docker" "exec" "-e" "SOURCE_DIR=/opt/rustwide/workdir" "-e" "CARGO_HOME=/opt/rustwide/cargo-home" "-e" "RUSTUP_HOME=/opt/rustwide/rustup-home" "-e" "CARGO_TARGET_DIR=/opt/rustwide/target" "-e" "CARGO_INCREMENTAL=0" "-e" "RUST_BACKTRACE=full" "-e" "RUSTFLAGS=--cap-lints=warn" "-e" "RUSTDOCFLAGS=--cap-lints=warn" "-w" "/opt/rustwide/workdir" "--user" "0:0" "ceb91a641a665aec730e1182aa0bad083df969d68069f061418910f6afc5ef56" "/opt/rustwide/cargo-home/bin/cargo" "+1.100.0-beta.1" "test" "--frozen" "--no-run" "--message-format=json" "--release", kill_on_drop: false }`
[INFO] [stderr]    Compiling proc-macro2 v1.0.101
[INFO] [stderr]    Compiling serde_core v1.0.228
[INFO] [stderr]    Compiling quote v1.0.41
[INFO] [stderr]    Compiling unicode-ident v1.0.19
[INFO] [stderr]    Compiling winnow v0.7.13
[INFO] [stderr]    Compiling target-triple v0.1.4
[INFO] [stderr]    Compiling serde v1.0.228
[INFO] [stderr]    Compiling serde_json v1.0.145
[INFO] [stderr]    Compiling toml_writer v1.0.4
[INFO] [stderr]    Compiling itoa v1.0.15
[INFO] [stderr]    Compiling zerocopy v0.8.27
[INFO] [stderr]    Compiling ryu v1.0.20
[INFO] [stderr]    Compiling memchr v2.7.6
[INFO] [stderr]    Compiling glob v0.3.3
[INFO] [stderr]    Compiling termcolor v1.4.1
[INFO] [stderr]    Compiling syn v2.0.106
[INFO] [stderr]    Compiling toml_parser v1.0.4
[INFO] [stderr]    Compiling toml_datetime v0.7.3
[INFO] [stderr]    Compiling serde_spanned v1.0.3
[INFO] [stderr]    Compiling toml v0.9.8
[INFO] [stderr]    Compiling serde_derive v1.0.228
[INFO] [stderr]    Compiling zerocopy-derive v0.8.27
[INFO] [stderr]    Compiling trybuild v1.0.111
[INFO] [stderr]    Compiling derive_aliases v0.4.7 (/opt/rustwide/workdir)
[INFO] [stderr]     Finished `release` profile [optimized] target(s) in 26.76s
[INFO] running `Command { std: "docker" "inspect" "ceb91a641a665aec730e1182aa0bad083df969d68069f061418910f6afc5ef56", kill_on_drop: false }`
[INFO] running `Command { std: "docker" "exec" "-e" "SOURCE_DIR=/opt/rustwide/workdir" "-e" "CARGO_HOME=/opt/rustwide/cargo-home" "-e" "RUSTUP_HOME=/opt/rustwide/rustup-home" "-e" "CARGO_TARGET_DIR=/opt/rustwide/target" "-e" "CARGO_INCREMENTAL=0" "-e" "RUST_BACKTRACE=full" "-e" "RUSTFLAGS=--cap-lints=warn" "-e" "RUSTDOCFLAGS=--cap-lints=warn" "-w" "/opt/rustwide/workdir" "--user" "0:0" "ceb91a641a665aec730e1182aa0bad083df969d68069f061418910f6afc5ef56" "/opt/rustwide/cargo-home/bin/cargo" "+1.100.0-beta.1" "test" "--frozen" "--release", kill_on_drop: false }`
[INFO] [stderr]     Finished `release` profile [optimized] target(s) in 0.08s
[INFO] [stderr]      Running unittests src/lib.rs (/opt/rustwide/target/release/build/derive_aliases/5c56e3fb1ec0d164/out/derive_aliases-5c56e3fb1ec0d164)
[INFO] [stdout] 
[INFO] [stdout] running 0 tests
[INFO] [stdout] 
[INFO] [stdout] test result: ok. 0 passed; 0 failed; 0 ignored; 0 measured; 0 filtered out; finished in 0.00s
[INFO] [stdout] 
[INFO] [stderr]      Running tests/test.rs (/opt/rustwide/target/release/build/derive_aliases/54583e2e9063f53e/out/test-54583e2e9063f53e)
[INFO] [stdout] 
[INFO] [stdout] running 1 test
[INFO] [stderr]    Compiling proc-macro2 v1.0.101
[INFO] [stderr]    Compiling quote v1.0.41
[INFO] [stderr]    Compiling unicode-ident v1.0.19
[INFO] [stderr]    Compiling zerocopy v0.8.27
[INFO] [stderr]    Compiling derive_aliases_proc_macro v0.4.7
[INFO] [stderr]    Compiling syn v2.0.106
[INFO] [stderr]     Checking derive_aliases v0.4.7 (/opt/rustwide/workdir)
[INFO] [stderr]    Compiling zerocopy-derive v0.8.27
[INFO] [stderr]     Checking derive_aliases-tests v0.0.0 (/opt/rustwide/target/tests/trybuild/derive_aliases)
[INFO] [stderr]     Finished `dev` profile [unoptimized + debuginfo] target(s) in 11.21s
[INFO] [stderr] 
[INFO] [stderr] 
[INFO] [stderr] test tests/ui/extra_colon.rs ... mismatch
[INFO] [stderr] 
[INFO] [stderr] EXPECTED:
[INFO] [stderr] ┈┈┈┈┈┈┈┈┈┈┈┈┈┈┈┈┈┈┈┈┈┈┈┈┈┈┈┈┈┈┈┈┈┈┈┈┈┈┈┈┈┈┈┈┈┈┈┈┈┈┈┈┈┈┈┈┈┈┈┈
[INFO] [stderr] error: expected identifier to form a path like `::std::hash::Hash`
[INFO] [stderr]  --> tests/ui/extra_colon.rs:3:39
[INFO] [stderr]   |
[INFO] [stderr] 3 |         Eq = ::core::cmp::Eq, ::core:::cmp::PartialEq;
[INFO] [stderr]   |                                       ^
[INFO] [stderr] 
[INFO] [stderr] error: to avoid surprises, path to derive in alias definition must be absolute - meaning it must start with `::`
[INFO] [stderr] 
[INFO] [stderr]        for example, use `::std::hash::Hash` instead of `std::hash::Hash` and use `::core::marker::Copy` instead of just `Copy`
[INFO] [stderr]  --> tests/ui/extra_colon.rs:5:9
[INFO] [stderr]   |
[INFO] [stderr] 5 |         AndMore = ::std::hash::Hash, ..Ord, ::core::clone::Clone, ::core::marker::Copy, ::core::default::Default;
[INFO] [stderr]   |         ^^^^^^^
[INFO] [stderr] 
[INFO] [stderr] error[E0432]: unresolved import `crate`
[INFO] [stderr]  --> tests/ui/extra_colon.rs:2:5
[INFO] [stderr]   |
[INFO] [stderr] 2 | /     derive_aliases::define! {
[INFO] [stderr] 3 | |         Eq = ::core::cmp::Eq, ::core:::cmp::PartialEq;
[INFO] [stderr] 4 | |         //                           ^ extra `:`
[INFO] [stderr] 5 | |         AndMore = ::std::hash::Hash, ..Ord, ::core::clone::Clone, ::core::marker::Copy, ::core::default::Default;
[INFO] [stderr] 6 | |     }
[INFO] [stderr]   | |_____^ no `Eq` in `derive_alias`
[INFO] [stderr]   |
[INFO] [stderr]   = note: this error originates in the macro `derive_aliases::define` (in Nightly builds, run with -Z macro-backtrace for more info)
[INFO] [stderr] help: consider importing this trait instead
[INFO] [stderr]   |
[INFO] [stderr] 2 -     derive_aliases::define! {
[INFO] [stderr] 3 -         Eq = ::core::cmp::Eq, ::core:::cmp::PartialEq;
[INFO] [stderr] 4 -         //                           ^ extra `:`
[INFO] [stderr] 5 -         AndMore = ::std::hash::Hash, ..Ord, ::core::clone::Clone, ::core::marker::Copy, ::core::default::Default;
[INFO] [stderr] 6 -     }
[INFO] [stderr] 2 +     std::cmp::Eq as _
[INFO] [stderr]   |
[INFO] [stderr] 
[INFO] [stderr] error[E0433]: failed to resolve: could not find `Ord` in `derive_alias`
[INFO] [stderr]  --> tests/ui/extra_colon.rs:5:40
[INFO] [stderr]   |
[INFO] [stderr] 5 |         AndMore = ::std::hash::Hash, ..Ord, ::core::clone::Clone, ::core::marker::Copy, ::core::default::Default;
[INFO] [stderr]   |                                        ^^^ could not find `Ord` in `derive_alias`
[INFO] [stderr] ┈┈┈┈┈┈┈┈┈┈┈┈┈┈┈┈┈┈┈┈┈┈┈┈┈┈┈┈┈┈┈┈┈┈┈┈┈┈┈┈┈┈┈┈┈┈┈┈┈┈┈┈┈┈┈┈┈┈┈┈
[INFO] [stderr] 
[INFO] [stderr] ACTUAL OUTPUT:
[INFO] [stderr] ┈┈┈┈┈┈┈┈┈┈┈┈┈┈┈┈┈┈┈┈┈┈┈┈┈┈┈┈┈┈┈┈┈┈┈┈┈┈┈┈┈┈┈┈┈┈┈┈┈┈┈┈┈┈┈┈┈┈┈┈
[INFO] [stderr] error: expected identifier to form a path like `::std::hash::Hash`
[INFO] [stderr]  --> tests/ui/extra_colon.rs:3:39
[INFO] [stderr]   |
[INFO] [stderr] 3 |         Eq = ::core::cmp::Eq, ::core:::cmp::PartialEq;
[INFO] [stderr]   |                                       ^
[INFO] [stderr] 
[INFO] [stderr] error: to avoid surprises, path to derive in alias definition must be absolute - meaning it must start with `::`
[INFO] [stderr] 
[INFO] [stderr]        for example, use `::std::hash::Hash` instead of `std::hash::Hash` and use `::core::marker::Copy` instead of just `Copy`
[INFO] [stderr]  --> tests/ui/extra_colon.rs:5:9
[INFO] [stderr]   |
[INFO] [stderr] 5 |         AndMore = ::std::hash::Hash, ..Ord, ::core::clone::Clone, ::core::marker::Copy, ::core::default::Default;
[INFO] [stderr]   |         ^^^^^^^
[INFO] [stderr] 
[INFO] [stderr] error[E0433]: cannot find `Ord` in `derive_alias`
[INFO] [stderr]  --> tests/ui/extra_colon.rs:5:40
[INFO] [stderr]   |
[INFO] [stderr] 5 |         AndMore = ::std::hash::Hash, ..Ord, ::core::clone::Clone, ::core::marker::Copy, ::core::default::Default;
[INFO] [stderr]   |                                        ^^^ could not find `Ord` in `derive_alias`
[INFO] [stderr] ┈┈┈┈┈┈┈┈┈┈┈┈┈┈┈┈┈┈┈┈┈┈┈┈┈┈┈┈┈┈┈┈┈┈┈┈┈┈┈┈┈┈┈┈┈┈┈┈┈┈┈┈┈┈┈┈┈┈┈┈
[INFO] [stderr] note: If the actual output is the correct output you can bless it by rerunning
[INFO] [stderr]       your test with the environment variable TRYBUILD=overwrite
[INFO] [stderr] 
[INFO] [stderr] test tests/ui/missing_alias_name.rs ... ok
[INFO] [stderr] test tests/ui/missing_colon.rs ... mismatch
[INFO] [stderr] 
[INFO] [stderr] EXPECTED:
[INFO] [stderr] ┈┈┈┈┈┈┈┈┈┈┈┈┈┈┈┈┈┈┈┈┈┈┈┈┈┈┈┈┈┈┈┈┈┈┈┈┈┈┈┈┈┈┈┈┈┈┈┈┈┈┈┈┈┈┈┈┈┈┈┈
[INFO] [stderr] error: expected `:` to form a path like `::std::hash::Hash`
[INFO] [stderr]  --> tests/ui/missing_colon.rs:3:15
[INFO] [stderr]   |
[INFO] [stderr] 3 |         Eq = :core::cmp::Eq, ::core:cmp::PartialEq
[INFO] [stderr]   |               ^^^^
[INFO] [stderr] 
[INFO] [stderr] error: expected `::` to form a path like `::std::hash::Hash`
[INFO] [stderr]  --> tests/ui/missing_colon.rs:3:37
[INFO] [stderr]   |
[INFO] [stderr] 3 |         Eq = :core::cmp::Eq, ::core:cmp::PartialEq
[INFO] [stderr]   |                                     ^^^
[INFO] [stderr] 
[INFO] [stderr] error[E0432]: unresolved import `crate`
[INFO] [stderr]  --> tests/ui/missing_colon.rs:2:5
[INFO] [stderr]   |
[INFO] [stderr] 2 | /     derive_aliases::define! {
[INFO] [stderr] 3 | |         Eq = :core::cmp::Eq, ::core:cmp::PartialEq
[INFO] [stderr] 4 | |         //   ^ missing `:`          ^ missing `:`
[INFO] [stderr] 5 | |         AndMore = ::std::hash::Hash, ..Ord, ::core::clone::Clone, ::core::marker::Copy, ::core::default::Default;
[INFO] [stderr] 6 | |     }
[INFO] [stderr]   | |_____^ no `Eq` in `derive_alias`
[INFO] [stderr]   |
[INFO] [stderr]   = note: this error originates in the macro `derive_aliases::define` (in Nightly builds, run with -Z macro-backtrace for more info)
[INFO] [stderr] help: consider importing this trait instead
[INFO] [stderr]   |
[INFO] [stderr] 2 -     derive_aliases::define! {
[INFO] [stderr] 3 -         Eq = :core::cmp::Eq, ::core:cmp::PartialEq
[INFO] [stderr] 4 -         //   ^ missing `:`          ^ missing `:`
[INFO] [stderr] 5 -         AndMore = ::std::hash::Hash, ..Ord, ::core::clone::Clone, ::core::marker::Copy, ::core::default::Default;
[INFO] [stderr] 6 -     }
[INFO] [stderr] 2 +     std::cmp::Eq as _
[INFO] [stderr]   |
[INFO] [stderr] 
[INFO] [stderr] error[E0433]: failed to resolve: could not find `Ord` in `derive_alias`
[INFO] [stderr]  --> tests/ui/missing_colon.rs:5:40
[INFO] [stderr]   |
[INFO] [stderr] 5 |         AndMore = ::std::hash::Hash, ..Ord, ::core::clone::Clone, ::core::marker::Copy, ::core::default::Default;
[INFO] [stderr]   |                                        ^^^ could not find `Ord` in `derive_alias`
[INFO] [stderr] ┈┈┈┈┈┈┈┈┈┈┈┈┈┈┈┈┈┈┈┈┈┈┈┈┈┈┈┈┈┈┈┈┈┈┈┈┈┈┈┈┈┈┈┈┈┈┈┈┈┈┈┈┈┈┈┈┈┈┈┈
[INFO] [stderr] 
[INFO] [stderr] ACTUAL OUTPUT:
[INFO] [stderr] ┈┈┈┈┈┈┈┈┈┈┈┈┈┈┈┈┈┈┈┈┈┈┈┈┈┈┈┈┈┈┈┈┈┈┈┈┈┈┈┈┈┈┈┈┈┈┈┈┈┈┈┈┈┈┈┈┈┈┈┈
[INFO] [stderr] error: expected `:` to form a path like `::std::hash::Hash`
[INFO] [stderr]  --> tests/ui/missing_colon.rs:3:15
[INFO] [stderr]   |
[INFO] [stderr] 3 |         Eq = :core::cmp::Eq, ::core:cmp::PartialEq
[INFO] [stderr]   |               ^^^^
[INFO] [stderr] 
[INFO] [stderr] error: expected `::` to form a path like `::std::hash::Hash`
[INFO] [stderr]  --> tests/ui/missing_colon.rs:3:37
[INFO] [stderr]   |
[INFO] [stderr] 3 |         Eq = :core::cmp::Eq, ::core:cmp::PartialEq
[INFO] [stderr]   |                                     ^^^
[INFO] [stderr] 
[INFO] [stderr] error[E0433]: cannot find `Ord` in `derive_alias`
[INFO] [stderr]  --> tests/ui/missing_colon.rs:5:40
[INFO] [stderr]   |
[INFO] [stderr] 5 |         AndMore = ::std::hash::Hash, ..Ord, ::core::clone::Clone, ::core::marker::Copy, ::core::default::Default;
[INFO] [stderr]   |                                        ^^^ could not find `Ord` in `derive_alias`
[INFO] [stderr] ┈┈┈┈┈┈┈┈┈┈┈┈┈┈┈┈┈┈┈┈┈┈┈┈┈┈┈┈┈┈┈┈┈┈┈┈┈┈┈┈┈┈┈┈┈┈┈┈┈┈┈┈┈┈┈┈┈┈┈┈
[INFO] [stderr] note: If the actual output is the correct output you can bless it by rerunning
[INFO] [stderr]       your test with the environment variable TRYBUILD=overwrite
[INFO] [stderr] 
[INFO] [stderr] test tests/ui/missing_eq.rs ... mismatch
[INFO] [stderr] 
[INFO] [stderr] EXPECTED:
[INFO] [stderr] ┈┈┈┈┈┈┈┈┈┈┈┈┈┈┈┈┈┈┈┈┈┈┈┈┈┈┈┈┈┈┈┈┈┈┈┈┈┈┈┈┈┈┈┈┈┈┈┈┈┈┈┈┈┈┈┈┈┈┈┈
[INFO] [stderr] error: expected `=`
[INFO] [stderr]  --> tests/ui/missing_eq.rs:3:13
[INFO] [stderr]   |
[INFO] [stderr] 3 |         Eq  ::core::cmp::Eq, ::core::cmp::PartialEq;
[INFO] [stderr]   |             ^
[INFO] [stderr] 
[INFO] [stderr] error[E0432]: unresolved import `crate`
[INFO] [stderr]  --> tests/ui/missing_eq.rs:2:5
[INFO] [stderr]   |
[INFO] [stderr] 2 | /     derive_aliases::define! {
[INFO] [stderr] 3 | |         Eq  ::core::cmp::Eq, ::core::cmp::PartialEq;
[INFO] [stderr] 4 | |         // ^ missing `=`
[INFO] [stderr] 5 | |         AndMore = ::std::hash::Hash, ..Ord, ::core::clone::Clone, ::core::marker::Copy, ::core::default::Default;
[INFO] [stderr] 6 | |     }
[INFO] [stderr]   | |_____^ no `AndMore` in `derive_alias`
[INFO] [stderr]   |
[INFO] [stderr]   = note: this error originates in the macro `derive_aliases::define` (in Nightly builds, run with -Z macro-backtrace for more info)
[INFO] [stderr] 
[INFO] [stderr] error[E0433]: failed to resolve: could not find `Ord` in `derive_alias`
[INFO] [stderr]  --> tests/ui/missing_eq.rs:5:40
[INFO] [stderr]   |
[INFO] [stderr] 5 |         AndMore = ::std::hash::Hash, ..Ord, ::core::clone::Clone, ::core::marker::Copy, ::core::default::Default;
[INFO] [stderr]   |                                        ^^^ could not find `Ord` in `derive_alias`
[INFO] [stderr] 
[INFO] [stderr] warning: unused macro definition: `Eq`
[INFO] [stderr]  --> tests/ui/missing_eq.rs:3:9
[INFO] [stderr]   |
[INFO] [stderr] 3 |         Eq  ::core::cmp::Eq, ::core::cmp::PartialEq;
[INFO] [stderr]   |         ^^
[INFO] [stderr]   |
[INFO] [stderr]   = note: `#[warn(unused_macros)]` on by default
[INFO] [stderr] ┈┈┈┈┈┈┈┈┈┈┈┈┈┈┈┈┈┈┈┈┈┈┈┈┈┈┈┈┈┈┈┈┈┈┈┈┈┈┈┈┈┈┈┈┈┈┈┈┈┈┈┈┈┈┈┈┈┈┈┈
[INFO] [stderr] 
[INFO] [stderr] ACTUAL OUTPUT:
[INFO] [stderr] ┈┈┈┈┈┈┈┈┈┈┈┈┈┈┈┈┈┈┈┈┈┈┈┈┈┈┈┈┈┈┈┈┈┈┈┈┈┈┈┈┈┈┈┈┈┈┈┈┈┈┈┈┈┈┈┈┈┈┈┈
[INFO] [stderr] error: expected `=`
[INFO] [stderr]  --> tests/ui/missing_eq.rs:3:13
[INFO] [stderr]   |
[INFO] [stderr] 3 |         Eq  ::core::cmp::Eq, ::core::cmp::PartialEq;
[INFO] [stderr]   |             ^
[INFO] [stderr] 
[INFO] [stderr] error[E0433]: cannot find `Ord` in `derive_alias`
[INFO] [stderr]  --> tests/ui/missing_eq.rs:5:40
[INFO] [stderr]   |
[INFO] [stderr] 5 |         AndMore = ::std::hash::Hash, ..Ord, ::core::clone::Clone, ::core::marker::Copy, ::core::default::Default;
[INFO] [stderr]   |                                        ^^^ could not find `Ord` in `derive_alias`
[INFO] [stderr] 
[INFO] [stderr] warning: unused macro definition: `Eq`
[INFO] [stderr]  --> tests/ui/missing_eq.rs:3:9
[INFO] [stderr]   |
[INFO] [stderr] 3 |         Eq  ::core::cmp::Eq, ::core::cmp::PartialEq;
[INFO] [stderr]   |         ^^
[INFO] [stderr]   |
[INFO] [stderr]   = note: `#[warn(unused_macros)]` (part of `#[warn(unused)]`) on by default
[INFO] [stderr] ┈┈┈┈┈┈┈┈┈┈┈┈┈┈┈┈┈┈┈┈┈┈┈┈┈┈┈┈┈┈┈┈┈┈┈┈┈┈┈┈┈┈┈┈┈┈┈┈┈┈┈┈┈┈┈┈┈┈┈┈
[INFO] [stderr] note: If the actual output is the correct output you can bless it by rerunning
[INFO] [stderr]       your test with the environment variable TRYBUILD=overwrite
[INFO] [stderr] 
[INFO] [stderr] test tests/ui/missing_last_segment.rs ... mismatch
[INFO] [stderr] 
[INFO] [stderr] EXPECTED:
[INFO] [stderr] ┈┈┈┈┈┈┈┈┈┈┈┈┈┈┈┈┈┈┈┈┈┈┈┈┈┈┈┈┈┈┈┈┈┈┈┈┈┈┈┈┈┈┈┈┈┈┈┈┈┈┈┈┈┈┈┈┈┈┈┈
[INFO] [stderr] error: expected identifier to form a path like `::std::hash::Hash`
[INFO] [stderr]  --> tests/ui/missing_last_segment.rs:3:44
[INFO] [stderr]   |
[INFO] [stderr] 3 |         Eq = ::core::cmp::Eq, ::core::cmp::;
[INFO] [stderr]   |                                            ^
[INFO] [stderr] 
[INFO] [stderr] error: to avoid surprises, path to derive in alias definition must be absolute - meaning it must start with `::`
[INFO] [stderr] 
[INFO] [stderr]        for example, use `::std::hash::Hash` instead of `std::hash::Hash` and use `::core::marker::Copy` instead of just `Copy`
[INFO] [stderr]  --> tests/ui/missing_last_segment.rs:5:9
[INFO] [stderr]   |
[INFO] [stderr] 5 |         AndMore = ::std::hash::Hash, ..Ord, ::core::clone::Clone, ::core::marker::Copy, ::core::default::Default;
[INFO] [stderr]   |         ^^^^^^^
[INFO] [stderr] 
[INFO] [stderr] error[E0432]: unresolved import `crate`
[INFO] [stderr]  --> tests/ui/missing_last_segment.rs:2:5
[INFO] [stderr]   |
[INFO] [stderr] 2 | /     derive_aliases::define! {
[INFO] [stderr] 3 | |         Eq = ::core::cmp::Eq, ::core::cmp::;
[INFO] [stderr] 4 | |         //                                  ^ missing last segment
[INFO] [stderr] 5 | |         AndMore = ::std::hash::Hash, ..Ord, ::core::clone::Clone, ::core::marker::Copy, ::core::default::Default;
[INFO] [stderr] 6 | |     }
[INFO] [stderr]   | |_____^ no `Eq` in `derive_alias`
[INFO] [stderr]   |
[INFO] [stderr]   = note: this error originates in the macro `derive_aliases::define` (in Nightly builds, run with -Z macro-backtrace for more info)
[INFO] [stderr] help: consider importing this trait instead
[INFO] [stderr]   |
[INFO] [stderr] 2 -     derive_aliases::define! {
[INFO] [stderr] 3 -         Eq = ::core::cmp::Eq, ::core::cmp::;
[INFO] [stderr] 4 -         //                                  ^ missing last segment
[INFO] [stderr] 5 -         AndMore = ::std::hash::Hash, ..Ord, ::core::clone::Clone, ::core::marker::Copy, ::core::default::Default;
[INFO] [stderr] 6 -     }
[INFO] [stderr] 2 +     std::cmp::Eq as _
[INFO] [stderr]   |
[INFO] [stderr] 
[INFO] [stderr] error[E0433]: failed to resolve: could not find `Ord` in `derive_alias`
[INFO] [stderr]  --> tests/ui/missing_last_segment.rs:5:40
[INFO] [stderr]   |
[INFO] [stderr] 5 |         AndMore = ::std::hash::Hash, ..Ord, ::core::clone::Clone, ::core::marker::Copy, ::core::default::Default;
[INFO] [stderr]   |                                        ^^^ could not find `Ord` in `derive_alias`
[INFO] [stderr] ┈┈┈┈┈┈┈┈┈┈┈┈┈┈┈┈┈┈┈┈┈┈┈┈┈┈┈┈┈┈┈┈┈┈┈┈┈┈┈┈┈┈┈┈┈┈┈┈┈┈┈┈┈┈┈┈┈┈┈┈
[INFO] [stderr] 
[INFO] [stderr] ACTUAL OUTPUT:
[INFO] [stderr] ┈┈┈┈┈┈┈┈┈┈┈┈┈┈┈┈┈┈┈┈┈┈┈┈┈┈┈┈┈┈┈┈┈┈┈┈┈┈┈┈┈┈┈┈┈┈┈┈┈┈┈┈┈┈┈┈┈┈┈┈
[INFO] [stderr] error: expected identifier to form a path like `::std::hash::Hash`
[INFO] [stderr]  --> tests/ui/missing_last_segment.rs:3:44
[INFO] [stderr]   |
[INFO] [stderr] 3 |         Eq = ::core::cmp::Eq, ::core::cmp::;
[INFO] [stderr]   |                                            ^
[INFO] [stderr] 
[INFO] [stderr] error: to avoid surprises, path to derive in alias definition must be absolute - meaning it must start with `::`
[INFO] [stderr] 
[INFO] [stderr]        for example, use `::std::hash::Hash` instead of `std::hash::Hash` and use `::core::marker::Copy` instead of just `Copy`
[INFO] [stderr]  --> tests/ui/missing_last_segment.rs:5:9
[INFO] [stderr]   |
[INFO] [stderr] 5 |         AndMore = ::std::hash::Hash, ..Ord, ::core::clone::Clone, ::core::marker::Copy, ::core::default::Default;
[INFO] [stderr]   |         ^^^^^^^
[INFO] [stderr] 
[INFO] [stderr] error[E0433]: cannot find `Ord` in `derive_alias`
[INFO] [stderr]  --> tests/ui/missing_last_segment.rs:5:40
[INFO] [stderr]   |
[INFO] [stderr] 5 |         AndMore = ::std::hash::Hash, ..Ord, ::core::clone::Clone, ::core::marker::Copy, ::core::default::Default;
[INFO] [stderr]   |                                        ^^^ could not find `Ord` in `derive_alias`
[INFO] [stderr] ┈┈┈┈┈┈┈┈┈┈┈┈┈┈┈┈┈┈┈┈┈┈┈┈┈┈┈┈┈┈┈┈┈┈┈┈┈┈┈┈┈┈┈┈┈┈┈┈┈┈┈┈┈┈┈┈┈┈┈┈
[INFO] [stderr] note: If the actual output is the correct output you can bless it by rerunning
[INFO] [stderr]       your test with the environment variable TRYBUILD=overwrite
[INFO] [stderr] 
[INFO] [stderr] test tests/ui/missing_semicolon.rs ... mismatch
[INFO] [stderr] 
[INFO] [stderr] EXPECTED:
[INFO] [stderr] ┈┈┈┈┈┈┈┈┈┈┈┈┈┈┈┈┈┈┈┈┈┈┈┈┈┈┈┈┈┈┈┈┈┈┈┈┈┈┈┈┈┈┈┈┈┈┈┈┈┈┈┈┈┈┈┈┈┈┈┈
[INFO] [stderr] error: expected `;` or `,`
[INFO] [stderr]  --> tests/ui/missing_semicolon.rs:5:9
[INFO] [stderr]   |
[INFO] [stderr] 5 |         AndMore = ::std::hash::Hash, ..Ord, ::core::clone::Clone, ::core::marker::Copy, ::core::default::Default;
[INFO] [stderr]   |         ^^^^^^^
[INFO] [stderr] 
[INFO] [stderr] error[E0432]: unresolved import `crate`
[INFO] [stderr]  --> tests/ui/missing_semicolon.rs:2:5
[INFO] [stderr]   |
[INFO] [stderr] 2 | /     derive_aliases::define! {
[INFO] [stderr] 3 | |         Eq = ::core::cmp::Eq, ::core::cmp::PartialEq
[INFO] [stderr] 4 | |         //                                          ^ missing `;`
[INFO] [stderr] 5 | |         AndMore = ::std::hash::Hash, ..Ord, ::core::clone::Clone, ::core::marker::Copy, ::core::default::Default;
[INFO] [stderr] 6 | |     }
[INFO] [stderr]   | |_____^ no `Eq` in `derive_alias`
[INFO] [stderr]   |
[INFO] [stderr]   = note: this error originates in the macro `derive_aliases::define` (in Nightly builds, run with -Z macro-backtrace for more info)
[INFO] [stderr] help: consider importing this trait instead
[INFO] [stderr]   |
[INFO] [stderr] 2 -     derive_aliases::define! {
[INFO] [stderr] 3 -         Eq = ::core::cmp::Eq, ::core::cmp::PartialEq
[INFO] [stderr] 4 -         //                                          ^ missing `;`
[INFO] [stderr] 5 -         AndMore = ::std::hash::Hash, ..Ord, ::core::clone::Clone, ::core::marker::Copy, ::core::default::Default;
[INFO] [stderr] 6 -     }
[INFO] [stderr] 2 +     std::cmp::Eq as _
[INFO] [stderr]   |
[INFO] [stderr] 
[INFO] [stderr] error[E0433]: failed to resolve: could not find `Ord` in `derive_alias`
[INFO] [stderr]  --> tests/ui/missing_semicolon.rs:5:40
[INFO] [stderr]   |
[INFO] [stderr] 5 |         AndMore = ::std::hash::Hash, ..Ord, ::core::clone::Clone, ::core::marker::Copy, ::core::default::Default;
[INFO] [stderr]   |                                        ^^^ could not find `Ord` in `derive_alias`
[INFO] [stderr] ┈┈┈┈┈┈┈┈┈┈┈┈┈┈┈┈┈┈┈┈┈┈┈┈┈┈┈┈┈┈┈┈┈┈┈┈┈┈┈┈┈┈┈┈┈┈┈┈┈┈┈┈┈┈┈┈┈┈┈┈
[INFO] [stderr] 
[INFO] [stderr] ACTUAL OUTPUT:
[INFO] [stderr] ┈┈┈┈┈┈┈┈┈┈┈┈┈┈┈┈┈┈┈┈┈┈┈┈┈┈┈┈┈┈┈┈┈┈┈┈┈┈┈┈┈┈┈┈┈┈┈┈┈┈┈┈┈┈┈┈┈┈┈┈
[INFO] [stderr] error: expected `;` or `,`
[INFO] [stderr]  --> tests/ui/missing_semicolon.rs:5:9
[INFO] [stderr]   |
[INFO] [stderr] 5 |         AndMore = ::std::hash::Hash, ..Ord, ::core::clone::Clone, ::core::marker::Copy, ::core::default::Default;
[INFO] [stderr]   |         ^^^^^^^
[INFO] [stderr] 
[INFO] [stderr] error[E0433]: cannot find `Ord` in `derive_alias`
[INFO] [stderr]  --> tests/ui/missing_semicolon.rs:5:40
[INFO] [stderr]   |
[INFO] [stderr] 5 |         AndMore = ::std::hash::Hash, ..Ord, ::core::clone::Clone, ::core::marker::Copy, ::core::default::Default;
[INFO] [stderr]   |                                        ^^^ could not find `Ord` in `derive_alias`
[INFO] [stderr] ┈┈┈┈┈┈┈┈┈┈┈┈┈┈┈┈┈┈┈┈┈┈┈┈┈┈┈┈┈┈┈┈┈┈┈┈┈┈┈┈┈┈┈┈┈┈┈┈┈┈┈┈┈┈┈┈┈┈┈┈
[INFO] [stderr] note: If the actual output is the correct output you can bless it by rerunning
[INFO] [stderr]       your test with the environment variable TRYBUILD=overwrite
[INFO] [stderr] 
[INFO] [stderr] test tests/ui/multiple_errors_in_1_declaration.rs ... mismatch
[INFO] [stderr] 
[INFO] [stderr] EXPECTED:
[INFO] [stderr] ┈┈┈┈┈┈┈┈┈┈┈┈┈┈┈┈┈┈┈┈┈┈┈┈┈┈┈┈┈┈┈┈┈┈┈┈┈┈┈┈┈┈┈┈┈┈┈┈┈┈┈┈┈┈┈┈┈┈┈┈
[INFO] [stderr] error: expected `::` to form a path like `::std::hash::Hash`
[INFO] [stderr]  --> tests/ui/multiple_errors_in_1_declaration.rs:3:21
[INFO] [stderr]   |
[INFO] [stderr] 3 |         Eq = ::core:cmp::Eq, ::core::cmp:PartialEq;
[INFO] [stderr]   |                     ^^^
[INFO] [stderr] 
[INFO] [stderr] error: expected `::` to form a path like `::std::hash::Hash`
[INFO] [stderr]  --> tests/ui/multiple_errors_in_1_declaration.rs:3:42
[INFO] [stderr]   |
[INFO] [stderr] 3 |         Eq = ::core:cmp::Eq, ::core::cmp:PartialEq;
[INFO] [stderr]   |                                          ^^^^^^^^^
[INFO] [stderr] 
[INFO] [stderr] error: to avoid surprises, path to derive in alias definition must be absolute - meaning it must start with `::`
[INFO] [stderr] 
[INFO] [stderr]        for example, use `::std::hash::Hash` instead of `std::hash::Hash` and use `::core::marker::Copy` instead of just `Copy`
[INFO] [stderr]  --> tests/ui/multiple_errors_in_1_declaration.rs:5:9
[INFO] [stderr]   |
[INFO] [stderr] 5 |         AndMore = ::std::hash::Hash, ..Ord, ::core::clone::Clone, ::core::marker::Copy, ::core::default::Default;
[INFO] [stderr]   |         ^^^^^^^
[INFO] [stderr] 
[INFO] [stderr] error[E0432]: unresolved import `crate`
[INFO] [stderr]  --> tests/ui/multiple_errors_in_1_declaration.rs:2:5
[INFO] [stderr]   |
[INFO] [stderr] 2 | /     derive_aliases::define! {
[INFO] [stderr] 3 | |         Eq = ::core:cmp::Eq, ::core::cmp:PartialEq;
[INFO] [stderr] 4 | |         //         ^ syntax error #1    ^ syntax error #2
[INFO] [stderr] 5 | |         AndMore = ::std::hash::Hash, ..Ord, ::core::clone::Clone, ::core::marker::Copy, ::core::default::Default;
[INFO] [stderr] 6 | |     }
[INFO] [stderr]   | |_____^ no `Eq` in `derive_alias`
[INFO] [stderr]   |
[INFO] [stderr]   = note: this error originates in the macro `derive_aliases::define` (in Nightly builds, run with -Z macro-backtrace for more info)
[INFO] [stderr] help: consider importing this trait instead
[INFO] [stderr]   |
[INFO] [stderr] 2 -     derive_aliases::define! {
[INFO] [stderr] 3 -         Eq = ::core:cmp::Eq, ::core::cmp:PartialEq;
[INFO] [stderr] 4 -         //         ^ syntax error #1    ^ syntax error #2
[INFO] [stderr] 5 -         AndMore = ::std::hash::Hash, ..Ord, ::core::clone::Clone, ::core::marker::Copy, ::core::default::Default;
[INFO] [stderr] 6 -     }
[INFO] [stderr] 2 +     std::cmp::Eq as _
[INFO] [stderr]   |
[INFO] [stderr] 
[INFO] [stderr] error[E0433]: failed to resolve: could not find `Ord` in `derive_alias`
[INFO] [stderr]  --> tests/ui/multiple_errors_in_1_declaration.rs:5:40
[INFO] [stderr]   |
[INFO] [stderr] 5 |         AndMore = ::std::hash::Hash, ..Ord, ::core::clone::Clone, ::core::marker::Copy, ::core::default::Default;
[INFO] [stderr]   |                                        ^^^ could not find `Ord` in `derive_alias`
[INFO] [stderr] ┈┈┈┈┈┈┈┈┈┈┈┈┈┈┈┈┈┈┈┈┈┈┈┈┈┈┈┈┈┈┈┈┈┈┈┈┈┈┈┈┈┈┈┈┈┈┈┈┈┈┈┈┈┈┈┈┈┈┈┈
[INFO] [stderr] 
[INFO] [stderr] ACTUAL OUTPUT:
[INFO] [stderr] ┈┈┈┈┈┈┈┈┈┈┈┈┈┈┈┈┈┈┈┈┈┈┈┈┈┈┈┈┈┈┈┈┈┈┈┈┈┈┈┈┈┈┈┈┈┈┈┈┈┈┈┈┈┈┈┈┈┈┈┈
[INFO] [stderr] error: expected `::` to form a path like `::std::hash::Hash`
[INFO] [stderr]  --> tests/ui/multiple_errors_in_1_declaration.rs:3:21
[INFO] [stderr]   |
[INFO] [stderr] 3 |         Eq = ::core:cmp::Eq, ::core::cmp:PartialEq;
[INFO] [stderr]   |                     ^^^
[INFO] [stderr] 
[INFO] [stderr] error: expected `::` to form a path like `::std::hash::Hash`
[INFO] [stderr]  --> tests/ui/multiple_errors_in_1_declaration.rs:3:42
[INFO] [stderr]   |
[INFO] [stderr] 3 |         Eq = ::core:cmp::Eq, ::core::cmp:PartialEq;
[INFO] [stderr]   |                                          ^^^^^^^^^
[INFO] [stderr] 
[INFO] [stderr] error: to avoid surprises, path to derive in alias definition must be absolute - meaning it must start with `::`
[INFO] [stderr] 
[INFO] [stderr]        for example, use `::std::hash::Hash` instead of `std::hash::Hash` and use `::core::marker::Copy` instead of just `Copy`
[INFO] [stderr]  --> tests/ui/multiple_errors_in_1_declaration.rs:5:9
[INFO] [stderr]   |
[INFO] [stderr] 5 |         AndMore = ::std::hash::Hash, ..Ord, ::core::clone::Clone, ::core::marker::Copy, ::core::default::Default;
[INFO] [stderr]   |         ^^^^^^^
[INFO] [stderr] 
[INFO] [stderr] error[E0433]: cannot find `Ord` in `derive_alias`
[INFO] [stderr]  --> tests/ui/multiple_errors_in_1_declaration.rs:5:40
[INFO] [stderr]   |
[INFO] [stderr] 5 |         AndMore = ::std::hash::Hash, ..Ord, ::core::clone::Clone, ::core::marker::Copy, ::core::default::Default;
[INFO] [stderr]   |                                        ^^^ could not find `Ord` in `derive_alias`
[INFO] [stderr] ┈┈┈┈┈┈┈┈┈┈┈┈┈┈┈┈┈┈┈┈┈┈┈┈┈┈┈┈┈┈┈┈┈┈┈┈┈┈┈┈┈┈┈┈┈┈┈┈┈┈┈┈┈┈┈┈┈┈┈┈
[INFO] [stderr] note: If the actual output is the correct output you can bless it by rerunning
[INFO] [stderr]       your test with the environment variable TRYBUILD=overwrite
[INFO] [stderr] 
[INFO] [stderr] test tests/ui/multiple_syntax_errors_across_declarations.rs ... mismatch
[INFO] [stderr] 
[INFO] [stderr] EXPECTED:
[INFO] [stderr] ┈┈┈┈┈┈┈┈┈┈┈┈┈┈┈┈┈┈┈┈┈┈┈┈┈┈┈┈┈┈┈┈┈┈┈┈┈┈┈┈┈┈┈┈┈┈┈┈┈┈┈┈┈┈┈┈┈┈┈┈
[INFO] [stderr] error: expected `::` to form a path like `::std::hash::Hash`
[INFO] [stderr]  --> tests/ui/multiple_syntax_errors_across_declarations.rs:3:21
[INFO] [stderr]   |
[INFO] [stderr] 3 |         Eq = ::core:cmp::Eq, ::core::cmp::PartialEq;
[INFO] [stderr]   |                     ^^^
[INFO] [stderr] 
[INFO] [stderr] error: expected `:` to form a path like `::std::hash::Hash`
[INFO] [stderr]  --> tests/ui/multiple_syntax_errors_across_declarations.rs:5:20
[INFO] [stderr]   |
[INFO] [stderr] 5 |         AndMore = :std::hash::Hash, ..Ord, ::core::clone::Clone, ::core::marker::Copy, ::core::default::Default;
[INFO] [stderr]   |                    ^^^
[INFO] [stderr] 
[INFO] [stderr] error[E0432]: unresolved import `crate`
[INFO] [stderr]  --> tests/ui/multiple_syntax_errors_across_declarations.rs:2:5
[INFO] [stderr]   |
[INFO] [stderr] 2 | /     derive_aliases::define! {
[INFO] [stderr] 3 | |         Eq = ::core:cmp::Eq, ::core::cmp::PartialEq;
[INFO] [stderr] 4 | |         //         ^ syntax error #1
[INFO] [stderr] 5 | |         AndMore = :std::hash::Hash, ..Ord, ::core::clone::Clone, ::core::marker::Copy, ::core::default::Default;
[INFO] [stderr] 6 | |         //        ^ syntax error #2
[INFO] [stderr] 7 | |     }
[INFO] [stderr]   | |_____^ no `AndMore` in `derive_alias`
[INFO] [stderr]   |
[INFO] [stderr]   = note: this error originates in the macro `derive_aliases::define` (in Nightly builds, run with -Z macro-backtrace for more info)
[INFO] [stderr] 
[INFO] [stderr] error[E0433]: failed to resolve: could not find `Ord` in `derive_alias`
[INFO] [stderr]  --> tests/ui/multiple_syntax_errors_across_declarations.rs:5:39
[INFO] [stderr]   |
[INFO] [stderr] 5 |         AndMore = :std::hash::Hash, ..Ord, ::core::clone::Clone, ::core::marker::Copy, ::core::default::Default;
[INFO] [stderr]   |                                       ^^^ could not find `Ord` in `derive_alias`
[INFO] [stderr] 
[INFO] [stderr] warning: unused macro definition: `Eq`
[INFO] [stderr]  --> tests/ui/multiple_syntax_errors_across_declarations.rs:3:9
[INFO] [stderr]   |
[INFO] [stderr] 3 |         Eq = ::core:cmp::Eq, ::core::cmp::PartialEq;
[INFO] [stderr]   |         ^^
[INFO] [stderr]   |
[INFO] [stderr]   = note: `#[warn(unused_macros)]` on by default
[INFO] [stderr] ┈┈┈┈┈┈┈┈┈┈┈┈┈┈┈┈┈┈┈┈┈┈┈┈┈┈┈┈┈┈┈┈┈┈┈┈┈┈┈┈┈┈┈┈┈┈┈┈┈┈┈┈┈┈┈┈┈┈┈┈
[INFO] [stderr] 
[INFO] [stderr] ACTUAL OUTPUT:
[INFO] [stderr] ┈┈┈┈┈┈┈┈┈┈┈┈┈┈┈┈┈┈┈┈┈┈┈┈┈┈┈┈┈┈┈┈┈┈┈┈┈┈┈┈┈┈┈┈┈┈┈┈┈┈┈┈┈┈┈┈┈┈┈┈
[INFO] [stderr] error: expected `::` to form a path like `::std::hash::Hash`
[INFO] [stderr]  --> tests/ui/multiple_syntax_errors_across_declarations.rs:3:21
[INFO] [stderr]   |
[INFO] [stderr] 3 |         Eq = ::core:cmp::Eq, ::core::cmp::PartialEq;
[INFO] [stderr]   |                     ^^^
[INFO] [stderr] 
[INFO] [stderr] error: expected `:` to form a path like `::std::hash::Hash`
[INFO] [stderr]  --> tests/ui/multiple_syntax_errors_across_declarations.rs:5:20
[INFO] [stderr]   |
[INFO] [stderr] 5 |         AndMore = :std::hash::Hash, ..Ord, ::core::clone::Clone, ::core::marker::Copy, ::core::default::Default;
[INFO] [stderr]   |                    ^^^
[INFO] [stderr] 
[INFO] [stderr] error[E0433]: cannot find `Ord` in `derive_alias`
[INFO] [stderr]  --> tests/ui/multiple_syntax_errors_across_declarations.rs:5:39
[INFO] [stderr]   |
[INFO] [stderr] 5 |         AndMore = :std::hash::Hash, ..Ord, ::core::clone::Clone, ::core::marker::Copy, ::core::default::Default;
[INFO] [stderr]   |                                       ^^^ could not find `Ord` in `derive_alias`
[INFO] [stderr] 
[INFO] [stderr] warning: unused macro definition: `Eq`
[INFO] [stderr]  --> tests/ui/multiple_syntax_errors_across_declarations.rs:3:9
[INFO] [stderr]   |
[INFO] [stderr] 3 |         Eq = ::core:cmp::Eq, ::core::cmp::PartialEq;
[INFO] [stderr]   |         ^^
[INFO] [stderr]   |
[INFO] [stderr]   = note: `#[warn(unused_macros)]` (part of `#[warn(unused)]`) on by default
[INFO] [stderr] ┈┈┈┈┈┈┈┈┈┈┈┈┈┈┈┈┈┈┈┈┈┈┈┈┈┈┈┈┈┈┈┈┈┈┈┈┈┈┈┈┈┈┈┈┈┈┈┈┈┈┈┈┈┈┈┈┈┈┈┈
[INFO] [stderr] note: If the actual output is the correct output you can bless it by rerunning
[INFO] [stderr]       your test with the environment variable TRYBUILD=overwrite
[INFO] [stderr] 
[INFO] [stderr] test tests/ui/syntax_error_missing_alias_name.rs ... mismatch
[INFO] [stderr] 
[INFO] [stderr] EXPECTED:
[INFO] [stderr] ┈┈┈┈┈┈┈┈┈┈┈┈┈┈┈┈┈┈┈┈┈┈┈┈┈┈┈┈┈┈┈┈┈┈┈┈┈┈┈┈┈┈┈┈┈┈┈┈┈┈┈┈┈┈┈┈┈┈┈┈
[INFO] [stderr] error: expected alias name (identifier)
[INFO] [stderr]  --> tests/ui/syntax_error_missing_alias_name.rs:3:9
[INFO] [stderr]   |
[INFO] [stderr] 3 |         = ::core::cmp::Eq, ::core::cmp::PartialEq;
[INFO] [stderr]   |         ^
[INFO] [stderr] 
[INFO] [stderr] error[E0432]: unresolved import `crate`
[INFO] [stderr]  --> tests/ui/syntax_error_missing_alias_name.rs:2:5
[INFO] [stderr]   |
[INFO] [stderr] 2 | /     derive_aliases::define! {
[INFO] [stderr] 3 | |         = ::core::cmp::Eq, ::core::cmp::PartialEq;
[INFO] [stderr] 4 | |     // ^ missing name
[INFO] [stderr] 5 | |         AndMore = ::std::hash::Hash, ..Ord, ::core::clone::Clone, ::core::marker::Copy, ::core::default::Default;
[INFO] [stderr] 6 | |     }
[INFO] [stderr]   | |_____^ no `AndMore` in `derive_alias`
[INFO] [stderr]   |
[INFO] [stderr]   = note: this error originates in the macro `derive_aliases::define` (in Nightly builds, run with -Z macro-backtrace for more info)
[INFO] [stderr] 
[INFO] [stderr] error[E0433]: failed to resolve: could not find `Ord` in `derive_alias`
[INFO] [stderr]  --> tests/ui/syntax_error_missing_alias_name.rs:5:40
[INFO] [stderr]   |
[INFO] [stderr] 5 |         AndMore = ::std::hash::Hash, ..Ord, ::core::clone::Clone, ::core::marker::Copy, ::core::default::Default;
[INFO] [stderr]   |                                        ^^^ could not find `Ord` in `derive_alias`
[INFO] [stderr] ┈┈┈┈┈┈┈┈┈┈┈┈┈┈┈┈┈┈┈┈┈┈┈┈┈┈┈┈┈┈┈┈┈┈┈┈┈┈┈┈┈┈┈┈┈┈┈┈┈┈┈┈┈┈┈┈┈┈┈┈
[INFO] [stderr] 
[INFO] [stderr] ACTUAL OUTPUT:
[INFO] [stderr] ┈┈┈┈┈┈┈┈┈┈┈┈┈┈┈┈┈┈┈┈┈┈┈┈┈┈┈┈┈┈┈┈┈┈┈┈┈┈┈┈┈┈┈┈┈┈┈┈┈┈┈┈┈┈┈┈┈┈┈┈
[INFO] [stderr] error: expected alias name (identifier)
[INFO] [stderr]  --> tests/ui/syntax_error_missing_alias_name.rs:3:9
[INFO] [stderr]   |
[INFO] [stderr] 3 |         = ::core::cmp::Eq, ::core::cmp::PartialEq;
[INFO] [stderr]   |         ^
[INFO] [stderr] 
[INFO] [stderr] error[E0433]: cannot find `Ord` in `derive_alias`
[INFO] [stderr]  --> tests/ui/syntax_error_missing_alias_name.rs:5:40
[INFO] [stderr]   |
[INFO] [stderr] 5 |         AndMore = ::std::hash::Hash, ..Ord, ::core::clone::Clone, ::core::marker::Copy, ::core::default::Default;
[INFO] [stderr]   |                                        ^^^ could not find `Ord` in `derive_alias`
[INFO] [stderr] ┈┈┈┈┈┈┈┈┈┈┈┈┈┈┈┈┈┈┈┈┈┈┈┈┈┈┈┈┈┈┈┈┈┈┈┈┈┈┈┈┈┈┈┈┈┈┈┈┈┈┈┈┈┈┈┈┈┈┈┈
[INFO] [stderr] note: If the actual output is the correct output you can bless it by rerunning
[INFO] [stderr]       your test with the environment variable TRYBUILD=overwrite
[INFO] [stderr] 
[INFO] [stderr] 
[INFO] [stderr] 
[INFO] [stdout] test ui ... FAILED
[INFO] [stdout] 
[INFO] [stdout] failures:
[INFO] [stdout] 
[INFO] [stdout] ---- ui stdout ----
[INFO] [stdout] 
[INFO] [stdout] thread 'ui' (784) panicked at /opt/rustwide/cargo-home/registry/src/index.crates.io-1949cf8c6b5b557f/trybuild-1.0.111/src/run.rs:102:13:
[INFO] [stdout] 8 of 9 tests failed
[INFO] [stdout] stack backtrace:
[INFO] [stdout]    0:     0x654c7b700e31 - <<std[617be2ca0a6fd877]::sys::backtrace::BacktraceLock>::print::DisplayBacktrace as core[a373ad73a504971]::fmt::Display>::fmt
[INFO] [stdout]    1:     0x654c7b71711a - core[a373ad73a504971]::fmt::write
[INFO] [stdout]    2:     0x654c7b70567c - <alloc[2e1b2a31b91974c5]::vec::Vec<u8> as core[a373ad73a504971]::io::write::Write>::write_fmt
[INFO] [stdout]    3:     0x654c7b6da296 - std[617be2ca0a6fd877]::panicking::default_hook::{closure#0}
[INFO] [stdout]    4:     0x654c7b6f83d9 - std[617be2ca0a6fd877]::panicking::default_hook
[INFO] [stdout]    5:     0x654c7b6919e0 - test[aada8e7e76ba119b]::test_main_inner::{closure#0}
[INFO] [stdout]    6:     0x654c7b6f8592 - std[617be2ca0a6fd877]::panicking::panic_with_hook
[INFO] [stdout]    7:     0x654c7b6da342 - std[617be2ca0a6fd877]::panicking::panic_handler::{closure#0}
[INFO] [stdout]    8:     0x654c7b6d2b99 - std[617be2ca0a6fd877]::sys::backtrace::__rust_end_short_backtrace::<std[617be2ca0a6fd877]::panicking::panic_handler::{closure#0}, !>
[INFO] [stdout]    9:     0x654c7b6daf4d - __rustc[ea4f61d10b84890b]::rust_begin_unwind
[INFO] [stdout]   10:     0x654c7b71788c - core[a373ad73a504971]::panicking::panic_fmt
[INFO] [stdout]   11:     0x654c7b5e171b - <trybuild[42709547823a82e]::Runner>::run
[INFO] [stdout]   12:     0x654c7b5e47e0 - <trybuild[42709547823a82e]::TestCases as core[a373ad73a504971]::ops::drop::Drop>::drop
[INFO] [stdout]   13:     0x654c7b5db9f8 - test[168df02eebc713d4]::ui
[INFO] [stdout]   14:     0x654c7b5dbbf9 - <test[168df02eebc713d4]::ui::{closure#0} as core[a373ad73a504971]::ops::function::FnOnce<()>>::call_once
[INFO] [stdout]   15:     0x654c7b684e2b - test[aada8e7e76ba119b]::__rust_begin_short_backtrace::<core[a373ad73a504971]::result::Result<(), alloc[2e1b2a31b91974c5]::string::String>, fn() -> core[a373ad73a504971]::result::Result<(), alloc[2e1b2a31b91974c5]::string::String>>
[INFO] [stdout]   16:     0x654c7b692005 - test[aada8e7e76ba119b]::run_test::{closure#0}
[INFO] [stdout]   17:     0x654c7b68b8f4 - std[617be2ca0a6fd877]::sys::backtrace::__rust_begin_short_backtrace::<test[aada8e7e76ba119b]::run_test::{closure#1}, ()>
[INFO] [stdout]   18:     0x654c7b695092 - <std[617be2ca0a6fd877]::thread::lifecycle::spawn_unchecked<test[aada8e7e76ba119b]::run_test::{closure#1}, ()>::{closure#1} as core[a373ad73a504971]::ops::function::FnOnce<()>>::call_once::{shim:vtable#0}
[INFO] [stdout]   19:     0x654c7b70008f - <std[617be2ca0a6fd877]::sys::thread::unix::Thread>::new::thread_start
[INFO] [stdout]   20:     0x7f47fcca5dfa - <unknown>
[INFO] [stdout]   21:     0x7f47fcd393d4 - clone
[INFO] [stdout]   22:                0x0 - <unknown>
[INFO] [stdout] 
[INFO] [stdout] 
[INFO] [stdout] failures:
[INFO] [stdout]     ui
[INFO] [stdout] 
[INFO] [stdout] test result: FAILED. 0 passed; 1 failed; 0 ignored; 0 measured; 0 filtered out; finished in 11.63s
[INFO] [stdout] 
[INFO] [stderr] error: test failed, to rerun pass `--test test`
[INFO] running `Command { std: "docker" "inspect" "ceb91a641a665aec730e1182aa0bad083df969d68069f061418910f6afc5ef56", kill_on_drop: false }`
[INFO] running `Command { std: "docker" "rm" "-f" "ceb91a641a665aec730e1182aa0bad083df969d68069f061418910f6afc5ef56", kill_on_drop: false }`
[INFO] [stdout] ceb91a641a665aec730e1182aa0bad083df969d68069f061418910f6afc5ef56
