[INFO] fetching crate depth 0.0.4...
[INFO] testing depth-0.0.4 against 1.100.0-beta.1+cargoflags=--release for beta-release-1.100-2
[INFO] extracting crate depth 0.0.4 into /workspace/builds/worker-3-tc2/source
[INFO] started tweaking crates.io crate depth 0.0.4
[INFO] finished tweaking crates.io crate depth 0.0.4
[INFO] tweaked toml for crates.io crate depth 0.0.4 written to /workspace/builds/worker-3-tc2/source/Cargo.toml
[INFO] validating manifest of crates.io crate depth 0.0.4 on toolchain 1.100.0-beta.1
[INFO] running `Command { std: CARGO_HOME="/workspace/cargo-home" RUSTUP_HOME="/workspace/rustup-home" "/workspace/cargo-home/bin/cargo" "+1.100.0-beta.1" "metadata" "--manifest-path" "Cargo.toml" "--no-deps", kill_on_drop: false }`
[INFO] crate crates.io crate depth 0.0.4 already has a lockfile, it will not be regenerated
[INFO] running `Command { std: CARGO_HOME="/workspace/cargo-home" RUSTUP_HOME="/workspace/rustup-home" "/workspace/cargo-home/bin/cargo" "+1.100.0-beta.1" "fetch" "--manifest-path" "Cargo.toml", kill_on_drop: false }`
[INFO] running `Command { std: "docker" "create" "-v" "/var/lib/crater-agent-workspace/builds/worker-3-tc2/source:/opt/rustwide/workdir:ro,Z" "-v" "/var/lib/crater-agent-workspace/builds/worker-3-tc2/target:/opt/rustwide/target:rw,Z" "-v" "/var/lib/crater-agent-workspace/cargo-home:/opt/rustwide/cargo-home:ro,Z" "-v" "/var/lib/crater-agent-workspace/rustup-home:/opt/rustwide/rustup-home:ro,Z" "-m" "1610612736" "--network" "none" "ghcr.io/rust-lang/crates-build-env/linux@sha256:77db811e55d90add9212f6832c23229e3de5f1c1f9905e8cb07319ea15df73ac" "sleep" "infinity", kill_on_drop: false }`
[INFO] [stdout] 50924a9c53f4f530e9c3bbb61f9c76f57c58a5d18b38ec13e837b9f6b35afa14
[INFO] running `Command { std: "docker" "start" "50924a9c53f4f530e9c3bbb61f9c76f57c58a5d18b38ec13e837b9f6b35afa14", kill_on_drop: false }`
[INFO] running `Command { std: "docker" "inspect" "50924a9c53f4f530e9c3bbb61f9c76f57c58a5d18b38ec13e837b9f6b35afa14", kill_on_drop: false }`
[INFO] running `Command { std: "docker" "exec" "-e" "SOURCE_DIR=/opt/rustwide/workdir" "-e" "CARGO_HOME=/opt/rustwide/cargo-home" "-e" "RUSTUP_HOME=/opt/rustwide/rustup-home" "-e" "CARGO_TARGET_DIR=/opt/rustwide/target" "-w" "/opt/rustwide/workdir" "--user" "0:0" "50924a9c53f4f530e9c3bbb61f9c76f57c58a5d18b38ec13e837b9f6b35afa14" "/opt/rustwide/cargo-home/bin/cargo" "+1.100.0-beta.1" "metadata" "--no-deps" "--format-version=1", kill_on_drop: false }`
[INFO] running `Command { std: "docker" "inspect" "50924a9c53f4f530e9c3bbb61f9c76f57c58a5d18b38ec13e837b9f6b35afa14", kill_on_drop: false }`
[INFO] running `Command { std: "docker" "exec" "-e" "SOURCE_DIR=/opt/rustwide/workdir" "-e" "CARGO_HOME=/opt/rustwide/cargo-home" "-e" "RUSTUP_HOME=/opt/rustwide/rustup-home" "-e" "CARGO_TARGET_DIR=/opt/rustwide/target" "-e" "CARGO_INCREMENTAL=0" "-e" "RUST_BACKTRACE=full" "-e" "RUSTFLAGS=--cap-lints=warn" "-e" "RUSTDOCFLAGS=--cap-lints=warn" "-w" "/opt/rustwide/workdir" "--user" "0:0" "50924a9c53f4f530e9c3bbb61f9c76f57c58a5d18b38ec13e837b9f6b35afa14" "/opt/rustwide/cargo-home/bin/cargo" "+1.100.0-beta.1" "build" "--frozen" "--message-format=json" "--release", kill_on_drop: false }`
[INFO] [stderr]    Compiling proc-macro2 v1.0.69
[INFO] [stderr]    Compiling unicode-ident v1.0.12
[INFO] [stderr]    Compiling libc v0.2.150
[INFO] [stderr]    Compiling autocfg v1.1.0
[INFO] [stderr]    Compiling pin-project-lite v0.2.13
[INFO] [stderr]    Compiling serde v1.0.192
[INFO] [stderr]    Compiling futures-core v0.3.29
[INFO] [stderr]    Compiling pkg-config v0.3.27
[INFO] [stderr]    Compiling once_cell v1.18.0
[INFO] [stderr]    Compiling futures-sink v0.3.29
[INFO] [stderr]    Compiling itoa v1.0.9
[INFO] [stderr]    Compiling bytes v1.5.0
[INFO] [stderr]    Compiling futures-task v0.3.29
[INFO] [stderr]    Compiling futures-channel v0.3.29
[INFO] [stderr]    Compiling equivalent v1.0.1
[INFO] [stderr]    Compiling hashbrown v0.14.2
[INFO] [stderr]    Compiling futures-util v0.3.29
[INFO] [stderr]    Compiling memchr v2.6.4
[INFO] [stderr]    Compiling futures-io v0.3.29
[INFO] [stderr]    Compiling pin-utils v0.1.0
[INFO] [stderr]    Compiling openssl v0.10.59
[INFO] [stderr]    Compiling tracing-core v0.1.32
[INFO] [stderr]    Compiling cfg-if v1.0.0
[INFO] [stderr]    Compiling fnv v1.0.7
[INFO] [stderr]    Compiling foreign-types-shared v0.1.1
[INFO] [stderr]    Compiling native-tls v0.2.11
[INFO] [stderr]    Compiling foreign-types v0.3.2
[INFO] [stderr]    Compiling tinyvec_macros v0.1.1
[INFO] [stderr]    Compiling bitflags v2.4.1
[INFO] [stderr]    Compiling httparse v1.8.0
[INFO] [stderr]    Compiling tinyvec v1.6.0
[INFO] [stderr]    Compiling openssl-probe v0.1.5
[INFO] [stderr]    Compiling percent-encoding v2.3.0
[INFO] [stderr]    Compiling slab v0.4.9
[INFO] [stderr]    Compiling try-lock v0.2.4
[INFO] [stderr]    Compiling log v0.4.20
[INFO] [stderr]    Compiling form_urlencoded v1.2.0
[INFO] [stderr]    Compiling want v0.3.1
[INFO] [stderr]    Compiling num-traits v0.2.17
[INFO] [stderr]    Compiling unicode-bidi v0.3.13
[INFO] [stderr]    Compiling serde_json v1.0.108
[INFO] [stderr]    Compiling ryu v1.0.15
[INFO] [stderr]    Compiling http v0.2.11
[INFO] [stderr]    Compiling tower-service v0.3.2
[INFO] [stderr]    Compiling utf8parse v0.2.1
[INFO] [stderr]    Compiling httpdate v1.0.3
[INFO] [stderr]    Compiling anstyle-parse v0.2.2
[INFO] [stderr]    Compiling tracing v0.1.40
[INFO] [stderr]    Compiling colorchoice v1.0.0
[INFO] [stderr]    Compiling anstyle-query v1.0.0
[INFO] [stderr]    Compiling anstyle v1.0.4
[INFO] [stderr]    Compiling encoding_rs v0.8.33
[INFO] [stderr]    Compiling anstream v0.6.4
[INFO] [stderr]    Compiling strsim v0.10.0
[INFO] [stderr]    Compiling winnow v0.5.19
[INFO] [stderr]    Compiling mio v0.8.9
[INFO] [stderr]    Compiling num_cpus v1.16.0
[INFO] [stderr]    Compiling quote v1.0.33
[INFO] [stderr]    Compiling indexmap v2.1.0
[INFO] [stderr]    Compiling socket2 v0.5.5
[INFO] [stderr]    Compiling socket2 v0.4.10
[INFO] [stderr]    Compiling syn v2.0.39
[INFO] [stderr]    Compiling cc v1.0.83
[INFO] [stderr]    Compiling ipnet v2.9.0
[INFO] [stderr]    Compiling base64 v0.21.5
[INFO] [stderr]    Compiling heck v0.4.1
[INFO] [stderr]    Compiling clap_lex v0.6.0
[INFO] [stderr]    Compiling http-body v0.4.5
[INFO] [stderr]    Compiling mime v0.3.17
[INFO] [stderr]    Compiling clap_builder v4.4.8
[INFO] [stderr]    Compiling unicode-normalization v0.1.22
[INFO] [stderr]    Compiling tokio v1.34.0
[INFO] [stderr]    Compiling fixedbitset v0.4.2
[INFO] [stderr]    Compiling petgraph v0.6.4
[INFO] [stderr]    Compiling idna v0.4.0
[INFO] [stderr]    Compiling openssl-sys v0.9.95
[INFO] [stderr]    Compiling url v2.4.1
[INFO] [stderr]    Compiling serde_derive v1.0.192
[INFO] [stderr]    Compiling futures-macro v0.3.29
[INFO] [stderr]    Compiling openssl-macros v0.1.1
[INFO] [stderr]    Compiling clap_derive v4.4.7
[INFO] [stderr]    Compiling clap v4.4.8
[INFO] [stderr]    Compiling tokio-util v0.7.10
[INFO] [stderr]    Compiling h2 v0.3.22
[INFO] [stderr]    Compiling futures-executor v0.3.29
[INFO] [stderr]    Compiling futures v0.3.29
[INFO] [stderr]    Compiling tokio-native-tls v0.3.1
[INFO] [stderr]    Compiling serde_urlencoded v0.7.1
[INFO] [stderr]    Compiling serde_spanned v0.6.4
[INFO] [stderr]    Compiling toml_datetime v0.6.5
[INFO] [stderr]    Compiling chrono v0.4.31
[INFO] [stderr]    Compiling serde_path_to_error v0.1.14
[INFO] [stderr]    Compiling toml_edit v0.21.0
[INFO] [stderr]    Compiling hyper v0.14.27
[INFO] [stderr]    Compiling toml v0.8.8
[INFO] [stderr]    Compiling hyper-tls v0.5.0
[INFO] [stderr]    Compiling reqwest v0.11.22
[INFO] [stderr]    Compiling crates_io_api v0.8.2
[INFO] [stderr]    Compiling depth v0.0.4 (/opt/rustwide/workdir)
[INFO] [stderr]     Finished `release` profile [optimized] target(s) in 1m 02s
[INFO] running `Command { std: "docker" "inspect" "50924a9c53f4f530e9c3bbb61f9c76f57c58a5d18b38ec13e837b9f6b35afa14", kill_on_drop: false }`
[INFO] running `Command { std: "docker" "exec" "-e" "SOURCE_DIR=/opt/rustwide/workdir" "-e" "CARGO_HOME=/opt/rustwide/cargo-home" "-e" "RUSTUP_HOME=/opt/rustwide/rustup-home" "-e" "CARGO_TARGET_DIR=/opt/rustwide/target" "-e" "CARGO_INCREMENTAL=0" "-e" "RUST_BACKTRACE=full" "-e" "RUSTFLAGS=--cap-lints=warn" "-e" "RUSTDOCFLAGS=--cap-lints=warn" "-w" "/opt/rustwide/workdir" "--user" "0:0" "50924a9c53f4f530e9c3bbb61f9c76f57c58a5d18b38ec13e837b9f6b35afa14" "/opt/rustwide/cargo-home/bin/cargo" "+1.100.0-beta.1" "test" "--frozen" "--no-run" "--message-format=json" "--release", kill_on_drop: false }`
[INFO] [stderr]    Compiling depth v0.0.4 (/opt/rustwide/workdir)
[INFO] [stderr]     Finished `release` profile [optimized] target(s) in 14.50s
[INFO] running `Command { std: "docker" "inspect" "50924a9c53f4f530e9c3bbb61f9c76f57c58a5d18b38ec13e837b9f6b35afa14", kill_on_drop: false }`
[INFO] running `Command { std: "docker" "exec" "-e" "SOURCE_DIR=/opt/rustwide/workdir" "-e" "CARGO_HOME=/opt/rustwide/cargo-home" "-e" "RUSTUP_HOME=/opt/rustwide/rustup-home" "-e" "CARGO_TARGET_DIR=/opt/rustwide/target" "-e" "CARGO_INCREMENTAL=0" "-e" "RUST_BACKTRACE=full" "-e" "RUSTFLAGS=--cap-lints=warn" "-e" "RUSTDOCFLAGS=--cap-lints=warn" "-w" "/opt/rustwide/workdir" "--user" "0:0" "50924a9c53f4f530e9c3bbb61f9c76f57c58a5d18b38ec13e837b9f6b35afa14" "/opt/rustwide/cargo-home/bin/cargo" "+1.100.0-beta.1" "test" "--frozen" "--release", kill_on_drop: false }`
[INFO] [stderr]     Finished `release` profile [optimized] target(s) in 0.16s
[INFO] [stderr]      Running unittests src/lib.rs (/opt/rustwide/target/release/build/depth/f4b7f05aada4414d/out/depth-f4b7f05aada4414d)
[INFO] [stdout] 
[INFO] [stdout] running 0 tests
[INFO] [stdout] 
[INFO] [stdout] test result: ok. 0 passed; 0 failed; 0 ignored; 0 measured; 0 filtered out; finished in 0.00s
[INFO] [stdout] 
[INFO] [stderr]      Running unittests src/main.rs (/opt/rustwide/target/release/build/depth/6fc7cfbb8521bced/out/depth-6fc7cfbb8521bced)
[INFO] [stdout] 
[INFO] [stdout] running 0 tests
[INFO] [stdout] 
[INFO] [stdout] test result: ok. 0 passed; 0 failed; 0 ignored; 0 measured; 0 filtered out; finished in 0.01s
[INFO] [stdout] 
[INFO] [stderr]    Doc-tests depth
[INFO] [stdout] 
[INFO] [stdout] running 10 tests
[INFO] [stdout] test src/dependency_graph.rs - dependency_graph (line 22) ... FAILED
[INFO] [stdout] test src/dependency_graph.rs - dependency_graph (line 46) ... FAILED
[INFO] [stdout] test src/package.rs - package (line 49) ... ok
[INFO] [stdout] test src/package.rs - package (line 13) ... ok
[INFO] [stdout] test src/package.rs - package (line 60) ... ok
[INFO] [stdout] test src/dependency_graph.rs - dependency_graph (line 57) ... ok
[INFO] [stdout] test src/package.rs - package (line 84) ... ok
[INFO] [stdout] test src/dependency_graph.rs - dependency_graph (line 14) ... ok
[INFO] [stdout] test src/package.rs - package (line 21) ... ok
[INFO] [stdout] test src/dependency_graph.rs - dependency_graph (line 68) ... ok
[INFO] [stdout] 
[INFO] [stdout] failures:
[INFO] [stdout] 
[INFO] [stdout] ---- src/dependency_graph.rs - dependency_graph (line 22) stdout ----
[INFO] [stdout] Couldn't compile the test.
[INFO] [stdout] ---- src/dependency_graph.rs - dependency_graph (line 46) stdout ----
[INFO] [stdout] Couldn't compile the test.
[INFO] [stdout] 
[INFO] [stdout] failures:
[INFO] [stdout]     src/dependency_graph.rs - dependency_graph (line 22)
[INFO] [stdout]     src/dependency_graph.rs - dependency_graph (line 46)
[INFO] [stdout] 
[INFO] [stdout] test result: FAILED. 8 passed; 2 failed; 0 ignored; 0 measured; 0 filtered out; finished in 13.56s
[INFO] [stdout] 
[INFO] [stderr] error: doctest failed, to rerun pass `--doc`
[INFO] running `Command { std: "docker" "inspect" "50924a9c53f4f530e9c3bbb61f9c76f57c58a5d18b38ec13e837b9f6b35afa14", kill_on_drop: false }`
[INFO] running `Command { std: "docker" "rm" "-f" "50924a9c53f4f530e9c3bbb61f9c76f57c58a5d18b38ec13e837b9f6b35afa14", kill_on_drop: false }`
[INFO] [stdout] 50924a9c53f4f530e9c3bbb61f9c76f57c58a5d18b38ec13e837b9f6b35afa14
