[INFO] fetching crate depos 0.5.4...
[INFO] testing depos-0.5.4 against 1.100.0-beta.1+cargoflags=--release for beta-release-1.100-2
[INFO] extracting crate depos 0.5.4 into /workspace/builds/worker-1-tc2/source
[INFO] started tweaking crates.io crate depos 0.5.4
[INFO] removed 0 missing tests
[INFO] finished tweaking crates.io crate depos 0.5.4
[INFO] tweaked toml for crates.io crate depos 0.5.4 written to /workspace/builds/worker-1-tc2/source/Cargo.toml
[INFO] validating manifest of crates.io crate depos 0.5.4 on toolchain 1.100.0-beta.1
[INFO] running `Command { std: CARGO_HOME="/workspace/cargo-home" RUSTUP_HOME="/workspace/rustup-home" "/workspace/cargo-home/bin/cargo" "+1.100.0-beta.1" "metadata" "--manifest-path" "Cargo.toml" "--no-deps", kill_on_drop: false }`
[INFO] crate crates.io crate depos 0.5.4 already has a lockfile, it will not be regenerated
[INFO] running `Command { std: CARGO_HOME="/workspace/cargo-home" RUSTUP_HOME="/workspace/rustup-home" "/workspace/cargo-home/bin/cargo" "+1.100.0-beta.1" "fetch" "--manifest-path" "Cargo.toml", kill_on_drop: false }`
[INFO] [stderr] warning: `package.homepage` is redundant with `package.repository`
[INFO] [stderr]   --> Cargo.toml:43:12
[INFO] [stderr]    |
[INFO] [stderr] 43 | homepage = "https://github.com/victorstewart/depos"
[INFO] [stderr]    |            ^^^^^^^^^^^^^^^^^^^^^^^^^^^^^^^^^^^^^^^^
[INFO] [stderr] ...
[INFO] [stderr] 47 | repository = "https://github.com/victorstewart/depos"
[INFO] [stderr]    |              ----------------------------------------
[INFO] [stderr]    |
[INFO] [stderr]    = note: `cargo::redundant_homepage` is set to `warn` by default
[INFO] [stderr] help: consider removing `package.homepage`
[INFO] [stderr] warning: `depos` (manifest) generated 1 warning
[INFO] running `Command { std: "docker" "create" "-v" "/var/lib/crater-agent-workspace/builds/worker-1-tc2/source:/opt/rustwide/workdir:ro,Z" "-v" "/var/lib/crater-agent-workspace/builds/worker-1-tc2/target:/opt/rustwide/target:rw,Z" "-v" "/var/lib/crater-agent-workspace/cargo-home:/opt/rustwide/cargo-home:ro,Z" "-v" "/var/lib/crater-agent-workspace/rustup-home:/opt/rustwide/rustup-home:ro,Z" "-m" "1610612736" "--network" "none" "ghcr.io/rust-lang/crates-build-env/linux@sha256:77db811e55d90add9212f6832c23229e3de5f1c1f9905e8cb07319ea15df73ac" "sleep" "infinity", kill_on_drop: false }`
[INFO] [stdout] a4323787c6d7716708bfb9ac5cdd5850863ecca6776639ac44d9b681b5825300
[INFO] running `Command { std: "docker" "start" "a4323787c6d7716708bfb9ac5cdd5850863ecca6776639ac44d9b681b5825300", kill_on_drop: false }`
[INFO] running `Command { std: "docker" "inspect" "a4323787c6d7716708bfb9ac5cdd5850863ecca6776639ac44d9b681b5825300", kill_on_drop: false }`
[INFO] running `Command { std: "docker" "exec" "-e" "SOURCE_DIR=/opt/rustwide/workdir" "-e" "CARGO_HOME=/opt/rustwide/cargo-home" "-e" "RUSTUP_HOME=/opt/rustwide/rustup-home" "-e" "CARGO_TARGET_DIR=/opt/rustwide/target" "-w" "/opt/rustwide/workdir" "--user" "0:0" "a4323787c6d7716708bfb9ac5cdd5850863ecca6776639ac44d9b681b5825300" "/opt/rustwide/cargo-home/bin/cargo" "+1.100.0-beta.1" "metadata" "--no-deps" "--format-version=1", kill_on_drop: false }`
[INFO] running `Command { std: "docker" "inspect" "a4323787c6d7716708bfb9ac5cdd5850863ecca6776639ac44d9b681b5825300", kill_on_drop: false }`
[INFO] running `Command { std: "docker" "exec" "-e" "SOURCE_DIR=/opt/rustwide/workdir" "-e" "CARGO_HOME=/opt/rustwide/cargo-home" "-e" "RUSTUP_HOME=/opt/rustwide/rustup-home" "-e" "CARGO_TARGET_DIR=/opt/rustwide/target" "-e" "CARGO_INCREMENTAL=0" "-e" "RUST_BACKTRACE=full" "-e" "RUSTFLAGS=--cap-lints=warn" "-e" "RUSTDOCFLAGS=--cap-lints=warn" "-w" "/opt/rustwide/workdir" "--user" "0:0" "a4323787c6d7716708bfb9ac5cdd5850863ecca6776639ac44d9b681b5825300" "/opt/rustwide/cargo-home/bin/cargo" "+1.100.0-beta.1" "build" "--frozen" "--message-format=json" "--release", kill_on_drop: false }`
[INFO] [stderr] warning: `package.homepage` is redundant with `package.repository`
[INFO] [stderr]   --> Cargo.toml:43:12
[INFO] [stderr]    |
[INFO] [stderr] 43 | homepage = "https://github.com/victorstewart/depos"
[INFO] [stderr]    |            ^^^^^^^^^^^^^^^^^^^^^^^^^^^^^^^^^^^^^^^^
[INFO] [stderr] ...
[INFO] [stderr] 47 | repository = "https://github.com/victorstewart/depos"
[INFO] [stderr]    |              ----------------------------------------
[INFO] [stderr]    |
[INFO] [stderr]    = note: `cargo::redundant_homepage` is set to `warn` by default
[INFO] [stderr] help: consider removing `package.homepage`
[INFO] [stderr] warning: `depos` (manifest) generated 1 warning
[INFO] [stderr]    Compiling libc v0.2.183
[INFO] [stderr]    Compiling rustix v1.1.4
[INFO] [stderr]    Compiling hashbrown v0.16.1
[INFO] [stderr]    Compiling syn v2.0.117
[INFO] [stderr]    Compiling typed-path v0.12.3
[INFO] [stderr]    Compiling serde_json v1.0.149
[INFO] [stderr]    Compiling sha2 v0.10.9
[INFO] [stderr]    Compiling indexmap v2.13.0
[INFO] [stderr]    Compiling xattr v1.6.1
[INFO] [stderr]    Compiling filetime v0.2.27
[INFO] [stderr]    Compiling zip v7.2.0
[INFO] [stderr]    Compiling tar v0.4.45
[INFO] [stderr]    Compiling serde_derive v1.0.228
[INFO] [stderr]    Compiling clap_derive v4.6.0
[INFO] [stderr]    Compiling clap v4.6.0
[INFO] [stderr]    Compiling serde v1.0.228
[INFO] [stderr]    Compiling metalor v0.3.2
[INFO] [stderr]    Compiling depos v0.5.4 (/opt/rustwide/workdir)
[INFO] [stderr]     Finished `release` profile [optimized] target(s) in 37.29s
[INFO] running `Command { std: "docker" "inspect" "a4323787c6d7716708bfb9ac5cdd5850863ecca6776639ac44d9b681b5825300", kill_on_drop: false }`
[INFO] running `Command { std: "docker" "exec" "-e" "SOURCE_DIR=/opt/rustwide/workdir" "-e" "CARGO_HOME=/opt/rustwide/cargo-home" "-e" "RUSTUP_HOME=/opt/rustwide/rustup-home" "-e" "CARGO_TARGET_DIR=/opt/rustwide/target" "-e" "CARGO_INCREMENTAL=0" "-e" "RUST_BACKTRACE=full" "-e" "RUSTFLAGS=--cap-lints=warn" "-e" "RUSTDOCFLAGS=--cap-lints=warn" "-w" "/opt/rustwide/workdir" "--user" "0:0" "a4323787c6d7716708bfb9ac5cdd5850863ecca6776639ac44d9b681b5825300" "/opt/rustwide/cargo-home/bin/cargo" "+1.100.0-beta.1" "test" "--frozen" "--no-run" "--message-format=json" "--release", kill_on_drop: false }`
[INFO] [stderr] warning: `package.homepage` is redundant with `package.repository`
[INFO] [stderr]   --> Cargo.toml:43:12
[INFO] [stderr]    |
[INFO] [stderr] 43 | homepage = "https://github.com/victorstewart/depos"
[INFO] [stderr]    |            ^^^^^^^^^^^^^^^^^^^^^^^^^^^^^^^^^^^^^^^^
[INFO] [stderr] ...
[INFO] [stderr] 47 | repository = "https://github.com/victorstewart/depos"
[INFO] [stderr]    |              ----------------------------------------
[INFO] [stderr]    |
[INFO] [stderr]    = note: `cargo::redundant_homepage` is set to `warn` by default
[INFO] [stderr] help: consider removing `package.homepage`
[INFO] [stderr] warning: `depos` (manifest) generated 1 warning
[INFO] [stderr]    Compiling rustix v1.1.4
[INFO] [stderr]    Compiling getrandom v0.4.2
[INFO] [stderr]    Compiling xattr v1.6.1
[INFO] [stderr]    Compiling tempfile v3.27.0
[INFO] [stderr]    Compiling tar v0.4.45
[INFO] [stderr]    Compiling metalor v0.3.2
[INFO] [stderr]    Compiling depos v0.5.4 (/opt/rustwide/workdir)
[INFO] [stderr]     Finished `release` profile [optimized] target(s) in 33.99s
[INFO] running `Command { std: "docker" "inspect" "a4323787c6d7716708bfb9ac5cdd5850863ecca6776639ac44d9b681b5825300", kill_on_drop: false }`
[INFO] running `Command { std: "docker" "exec" "-e" "SOURCE_DIR=/opt/rustwide/workdir" "-e" "CARGO_HOME=/opt/rustwide/cargo-home" "-e" "RUSTUP_HOME=/opt/rustwide/rustup-home" "-e" "CARGO_TARGET_DIR=/opt/rustwide/target" "-e" "CARGO_INCREMENTAL=0" "-e" "RUST_BACKTRACE=full" "-e" "RUSTFLAGS=--cap-lints=warn" "-e" "RUSTDOCFLAGS=--cap-lints=warn" "-w" "/opt/rustwide/workdir" "--user" "0:0" "a4323787c6d7716708bfb9ac5cdd5850863ecca6776639ac44d9b681b5825300" "/opt/rustwide/cargo-home/bin/cargo" "+1.100.0-beta.1" "test" "--frozen" "--release", kill_on_drop: false }`
[INFO] [stderr] warning: `package.homepage` is redundant with `package.repository`
[INFO] [stderr]   --> Cargo.toml:43:12
[INFO] [stderr]    |
[INFO] [stderr] 43 | homepage = "https://github.com/victorstewart/depos"
[INFO] [stderr]    |            ^^^^^^^^^^^^^^^^^^^^^^^^^^^^^^^^^^^^^^^^
[INFO] [stderr] ...
[INFO] [stderr] 47 | repository = "https://github.com/victorstewart/depos"
[INFO] [stderr]    |              ----------------------------------------
[INFO] [stderr]    |
[INFO] [stderr]    = note: `cargo::redundant_homepage` is set to `warn` by default
[INFO] [stderr] help: consider removing `package.homepage`
[INFO] [stderr] warning: `depos` (manifest) generated 1 warning
[INFO] [stderr]     Finished `release` profile [optimized] target(s) in 0.14s
[INFO] [stderr]      Running unittests src/lib.rs (/opt/rustwide/target/release/build/depos/37d4bbffe426ca8a/out/depos-37d4bbffe426ca8a)
[INFO] [stdout] 
[INFO] [stdout] running 6 tests
[INFO] [stdout] test zip_tests::path_traversal_is_rejected_before_extraction ... ok
[INFO] [stdout] test zip_tests::strips_one_shared_wrapped_zip_root ... ok
[INFO] [stdout] test zip_tests::rejects_unsupported_compression_before_creating_extraction_root ... ok
[INFO] [stdout] test zip_tests::rejects_zip_symlinks_and_special_entries ... ok
[INFO] [stdout] test zip_tests::preserves_exact_multi_root_db_zip_layout ... ok
[INFO] [stdout] test zip_tests::rejects_unsafe_zip_paths_and_output_collisions ... ok
[INFO] [stdout] 
[INFO] [stdout] test result: ok. 6 passed; 0 failed; 0 ignored; 0 measured; 0 filtered out; finished in 0.01s
[INFO] [stdout] 
[INFO] [stderr]      Running unittests src/main.rs (/opt/rustwide/target/release/build/depos/a2e94b8b73e9b964/out/depos-a2e94b8b73e9b964)
[INFO] [stdout] 
[INFO] [stdout] running 0 tests
[INFO] [stdout] 
[INFO] [stdout] test result: ok. 0 passed; 0 failed; 0 ignored; 0 measured; 0 filtered out; finished in 0.00s
[INFO] [stdout] 
[INFO] [stderr]      Running tests/cli_defaults.rs (/opt/rustwide/target/release/build/depos/ce3f9da2959ab853/out/cli_defaults-ce3f9da2959ab853)
[INFO] [stdout] 
[INFO] [stdout] running 2 tests
[INFO] [stdout] test status_uses_explicit_depos_root_instead_of_default ... ok
[INFO] [stdout] test status_defaults_depos_root_to_home_dot_depos_and_creates_it ... ok
[INFO] [stdout] 
[INFO] [stdout] test result: ok. 2 passed; 0 failed; 0 ignored; 0 measured; 0 filtered out; finished in 0.01s
[INFO] [stdout] 
[INFO] [stderr]      Running tests/integration.rs (/opt/rustwide/target/release/build/depos/f7e4ec7c5e044703/out/integration-f7e4ec7c5e044703)
[INFO] [stdout] 
[INFO] [stdout] running 76 tests
[INFO] [stdout] test checked_local_depofiles_parse_cleanly ... FAILED
[INFO] [stdout] test cmake_bootstrap_reads_repo_local_project_defaults ... FAILED
[INFO] [stdout] test depofile_rejects_autoconf_skip_configure_with_explicit_configure_hook ... ok
[INFO] [stdout] test generated_local_depofiles_are_in_sync_with_canonical_schemas ... FAILED
[INFO] [stdout] test depofile_rejects_git_submodules_without_preceding_git_source ... ok
[INFO] [stdout] test depofile_rejects_direct_and_shell_override_for_same_phase ... ok
[INFO] [stdout] test depofile_rejects_build_system_declared_after_phase_hook ... ok
[INFO] [stdout] test depofile_rejects_build_system_specific_directives_without_build_system ... ok
[INFO] [stdout] test cmake_depend_functions_emit_status_updates ... FAILED
[INFO] [stdout] test register_quarantines_missing_dependency ... ok
[INFO] [stdout] test depofile_rejects_build_system_directives_from_the_wrong_family ... ok
[INFO] [stdout] test depofile_rejects_structured_and_explicit_phase_ownership_mix ... ok
[INFO] [stdout] test register_assigns_namespace_from_registry_options ... ok
[INFO] [stdout] test sync_generates_registry_for_materialized_packages ... ok
[INFO] [stdout] test depofile_merges_target_facets_across_lines_and_rejects_duplicate_artifacts ... ok
[INFO] [stdout] test depofile_rejects_path_escapes_in_declared_paths ... ok
[INFO] [stdout] test manifest_and_depofile_parsers_cover_known_surface ... ok
[INFO] [stdout] test depofile_parses_primary_target_and_target_interface_metadata ... ok
[INFO] [stdout] test register_refreshes_green_status_and_unregister_cleans_up ... ok
[INFO] [stdout] test cmake_source_library_matrix_cascades_dependencies ... FAILED
[INFO] [stdout] test sync_materializes_cross_target_oci_rootfs_package_into_target_variant ... FAILED
[INFO] [stdout] test cmake_depofile_consumer_matrix_cascades_transitive_dependencies ... FAILED
[INFO] [stdout] test cli_sync_rejects_host_isolation_override_for_scratch_root ... ok
[INFO] [stdout] test sync_materializes_cross_target_oci_when_build_arch_is_foreign ... FAILED
[INFO] [stdout] test sync_materializes_command_driven_package_into_fresh_root ... ok
[INFO] [stdout] test sync_emits_target_specific_link_libraries ... ok
[INFO] [stdout] test sync_materializes_foreign_oci_rootfs_package_with_toolchain_inputs ... FAILED
[INFO] [stdout] test sync_emits_generated_aliases_for_multi_role_target ... ok
[INFO] [stdout] test sync_materializes_autoconf_direct_configure_relative_executable_package ... ok
[INFO] [stdout] test cli_sync_materializes_system_package_with_host_isolation_override ... ok
[INFO] [stdout] test sync_materializes_autoconf_build_system_package ... ok
[INFO] [stdout] test sync_materializes_local_url_package_into_fresh_root ... ok
[INFO] [stdout] test sync_materializes_local_git_package_from_exact_commit ... ok
[INFO] [stdout] test sync_materializes_local_git_package_into_fresh_root ... ok
[INFO] [stdout] test sync_injects_pkg_config_libdir_for_autoconf_dependencies ... FAILED
[INFO] [stdout] test sync_allows_overlapping_export_paths_in_isolated_package_roots ... ok
[INFO] [stdout] test sync_materializes_local_git_package_from_named_branch ... ok
[INFO] [stdout] test sync_materializes_oci_rootfs_package_into_fresh_root ... FAILED
[INFO] [stdout] test sync_materializes_oci_rootfs_package_with_toolchain_inputs ... FAILED
[INFO] [stdout] test sync_emits_interface_metadata_and_honors_primary_target ... ok
[INFO] [stdout] test sync_materializes_manual_target_directly_from_source_tree ... ok
[INFO] [stdout] test sync_preserves_symlinked_exports_in_store ... ok
[INFO] [stdout] test sync_materializes_manual_install_tree_package_without_shell_install ... ok
[INFO] [stdout] test sync_inherits_dependency_namespace_and_interpolates_dep_roots ... ok
[INFO] [stdout] test sync_rejects_local_url_archive_with_path_traversal_entries ... ok
[INFO] [stdout] test sync_materializes_manual_target_directly_from_build_tree ... ok
[INFO] [stdout] test sync_rejects_cross_target_scratch_command_pipeline ... ok
[INFO] [stdout] test sync_rejects_export_path_through_intermediate_symlink_directory ... ok
[INFO] [stdout] test sync_materializes_cargo_build_system_package ... ok
[INFO] [stdout] test sync_rejects_exported_symlink_that_escapes_source_root ... ok
[INFO] [stdout] test sync_materializes_scratch_package_with_toolchain_inputs_and_isolation ... FAILED
[INFO] [stdout] test sync_materializes_dependencies_before_dependents ... ok
[INFO] [stdout] test sync_rejects_foreign_scratch_command_pipeline ... ok
[INFO] [stdout] test sync_materializes_local_packages_in_dependency_order ... ok
[INFO] [stdout] test sync_rejects_scratch_package_with_missing_toolchain_input ... ok
[INFO] [stdout] test sync_rejects_foreign_system_command_pipeline ... ok
[INFO] [stdout] test sync_rejects_manifest_with_multiple_target_arches ... ok
[INFO] [stdout] test sync_rejects_source_subdir_symlink_that_escapes_source_root ... ok
[INFO] [stdout] test sync_rejects_staged_symlink_that_escapes_source_root ... FAILED
[INFO] [stdout] test sync_rejects_parallel_namespaces_without_alias_when_public_targets_collide ... ok
[INFO] [stdout] test sync_rejects_scratch_package_without_toolchain_inputs ... ok
[INFO] [stdout] test sync_rejects_scratch_package_with_relative_toolchain_input ... ok
[INFO] [stdout] test sync_rejects_scratch_package_with_rootfs_toolchain ... ok
[INFO] [stdout] test sync_rejects_stage_source_path_through_intermediate_symlink_directory ... FAILED
[INFO] [stdout] test sync_rejects_manual_target_when_source_and_build_outputs_are_ambiguous ... ok
[INFO] [stdout] test sync_skips_up_to_date_url_package_without_redownloading ... ok
[INFO] [stdout] test sync_rejects_unset_variable_in_shell_hook_by_default ... ok
[INFO] [stdout] test sync_skips_up_to_date_exact_commit_local_package_without_refetching ... ok
[INFO] [stdout] test sync_rematerializes_when_the_depofile_changes ... ok
[INFO] [stdout] test sync_materializes_cmake_build_system_package_with_direct_phase_commands ... ok
[INFO] [stdout] test sync_replaces_stale_owned_exports_and_unregister_cleans_store ... ok
[INFO] [stdout] test sync_supports_parallel_namespaces_with_manifest_aliasing ... ok
[INFO] [stdout] test sync_materializes_cmake_build_system_package ... ok
[INFO] [stdout] test sync_rematerializes_local_dependents_when_dependency_materialization_changes ... ok
[INFO] [stdout] test sync_materializes_independent_local_packages_in_parallel ... ok
[INFO] [stdout] test sync_materializes_meson_build_system_package ... ok
[INFO] [stdout] 
[INFO] [stdout] failures:
[INFO] [stdout] 
[INFO] [stderr] error: test failed, to rerun pass `--test integration`
[INFO] [stdout] ---- checked_local_depofiles_parse_cleanly stdout ----
[INFO] [stdout] 
[INFO] [stdout] thread 'checked_local_depofiles_parse_cleanly' (919) panicked at tests/integration.rs:4138:33:
[INFO] [stdout] read_dir /opt/rustwide/depofiles/local failed: No such file or directory (os error 2)
[INFO] [stdout] stack backtrace:
[INFO] [stdout]    0:     0x63ec63f629a1 - <<std[617be2ca0a6fd877]::sys::backtrace::BacktraceLock>::print::DisplayBacktrace as core[a373ad73a504971]::fmt::Display>::fmt
[INFO] [stdout]    1:     0x63ec63f7860a - core[a373ad73a504971]::fmt::write
[INFO] [stdout]    2:     0x63ec63f6779c - <alloc[2e1b2a31b91974c5]::vec::Vec<u8> as core[a373ad73a504971]::io::write::Write>::write_fmt
[INFO] [stdout]    3:     0x63ec63f3a4a6 - std[617be2ca0a6fd877]::panicking::default_hook::{closure#0}
[INFO] [stdout]    4:     0x63ec63f58899 - std[617be2ca0a6fd877]::panicking::default_hook
[INFO] [stdout]    5:     0x63ec63e245c0 - test[aada8e7e76ba119b]::test_main_inner::{closure#0}
[INFO] [stdout]    6:     0x63ec63f58bc2 - std[617be2ca0a6fd877]::panicking::panic_with_hook
[INFO] [stdout]    7:     0x63ec63f3a552 - std[617be2ca0a6fd877]::panicking::panic_handler::{closure#0}
[INFO] [stdout]    8:     0x63ec63f32929 - std[617be2ca0a6fd877]::sys::backtrace::__rust_end_short_backtrace::<std[617be2ca0a6fd877]::panicking::panic_handler::{closure#0}, !>
[INFO] [stdout]    9:     0x63ec63f3b41d - __rustc[ea4f61d10b84890b]::rust_begin_unwind
[INFO] [stdout]   10:     0x63ec63f78d3c - core[a373ad73a504971]::panicking::panic_fmt
[INFO] [stdout]   11:     0x63ec63dd4a39 - integration[808c5de3b466c59b]::collect_named_files::{closure#0}
[INFO] [stdout]   12:     0x63ec63dd56ec - integration[808c5de3b466c59b]::collect_named_files
[INFO] [stdout]   13:     0x63ec63de1dfd - <integration[808c5de3b466c59b]::checked_local_depofiles_parse_cleanly::{closure#0} as core[a373ad73a504971]::ops::function::FnOnce<()>>::call_once
[INFO] [stdout]   14:     0x63ec63e17a0b - test[aada8e7e76ba119b]::__rust_begin_short_backtrace::<core[a373ad73a504971]::result::Result<(), alloc[2e1b2a31b91974c5]::string::String>, fn() -> core[a373ad73a504971]::result::Result<(), alloc[2e1b2a31b91974c5]::string::String>>
[INFO] [stdout]   15:     0x63ec63e24be5 - test[aada8e7e76ba119b]::run_test::{closure#0}
[INFO] [stdout]   16:     0x63ec63e1e4d4 - std[617be2ca0a6fd877]::sys::backtrace::__rust_begin_short_backtrace::<test[aada8e7e76ba119b]::run_test::{closure#1}, ()>
[INFO] [stdout]   17:     0x63ec63e27c72 - <std[617be2ca0a6fd877]::thread::lifecycle::spawn_unchecked<test[aada8e7e76ba119b]::run_test::{closure#1}, ()>::{closure#1} as core[a373ad73a504971]::ops::function::FnOnce<()>>::call_once::{shim:vtable#0}
[INFO] [stdout]   18:     0x63ec63f618df - <std[617be2ca0a6fd877]::sys::thread::unix::Thread>::new::thread_start
[INFO] [stdout]   19:     0x75df7aceedfa - <unknown>
[INFO] [stdout]   20:     0x75df7ad823d4 - clone
[INFO] [stdout]   21:                0x0 - <unknown>
[INFO] [stdout] 
[INFO] [stdout] ---- cmake_bootstrap_reads_repo_local_project_defaults stdout ----
[INFO] [stdout] 
[INFO] [stdout] thread 'cmake_bootstrap_reads_repo_local_project_defaults' (922) panicked at tests/integration.rs:3908:6:
[INFO] [stdout] copy helper into project root: Os { code: 2, kind: NotFound, message: "No such file or directory" }
[INFO] [stdout] stack backtrace:
[INFO] [stdout]    0:     0x63ec63f629a1 - <<std[617be2ca0a6fd877]::sys::backtrace::BacktraceLock>::print::DisplayBacktrace as core[a373ad73a504971]::fmt::Display>::fmt
[INFO] [stdout]    1:     0x63ec63f7860a - core[a373ad73a504971]::fmt::write
[INFO] [stdout]    2:     0x63ec63f6779c - <alloc[2e1b2a31b91974c5]::vec::Vec<u8> as core[a373ad73a504971]::io::write::Write>::write_fmt
[INFO] [stdout]    3:     0x63ec63f3a4a6 - std[617be2ca0a6fd877]::panicking::default_hook::{closure#0}
[INFO] [stdout]    4:     0x63ec63f58899 - std[617be2ca0a6fd877]::panicking::default_hook
[INFO] [stdout]    5:     0x63ec63e245c0 - test[aada8e7e76ba119b]::test_main_inner::{closure#0}
[INFO] [stdout]    6:     0x63ec63f58bc2 - std[617be2ca0a6fd877]::panicking::panic_with_hook
[INFO] [stdout]    7:     0x63ec63f3a552 - std[617be2ca0a6fd877]::panicking::panic_handler::{closure#0}
[INFO] [stdout]    8:     0x63ec63f32929 - std[617be2ca0a6fd877]::sys::backtrace::__rust_end_short_backtrace::<std[617be2ca0a6fd877]::panicking::panic_handler::{closure#0}, !>
[INFO] [stdout]    9:     0x63ec63f3b41d - __rustc[ea4f61d10b84890b]::rust_begin_unwind
[INFO] [stdout]   10:     0x63ec63f78d3c - core[a373ad73a504971]::panicking::panic_fmt
[INFO] [stdout]   11:     0x63ec63f78b12 - core[a373ad73a504971]::result::unwrap_failed
[INFO] [stdout]   12:     0x63ec63dec4da - <integration[808c5de3b466c59b]::cmake_bootstrap_reads_repo_local_project_defaults::{closure#0} as core[a373ad73a504971]::ops::function::FnOnce<()>>::call_once
[INFO] [stdout]   13:     0x63ec63e17a0b - test[aada8e7e76ba119b]::__rust_begin_short_backtrace::<core[a373ad73a504971]::result::Result<(), alloc[2e1b2a31b91974c5]::string::String>, fn() -> core[a373ad73a504971]::result::Result<(), alloc[2e1b2a31b91974c5]::string::String>>
[INFO] [stdout]   14:     0x63ec63e24be5 - test[aada8e7e76ba119b]::run_test::{closure#0}
[INFO] [stdout]   15:     0x63ec63e1e4d4 - std[617be2ca0a6fd877]::sys::backtrace::__rust_begin_short_backtrace::<test[aada8e7e76ba119b]::run_test::{closure#1}, ()>
[INFO] [stdout]   16:     0x63ec63e27c72 - <std[617be2ca0a6fd877]::thread::lifecycle::spawn_unchecked<test[aada8e7e76ba119b]::run_test::{closure#1}, ()>::{closure#1} as core[a373ad73a504971]::ops::function::FnOnce<()>>::call_once::{shim:vtable#0}
[INFO] [stdout]   17:     0x63ec63f618df - <std[617be2ca0a6fd877]::sys::thread::unix::Thread>::new::thread_start
[INFO] [stdout]   18:     0x75df7aceedfa - <unknown>
[INFO] [stdout]   19:     0x75df7ad823d4 - clone
[INFO] [stdout]   20:                0x0 - <unknown>
[INFO] [stdout] 
[INFO] [stdout] ---- generated_local_depofiles_are_in_sync_with_canonical_schemas stdout ----
[INFO] [stdout] 
[INFO] [stdout] thread 'generated_local_depofiles_are_in_sync_with_canonical_schemas' (938) panicked at tests/integration.rs:672:10:
[INFO] [stdout] run local depofile generator check: Os { code: 2, kind: NotFound, message: "No such file or directory" }
[INFO] [stdout] stack backtrace:
[INFO] [stdout]    0:     0x63ec63f629a1 - <<std[617be2ca0a6fd877]::sys::backtrace::BacktraceLock>::print::DisplayBacktrace as core[a373ad73a504971]::fmt::Display>::fmt
[INFO] [stdout]    1:     0x63ec63f7860a - core[a373ad73a504971]::fmt::write
[INFO] [stdout]    2:     0x63ec63f6779c - <alloc[2e1b2a31b91974c5]::vec::Vec<u8> as core[a373ad73a504971]::io::write::Write>::write_fmt
[INFO] [stdout]    3:     0x63ec63f3a4a6 - std[617be2ca0a6fd877]::panicking::default_hook::{closure#0}
[INFO] [stdout]    4:     0x63ec63f58899 - std[617be2ca0a6fd877]::panicking::default_hook
[INFO] [stdout]    5:     0x63ec63e245c0 - test[aada8e7e76ba119b]::test_main_inner::{closure#0}
[INFO] [stdout]    6:     0x63ec63f58bc2 - std[617be2ca0a6fd877]::panicking::panic_with_hook
[INFO] [stdout]    7:     0x63ec63f3a552 - std[617be2ca0a6fd877]::panicking::panic_handler::{closure#0}
[INFO] [stdout]    8:     0x63ec63f32929 - std[617be2ca0a6fd877]::sys::backtrace::__rust_end_short_backtrace::<std[617be2ca0a6fd877]::panicking::panic_handler::{closure#0}, !>
[INFO] [stdout]    9:     0x63ec63f3b41d - __rustc[ea4f61d10b84890b]::rust_begin_unwind
[INFO] [stdout]   10:     0x63ec63f78d3c - core[a373ad73a504971]::panicking::panic_fmt
[INFO] [stdout]   11:     0x63ec63f78b12 - core[a373ad73a504971]::result::unwrap_failed
[INFO] [stdout]   12:     0x63ec63e026c7 - <integration[808c5de3b466c59b]::generated_local_depofiles_are_in_sync_with_canonical_schemas::{closure#0} as core[a373ad73a504971]::ops::function::FnOnce<()>>::call_once
[INFO] [stdout]   13:     0x63ec63e17a0b - test[aada8e7e76ba119b]::__rust_begin_short_backtrace::<core[a373ad73a504971]::result::Result<(), alloc[2e1b2a31b91974c5]::string::String>, fn() -> core[a373ad73a504971]::result::Result<(), alloc[2e1b2a31b91974c5]::string::String>>
[INFO] [stdout]   14:     0x63ec63e24be5 - test[aada8e7e76ba119b]::run_test::{closure#0}
[INFO] [stdout]   15:     0x63ec63e1e4d4 - std[617be2ca0a6fd877]::sys::backtrace::__rust_begin_short_backtrace::<test[aada8e7e76ba119b]::run_test::{closure#1}, ()>
[INFO] [stdout]   16:     0x63ec63e27c72 - <std[617be2ca0a6fd877]::thread::lifecycle::spawn_unchecked<test[aada8e7e76ba119b]::run_test::{closure#1}, ()>::{closure#1} as core[a373ad73a504971]::ops::function::FnOnce<()>>::call_once::{shim:vtable#0}
[INFO] [stdout]   17:     0x63ec63f618df - <std[617be2ca0a6fd877]::sys::thread::unix::Thread>::new::thread_start
[INFO] [stdout]   18:     0x75df7aceedfa - <unknown>
[INFO] [stdout]   19:     0x75df7ad823d4 - clone
[INFO] [stdout]   20:                0x0 - <unknown>
[INFO] [stdout] 
[INFO] [stdout] ---- cmake_depend_functions_emit_status_updates stdout ----
[INFO] [stdout] 
[INFO] [stdout] thread 'cmake_depend_functions_emit_status_updates' (923) panicked at tests/integration.rs:4496:35:
[INFO] [stdout] spawn command: Os { code: 2, kind: NotFound, message: "No such file or directory" }
[INFO] [stdout] stack backtrace:
[INFO] [stdout]    0:     0x63ec63f629a1 - <<std[617be2ca0a6fd877]::sys::backtrace::BacktraceLock>::print::DisplayBacktrace as core[a373ad73a504971]::fmt::Display>::fmt
[INFO] [stdout]    1:     0x63ec63f7860a - core[a373ad73a504971]::fmt::write
[INFO] [stdout]    2:     0x63ec63f6779c - <alloc[2e1b2a31b91974c5]::vec::Vec<u8> as core[a373ad73a504971]::io::write::Write>::write_fmt
[INFO] [stdout]    3:     0x63ec63f3a4a6 - std[617be2ca0a6fd877]::panicking::default_hook::{closure#0}
[INFO] [stdout]    4:     0x63ec63f58899 - std[617be2ca0a6fd877]::panicking::default_hook
[INFO] [stdout]    5:     0x63ec63e245c0 - test[aada8e7e76ba119b]::test_main_inner::{closure#0}
[INFO] [stdout]    6:     0x63ec63f58bc2 - std[617be2ca0a6fd877]::panicking::panic_with_hook
[INFO] [stdout]    7:     0x63ec63f3a552 - std[617be2ca0a6fd877]::panicking::panic_handler::{closure#0}
[INFO] [stdout]    8:     0x63ec63f32929 - std[617be2ca0a6fd877]::sys::backtrace::__rust_end_short_backtrace::<std[617be2ca0a6fd877]::panicking::panic_handler::{closure#0}, !>
[INFO] [stdout]    9:     0x63ec63f3b41d - __rustc[ea4f61d10b84890b]::rust_begin_unwind
[INFO] [stdout]   10:     0x63ec63f78d3c - core[a373ad73a504971]::panicking::panic_fmt
[INFO] [stdout]   11:     0x63ec63f78b12 - core[a373ad73a504971]::result::unwrap_failed
[INFO] [stdout]   12:     0x63ec63dd9447 - integration[808c5de3b466c59b]::configure_cmake_capture_output
[INFO] [stdout]   13:     0x63ec63de4651 - <integration[808c5de3b466c59b]::cmake_depend_functions_emit_status_updates::{closure#0} as core[a373ad73a504971]::ops::function::FnOnce<()>>::call_once
[INFO] [stdout]   14:     0x63ec63e17a0b - test[aada8e7e76ba119b]::__rust_begin_short_backtrace::<core[a373ad73a504971]::result::Result<(), alloc[2e1b2a31b91974c5]::string::String>, fn() -> core[a373ad73a504971]::result::Result<(), alloc[2e1b2a31b91974c5]::string::String>>
[INFO] [stdout]   15:     0x63ec63e24be5 - test[aada8e7e76ba119b]::run_test::{closure#0}
[INFO] [stdout]   16:     0x63ec63e1e4d4 - std[617be2ca0a6fd877]::sys::backtrace::__rust_begin_short_backtrace::<test[aada8e7e76ba119b]::run_test::{closure#1}, ()>
[INFO] [stdout]   17:     0x63ec63e27c72 - <std[617be2ca0a6fd877]::thread::lifecycle::spawn_unchecked<test[aada8e7e76ba119b]::run_test::{closure#1}, ()>::{closure#1} as core[a373ad73a504971]::ops::function::FnOnce<()>>::call_once::{shim:vtable#0}
[INFO] [stdout]   18:     0x63ec63f618df - <std[617be2ca0a6fd877]::sys::thread::unix::Thread>::new::thread_start
[INFO] [stdout]   19:     0x75df7aceedfa - <unknown>
[INFO] [stdout]   20:     0x75df7ad823d4 - clone
[INFO] [stdout]   21:                0x0 - <unknown>
[INFO] [stdout] 
[INFO] [stdout] ---- cmake_source_library_matrix_cascades_dependencies stdout ----
[INFO] [stdout] 
[INFO] [stdout] thread 'cmake_source_library_matrix_cascades_dependencies' (925) panicked at tests/integration.rs:3713:70:
[INFO] [stdout] read repo helper: Os { code: 2, kind: NotFound, message: "No such file or directory" }
[INFO] [stdout] stack backtrace:
[INFO] [stdout]    0:     0x63ec63f629a1 - <<std[617be2ca0a6fd877]::sys::backtrace::BacktraceLock>::print::DisplayBacktrace as core[a373ad73a504971]::fmt::Display>::fmt
[INFO] [stdout]    1:     0x63ec63f7860a - core[a373ad73a504971]::fmt::write
[INFO] [stdout]    2:     0x63ec63f6779c - <alloc[2e1b2a31b91974c5]::vec::Vec<u8> as core[a373ad73a504971]::io::write::Write>::write_fmt
[INFO] [stdout]    3:     0x63ec63f3a4a6 - std[617be2ca0a6fd877]::panicking::default_hook::{closure#0}
[INFO] [stdout]    4:     0x63ec63f58899 - std[617be2ca0a6fd877]::panicking::default_hook
[INFO] [stdout]    5:     0x63ec63e245c0 - test[aada8e7e76ba119b]::test_main_inner::{closure#0}
[INFO] [stdout]    6:     0x63ec63f58bc2 - std[617be2ca0a6fd877]::panicking::panic_with_hook
[INFO] [stdout]    7:     0x63ec63f3a552 - std[617be2ca0a6fd877]::panicking::panic_handler::{closure#0}
[INFO] [stdout]    8:     0x63ec63f32929 - std[617be2ca0a6fd877]::sys::backtrace::__rust_end_short_backtrace::<std[617be2ca0a6fd877]::panicking::panic_handler::{closure#0}, !>
[INFO] [stdout]    9:     0x63ec63f3b41d - __rustc[ea4f61d10b84890b]::rust_begin_unwind
[INFO] [stdout]   10:     0x63ec63f78d3c - core[a373ad73a504971]::panicking::panic_fmt
[INFO] [stdout]   11:     0x63ec63f78b12 - core[a373ad73a504971]::result::unwrap_failed
[INFO] [stdout]   12:     0x63ec63dd7ace - integration[808c5de3b466c59b]::create_cascade_library_repo
[INFO] [stdout]   13:     0x63ec63decc0f - <integration[808c5de3b466c59b]::cmake_source_library_matrix_cascades_dependencies::{closure#0} as core[a373ad73a504971]::ops::function::FnOnce<()>>::call_once
[INFO] [stdout]   14:     0x63ec63e17a0b - test[aada8e7e76ba119b]::__rust_begin_short_backtrace::<core[a373ad73a504971]::result::Result<(), alloc[2e1b2a31b91974c5]::string::String>, fn() -> core[a373ad73a504971]::result::Result<(), alloc[2e1b2a31b91974c5]::string::String>>
[INFO] [stdout]   15:     0x63ec63e24be5 - test[aada8e7e76ba119b]::run_test::{closure#0}
[INFO] [stdout]   16:     0x63ec63e1e4d4 - std[617be2ca0a6fd877]::sys::backtrace::__rust_begin_short_backtrace::<test[aada8e7e76ba119b]::run_test::{closure#1}, ()>
[INFO] [stdout]   17:     0x63ec63e27c72 - <std[617be2ca0a6fd877]::thread::lifecycle::spawn_unchecked<test[aada8e7e76ba119b]::run_test::{closure#1}, ()>::{closure#1} as core[a373ad73a504971]::ops::function::FnOnce<()>>::call_once::{shim:vtable#0}
[INFO] [stdout]   18:     0x63ec63f618df - <std[617be2ca0a6fd877]::sys::thread::unix::Thread>::new::thread_start
[INFO] [stdout]   19:     0x75df7aceedfa - <unknown>
[INFO] [stdout]   20:     0x75df7ad823d4 - clone
[INFO] [stdout]   21:                0x0 - <unknown>
[INFO] [stdout] 
[INFO] [stdout] ---- sync_materializes_cross_target_oci_rootfs_package_into_target_variant stdout ----
[INFO] [stdout] 
[INFO] [stdout] thread 'sync_materializes_cross_target_oci_rootfs_package_into_target_variant' (1137) panicked at tests/integration.rs:4467:10:
[INFO] [stdout] spawn command: Os { code: 2, kind: NotFound, message: "No such file or directory" }
[INFO] [stdout] stack backtrace:
[INFO] [stdout]    0:     0x63ec63f629a1 - <<std[617be2ca0a6fd877]::sys::backtrace::BacktraceLock>::print::DisplayBacktrace as core[a373ad73a504971]::fmt::Display>::fmt
[INFO] [stdout]    1:     0x63ec63f7860a - core[a373ad73a504971]::fmt::write
[INFO] [stdout]    2:     0x63ec63f6779c - <alloc[2e1b2a31b91974c5]::vec::Vec<u8> as core[a373ad73a504971]::io::write::Write>::write_fmt
[INFO] [stdout]    3:     0x63ec63f3a4a6 - std[617be2ca0a6fd877]::panicking::default_hook::{closure#0}
[INFO] [stdout]    4:     0x63ec63f58899 - std[617be2ca0a6fd877]::panicking::default_hook
[INFO] [stdout]    5:     0x63ec63e245c0 - test[aada8e7e76ba119b]::test_main_inner::{closure#0}
[INFO] [stdout]    6:     0x63ec63f58bc2 - std[617be2ca0a6fd877]::panicking::panic_with_hook
[INFO] [stdout]    7:     0x63ec63f3a552 - std[617be2ca0a6fd877]::panicking::panic_handler::{closure#0}
[INFO] [stdout]    8:     0x63ec63f32929 - std[617be2ca0a6fd877]::sys::backtrace::__rust_end_short_backtrace::<std[617be2ca0a6fd877]::panicking::panic_handler::{closure#0}, !>
[INFO] [stdout]    9:     0x63ec63f3b41d - __rustc[ea4f61d10b84890b]::rust_begin_unwind
[INFO] [stdout]   10:     0x63ec63f78d3c - core[a373ad73a504971]::panicking::panic_fmt
[INFO] [stdout]   11:     0x63ec63f78b12 - core[a373ad73a504971]::result::unwrap_failed
[INFO] [stdout]   12:     0x63ec63dd541e - integration[808c5de3b466c59b]::run_command_vec
[INFO] [stdout]   13:     0x63ec63ddfb64 - <integration[808c5de3b466c59b]::Sandbox>::create_local_oci_layout
[INFO] [stdout]   14:     0x63ec63e0ae5b - <integration[808c5de3b466c59b]::sync_materializes_cross_target_oci_rootfs_package_into_target_variant::{closure#0} as core[a373ad73a504971]::ops::function::FnOnce<()>>::call_once
[INFO] [stdout]   15:     0x63ec63e17a0b - test[aada8e7e76ba119b]::__rust_begin_short_backtrace::<core[a373ad73a504971]::result::Result<(), alloc[2e1b2a31b91974c5]::string::String>, fn() -> core[a373ad73a504971]::result::Result<(), alloc[2e1b2a31b91974c5]::string::String>>
[INFO] [stdout]   16:     0x63ec63e24be5 - test[aada8e7e76ba119b]::run_test::{closure#0}
[INFO] [stdout]   17:     0x63ec63e1e4d4 - std[617be2ca0a6fd877]::sys::backtrace::__rust_begin_short_backtrace::<test[aada8e7e76ba119b]::run_test::{closure#1}, ()>
[INFO] [stdout]   18:     0x63ec63e27c72 - <std[617be2ca0a6fd877]::thread::lifecycle::spawn_unchecked<test[aada8e7e76ba119b]::run_test::{closure#1}, ()>::{closure#1} as core[a373ad73a504971]::ops::function::FnOnce<()>>::call_once::{shim:vtable#0}
[INFO] [stdout]   19:     0x63ec63f618df - <std[617be2ca0a6fd877]::sys::thread::unix::Thread>::new::thread_start
[INFO] [stdout]   20:     0x75df7aceedfa - <unknown>
[INFO] [stdout]   21:     0x75df7ad823d4 - clone
[INFO] [stdout]   22:                0x0 - <unknown>
[INFO] [stdout] 
[INFO] [stdout] ---- cmake_depofile_consumer_matrix_cascades_transitive_dependencies stdout ----
[INFO] [stdout] 
[INFO] [stdout] thread 'cmake_depofile_consumer_matrix_cascades_transitive_dependencies' (924) panicked at tests/integration.rs:3713:70:
[INFO] [stdout] read repo helper: Os { code: 2, kind: NotFound, message: "No such file or directory" }
[INFO] [stdout] stack backtrace:
[INFO] [stdout]    0:     0x63ec63f629a1 - <<std[617be2ca0a6fd877]::sys::backtrace::BacktraceLock>::print::DisplayBacktrace as core[a373ad73a504971]::fmt::Display>::fmt
[INFO] [stdout]    1:     0x63ec63f7860a - core[a373ad73a504971]::fmt::write
[INFO] [stdout]    2:     0x63ec63f6779c - <alloc[2e1b2a31b91974c5]::vec::Vec<u8> as core[a373ad73a504971]::io::write::Write>::write_fmt
[INFO] [stdout]    3:     0x63ec63f3a4a6 - std[617be2ca0a6fd877]::panicking::default_hook::{closure#0}
[INFO] [stdout]    4:     0x63ec63f58899 - std[617be2ca0a6fd877]::panicking::default_hook
[INFO] [stdout]    5:     0x63ec63e245c0 - test[aada8e7e76ba119b]::test_main_inner::{closure#0}
[INFO] [stdout]    6:     0x63ec63f58bc2 - std[617be2ca0a6fd877]::panicking::panic_with_hook
[INFO] [stdout]    7:     0x63ec63f3a552 - std[617be2ca0a6fd877]::panicking::panic_handler::{closure#0}
[INFO] [stdout]    8:     0x63ec63f32929 - std[617be2ca0a6fd877]::sys::backtrace::__rust_end_short_backtrace::<std[617be2ca0a6fd877]::panicking::panic_handler::{closure#0}, !>
[INFO] [stdout]    9:     0x63ec63f3b41d - __rustc[ea4f61d10b84890b]::rust_begin_unwind
[INFO] [stdout]   10:     0x63ec63f78d3c - core[a373ad73a504971]::panicking::panic_fmt
[INFO] [stdout]   11:     0x63ec63f78b12 - core[a373ad73a504971]::result::unwrap_failed
[INFO] [stdout]   12:     0x63ec63dd7ace - integration[808c5de3b466c59b]::create_cascade_library_repo
[INFO] [stdout]   13:     0x63ec63e06493 - <integration[808c5de3b466c59b]::cmake_depofile_consumer_matrix_cascades_transitive_dependencies::{closure#0} as core[a373ad73a504971]::ops::function::FnOnce<()>>::call_once
[INFO] [stdout]   14:     0x63ec63e17a0b - test[aada8e7e76ba119b]::__rust_begin_short_backtrace::<core[a373ad73a504971]::result::Result<(), alloc[2e1b2a31b91974c5]::string::String>, fn() -> core[a373ad73a504971]::result::Result<(), alloc[2e1b2a31b91974c5]::string::String>>
[INFO] [stdout]   15:     0x63ec63e24be5 - test[aada8e7e76ba119b]::run_test::{closure#0}
[INFO] [stdout]   16:     0x63ec63e1e4d4 - std[617be2ca0a6fd877]::sys::backtrace::__rust_begin_short_backtrace::<test[aada8e7e76ba119b]::run_test::{closure#1}, ()>
[INFO] [stdout]   17:     0x63ec63e27c72 - <std[617be2ca0a6fd877]::thread::lifecycle::spawn_unchecked<test[aada8e7e76ba119b]::run_test::{closure#1}, ()>::{closure#1} as core[a373ad73a504971]::ops::function::FnOnce<()>>::call_once::{shim:vtable#0}
[INFO] [stdout]   18:     0x63ec63f618df - <std[617be2ca0a6fd877]::sys::thread::unix::Thread>::new::thread_start
[INFO] [stdout]   19:     0x75df7aceedfa - <unknown>
[INFO] [stdout]   20:     0x75df7ad823d4 - clone
[INFO] [stdout]   21:                0x0 - <unknown>
[INFO] [stdout] 
[INFO] [stdout] ---- sync_materializes_cross_target_oci_when_build_arch_is_foreign stdout ----
[INFO] [stdout] 
[INFO] [stdout] thread 'sync_materializes_cross_target_oci_when_build_arch_is_foreign' (1263) panicked at tests/integration.rs:4467:10:
[INFO] [stdout] spawn command: Os { code: 2, kind: NotFound, message: "No such file or directory" }
[INFO] [stdout] stack backtrace:
[INFO] [stdout]    0:     0x63ec63f629a1 - <<std[617be2ca0a6fd877]::sys::backtrace::BacktraceLock>::print::DisplayBacktrace as core[a373ad73a504971]::fmt::Display>::fmt
[INFO] [stdout]    1:     0x63ec63f7860a - core[a373ad73a504971]::fmt::write
[INFO] [stdout]    2:     0x63ec63f6779c - <alloc[2e1b2a31b91974c5]::vec::Vec<u8> as core[a373ad73a504971]::io::write::Write>::write_fmt
[INFO] [stdout]    3:     0x63ec63f3a4a6 - std[617be2ca0a6fd877]::panicking::default_hook::{closure#0}
[INFO] [stdout]    4:     0x63ec63f58899 - std[617be2ca0a6fd877]::panicking::default_hook
[INFO] [stdout]    5:     0x63ec63e245c0 - test[aada8e7e76ba119b]::test_main_inner::{closure#0}
[INFO] [stdout]    6:     0x63ec63f58bc2 - std[617be2ca0a6fd877]::panicking::panic_with_hook
[INFO] [stdout]    7:     0x63ec63f3a552 - std[617be2ca0a6fd877]::panicking::panic_handler::{closure#0}
[INFO] [stdout]    8:     0x63ec63f32929 - std[617be2ca0a6fd877]::sys::backtrace::__rust_end_short_backtrace::<std[617be2ca0a6fd877]::panicking::panic_handler::{closure#0}, !>
[INFO] [stdout]    9:     0x63ec63f3b41d - __rustc[ea4f61d10b84890b]::rust_begin_unwind
[INFO] [stdout]   10:     0x63ec63f78d3c - core[a373ad73a504971]::panicking::panic_fmt
[INFO] [stdout]   11:     0x63ec63f78b12 - core[a373ad73a504971]::result::unwrap_failed
[INFO] [stdout]   12:     0x63ec63dd541e - integration[808c5de3b466c59b]::run_command_vec
[INFO] [stdout]   13:     0x63ec63ddfb64 - <integration[808c5de3b466c59b]::Sandbox>::create_local_oci_layout
[INFO] [stdout]   14:     0x63ec63e030be - <integration[808c5de3b466c59b]::sync_materializes_cross_target_oci_when_build_arch_is_foreign::{closure#0} as core[a373ad73a504971]::ops::function::FnOnce<()>>::call_once
[INFO] [stdout]   15:     0x63ec63e17a0b - test[aada8e7e76ba119b]::__rust_begin_short_backtrace::<core[a373ad73a504971]::result::Result<(), alloc[2e1b2a31b91974c5]::string::String>, fn() -> core[a373ad73a504971]::result::Result<(), alloc[2e1b2a31b91974c5]::string::String>>
[INFO] [stdout]   16:     0x63ec63e24be5 - test[aada8e7e76ba119b]::run_test::{closure#0}
[INFO] [stdout]   17:     0x63ec63e1e4d4 - std[617be2ca0a6fd877]::sys::backtrace::__rust_begin_short_backtrace::<test[aada8e7e76ba119b]::run_test::{closure#1}, ()>
[INFO] [stdout]   18:     0x63ec63e27c72 - <std[617be2ca0a6fd877]::thread::lifecycle::spawn_unchecked<test[aada8e7e76ba119b]::run_test::{closure#1}, ()>::{closure#1} as core[a373ad73a504971]::ops::function::FnOnce<()>>::call_once::{shim:vtable#0}
[INFO] [stdout]   19:     0x63ec63f618df - <std[617be2ca0a6fd877]::sys::thread::unix::Thread>::new::thread_start
[INFO] [stdout]   20:     0x75df7aceedfa - <unknown>
[INFO] [stdout]   21:     0x75df7ad823d4 - clone
[INFO] [stdout]   22:                0x0 - <unknown>
[INFO] [stdout] 
[INFO] [stdout] ---- sync_materializes_foreign_oci_rootfs_package_with_toolchain_inputs stdout ----
[INFO] [stdout] 
[INFO] [stdout] thread 'sync_materializes_foreign_oci_rootfs_package_with_toolchain_inputs' (1315) panicked at tests/integration.rs:4467:10:
[INFO] [stdout] spawn command: Os { code: 2, kind: NotFound, message: "No such file or directory" }
[INFO] [stdout] stack backtrace:
[INFO] [stdout]    0:     0x63ec63f629a1 - <<std[617be2ca0a6fd877]::sys::backtrace::BacktraceLock>::print::DisplayBacktrace as core[a373ad73a504971]::fmt::Display>::fmt
[INFO] [stdout]    1:     0x63ec63f7860a - core[a373ad73a504971]::fmt::write
[INFO] [stdout]    2:     0x63ec63f6779c - <alloc[2e1b2a31b91974c5]::vec::Vec<u8> as core[a373ad73a504971]::io::write::Write>::write_fmt
[INFO] [stdout]    3:     0x63ec63f3a4a6 - std[617be2ca0a6fd877]::panicking::default_hook::{closure#0}
[INFO] [stdout]    4:     0x63ec63f58899 - std[617be2ca0a6fd877]::panicking::default_hook
[INFO] [stdout]    5:     0x63ec63e245c0 - test[aada8e7e76ba119b]::test_main_inner::{closure#0}
[INFO] [stdout]    6:     0x63ec63f58bc2 - std[617be2ca0a6fd877]::panicking::panic_with_hook
[INFO] [stdout]    7:     0x63ec63f3a552 - std[617be2ca0a6fd877]::panicking::panic_handler::{closure#0}
[INFO] [stdout]    8:     0x63ec63f32929 - std[617be2ca0a6fd877]::sys::backtrace::__rust_end_short_backtrace::<std[617be2ca0a6fd877]::panicking::panic_handler::{closure#0}, !>
[INFO] [stdout]    9:     0x63ec63f3b41d - __rustc[ea4f61d10b84890b]::rust_begin_unwind
[INFO] [stdout]   10:     0x63ec63f78d3c - core[a373ad73a504971]::panicking::panic_fmt
[INFO] [stdout]   11:     0x63ec63f78b12 - core[a373ad73a504971]::result::unwrap_failed
[INFO] [stdout]   12:     0x63ec63dd541e - integration[808c5de3b466c59b]::run_command_vec
[INFO] [stdout]   13:     0x63ec63ddfb64 - <integration[808c5de3b466c59b]::Sandbox>::create_local_oci_layout
[INFO] [stdout]   14:     0x63ec63e08bc8 - <integration[808c5de3b466c59b]::sync_materializes_foreign_oci_rootfs_package_with_toolchain_inputs::{closure#0} as core[a373ad73a504971]::ops::function::FnOnce<()>>::call_once
[INFO] [stdout]   15:     0x63ec63e17a0b - test[aada8e7e76ba119b]::__rust_begin_short_backtrace::<core[a373ad73a504971]::result::Result<(), alloc[2e1b2a31b91974c5]::string::String>, fn() -> core[a373ad73a504971]::result::Result<(), alloc[2e1b2a31b91974c5]::string::String>>
[INFO] [stdout]   16:     0x63ec63e24be5 - test[aada8e7e76ba119b]::run_test::{closure#0}
[INFO] [stdout]   17:     0x63ec63e1e4d4 - std[617be2ca0a6fd877]::sys::backtrace::__rust_begin_short_backtrace::<test[aada8e7e76ba119b]::run_test::{closure#1}, ()>
[INFO] [stdout]   18:     0x63ec63e27c72 - <std[617be2ca0a6fd877]::thread::lifecycle::spawn_unchecked<test[aada8e7e76ba119b]::run_test::{closure#1}, ()>::{closure#1} as core[a373ad73a504971]::ops::function::FnOnce<()>>::call_once::{shim:vtable#0}
[INFO] [stdout]   19:     0x63ec63f618df - <std[617be2ca0a6fd877]::sys::thread::unix::Thread>::new::thread_start
[INFO] [stdout]   20:     0x75df7aceedfa - <unknown>
[INFO] [stdout]   21:     0x75df7ad823d4 - clone
[INFO] [stdout]   22:                0x0 - <unknown>
[INFO] [stdout] 
[INFO] [stdout] ---- sync_injects_pkg_config_libdir_for_autoconf_dependencies stdout ----
[INFO] [stdout] 
[INFO] [stdout] thread 'sync_injects_pkg_config_libdir_for_autoconf_dependencies' (958) panicked at tests/integration.rs:1085:6:
[INFO] [stdout] sync should inject dependency PKG_CONFIG_LIBDIR automatically: materialization log for autoconf_pkg_config_demo[release]@1.0.0:
[INFO] [stdout] materializing autoconf_pkg_config_demo[release]@1.0.0
[INFO] [stdout] resolve git /tmp/.tmpNZ8Fah/upstreams/autoconf_pkg_config_demo HEAD
[INFO] [stdout] run git fetch --tags --force --prune origin
[INFO] [stdout] reuse clean git checkout 86a4466b6a747c89641a3a70b4d01cc28ec18753
[INFO] [stdout] rootless Linux namespace backend unavailable:
[INFO] [stdout]   unshare --fork --user --map-root-user --pid --mount --uts --ipc -- true
[INFO] [stdout]   exited with status exit status: 1: unshare: unshare failed: Operation not permitted
[INFO] [stdout] falling back to host-staged BUILD_ROOT SYSTEM backend
[INFO] [stdout] copy file /tmp/.tmpNZ8Fah/downloads/autoconf_pkg_config_demo/release/1.0.0/src/.git/FETCH_HEAD -> /tmp/.tmpNZ8Fah/.run/metalor-runtime/autoconf_pkg_config_demo/release/1.0.0/job/work/source/.git/FETCH_HEAD
[INFO] [stdout] copy file /tmp/.tmpNZ8Fah/downloads/autoconf_pkg_config_demo/release/1.0.0/src/.git/HEAD -> /tmp/.tmpNZ8Fah/.run/metalor-runtime/autoconf_pkg_config_demo/release/1.0.0/job/work/source/.git/HEAD
[INFO] [stdout] copy file /tmp/.tmpNZ8Fah/downloads/autoconf_pkg_config_demo/release/1.0.0/src/.git/config -> /tmp/.tmpNZ8Fah/.run/metalor-runtime/autoconf_pkg_config_demo/release/1.0.0/job/work/source/.git/config
[INFO] [stdout] copy file /tmp/.tmpNZ8Fah/downloads/autoconf_pkg_config_demo/release/1.0.0/src/.git/description -> /tmp/.tmpNZ8Fah/.run/metalor-runtime/autoconf_pkg_config_demo/release/1.0.0/job/work/source/.git/description
[INFO] [stdout] copy file /tmp/.tmpNZ8Fah/downloads/autoconf_pkg_config_demo/release/1.0.0/src/.git/hooks/applypatch-msg.sample -> /tmp/.tmpNZ8Fah/.run/metalor-runtime/autoconf_pkg_config_demo/release/1.0.0/job/work/source/.git/hooks/applypatch-msg.sample
[INFO] [stdout] copy file /tmp/.tmpNZ8Fah/downloads/autoconf_pkg_config_demo/release/1.0.0/src/.git/hooks/commit-msg.sample -> /tmp/.tmpNZ8Fah/.run/metalor-runtime/autoconf_pkg_config_demo/release/1.0.0/job/work/source/.git/hooks/commit-msg.sample
[INFO] [stdout] copy file /tmp/.tmpNZ8Fah/downloads/autoconf_pkg_config_demo/release/1.0.0/src/.git/hooks/fsmonitor-watchman.sample -> /tmp/.tmpNZ8Fah/.run/metalor-runtime/autoconf_pkg_config_demo/release/1.0.0/job/work/source/.git/hooks/fsmonitor-watchman.sample
[INFO] [stdout] copy file /tmp/.tmpNZ8Fah/downloads/autoconf_pkg_config_demo/release/1.0.0/src/.git/hooks/post-update.sample -> /tmp/.tmpNZ8Fah/.run/metalor-runtime/autoconf_pkg_config_demo/release/1.0.0/job/work/source/.git/hooks/post-update.sample
[INFO] [stdout] copy file /tmp/.tmpNZ8Fah/downloads/autoconf_pkg_config_demo/release/1.0.0/src/.git/hooks/pre-applypatch.sample -> /tmp/.tmpNZ8Fah/.run/metalor-runtime/autoconf_pkg_config_demo/release/1.0.0/job/work/source/.git/hooks/pre-applypatch.sample
[INFO] [stdout] copy file /tmp/.tmpNZ8Fah/downloads/autoconf_pkg_config_demo/release/1.0.0/src/.git/hooks/pre-commit.sample -> /tmp/.tmpNZ8Fah/.run/metalor-runtime/autoconf_pkg_config_demo/release/1.0.0/job/work/source/.git/hooks/pre-commit.sample
[INFO] [stdout] copy file /tmp/.tmpNZ8Fah/downloads/autoconf_pkg_config_demo/release/1.0.0/src/.git/hooks/pre-merge-commit.sample -> /tmp/.tmpNZ8Fah/.run/metalor-runtime/autoconf_pkg_config_demo/release/1.0.0/job/work/source/.git/hooks/pre-merge-commit.sample
[INFO] [stdout] copy file /tmp/.tmpNZ8Fah/downloads/autoconf_pkg_config_demo/release/1.0.0/src/.git/hooks/pre-push.sample -> /tmp/.tmpNZ8Fah/.run/metalor-runtime/autoconf_pkg_config_demo/release/1.0.0/job/work/source/.git/hooks/pre-push.sample
[INFO] [stdout] copy file /tmp/.tmpNZ8Fah/downloads/autoconf_pkg_config_demo/release/1.0.0/src/.git/hooks/pre-rebase.sample -> /tmp/.tmpNZ8Fah/.run/metalor-runtime/autoconf_pkg_config_demo/release/1.0.0/job/work/source/.git/hooks/pre-rebase.sample
[INFO] [stdout] copy file /tmp/.tmpNZ8Fah/downloads/autoconf_pkg_config_demo/release/1.0.0/src/.git/hooks/pre-receive.sample -> /tmp/.tmpNZ8Fah/.run/metalor-runtime/autoconf_pkg_config_demo/release/1.0.0/job/work/source/.git/hooks/pre-receive.sample
[INFO] [stdout] copy file /tmp/.tmpNZ8Fah/downloads/autoconf_pkg_config_demo/release/1.0.0/src/.git/hooks/prepare-commit-msg.sample -> /tmp/.tmpNZ8Fah/.run/metalor-runtime/autoconf_pkg_config_demo/release/1.0.0/job/work/source/.git/hooks/prepare-commit-msg.sample
[INFO] [stdout] copy file /tmp/.tmpNZ8Fah/downloads/autoconf_pkg_config_demo/release/1.0.0/src/.git/hooks/push-to-checkout.sample -> /tmp/.tmpNZ8Fah/.run/metalor-runtime/autoconf_pkg_config_demo/release/1.0.0/job/work/source/.git/hooks/push-to-checkout.sample
[INFO] [stdout] copy file /tmp/.tmpNZ8Fah/downloads/autoconf_pkg_config_demo/release/1.0.0/src/.git/hooks/sendemail-validate.sample -> /tmp/.tmpNZ8Fah/.run/metalor-runtime/autoconf_pkg_config_demo/release/1.0.0/job/work/source/.git/hooks/sendemail-validate.sample
[INFO] [stdout] copy file /tmp/.tmpNZ8Fah/downloads/autoconf_pkg_config_demo/release/1.0.0/src/.git/hooks/update.sample -> /tmp/.tmpNZ8Fah/.run/metalor-runtime/autoconf_pkg_config_demo/release/1.0.0/job/work/source/.git/hooks/update.sample
[INFO] [stdout] copy file /tmp/.tmpNZ8Fah/downloads/autoconf_pkg_config_demo/release/1.0.0/src/.git/index -> /tmp/.tmpNZ8Fah/.run/metalor-runtime/autoconf_pkg_config_demo/release/1.0.0/job/work/source/.git/index
[INFO] [stdout] copy file /tmp/.tmpNZ8Fah/downloads/autoconf_pkg_config_demo/release/1.0.0/src/.git/info/exclude -> /tmp/.tmpNZ8Fah/.run/metalor-runtime/autoconf_pkg_config_demo/release/1.0.0/job/work/source/.git/info/exclude
[INFO] [stdout] copy file /tmp/.tmpNZ8Fah/downloads/autoconf_pkg_config_demo/release/1.0.0/src/.git/logs/HEAD -> /tmp/.tmpNZ8Fah/.run/metalor-runtime/autoconf_pkg_config_demo/release/1.0.0/job/work/source/.git/logs/HEAD
[INFO] [stdout] copy file /tmp/.tmpNZ8Fah/downloads/autoconf_pkg_config_demo/release/1.0.0/src/.git/logs/refs/heads/master -> /tmp/.tmpNZ8Fah/.run/metalor-runtime/autoconf_pkg_config_demo/release/1.0.0/job/work/source/.git/logs/refs/heads/master
[INFO] [stdout] copy file /tmp/.tmpNZ8Fah/downloads/autoconf_pkg_config_demo/release/1.0.0/src/.git/logs/refs/remotes/origin/HEAD -> /tmp/.tmpNZ8Fah/.run/metalor-runtime/autoconf_pkg_config_demo/release/1.0.0/job/work/source/.git/logs/refs/remotes/origin/HEAD
[INFO] [stdout] copy file /tmp/.tmpNZ8Fah/downloads/autoconf_pkg_config_demo/release/1.0.0/src/.git/objects/3d/f0535ee5a69188e4e3371c962612f7f2f2b7f7 -> /tmp/.tmpNZ8Fah/.run/metalor-runtime/autoconf_pkg_config_demo/release/1.0.0/job/work/source/.git/objects/3d/f0535ee5a69188e4e3371c962612f7f2f2b7f7
[INFO] [stdout] copy file /tmp/.tmpNZ8Fah/downloads/autoconf_pkg_config_demo/release/1.0.0/src/.git/objects/66/449ee71ba3bd9d7b1f8e50ea9286002f8c135b -> /tmp/.tmpNZ8Fah/.run/metalor-runtime/autoconf_pkg_config_demo/release/1.0.0/job/work/source/.git/objects/66/449ee71ba3bd9d7b1f8e50ea9286002f8c135b
[INFO] [stdout] copy file /tmp/.tmpNZ8Fah/downloads/autoconf_pkg_config_demo/release/1.0.0/src/.git/objects/6f/70f09beec2219624baeca92e2cd7deaa104fb4 -> /tmp/.tmpNZ8Fah/.run/metalor-runtime/autoconf_pkg_config_demo/release/1.0.0/job/work/source/.git/objects/6f/70f09beec2219624baeca92e2cd7deaa104fb4
[INFO] [stdout] copy file /tmp/.tmpNZ8Fah/downloads/autoconf_pkg_config_demo/release/1.0.0/src/.git/objects/86/a4466b6a747c89641a3a70b4d01cc28ec18753 -> /tmp/.tmpNZ8Fah/.run/metalor-runtime/autoconf_pkg_config_demo/release/1.0.0/job/work/source/.git/objects/86/a4466b6a747c89641a3a70b4d01cc28ec18753
[INFO] [stdout] copy file /tmp/.tmpNZ8Fah/downloads/autoconf_pkg_config_demo/release/1.0.0/src/.git/objects/a3/8524048dea3629a5dfe18d27fa7eeedfde666b -> /tmp/.tmpNZ8Fah/.run/metalor-runtime/autoconf_pkg_config_demo/release/1.0.0/job/work/source/.git/objects/a3/8524048dea3629a5dfe18d27fa7eeedfde666b
[INFO] [stdout] copy file /tmp/.tmpNZ8Fah/downloads/autoconf_pkg_config_demo/release/1.0.0/src/.git/objects/d8/5556988377e1eb61df1995ebf6f85a052a6922 -> /tmp/.tmpNZ8Fah/.run/metalor-runtime/autoconf_pkg_config_demo/release/1.0.0/job/work/source/.git/objects/d8/5556988377e1eb61df1995ebf6f85a052a6922
[INFO] [stdout] copy file /tmp/.tmpNZ8Fah/downloads/autoconf_pkg_config_demo/release/1.0.0/src/.git/objects/e0/2fb0e4d5f75f25247390dd70f116af2eb75273 -> /tmp/.tmpNZ8Fah/.run/metalor-runtime/autoconf_pkg_config_demo/release/1.0.0/job/work/source/.git/objects/e0/2fb0e4d5f75f25247390dd70f116af2eb75273
[INFO] [stdout] copy file /tmp/.tmpNZ8Fah/downloads/autoconf_pkg_config_demo/release/1.0.0/src/.git/packed-refs -> /tmp/.tmpNZ8Fah/.run/metalor-runtime/autoconf_pkg_config_demo/release/1.0.0/job/work/source/.git/packed-refs
[INFO] [stdout] copy file /tmp/.tmpNZ8Fah/downloads/autoconf_pkg_config_demo/release/1.0.0/src/.git/refs/heads/master -> /tmp/.tmpNZ8Fah/.run/metalor-runtime/autoconf_pkg_config_demo/release/1.0.0/job/work/source/.git/refs/heads/master
[INFO] [stdout] copy file /tmp/.tmpNZ8Fah/downloads/autoconf_pkg_config_demo/release/1.0.0/src/.git/refs/remotes/origin/HEAD -> /tmp/.tmpNZ8Fah/.run/metalor-runtime/autoconf_pkg_config_demo/release/1.0.0/job/work/source/.git/refs/remotes/origin/HEAD
[INFO] [stdout] copy file /tmp/.tmpNZ8Fah/downloads/autoconf_pkg_config_demo/release/1.0.0/src/Makefile -> /tmp/.tmpNZ8Fah/.run/metalor-runtime/autoconf_pkg_config_demo/release/1.0.0/job/work/source/Makefile
[INFO] [stdout] copy file /tmp/.tmpNZ8Fah/downloads/autoconf_pkg_config_demo/release/1.0.0/src/configure -> /tmp/.tmpNZ8Fah/.run/metalor-runtime/autoconf_pkg_config_demo/release/1.0.0/job/work/source/configure
[INFO] [stdout] copy file /tmp/.tmpNZ8Fah/downloads/autoconf_pkg_config_demo/release/1.0.0/src/include/autoconf_pkg_config_demo/demo.h -> /tmp/.tmpNZ8Fah/.run/metalor-runtime/autoconf_pkg_config_demo/release/1.0.0/job/work/source/include/autoconf_pkg_config_demo/demo.h
[INFO] [stdout] copy file /tmp/.tmpNZ8Fah/store/x86_64-x86_64_v1/dependency_demo/release/1.0.0/include/dependency_demo/demo.h -> /tmp/.tmpNZ8Fah/.run/metalor-runtime/autoconf_pkg_config_demo/release/1.0.0/job/depos/dependency_demo/release/1.0.0/include/dependency_demo/demo.h
[INFO] [stdout] copy file /tmp/.tmpNZ8Fah/store/x86_64-x86_64_v1/dependency_demo/release/1.0.0/lib/libdependency_demo.a -> /tmp/.tmpNZ8Fah/.run/metalor-runtime/autoconf_pkg_config_demo/release/1.0.0/job/depos/dependency_demo/release/1.0.0/lib/libdependency_demo.a
[INFO] [stdout] run CONFIGURE in /tmp/.tmpNZ8Fah/.run/metalor-runtime/autoconf_pkg_config_demo/release/1.0.0/job/work/source: sh -eu -c expected="/depos/dependency_demo/release/1.0.0/lib/pkgconfig:/depos/dependency_demo/release/1.0.0/lib64/pkgconfig"
[INFO] [stdout] test "$PKG_CONFIG_LIBDIR" = "$expected"
[INFO] [stdout] ./configure --prefix="$DEPO_PREFIX" --libdir="$DEPO_PREFIX/lib"
[INFO] [stdout] 
[INFO] [stdout] 
[INFO] [stdout] 
[INFO] [stdout] Caused by:
[INFO] [stdout]     CONFIGURE command failed with status exit status: 1
[INFO] [stdout] 
[INFO] [stdout] Stack backtrace:
[INFO] [stdout]    0: <anyhow::Error>::msg::<alloc::string::String>
[INFO] [stdout]    1: depos::execute_portable_command_phase
[INFO] [stdout]    2: depos::execute_linux_host_staged_system_pipeline
[INFO] [stdout]    3: depos::execute_command_pipeline
[INFO] [stdout]    4: depos::materialize_one_local_package
[INFO] [stdout]    5: depos::materialize_local_packages
[INFO] [stdout]    6: depos::sync_registry
[INFO] [stdout]    7: <integration::sync_injects_pkg_config_libdir_for_autoconf_dependencies::{closure#0} as core::ops::function::FnOnce<()>>::call_once
[INFO] [stdout]    8: test::__rust_begin_short_backtrace::<core::result::Result<(), alloc::string::String>, fn() -> core::result::Result<(), alloc::string::String>>
[INFO] [stdout]    9: test::run_test::{closure#0}
[INFO] [stdout]   10: std::sys::backtrace::__rust_begin_short_backtrace::<test::run_test::{closure#1}, ()>
[INFO] [stdout]   11: <std::thread::lifecycle::spawn_unchecked<test::run_test::{closure#1}, ()>::{closure#1} as core::ops::function::FnOnce<()>>::call_once::{shim:vtable#0}
[INFO] [stdout]   12: <std::sys::thread::unix::Thread>::new::thread_start
[INFO] [stdout]   13: <unknown>
[INFO] [stdout]   14: clone
[INFO] [stdout] stack backtrace:
[INFO] [stdout]    0:     0x63ec63f629a1 - <<std[617be2ca0a6fd877]::sys::backtrace::BacktraceLock>::print::DisplayBacktrace as core[a373ad73a504971]::fmt::Display>::fmt
[INFO] [stdout]    1:     0x63ec63f7860a - core[a373ad73a504971]::fmt::write
[INFO] [stdout]    2:     0x63ec63f6779c - <alloc[2e1b2a31b91974c5]::vec::Vec<u8> as core[a373ad73a504971]::io::write::Write>::write_fmt
[INFO] [stdout]    3:     0x63ec63f3a4a6 - std[617be2ca0a6fd877]::panicking::default_hook::{closure#0}
[INFO] [stdout]    4:     0x63ec63f58899 - std[617be2ca0a6fd877]::panicking::default_hook
[INFO] [stdout]    5:     0x63ec63e245c0 - test[aada8e7e76ba119b]::test_main_inner::{closure#0}
[INFO] [stdout]    6:     0x63ec63f58bc2 - std[617be2ca0a6fd877]::panicking::panic_with_hook
[INFO] [stdout]    7:     0x63ec63f3a552 - std[617be2ca0a6fd877]::panicking::panic_handler::{closure#0}
[INFO] [stdout]    8:     0x63ec63f32929 - std[617be2ca0a6fd877]::sys::backtrace::__rust_end_short_backtrace::<std[617be2ca0a6fd877]::panicking::panic_handler::{closure#0}, !>
[INFO] [stdout]    9:     0x63ec63f3b41d - __rustc[ea4f61d10b84890b]::rust_begin_unwind
[INFO] [stdout]   10:     0x63ec63f78d3c - core[a373ad73a504971]::panicking::panic_fmt
[INFO] [stdout]   11:     0x63ec63f78b12 - core[a373ad73a504971]::result::unwrap_failed
[INFO] [stdout]   12:     0x63ec63df9e95 - <integration[808c5de3b466c59b]::sync_injects_pkg_config_libdir_for_autoconf_dependencies::{closure#0} as core[a373ad73a504971]::ops::function::FnOnce<()>>::call_once
[INFO] [stdout]   13:     0x63ec63e17a0b - test[aada8e7e76ba119b]::__rust_begin_short_backtrace::<core[a373ad73a504971]::result::Result<(), alloc[2e1b2a31b91974c5]::string::String>, fn() -> core[a373ad73a504971]::result::Result<(), alloc[2e1b2a31b91974c5]::string::String>>
[INFO] [stdout]   14:     0x63ec63e24be5 - test[aada8e7e76ba119b]::run_test::{closure#0}
[INFO] [stdout]   15:     0x63ec63e1e4d4 - std[617be2ca0a6fd877]::sys::backtrace::__rust_begin_short_backtrace::<test[aada8e7e76ba119b]::run_test::{closure#1}, ()>
[INFO] [stdout]   16:     0x63ec63e27c72 - <std[617be2ca0a6fd877]::thread::lifecycle::spawn_unchecked<test[aada8e7e76ba119b]::run_test::{closure#1}, ()>::{closure#1} as core[a373ad73a504971]::ops::function::FnOnce<()>>::call_once::{shim:vtable#0}
[INFO] [stdout]   17:     0x63ec63f618df - <std[617be2ca0a6fd877]::sys::thread::unix::Thread>::new::thread_start
[INFO] [stdout]   18:     0x75df7aceedfa - <unknown>
[INFO] [stdout]   19:     0x75df7ad823d4 - clone
[INFO] [stdout]   20:                0x0 - <unknown>
[INFO] [stdout] 
[INFO] [stdout] ---- sync_materializes_oci_rootfs_package_into_fresh_root stdout ----
[INFO] [stdout] 
[INFO] [stdout] thread 'sync_materializes_oci_rootfs_package_into_fresh_root' (1665) panicked at tests/integration.rs:4467:10:
[INFO] [stdout] spawn command: Os { code: 2, kind: NotFound, message: "No such file or directory" }
[INFO] [stdout] stack backtrace:
[INFO] [stdout]    0:     0x63ec63f629a1 - <<std[617be2ca0a6fd877]::sys::backtrace::BacktraceLock>::print::DisplayBacktrace as core[a373ad73a504971]::fmt::Display>::fmt
[INFO] [stdout]    1:     0x63ec63f7860a - core[a373ad73a504971]::fmt::write
[INFO] [stdout]    2:     0x63ec63f6779c - <alloc[2e1b2a31b91974c5]::vec::Vec<u8> as core[a373ad73a504971]::io::write::Write>::write_fmt
[INFO] [stdout]    3:     0x63ec63f3a4a6 - std[617be2ca0a6fd877]::panicking::default_hook::{closure#0}
[INFO] [stdout]    4:     0x63ec63f58899 - std[617be2ca0a6fd877]::panicking::default_hook
[INFO] [stdout]    5:     0x63ec63e245c0 - test[aada8e7e76ba119b]::test_main_inner::{closure#0}
[INFO] [stdout]    6:     0x63ec63f58bc2 - std[617be2ca0a6fd877]::panicking::panic_with_hook
[INFO] [stdout]    7:     0x63ec63f3a552 - std[617be2ca0a6fd877]::panicking::panic_handler::{closure#0}
[INFO] [stdout]    8:     0x63ec63f32929 - std[617be2ca0a6fd877]::sys::backtrace::__rust_end_short_backtrace::<std[617be2ca0a6fd877]::panicking::panic_handler::{closure#0}, !>
[INFO] [stdout]    9:     0x63ec63f3b41d - __rustc[ea4f61d10b84890b]::rust_begin_unwind
[INFO] [stdout]   10:     0x63ec63f78d3c - core[a373ad73a504971]::panicking::panic_fmt
[INFO] [stdout]   11:     0x63ec63f78b12 - core[a373ad73a504971]::result::unwrap_failed
[INFO] [stdout]   12:     0x63ec63dd541e - integration[808c5de3b466c59b]::run_command_vec
[INFO] [stdout]   13:     0x63ec63ddfb64 - <integration[808c5de3b466c59b]::Sandbox>::create_local_oci_layout
[INFO] [stdout]   14:     0x63ec63df1f4a - <integration[808c5de3b466c59b]::sync_materializes_oci_rootfs_package_into_fresh_root::{closure#0} as core[a373ad73a504971]::ops::function::FnOnce<()>>::call_once
[INFO] [stdout]   15:     0x63ec63e17a0b - test[aada8e7e76ba119b]::__rust_begin_short_backtrace::<core[a373ad73a504971]::result::Result<(), alloc[2e1b2a31b91974c5]::string::String>, fn() -> core[a373ad73a504971]::result::Result<(), alloc[2e1b2a31b91974c5]::string::String>>
[INFO] [stdout]   16:     0x63ec63e24be5 - test[aada8e7e76ba119b]::run_test::{closure#0}
[INFO] [stdout]   17:     0x63ec63e1e4d4 - std[617be2ca0a6fd877]::sys::backtrace::__rust_begin_short_backtrace::<test[aada8e7e76ba119b]::run_test::{closure#1}, ()>
[INFO] [stdout]   18:     0x63ec63e27c72 - <std[617be2ca0a6fd877]::thread::lifecycle::spawn_unchecked<test[aada8e7e76ba119b]::run_test::{closure#1}, ()>::{closure#1} as core[a373ad73a504971]::ops::function::FnOnce<()>>::call_once::{shim:vtable#0}
[INFO] [stdout]   19:     0x63ec63f618df - <std[617be2ca0a6fd877]::sys::thread::unix::Thread>::new::thread_start
[INFO] [stdout]   20:     0x75df7aceedfa - <unknown>
[INFO] [stdout]   21:     0x75df7ad823d4 - clone
[INFO] [stdout]   22:                0x0 - <unknown>
[INFO] [stdout] 
[INFO] [stdout] ---- sync_materializes_oci_rootfs_package_with_toolchain_inputs stdout ----
[INFO] [stdout] 
[INFO] [stdout] thread 'sync_materializes_oci_rootfs_package_with_toolchain_inputs' (1743) panicked at tests/integration.rs:4467:10:
[INFO] [stdout] spawn command: Os { code: 2, kind: NotFound, message: "No such file or directory" }
[INFO] [stdout] stack backtrace:
[INFO] [stdout]    0:     0x63ec63f629a1 - <<std[617be2ca0a6fd877]::sys::backtrace::BacktraceLock>::print::DisplayBacktrace as core[a373ad73a504971]::fmt::Display>::fmt
[INFO] [stdout]    1:     0x63ec63f7860a - core[a373ad73a504971]::fmt::write
[INFO] [stdout]    2:     0x63ec63f6779c - <alloc[2e1b2a31b91974c5]::vec::Vec<u8> as core[a373ad73a504971]::io::write::Write>::write_fmt
[INFO] [stdout]    3:     0x63ec63f3a4a6 - std[617be2ca0a6fd877]::panicking::default_hook::{closure#0}
[INFO] [stdout]    4:     0x63ec63f58899 - std[617be2ca0a6fd877]::panicking::default_hook
[INFO] [stdout]    5:     0x63ec63e245c0 - test[aada8e7e76ba119b]::test_main_inner::{closure#0}
[INFO] [stdout]    6:     0x63ec63f58bc2 - std[617be2ca0a6fd877]::panicking::panic_with_hook
[INFO] [stdout]    7:     0x63ec63f3a552 - std[617be2ca0a6fd877]::panicking::panic_handler::{closure#0}
[INFO] [stdout]    8:     0x63ec63f32929 - std[617be2ca0a6fd877]::sys::backtrace::__rust_end_short_backtrace::<std[617be2ca0a6fd877]::panicking::panic_handler::{closure#0}, !>
[INFO] [stdout]    9:     0x63ec63f3b41d - __rustc[ea4f61d10b84890b]::rust_begin_unwind
[INFO] [stdout]   10:     0x63ec63f78d3c - core[a373ad73a504971]::panicking::panic_fmt
[INFO] [stdout]   11:     0x63ec63f78b12 - core[a373ad73a504971]::result::unwrap_failed
[INFO] [stdout]   12:     0x63ec63dd541e - integration[808c5de3b466c59b]::run_command_vec
[INFO] [stdout]   13:     0x63ec63ddfb64 - <integration[808c5de3b466c59b]::Sandbox>::create_local_oci_layout
[INFO] [stdout]   14:     0x63ec63dfdf93 - <integration[808c5de3b466c59b]::sync_materializes_oci_rootfs_package_with_toolchain_inputs::{closure#0} as core[a373ad73a504971]::ops::function::FnOnce<()>>::call_once
[INFO] [stdout]   15:     0x63ec63e17a0b - test[aada8e7e76ba119b]::__rust_begin_short_backtrace::<core[a373ad73a504971]::result::Result<(), alloc[2e1b2a31b91974c5]::string::String>, fn() -> core[a373ad73a504971]::result::Result<(), alloc[2e1b2a31b91974c5]::string::String>>
[INFO] [stdout]   16:     0x63ec63e24be5 - test[aada8e7e76ba119b]::run_test::{closure#0}
[INFO] [stdout]   17:     0x63ec63e1e4d4 - std[617be2ca0a6fd877]::sys::backtrace::__rust_begin_short_backtrace::<test[aada8e7e76ba119b]::run_test::{closure#1}, ()>
[INFO] [stdout]   18:     0x63ec63e27c72 - <std[617be2ca0a6fd877]::thread::lifecycle::spawn_unchecked<test[aada8e7e76ba119b]::run_test::{closure#1}, ()>::{closure#1} as core[a373ad73a504971]::ops::function::FnOnce<()>>::call_once::{shim:vtable#0}
[INFO] [stdout]   19:     0x63ec63f618df - <std[617be2ca0a6fd877]::sys::thread::unix::Thread>::new::thread_start
[INFO] [stdout]   20:     0x75df7aceedfa - <unknown>
[INFO] [stdout]   21:     0x75df7ad823d4 - clone
[INFO] [stdout]   22:                0x0 - <unknown>
[INFO] [stdout] 
[INFO] [stdout] ---- sync_materializes_scratch_package_with_toolchain_inputs_and_isolation stdout ----
[INFO] [stdout] 
[INFO] [stdout] thread 'sync_materializes_scratch_package_with_toolchain_inputs_and_isolation' (1745) panicked at tests/integration.rs:2943:6:
[INFO] [stdout] sync should materialize scratch package: materialization log for scratch_demo[release]@1.0.0:
[INFO] [stdout] materializing scratch_demo[release]@1.0.0
[INFO] [stdout] resolve git /tmp/.tmp96pGo8/upstreams/scratch_demo HEAD
[INFO] [stdout] run git fetch --tags --force --prune origin
[INFO] [stdout] reuse clean git checkout 58b5c9297d1b294eeceead7a4801264d4eaba397
[INFO] [stdout] rootless Linux namespace backend unavailable:
[INFO] [stdout]   unshare --fork --user --map-root-user --pid --mount --uts --ipc -- true
[INFO] [stdout]   exited with status exit status: 1: unshare: unshare failed: Operation not permitted
[INFO] [stdout] 
[INFO] [stdout] 
[INFO] [stdout] Caused by:
[INFO] [stdout]     BUILD_ROOT SCRATCH requires Linux namespace isolation.
[INFO] [stdout]     rootless user namespaces are unavailable:
[INFO] [stdout]       unshare --fork --user --map-root-user --pid --mount --uts --ipc -- true
[INFO] [stdout]       exited with status exit status: 1: unshare: unshare failed: Operation not permitted
[INFO] [stdout]     host-staged fallback is not valid for BUILD_ROOT SCRATCH.
[INFO] [stdout]     Enable unprivileged user namespaces, or run with DEPOS_LINUX_ISOLATION=privileged from a process with CAP_SYS_ADMIN.
[INFO] [stdout] 
[INFO] [stdout] Stack backtrace:
[INFO] [stdout]    0: <anyhow::Error>::msg::<alloc::string::String>
[INFO] [stdout]    1: depos::execute_command_pipeline
[INFO] [stdout]    2: depos::materialize_one_local_package
[INFO] [stdout]    3: depos::materialize_local_packages
[INFO] [stdout]    4: depos::sync_registry
[INFO] [stdout]    5: <integration::sync_materializes_scratch_package_with_toolchain_inputs_and_isolation::{closure#0} as core::ops::function::FnOnce<()>>::call_once
[INFO] [stdout]    6: test::__rust_begin_short_backtrace::<core::result::Result<(), alloc::string::String>, fn() -> core::result::Result<(), alloc::string::String>>
[INFO] [stdout]    7: test::run_test::{closure#0}
[INFO] [stdout]    8: std::sys::backtrace::__rust_begin_short_backtrace::<test::run_test::{closure#1}, ()>
[INFO] [stdout]    9: <std::thread::lifecycle::spawn_unchecked<test::run_test::{closure#1}, ()>::{closure#1} as core::ops::function::FnOnce<()>>::call_once::{shim:vtable#0}
[INFO] [stdout]   10: <std::sys::thread::unix::Thread>::new::thread_start
[INFO] [stdout]   11: <unknown>
[INFO] [stdout]   12: clone
[INFO] [stdout] stack backtrace:
[INFO] [stdout]    0:     0x63ec63f629a1 - <<std[617be2ca0a6fd877]::sys::backtrace::BacktraceLock>::print::DisplayBacktrace as core[a373ad73a504971]::fmt::Display>::fmt
[INFO] [stdout]    1:     0x63ec63f7860a - core[a373ad73a504971]::fmt::write
[INFO] [stdout]    2:     0x63ec63f6779c - <alloc[2e1b2a31b91974c5]::vec::Vec<u8> as core[a373ad73a504971]::io::write::Write>::write_fmt
[INFO] [stdout]    3:     0x63ec63f3a4a6 - std[617be2ca0a6fd877]::panicking::default_hook::{closure#0}
[INFO] [stdout]    4:     0x63ec63f58899 - std[617be2ca0a6fd877]::panicking::default_hook
[INFO] [stdout]    5:     0x63ec63e245c0 - test[aada8e7e76ba119b]::test_main_inner::{closure#0}
[INFO] [stdout]    6:     0x63ec63f58bc2 - std[617be2ca0a6fd877]::panicking::panic_with_hook
[INFO] [stdout]    7:     0x63ec63f3a552 - std[617be2ca0a6fd877]::panicking::panic_handler::{closure#0}
[INFO] [stdout]    8:     0x63ec63f32929 - std[617be2ca0a6fd877]::sys::backtrace::__rust_end_short_backtrace::<std[617be2ca0a6fd877]::panicking::panic_handler::{closure#0}, !>
[INFO] [stdout]    9:     0x63ec63f3b41d - __rustc[ea4f61d10b84890b]::rust_begin_unwind
[INFO] [stdout]   10:     0x63ec63f78d3c - core[a373ad73a504971]::panicking::panic_fmt
[INFO] [stdout]   11:     0x63ec63f78b12 - core[a373ad73a504971]::result::unwrap_failed
[INFO] [stdout]   12:     0x63ec63e0c4bb - <integration[808c5de3b466c59b]::sync_materializes_scratch_package_with_toolchain_inputs_and_isolation::{closure#0} as core[a373ad73a504971]::ops::function::FnOnce<()>>::call_once
[INFO] [stdout]   13:     0x63ec63e17a0b - test[aada8e7e76ba119b]::__rust_begin_short_backtrace::<core[a373ad73a504971]::result::Result<(), alloc[2e1b2a31b91974c5]::string::String>, fn() -> core[a373ad73a504971]::result::Result<(), alloc[2e1b2a31b91974c5]::string::String>>
[INFO] [stdout]   14:     0x63ec63e24be5 - test[aada8e7e76ba119b]::run_test::{closure#0}
[INFO] [stdout]   15:     0x63ec63e1e4d4 - std[617be2ca0a6fd877]::sys::backtrace::__rust_begin_short_backtrace::<test[aada8e7e76ba119b]::run_test::{closure#1}, ()>
[INFO] [stdout]   16:     0x63ec63e27c72 - <std[617be2ca0a6fd877]::thread::lifecycle::spawn_unchecked<test[aada8e7e76ba119b]::run_test::{closure#1}, ()>::{closure#1} as core[a373ad73a504971]::ops::function::FnOnce<()>>::call_once::{shim:vtable#0}
[INFO] [stdout]   17:     0x63ec63f618df - <std[617be2ca0a6fd877]::sys::thread::unix::Thread>::new::thread_start
[INFO] [stdout]   18:     0x75df7aceedfa - <unknown>
[INFO] [stdout]   19:     0x75df7ad823d4 - clone
[INFO] [stdout]   20:                0x0 - <unknown>
[INFO] [stdout] 
[INFO] [stdout] ---- sync_rejects_staged_symlink_that_escapes_source_root stdout ----
[INFO] [stdout] 
[INFO] [stdout] thread 'sync_rejects_staged_symlink_that_escapes_source_root' (2299) panicked at tests/integration.rs:1816:5:
[INFO] [stdout] assertion failed: rendered.contains("resolves outside its allowed root")
[INFO] [stdout] stack backtrace:
[INFO] [stdout]    0:     0x63ec63f629a1 - <<std[617be2ca0a6fd877]::sys::backtrace::BacktraceLock>::print::DisplayBacktrace as core[a373ad73a504971]::fmt::Display>::fmt
[INFO] [stdout]    1:     0x63ec63f7860a - core[a373ad73a504971]::fmt::write
[INFO] [stdout]    2:     0x63ec63f6779c - <alloc[2e1b2a31b91974c5]::vec::Vec<u8> as core[a373ad73a504971]::io::write::Write>::write_fmt
[INFO] [stdout]    3:     0x63ec63f3a4a6 - std[617be2ca0a6fd877]::panicking::default_hook::{closure#0}
[INFO] [stdout]    4:     0x63ec63f58899 - std[617be2ca0a6fd877]::panicking::default_hook
[INFO] [stdout]    5:     0x63ec63e245c0 - test[aada8e7e76ba119b]::test_main_inner::{closure#0}
[INFO] [stdout]    6:     0x63ec63f58bc2 - std[617be2ca0a6fd877]::panicking::panic_with_hook
[INFO] [stdout]    7:     0x63ec63f3a584 - std[617be2ca0a6fd877]::panicking::panic_handler::{closure#0}
[INFO] [stdout]    8:     0x63ec63f32929 - std[617be2ca0a6fd877]::sys::backtrace::__rust_end_short_backtrace::<std[617be2ca0a6fd877]::panicking::panic_handler::{closure#0}, !>
[INFO] [stdout]    9:     0x63ec63f3b41d - __rustc[ea4f61d10b84890b]::rust_begin_unwind
[INFO] [stdout]   10:     0x63ec63f78d3c - core[a373ad73a504971]::panicking::panic_fmt
[INFO] [stdout]   11:     0x63ec63f78d02 - core[a373ad73a504971]::panicking::panic
[INFO] [stdout]   12:     0x63ec63df3757 - <integration[808c5de3b466c59b]::sync_rejects_staged_symlink_that_escapes_source_root::{closure#0} as core[a373ad73a504971]::ops::function::FnOnce<()>>::call_once
[INFO] [stdout]   13:     0x63ec63e17a0b - test[aada8e7e76ba119b]::__rust_begin_short_backtrace::<core[a373ad73a504971]::result::Result<(), alloc[2e1b2a31b91974c5]::string::String>, fn() -> core[a373ad73a504971]::result::Result<(), alloc[2e1b2a31b91974c5]::string::String>>
[INFO] [stdout]   14:     0x63ec63e24be5 - test[aada8e7e76ba119b]::run_test::{closure#0}
[INFO] [stdout]   15:     0x63ec63e1e4d4 - std[617be2ca0a6fd877]::sys::backtrace::__rust_begin_short_backtrace::<test[aada8e7e76ba119b]::run_test::{closure#1}, ()>
[INFO] [stdout]   16:     0x63ec63e27c72 - <std[617be2ca0a6fd877]::thread::lifecycle::spawn_unchecked<test[aada8e7e76ba119b]::run_test::{closure#1}, ()>::{closure#1} as core[a373ad73a504971]::ops::function::FnOnce<()>>::call_once::{shim:vtable#0}
[INFO] [stdout]   17:     0x63ec63f618df - <std[617be2ca0a6fd877]::sys::thread::unix::Thread>::new::thread_start
[INFO] [stdout]   18:     0x75df7aceedfa - <unknown>
[INFO] [stdout]   19:     0x75df7ad823d4 - clone
[INFO] [stdout]   20:                0x0 - <unknown>
[INFO] [stdout] 
[INFO] [stdout] ---- sync_rejects_stage_source_path_through_intermediate_symlink_directory stdout ----
[INFO] [stdout] 
[INFO] [stdout] thread 'sync_rejects_stage_source_path_through_intermediate_symlink_directory' (2277) panicked at tests/integration.rs:1917:5:
[INFO] [stdout] materialization log for stage_path_escape[release]@1.0.0:
[INFO] [stdout] materializing stage_path_escape[release]@1.0.0
[INFO] [stdout] resolve git /tmp/.tmpLXiJd3/upstreams/stage_path_escape HEAD
[INFO] [stdout] run git fetch --tags --force --prune origin
[INFO] [stdout] reuse clean git checkout fe3f54abaf63aebac2adff06ea19feaca9f74f3b
[INFO] [stdout] rootless Linux namespace backend unavailable:
[INFO] [stdout]   unshare --fork --user --map-root-user --pid --mount --uts --ipc -- true
[INFO] [stdout]   exited with status exit status: 1: unshare: unshare failed: Operation not permitted
[INFO] [stdout] falling back to host-staged BUILD_ROOT SYSTEM backend
[INFO] [stdout] copy file /tmp/.tmpLXiJd3/downloads/stage_path_escape/release/1.0.0/src/.git/FETCH_HEAD -> /tmp/.tmpLXiJd3/.run/metalor-runtime/stage_path_escape/release/1.0.0/job/work/source/.git/FETCH_HEAD
[INFO] [stdout] copy file /tmp/.tmpLXiJd3/downloads/stage_path_escape/release/1.0.0/src/.git/HEAD -> /tmp/.tmpLXiJd3/.run/metalor-runtime/stage_path_escape/release/1.0.0/job/work/source/.git/HEAD
[INFO] [stdout] copy file /tmp/.tmpLXiJd3/downloads/stage_path_escape/release/1.0.0/src/.git/config -> /tmp/.tmpLXiJd3/.run/metalor-runtime/stage_path_escape/release/1.0.0/job/work/source/.git/config
[INFO] [stdout] copy file /tmp/.tmpLXiJd3/downloads/stage_path_escape/release/1.0.0/src/.git/description -> /tmp/.tmpLXiJd3/.run/metalor-runtime/stage_path_escape/release/1.0.0/job/work/source/.git/description
[INFO] [stdout] copy file /tmp/.tmpLXiJd3/downloads/stage_path_escape/release/1.0.0/src/.git/hooks/applypatch-msg.sample -> /tmp/.tmpLXiJd3/.run/metalor-runtime/stage_path_escape/release/1.0.0/job/work/source/.git/hooks/applypatch-msg.sample
[INFO] [stdout] copy file /tmp/.tmpLXiJd3/downloads/stage_path_escape/release/1.0.0/src/.git/hooks/commit-msg.sample -> /tmp/.tmpLXiJd3/.run/metalor-runtime/stage_path_escape/release/1.0.0/job/work/source/.git/hooks/commit-msg.sample
[INFO] [stdout] copy file /tmp/.tmpLXiJd3/downloads/stage_path_escape/release/1.0.0/src/.git/hooks/fsmonitor-watchman.sample -> /tmp/.tmpLXiJd3/.run/metalor-runtime/stage_path_escape/release/1.0.0/job/work/source/.git/hooks/fsmonitor-watchman.sample
[INFO] [stdout] copy file /tmp/.tmpLXiJd3/downloads/stage_path_escape/release/1.0.0/src/.git/hooks/post-update.sample -> /tmp/.tmpLXiJd3/.run/metalor-runtime/stage_path_escape/release/1.0.0/job/work/source/.git/hooks/post-update.sample
[INFO] [stdout] copy file /tmp/.tmpLXiJd3/downloads/stage_path_escape/release/1.0.0/src/.git/hooks/pre-applypatch.sample -> /tmp/.tmpLXiJd3/.run/metalor-runtime/stage_path_escape/release/1.0.0/job/work/source/.git/hooks/pre-applypatch.sample
[INFO] [stdout] copy file /tmp/.tmpLXiJd3/downloads/stage_path_escape/release/1.0.0/src/.git/hooks/pre-commit.sample -> /tmp/.tmpLXiJd3/.run/metalor-runtime/stage_path_escape/release/1.0.0/job/work/source/.git/hooks/pre-commit.sample
[INFO] [stdout] copy file /tmp/.tmpLXiJd3/downloads/stage_path_escape/release/1.0.0/src/.git/hooks/pre-merge-commit.sample -> /tmp/.tmpLXiJd3/.run/metalor-runtime/stage_path_escape/release/1.0.0/job/work/source/.git/hooks/pre-merge-commit.sample
[INFO] [stdout] copy file /tmp/.tmpLXiJd3/downloads/stage_path_escape/release/1.0.0/src/.git/hooks/pre-push.sample -> /tmp/.tmpLXiJd3/.run/metalor-runtime/stage_path_escape/release/1.0.0/job/work/source/.git/hooks/pre-push.sample
[INFO] [stdout] copy file /tmp/.tmpLXiJd3/downloads/stage_path_escape/release/1.0.0/src/.git/hooks/pre-rebase.sample -> /tmp/.tmpLXiJd3/.run/metalor-runtime/stage_path_escape/release/1.0.0/job/work/source/.git/hooks/pre-rebase.sample
[INFO] [stdout] copy file /tmp/.tmpLXiJd3/downloads/stage_path_escape/release/1.0.0/src/.git/hooks/pre-receive.sample -> /tmp/.tmpLXiJd3/.run/metalor-runtime/stage_path_escape/release/1.0.0/job/work/source/.git/hooks/pre-receive.sample
[INFO] [stdout] copy file /tmp/.tmpLXiJd3/downloads/stage_path_escape/release/1.0.0/src/.git/hooks/prepare-commit-msg.sample -> /tmp/.tmpLXiJd3/.run/metalor-runtime/stage_path_escape/release/1.0.0/job/work/source/.git/hooks/prepare-commit-msg.sample
[INFO] [stdout] copy file /tmp/.tmpLXiJd3/downloads/stage_path_escape/release/1.0.0/src/.git/hooks/push-to-checkout.sample -> /tmp/.tmpLXiJd3/.run/metalor-runtime/stage_path_escape/release/1.0.0/job/work/source/.git/hooks/push-to-checkout.sample
[INFO] [stdout] copy file /tmp/.tmpLXiJd3/downloads/stage_path_escape/release/1.0.0/src/.git/hooks/sendemail-validate.sample -> /tmp/.tmpLXiJd3/.run/metalor-runtime/stage_path_escape/release/1.0.0/job/work/source/.git/hooks/sendemail-validate.sample
[INFO] [stdout] copy file /tmp/.tmpLXiJd3/downloads/stage_path_escape/release/1.0.0/src/.git/hooks/update.sample -> /tmp/.tmpLXiJd3/.run/metalor-runtime/stage_path_escape/release/1.0.0/job/work/source/.git/hooks/update.sample
[INFO] [stdout] copy file /tmp/.tmpLXiJd3/downloads/stage_path_escape/release/1.0.0/src/.git/index -> /tmp/.tmpLXiJd3/.run/metalor-runtime/stage_path_escape/release/1.0.0/job/work/source/.git/index
[INFO] [stdout] copy file /tmp/.tmpLXiJd3/downloads/stage_path_escape/release/1.0.0/src/.git/info/exclude -> /tmp/.tmpLXiJd3/.run/metalor-runtime/stage_path_escape/release/1.0.0/job/work/source/.git/info/exclude
[INFO] [stdout] copy file /tmp/.tmpLXiJd3/downloads/stage_path_escape/release/1.0.0/src/.git/logs/HEAD -> /tmp/.tmpLXiJd3/.run/metalor-runtime/stage_path_escape/release/1.0.0/job/work/source/.git/logs/HEAD
[INFO] [stdout] copy file /tmp/.tmpLXiJd3/downloads/stage_path_escape/release/1.0.0/src/.git/logs/refs/heads/master -> /tmp/.tmpLXiJd3/.run/metalor-runtime/stage_path_escape/release/1.0.0/job/work/source/.git/logs/refs/heads/master
[INFO] [stdout] copy file /tmp/.tmpLXiJd3/downloads/stage_path_escape/release/1.0.0/src/.git/logs/refs/remotes/origin/HEAD -> /tmp/.tmpLXiJd3/.run/metalor-runtime/stage_path_escape/release/1.0.0/job/work/source/.git/logs/refs/remotes/origin/HEAD
[INFO] [stdout] copy file /tmp/.tmpLXiJd3/downloads/stage_path_escape/release/1.0.0/src/.git/objects/2c/9c97ee8ab27e6518d60ebe537bae178cf14f6d -> /tmp/.tmpLXiJd3/.run/metalor-runtime/stage_path_escape/release/1.0.0/job/work/source/.git/objects/2c/9c97ee8ab27e6518d60ebe537bae178cf14f6d
[INFO] [stdout] copy file /tmp/.tmpLXiJd3/downloads/stage_path_escape/release/1.0.0/src/.git/objects/3f/91229a404815734049981d84b2f31f2d147e51 -> /tmp/.tmpLXiJd3/.run/metalor-runtime/stage_path_escape/release/1.0.0/job/work/source/.git/objects/3f/91229a404815734049981d84b2f31f2d147e51
[INFO] [stdout] copy file /tmp/.tmpLXiJd3/downloads/stage_path_escape/release/1.0.0/src/.git/objects/b4/b3619445ddb5c3d408a9ea0ca7236bf5915aca -> /tmp/.tmpLXiJd3/.run/metalor-runtime/stage_path_escape/release/1.0.0/job/work/source/.git/objects/b4/b3619445ddb5c3d408a9ea0ca7236bf5915aca
[INFO] [stdout] copy file /tmp/.tmpLXiJd3/downloads/stage_path_escape/release/1.0.0/src/.git/objects/d9/798deffe2e654b57d1cee6bd38174eebc42e31 -> /tmp/.tmpLXiJd3/.run/metalor-runtime/stage_path_escape/release/1.0.0/job/work/source/.git/objects/d9/798deffe2e654b57d1cee6bd38174eebc42e31
[INFO] [stdout] copy file /tmp/.tmpLXiJd3/downloads/stage_path_escape/release/1.0.0/src/.git/objects/fb/8bf0b98fe8e4810a2f04da299dbe59b04c9703 -> /tmp/.tmpLXiJd3/.run/metalor-runtime/stage_path_escape/release/1.0.0/job/work/source/.git/objects/fb/8bf0b98fe8e4810a2f04da299dbe59b04c9703
[INFO] [stdout] copy file /tmp/.tmpLXiJd3/downloads/stage_path_escape/release/1.0.0/src/.git/objects/fe/3f54abaf63aebac2adff06ea19feaca9f74f3b -> /tmp/.tmpLXiJd3/.run/metalor-runtime/stage_path_escape/release/1.0.0/job/work/source/.git/objects/fe/3f54abaf63aebac2adff06ea19feaca9f74f3b
[INFO] [stdout] copy file /tmp/.tmpLXiJd3/downloads/stage_path_escape/release/1.0.0/src/.git/packed-refs -> /tmp/.tmpLXiJd3/.run/metalor-runtime/stage_path_escape/release/1.0.0/job/work/source/.git/packed-refs
[INFO] [stdout] copy file /tmp/.tmpLXiJd3/downloads/stage_path_escape/release/1.0.0/src/.git/refs/heads/master -> /tmp/.tmpLXiJd3/.run/metalor-runtime/stage_path_escape/release/1.0.0/job/work/source/.git/refs/heads/master
[INFO] [stdout] copy file /tmp/.tmpLXiJd3/downloads/stage_path_escape/release/1.0.0/src/.git/refs/remotes/origin/HEAD -> /tmp/.tmpLXiJd3/.run/metalor-runtime/stage_path_escape/release/1.0.0/job/work/source/.git/refs/remotes/origin/HEAD
[INFO] [stdout] copy file /tmp/.tmpLXiJd3/downloads/stage_path_escape/release/1.0.0/src/README.md -> /tmp/.tmpLXiJd3/.run/metalor-runtime/stage_path_escape/release/1.0.0/job/work/source/README.md
[INFO] [stdout] : symlink '/tmp/.tmpLXiJd3/downloads/stage_path_escape/release/1.0.0/src/escape' points outside its allowed root '/tmp/.tmpLXiJd3/downloads/stage_path_escape/release/1.0.0/src': '/tmp/.tmpLXiJd3/tmp/escaped-stage-directory'
[INFO] [stdout] stack backtrace:
[INFO] [stdout]    0:     0x63ec63f629a1 - <<std[617be2ca0a6fd877]::sys::backtrace::BacktraceLock>::print::DisplayBacktrace as core[a373ad73a504971]::fmt::Display>::fmt
[INFO] [stdout]    1:     0x63ec63f7860a - core[a373ad73a504971]::fmt::write
[INFO] [stdout]    2:     0x63ec63f6779c - <alloc[2e1b2a31b91974c5]::vec::Vec<u8> as core[a373ad73a504971]::io::write::Write>::write_fmt
[INFO] [stdout]    3:     0x63ec63f3a4a6 - std[617be2ca0a6fd877]::panicking::default_hook::{closure#0}
[INFO] [stdout]    4:     0x63ec63f58899 - std[617be2ca0a6fd877]::panicking::default_hook
[INFO] [stdout]    5:     0x63ec63e245c0 - test[aada8e7e76ba119b]::test_main_inner::{closure#0}
[INFO] [stdout]    6:     0x63ec63f58bc2 - std[617be2ca0a6fd877]::panicking::panic_with_hook
[INFO] [stdout]    7:     0x63ec63f3a552 - std[617be2ca0a6fd877]::panicking::panic_handler::{closure#0}
[INFO] [stdout]    8:     0x63ec63f32929 - std[617be2ca0a6fd877]::sys::backtrace::__rust_end_short_backtrace::<std[617be2ca0a6fd877]::panicking::panic_handler::{closure#0}, !>
[INFO] [stdout]    9:     0x63ec63f3b41d - __rustc[ea4f61d10b84890b]::rust_begin_unwind
[INFO] [stdout]   10:     0x63ec63f78d3c - core[a373ad73a504971]::panicking::panic_fmt
[INFO] [stdout]   11:     0x63ec63e0ced4 - <integration[808c5de3b466c59b]::sync_rejects_stage_source_path_through_intermediate_symlink_directory::{closure#0} as core[a373ad73a504971]::ops::function::FnOnce<()>>::call_once
[INFO] [stdout]   12:     0x63ec63e17a0b - test[aada8e7e76ba119b]::__rust_begin_short_backtrace::<core[a373ad73a504971]::result::Result<(), alloc[2e1b2a31b91974c5]::string::String>, fn() -> core[a373ad73a504971]::result::Result<(), alloc[2e1b2a31b91974c5]::string::String>>
[INFO] [stdout]   13:     0x63ec63e24be5 - test[aada8e7e76ba119b]::run_test::{closure#0}
[INFO] [stdout]   14:     0x63ec63e1e4d4 - std[617be2ca0a6fd877]::sys::backtrace::__rust_begin_short_backtrace::<test[aada8e7e76ba119b]::run_test::{closure#1}, ()>
[INFO] [stdout]   15:     0x63ec63e27c72 - <std[617be2ca0a6fd877]::thread::lifecycle::spawn_unchecked<test[aada8e7e76ba119b]::run_test::{closure#1}, ()>::{closure#1} as core[a373ad73a504971]::ops::function::FnOnce<()>>::call_once::{shim:vtable#0}
[INFO] [stdout]   16:     0x63ec63f618df - <std[617be2ca0a6fd877]::sys::thread::unix::Thread>::new::thread_start
[INFO] [stdout]   17:     0x75df7aceedfa - <unknown>
[INFO] [stdout]   18:     0x75df7ad823d4 - clone
[INFO] [stdout]   19:                0x0 - <unknown>
[INFO] [stdout] 
[INFO] [stdout] 
[INFO] [stdout] failures:
[INFO] [stdout]     checked_local_depofiles_parse_cleanly
[INFO] [stdout]     cmake_bootstrap_reads_repo_local_project_defaults
[INFO] [stdout]     cmake_depend_functions_emit_status_updates
[INFO] [stdout]     cmake_depofile_consumer_matrix_cascades_transitive_dependencies
[INFO] [stdout]     cmake_source_library_matrix_cascades_dependencies
[INFO] [stdout]     generated_local_depofiles_are_in_sync_with_canonical_schemas
[INFO] [stdout]     sync_injects_pkg_config_libdir_for_autoconf_dependencies
[INFO] [stdout]     sync_materializes_cross_target_oci_rootfs_package_into_target_variant
[INFO] [stdout]     sync_materializes_cross_target_oci_when_build_arch_is_foreign
[INFO] [stdout]     sync_materializes_foreign_oci_rootfs_package_with_toolchain_inputs
[INFO] [stdout]     sync_materializes_oci_rootfs_package_into_fresh_root
[INFO] [stdout]     sync_materializes_oci_rootfs_package_with_toolchain_inputs
[INFO] [stdout]     sync_materializes_scratch_package_with_toolchain_inputs_and_isolation
[INFO] [stdout]     sync_rejects_stage_source_path_through_intermediate_symlink_directory
[INFO] [stdout]     sync_rejects_staged_symlink_that_escapes_source_root
[INFO] [stdout] 
[INFO] [stdout] test result: FAILED. 61 passed; 15 failed; 0 ignored; 0 measured; 0 filtered out; finished in 4.44s
[INFO] [stdout] 
[INFO] running `Command { std: "docker" "inspect" "a4323787c6d7716708bfb9ac5cdd5850863ecca6776639ac44d9b681b5825300", kill_on_drop: false }`
[INFO] running `Command { std: "docker" "rm" "-f" "a4323787c6d7716708bfb9ac5cdd5850863ecca6776639ac44d9b681b5825300", kill_on_drop: false }`
[INFO] [stdout] a4323787c6d7716708bfb9ac5cdd5850863ecca6776639ac44d9b681b5825300
