[INFO] fetching crate depo 0.13.0...
[INFO] testing depo-0.13.0 against 1.99.0-beta.8+cargoflags=--release for beta-release-1.100-2
[INFO] extracting crate depo 0.13.0 into /workspace/builds/worker-7-tc1/source
[INFO] started tweaking crates.io crate depo 0.13.0
[INFO] removed 0 missing tests
[INFO] finished tweaking crates.io crate depo 0.13.0
[INFO] tweaked toml for crates.io crate depo 0.13.0 written to /workspace/builds/worker-7-tc1/source/Cargo.toml
[INFO] validating manifest of crates.io crate depo 0.13.0 on toolchain 1.99.0-beta.8
[INFO] running `Command { std: CARGO_HOME="/workspace/cargo-home" RUSTUP_HOME="/workspace/rustup-home" "/workspace/cargo-home/bin/cargo" "+1.99.0-beta.8" "metadata" "--manifest-path" "Cargo.toml" "--no-deps", kill_on_drop: false }`
[INFO] crate crates.io crate depo 0.13.0 already has a lockfile, it will not be regenerated
[INFO] running `Command { std: CARGO_HOME="/workspace/cargo-home" RUSTUP_HOME="/workspace/rustup-home" "/workspace/cargo-home/bin/cargo" "+1.99.0-beta.8" "fetch" "--manifest-path" "Cargo.toml", kill_on_drop: false }`
[INFO] [stderr]     Updating crates.io index
[INFO] [stderr]  Downloading crates ...
[INFO] [stderr]   Downloaded warp v0.3.7
[INFO] [stderr]   Downloaded nu-ansi-term v0.49.0
[INFO] [stderr]   Downloaded mysql_async v0.36.1
[INFO] [stderr]   Downloaded keyed_priority_queue v0.4.2
[INFO] [stderr]   Downloaded lru v0.14.0
[INFO] [stderr]   Downloaded gstp v0.10.0
[INFO] [stderr]   Downloaded dcbor v0.23.0
[INFO] [stderr]   Downloaded provenance-mark v0.13.0
[INFO] [stderr]   Downloaded ur v0.4.1
[INFO] [stderr]   Downloaded bc-ur v0.13.0
[INFO] [stderr]   Downloaded bc-xid v0.13.0
[INFO] [stderr]   Downloaded minicbor v0.19.1
[INFO] [stderr]   Downloaded bitcoin_hashes v0.12.0
[INFO] [stderr]   Downloaded bitcoin-private v0.1.0
[INFO] [stderr]   Downloaded minicbor-derive v0.13.0
[INFO] [stderr]   Downloaded bc-tags v0.6.0
[INFO] [stderr]   Downloaded ssh-cipher v0.2.0
[INFO] [stderr]   Downloaded bc-rand v0.4.0
[INFO] [stderr]   Downloaded ssh-key v0.6.7
[INFO] [stderr]   Downloaded ssh-encoding v0.2.0
[INFO] [stderr]   Downloaded bc-envelope v0.34.0
[INFO] [stderr]   Downloaded bc-shamir v0.9.0
[INFO] [stderr]   Downloaded known-values v0.8.0
[INFO] [stderr]   Downloaded bc-components v0.25.0
[INFO] [stderr]   Downloaded sskr v0.9.0
[INFO] [stderr]   Downloaded bc-crypto v0.10.0
[INFO] [stderr]   Downloaded bitcoin_hashes v0.14.0
[INFO] [stderr]   Downloaded hex-conservative v0.2.1
[INFO] [stderr]   Downloaded bitcoin-io v0.1.3
[INFO] [stderr]   Downloaded ssh-agent-client-rs v1.1.0
[INFO] [stderr]   Downloaded widestring v1.2.0
[INFO] [stderr]   Downloaded doctest-file v1.0.0
[INFO] [stderr]   Downloaded pqcrypto-internals v0.2.10
[INFO] [stderr]   Downloaded interprocess v2.2.3
[INFO] [stderr]   Downloaded depo-api v0.15.0
[INFO] [stderr]   Downloaded pqcrypto-mlkem v0.1.0
[INFO] [stderr]   Downloaded pqcrypto-mldsa v0.1.1
[INFO] running `Command { std: "docker" "create" "-v" "/var/lib/crater-agent-workspace/builds/worker-7-tc1/source:/opt/rustwide/workdir:ro,Z" "-v" "/var/lib/crater-agent-workspace/builds/worker-7-tc1/target:/opt/rustwide/target:rw,Z" "-v" "/var/lib/crater-agent-workspace/cargo-home:/opt/rustwide/cargo-home:ro,Z" "-v" "/var/lib/crater-agent-workspace/rustup-home:/opt/rustwide/rustup-home:ro,Z" "-m" "1610612736" "--network" "none" "ghcr.io/rust-lang/crates-build-env/linux@sha256:77db811e55d90add9212f6832c23229e3de5f1c1f9905e8cb07319ea15df73ac" "sleep" "infinity", kill_on_drop: false }`
[INFO] [stdout] b31295e69aa1b94ee922dc0868f8666528246628e6a98e02734881a57dc42db6
[INFO] running `Command { std: "docker" "start" "b31295e69aa1b94ee922dc0868f8666528246628e6a98e02734881a57dc42db6", kill_on_drop: false }`
[INFO] running `Command { std: "docker" "inspect" "b31295e69aa1b94ee922dc0868f8666528246628e6a98e02734881a57dc42db6", kill_on_drop: false }`
[INFO] running `Command { std: "docker" "exec" "-e" "SOURCE_DIR=/opt/rustwide/workdir" "-e" "CARGO_HOME=/opt/rustwide/cargo-home" "-e" "RUSTUP_HOME=/opt/rustwide/rustup-home" "-e" "CARGO_TARGET_DIR=/opt/rustwide/target" "-w" "/opt/rustwide/workdir" "--user" "0:0" "b31295e69aa1b94ee922dc0868f8666528246628e6a98e02734881a57dc42db6" "/opt/rustwide/cargo-home/bin/cargo" "+1.99.0-beta.8" "metadata" "--no-deps" "--format-version=1", kill_on_drop: false }`
[INFO] running `Command { std: "docker" "inspect" "b31295e69aa1b94ee922dc0868f8666528246628e6a98e02734881a57dc42db6", kill_on_drop: false }`
[INFO] running `Command { std: "docker" "exec" "-e" "SOURCE_DIR=/opt/rustwide/workdir" "-e" "CARGO_HOME=/opt/rustwide/cargo-home" "-e" "RUSTUP_HOME=/opt/rustwide/rustup-home" "-e" "CARGO_TARGET_DIR=/opt/rustwide/target" "-e" "CARGO_INCREMENTAL=0" "-e" "RUST_BACKTRACE=full" "-e" "RUSTFLAGS=--cap-lints=warn" "-e" "RUSTDOCFLAGS=--cap-lints=warn" "-w" "/opt/rustwide/workdir" "--user" "0:0" "b31295e69aa1b94ee922dc0868f8666528246628e6a98e02734881a57dc42db6" "/opt/rustwide/cargo-home/bin/cargo" "+1.99.0-beta.8" "build" "--frozen" "--message-format=json" "--release", kill_on_drop: false }`
[INFO] [stderr]    Compiling libc v0.2.174
[INFO] [stderr]    Compiling subtle v2.6.1
[INFO] [stderr]    Compiling const-oid v0.9.6
[INFO] [stderr]    Compiling generic-array v0.14.7
[INFO] [stderr]    Compiling libm v0.2.15
[INFO] [stderr]    Compiling num-traits v0.2.19
[INFO] [stderr]    Compiling zerocopy v0.8.26
[INFO] [stderr]    Compiling zeroize_derive v1.4.2
[INFO] [stderr]    Compiling smallvec v1.15.1
[INFO] [stderr]    Compiling thiserror v2.0.12
[INFO] [stderr]    Compiling semver v1.0.26
[INFO] [stderr]    Compiling thiserror-impl v2.0.12
[INFO] [stderr]    Compiling spin v0.9.8
[INFO] [stderr]    Compiling base64ct v1.8.0
[INFO] [stderr]    Compiling zeroize v1.8.1
[INFO] [stderr]    Compiling rustc_version v0.4.1
[INFO] [stderr]    Compiling der v0.7.10
[INFO] [stderr]    Compiling curve25519-dalek v4.1.3
[INFO] [stderr]    Compiling jobserver v0.1.33
[INFO] [stderr]    Compiling serde v1.0.219
[INFO] [stderr]    Compiling getrandom v0.2.16
[INFO] [stderr]    Compiling rand_core v0.6.4
[INFO] [stderr]    Compiling cc v1.2.29
[INFO] [stderr]    Compiling ff v0.13.1
[INFO] [stderr]    Compiling lazy_static v1.5.0
[INFO] [stderr]    Compiling crypto-common v0.1.6
[INFO] [stderr]    Compiling block-buffer v0.10.4
[INFO] [stderr]    Compiling inout v0.1.4
[INFO] [stderr]    Compiling digest v0.10.7
[INFO] [stderr]    Compiling cipher v0.4.4
[INFO] [stderr]    Compiling base16ct v0.2.0
[INFO] [stderr]    Compiling sha2 v0.10.9
[INFO] [stderr]    Compiling hmac v0.12.1
[INFO] [stderr]    Compiling signature v2.2.0
[INFO] [stderr]    Compiling spki v0.7.3
[INFO] [stderr]    Compiling sec1 v0.7.3
[INFO] [stderr]    Compiling sha1 v0.10.6
[INFO] [stderr]    Compiling ppv-lite86 v0.2.21
[INFO] [stderr]    Compiling num-integer v0.1.46
[INFO] [stderr]    Compiling rand_chacha v0.3.1
[INFO] [stderr]    Compiling crypto-bigint v0.5.5
[INFO] [stderr]    Compiling group v0.13.0
[INFO] [stderr]    Compiling curve25519-dalek-derive v0.1.1
[INFO] [stderr]    Compiling rand v0.8.5
[INFO] [stderr]    Compiling icu_normalizer v2.0.0
[INFO] [stderr]    Compiling rfc6979 v0.4.0
[INFO] [stderr]    Compiling pqcrypto-internals v0.2.10
[INFO] [stderr]    Compiling idna_adapter v1.2.1
[INFO] [stderr]    Compiling secp256k1-sys v0.10.1
[INFO] [stderr]    Compiling ed25519 v2.2.3
[INFO] [stderr]    Compiling rand_xoshiro v0.6.0
[INFO] [stderr]    Compiling crc32fast v1.4.2
[INFO] [stderr]    Compiling num-bigint-dig v0.8.4
[INFO] [stderr]    Compiling siphasher v1.0.1
[INFO] [stderr]    Compiling glob v0.3.2
[INFO] [stderr]    Compiling idna v1.0.3
[INFO] [stderr]    Compiling phf_shared v0.11.3
[INFO] [stderr]    Compiling elliptic-curve v0.13.8
[INFO] [stderr]    Compiling ed25519-dalek v2.2.0
[INFO] [stderr]    Compiling ecdsa v0.16.9
[INFO] [stderr]    Compiling primeorder v0.13.6
[INFO] [stderr]    Compiling num-iter v0.1.45
[INFO] [stderr]    Compiling pkcs8 v0.10.2
[INFO] [stderr]    Compiling universal-hash v0.5.1
[INFO] [stderr]    Compiling bitcoin-private v0.1.0
[INFO] [stderr]    Compiling poly1305 v0.8.0
[INFO] [stderr]    Compiling tinyvec v1.9.0
[INFO] [stderr]    Compiling phf_generator v0.11.3
[INFO] [stderr]    Compiling url v2.5.4
[INFO] [stderr]    Compiling pbkdf2 v0.12.2
[INFO] [stderr]    Compiling blake2 v0.10.6
[INFO] [stderr]    Compiling salsa20 v0.10.2
[INFO] [stderr]    Compiling chacha20 v0.9.1
[INFO] [stderr]    Compiling aead v0.5.2
[INFO] [stderr]    Compiling password-hash v0.5.0
[INFO] [stderr]    Compiling pem-rfc7468 v0.7.0
[INFO] [stderr]    Compiling minicbor v0.19.1
[INFO] [stderr]    Compiling iana-time-zone v0.1.63
[INFO] [stderr]    Compiling argon2 v0.5.3
[INFO] [stderr]    Compiling chrono v0.4.41
[INFO] [stderr]    Compiling ssh-encoding v0.2.0
[INFO] [stderr]    Compiling chacha20poly1305 v0.10.1
[INFO] [stderr]    Compiling scrypt v0.11.0
[INFO] [stderr]    Compiling unicode-normalization v0.1.24
[INFO] [stderr]    Compiling phf_macros v0.11.3
[INFO] [stderr]    Compiling pkcs1 v0.7.5
[INFO] [stderr]    Compiling x25519-dalek v2.0.1
[INFO] [stderr]    Compiling bc-rand v0.4.0
[INFO] [stderr]    Compiling hkdf v0.12.4
[INFO] [stderr]    Compiling lock_api v0.4.13
[INFO] [stderr]    Compiling half v2.6.0
[INFO] [stderr]    Compiling parking_lot_core v0.9.11
[INFO] [stderr]    Compiling crc v3.3.0
[INFO] [stderr]    Compiling rsa v0.9.8
[INFO] [stderr]    Compiling phf v0.11.3
[INFO] [stderr]    Compiling dcbor v0.23.0
[INFO] [stderr]    Compiling bitcoin_hashes v0.12.0
[INFO] [stderr]    Compiling ssh-cipher v0.2.0
[INFO] [stderr]    Compiling dsa v0.6.3
[INFO] [stderr]    Compiling secp256k1 v0.30.0
[INFO] [stderr]    Compiling p384 v0.13.1
[INFO] [stderr]    Compiling p256 v0.13.2
[INFO] [stderr]    Compiling p521 v0.13.3
[INFO] [stderr]    Compiling bc-crypto v0.10.0
[INFO] [stderr]    Compiling pqcrypto-mlkem v0.1.0
[INFO] [stderr]    Compiling pqcrypto-mldsa v0.1.1
[INFO] [stderr]    Compiling pqcrypto-traits v0.3.5
[INFO] [stderr]    Compiling serde_json v1.0.140
[INFO] [stderr]    Compiling bc-shamir v0.9.0
[INFO] [stderr]    Compiling ur v0.4.1
[INFO] [stderr]    Compiling miniz_oxide v0.7.4
[INFO] [stderr]    Compiling ssh-key v0.6.7
[INFO] [stderr]    Compiling hashbrown v0.15.4
[INFO] [stderr]    Compiling bc-ur v0.13.0
[INFO] [stderr]    Compiling parking_lot v0.12.4
[INFO] [stderr]    Compiling sskr v0.9.0
[INFO] [stderr]    Compiling ssh-agent-client-rs v1.1.0
[INFO] [stderr]    Compiling bc-tags v0.6.0
[INFO] [stderr]    Compiling http v0.2.12
[INFO] [stderr]    Compiling socket2 v0.6.0
[INFO] [stderr]    Compiling signal-hook-registry v1.4.6
[INFO] [stderr]    Compiling mio v1.0.4
[INFO] [stderr]    Compiling futures-util v0.3.31
[INFO] [stderr]    Compiling tokio v1.47.1
[INFO] [stderr]    Compiling libz-sys v1.1.22
[INFO] [stderr]    Compiling itertools v0.11.0
[INFO] [stderr]    Compiling darling_core v0.20.11
[INFO] [stderr]    Compiling indexmap v2.10.0
[INFO] [stderr]    Compiling getrandom v0.3.3
[INFO] [stderr]    Compiling aho-corasick v1.1.3
[INFO] [stderr]    Compiling toml_datetime v0.6.11
[INFO] [stderr]    Compiling winnow v0.7.13
[INFO] [stderr]    Compiling tracing-core v0.1.34
[INFO] [stderr]    Compiling darling_macro v0.20.11
[INFO] [stderr]    Compiling regex-automata v0.4.9
[INFO] [stderr]    Compiling proc-macro-error-attr2 v2.0.0
[INFO] [stderr]    Compiling proc-macro-error2 v2.0.1
[INFO] [stderr]    Compiling toml_edit v0.22.27
[INFO] [stderr]    Compiling num-bigint v0.4.6
[INFO] [stderr]    Compiling darling v0.20.11
[INFO] [stderr]    Compiling tracing v0.1.41
[INFO] [stderr]    Compiling tokio-util v0.7.16
[INFO] [stderr]    Compiling regex v1.11.1
[INFO] [stderr]    Compiling proc-macro-crate v3.3.0
[INFO] [stderr]    Compiling rand_core v0.9.3
[INFO] [stderr]    Compiling socket2 v0.5.10
[INFO] [stderr]    Compiling multer v2.1.0
[INFO] [stderr]    Compiling mysql_common v0.35.5
[INFO] [stderr]    Compiling data-encoding v2.9.0
[INFO] [stderr]    Compiling mysql-common-derive v0.32.1
[INFO] [stderr]    Compiling tungstenite v0.21.0
[INFO] [stderr]    Compiling rand_chacha v0.9.0
[INFO] [stderr]    Compiling h2 v0.3.27
[INFO] [stderr]    Compiling flate2 v1.1.2
[INFO] [stderr]    Compiling headers-core v0.2.0
[INFO] [stderr]    Compiling http-body v0.4.6
[INFO] [stderr]    Compiling btoi v0.4.3
[INFO] [stderr]    Compiling pin-project-internal v1.1.10
[INFO] [stderr]    Compiling saturating v0.1.0
[INFO] [stderr]    Compiling uuid v1.18.1
[INFO] [stderr]    Compiling pin-project v1.1.10
[INFO] [stderr]    Compiling headers v0.3.9
[INFO] [stderr]    Compiling tokio-tungstenite v0.21.0
[INFO] [stderr]    Compiling rand v0.9.2
[INFO] [stderr]    Compiling hyper v0.14.32
[INFO] [stderr]    Compiling keyed_priority_queue v0.4.2
[INFO] [stderr]    Compiling pem v3.0.5
[INFO] [stderr]    Compiling lru v0.14.0
[INFO] [stderr]    Compiling serde_urlencoded v0.7.1
[INFO] [stderr]    Compiling is-terminal v0.4.16
[INFO] [stderr]    Compiling twox-hash v2.1.2
[INFO] [stderr]    Compiling humantime v2.2.0
[INFO] [stderr]    Compiling nu-ansi-term v0.49.0
[INFO] [stderr]    Compiling env_logger v0.10.2
[INFO] [stderr]    Compiling mysql_async v0.36.1
[INFO] [stderr]    Compiling warp v0.3.7
[INFO] [stderr]    Compiling bc-components v0.25.0
[INFO] [stderr]    Compiling known-values v0.8.0
[INFO] [stderr]    Compiling bc-envelope v0.34.0
[INFO] [stderr]    Compiling provenance-mark v0.13.0
[INFO] [stderr]    Compiling bc-xid v0.13.0
[INFO] [stderr]    Compiling gstp v0.10.0
[INFO] [stderr]    Compiling depo-api v0.15.0
[INFO] [stderr]    Compiling depo v0.13.0 (/opt/rustwide/workdir)
[INFO] [stderr]     Finished `release` profile [optimized] target(s) in 6m 36s
[INFO] [stderr] warning: the following packages contain code that will be rejected by a future version of Rust: num-bigint-dig v0.8.4, proc-macro-error2 v2.0.1
[INFO] [stderr] note: to see what the problems were, use the option `--future-incompat-report`, or run `cargo report future-incompatibilities --id 6`
[INFO] running `Command { std: "docker" "inspect" "b31295e69aa1b94ee922dc0868f8666528246628e6a98e02734881a57dc42db6", kill_on_drop: false }`
[INFO] running `Command { std: "docker" "exec" "-e" "SOURCE_DIR=/opt/rustwide/workdir" "-e" "CARGO_HOME=/opt/rustwide/cargo-home" "-e" "RUSTUP_HOME=/opt/rustwide/rustup-home" "-e" "CARGO_TARGET_DIR=/opt/rustwide/target" "-e" "CARGO_INCREMENTAL=0" "-e" "RUST_BACKTRACE=full" "-e" "RUSTFLAGS=--cap-lints=warn" "-e" "RUSTDOCFLAGS=--cap-lints=warn" "-w" "/opt/rustwide/workdir" "--user" "0:0" "b31295e69aa1b94ee922dc0868f8666528246628e6a98e02734881a57dc42db6" "/opt/rustwide/cargo-home/bin/cargo" "+1.99.0-beta.8" "test" "--frozen" "--no-run" "--message-format=json" "--release", kill_on_drop: false }`
[INFO] [stderr]    Compiling openssl-sys v0.9.109
[INFO] [stderr]    Compiling hyper v0.14.32
[INFO] [stderr]    Compiling hex-literal v0.4.1
[INFO] [stderr]    Compiling indoc v2.0.6
[INFO] [stderr]    Compiling openssl v0.10.73
[INFO] [stderr]    Compiling native-tls v0.2.14
[INFO] [stderr]    Compiling warp v0.3.7
[INFO] [stderr]    Compiling tokio-native-tls v0.3.1
[INFO] [stderr]    Compiling hyper-tls v0.5.0
[INFO] [stderr]    Compiling reqwest v0.11.27
[INFO] [stderr]    Compiling depo v0.13.0 (/opt/rustwide/workdir)
[INFO] [stderr]     Finished `release` profile [optimized] target(s) in 2m 02s
[INFO] [stderr] warning: the following packages contain code that will be rejected by a future version of Rust: num-bigint-dig v0.8.4, proc-macro-error2 v2.0.1
[INFO] [stderr] note: to see what the problems were, use the option `--future-incompat-report`, or run `cargo report future-incompatibilities --id 6`
[INFO] running `Command { std: "docker" "inspect" "b31295e69aa1b94ee922dc0868f8666528246628e6a98e02734881a57dc42db6", kill_on_drop: false }`
[INFO] running `Command { std: "docker" "exec" "-e" "SOURCE_DIR=/opt/rustwide/workdir" "-e" "CARGO_HOME=/opt/rustwide/cargo-home" "-e" "RUSTUP_HOME=/opt/rustwide/rustup-home" "-e" "CARGO_TARGET_DIR=/opt/rustwide/target" "-e" "CARGO_INCREMENTAL=0" "-e" "RUST_BACKTRACE=full" "-e" "RUSTFLAGS=--cap-lints=warn" "-e" "RUSTDOCFLAGS=--cap-lints=warn" "-w" "/opt/rustwide/workdir" "--user" "0:0" "b31295e69aa1b94ee922dc0868f8666528246628e6a98e02734881a57dc42db6" "/opt/rustwide/cargo-home/bin/cargo" "+1.99.0-beta.8" "test" "--frozen" "--release", kill_on_drop: false }`
[INFO] [stderr]     Finished `release` profile [optimized] target(s) in 0.39s
[INFO] [stderr] warning: the following packages contain code that will be rejected by a future version of Rust: num-bigint-dig v0.8.4, proc-macro-error2 v2.0.1
[INFO] [stderr] note: to see what the problems were, use the option `--future-incompat-report`, or run `cargo report future-incompatibilities --id 6`
[INFO] [stdout] 
[INFO] [stderr]      Running unittests src/lib.rs (/opt/rustwide/target/release/deps/depo-cb00a28c72f928ce)
[INFO] [stdout] running 0 tests
[INFO] [stderr]      Running unittests src/main.rs (/opt/rustwide/target/release/deps/depo-2f724c9afa1a3734)
[INFO] [stdout] 
[INFO] [stdout] test result: ok. 0 passed; 0 failed; 0 ignored; 0 measured; 0 filtered out; finished in 0.00s
[INFO] [stdout] 
[INFO] [stdout] 
[INFO] [stderr]      Running tests/server_test.rs (/opt/rustwide/target/release/deps/server_test-d0f1fc0c08740055)
[INFO] [stdout] running 0 tests
[INFO] [stdout] 
[INFO] [stdout] test result: ok. 0 passed; 0 failed; 0 ignored; 0 measured; 0 filtered out; finished in 0.00s
[INFO] [stdout] 
[INFO] [stdout] 
[INFO] [stdout] running 4 tests
[INFO] [stderr] [2026-10-18T07:47:16Z INFO  server_test] 🔷 [34mAlice stores a share[0m
[INFO] [stderr] [2026-10-18T07:47:16Z INFO  depo::function] 🔵 REQUEST <estlptrs>:
[INFO] [stderr]     «"storeShare"» [
[INFO] [stderr]         ❰"data"❱: Bytes(4)
[INFO] [stderr]     ]
[INFO] [stderr] [2026-10-18T07:47:16Z INFO  depo::function] ✅ OK <estlptrs>:
[INFO] [stderr]     Bytes(32) [
[INFO] [stderr]         'isA': "Receipt"
[INFO] [stderr]     ]
[INFO] [stderr] [2026-10-18T07:47:16Z INFO  server_test] 🔷 [34mBob stores a share[0m
[INFO] [stderr] [2026-10-18T07:47:16Z INFO  depo::function] 🔵 REQUEST <kirffwfl>:
[INFO] [stderr]     «"storeShare"» [
[INFO] [stderr]         ❰"data"❱: Bytes(4)
[INFO] [stderr]     ]
[INFO] [stderr] [2026-10-18T07:47:16Z INFO  depo::function] ✅ OK <kirffwfl>:
[INFO] [stderr]     Bytes(32) [
[INFO] [stderr]         'isA': "Receipt"
[INFO] [stderr]     ]
[INFO] [stderr] [2026-10-18T07:47:16Z INFO  server_test] 🔷 [34mAlice retrieves her share[0m
[INFO] [stderr] [2026-10-18T07:47:16Z INFO  depo::function] 🔵 REQUEST <idhndnft>:
[INFO] [stderr]     «"getShares"» [
[INFO] [stderr]         ❰"receipt"❱: Bytes(32) [
[INFO] [stderr]             'isA': "Receipt"
[INFO] [stderr]         ]
[INFO] [stderr]     ]
[INFO] [stderr] [2026-10-18T07:47:16Z INFO  depo::function] ✅ OK <idhndnft>:
[INFO] [stderr]     'OK' [
[INFO] [stderr]         Bytes(32) [
[INFO] [stderr]             'isA': "Receipt"
[INFO] [stderr]         ]
[INFO] [stderr]         : Bytes(4)
[INFO] [stderr]     ]
[INFO] [stderr] [2026-10-18T07:47:16Z INFO  server_test] 🔷 [34mBob retrieves his share[0m
[INFO] [stderr] [2026-10-18T07:47:16Z INFO  depo::function] 🔵 REQUEST <hkhpfyls>:
[INFO] [stderr]     «"getShares"» [
[INFO] [stderr]         ❰"receipt"❱: Bytes(32) [
[INFO] [stderr]             'isA': "Receipt"
[INFO] [stderr]         ]
[INFO] [stderr]     ]
[INFO] [stdout] test test_db_depo ... FAILED
[INFO] [stdout] test test_server_depo ... FAILED
[INFO] [stderr] [2026-10-18T07:47:16Z INFO  depo::function] ✅ OK <hkhpfyls>:
[INFO] [stderr]     'OK' [
[INFO] [stderr]         Bytes(32) [
[INFO] [stderr]             'isA': "Receipt"
[INFO] [stderr]         ]
[INFO] [stderr]         : Bytes(4)
[INFO] [stderr]     ]
[INFO] [stderr] [2026-10-18T07:47:16Z INFO  server_test] 🔷 [34mAlice stores a second share[0m
[INFO] [stderr] [2026-10-18T07:47:16Z INFO  depo::function] 🔵 REQUEST <bkgeahze>:
[INFO] [stderr]     «"storeShare"» [
[INFO] [stderr]         ❰"data"❱: Bytes(4)
[INFO] [stderr]     ]
[INFO] [stderr] [2026-10-18T07:47:16Z INFO  depo::function] ✅ OK <bkgeahze>:
[INFO] [stderr]     Bytes(32) [
[INFO] [stderr]         'isA': "Receipt"
[INFO] [stderr]     ]
[INFO] [stderr] [2026-10-18T07:47:16Z INFO  server_test] 🔷 [34mAlice retrieves her second share[0m
[INFO] [stderr] [2026-10-18T07:47:16Z INFO  depo::function] 🔵 REQUEST <mdykwefp>:
[INFO] [stderr]     «"getShares"» [
[INFO] [stderr]         ❰"receipt"❱: Bytes(32) [
[INFO] [stderr]             'isA': "Receipt"
[INFO] [stderr]         ]
[INFO] [stderr]     ]
[INFO] [stderr] [2026-10-18T07:47:16Z INFO  depo::function] ✅ OK <mdykwefp>:
[INFO] [stderr]     'OK' [
[INFO] [stderr]         Bytes(32) [
[INFO] [stderr]             'isA': "Receipt"
[INFO] [stderr]         ]
[INFO] [stderr]         : Bytes(4)
[INFO] [stderr]     ]
[INFO] [stderr] [2026-10-18T07:47:16Z INFO  server_test] 🔷 [34mAlice retrieves both her shares identified only by her public key[0m
[INFO] [stderr] [2026-10-18T07:47:16Z INFO  depo::function] 🔵 REQUEST <dnynqdmo>:
[INFO] [stderr]     «"getShares"»
[INFO] [stderr] [2026-10-18T07:47:16Z INFO  depo::function] ✅ OK <dnynqdmo>:
[INFO] [stderr]     'OK' [
[INFO] [stderr]         Bytes(32) [
[INFO] [stderr]             'isA': "Receipt"
[INFO] [stderr]         ]
[INFO] [stderr]         : Bytes(4)
[INFO] [stderr]         Bytes(32) [
[INFO] [stderr]             'isA': "Receipt"
[INFO] [stderr]         ]
[INFO] [stderr]         : Bytes(4)
[INFO] [stderr]     ]
[INFO] [stderr] [2026-10-18T07:47:16Z INFO  server_test] 🔷 [34mBob attempts to retrieve one of Alice's shares[0m
[INFO] [stderr] [2026-10-18T07:47:16Z INFO  depo::function] 🔵 REQUEST <vdcpkttp>:
[INFO] [stderr]     «"getShares"» [
[INFO] [stderr]         ❰"receipt"❱: Bytes(32) [
[INFO] [stderr]             'isA': "Receipt"
[INFO] [stderr]         ]
[INFO] [stderr]     ]
[INFO] [stderr] [2026-10-18T07:47:16Z INFO  depo::function] ✅ OK <vdcpkttp>:
[INFO] [stderr]     'OK'
[INFO] [stderr] [2026-10-18T07:47:16Z INFO  server_test] 🛑 [31mSomeone attempts to retrieve all shares from a nonexistent account[0m
[INFO] [stderr] [2026-10-18T07:47:16Z INFO  depo::function] 🔵 REQUEST <ioeectnd>:
[INFO] [stderr]     «"getShares"»
[INFO] [stderr] [2026-10-18T07:47:16Z ERROR depo::function] <ioeectnd>: «getShares» unknown user XID(5a2f7364)
[INFO] [stderr] [2026-10-18T07:47:16Z INFO  server_test] 🛑 [31mAlice attempts to retrieve her shares using the incorrect depo public key[0m
[INFO] [stderr] [2026-10-18T07:47:16Z ERROR depo::function] unknown: unknown recipient
[INFO] [stderr] [2026-10-18T07:47:16Z INFO  server_test] 🔷 [34mAlice stores a share she's previously stored (idempotent)[0m
[INFO] [stderr] [2026-10-18T07:47:16Z INFO  depo::function] 🔵 REQUEST <drfyursw>:
[INFO] [stderr]     «"storeShare"» [
[INFO] [stderr]         ❰"data"❱: Bytes(4)
[INFO] [stderr]     ]
[INFO] [stderr] [2026-10-18T07:47:16Z INFO  depo::function] ✅ OK <drfyursw>:
[INFO] [stderr]     Bytes(32) [
[INFO] [stderr]         'isA': "Receipt"
[INFO] [stderr]     ]
[INFO] [stderr] [2026-10-18T07:47:16Z INFO  server_test] 🔷 [34mAlice deletes one of her shares[0m
[INFO] [stderr] [2026-10-18T07:47:16Z INFO  depo::function] 🔵 REQUEST <wnbebtdy>:
[INFO] [stderr]     «"deleteShares"» [
[INFO] [stderr]         ❰"receipt"❱: Bytes(32) [
[INFO] [stderr]             'isA': "Receipt"
[INFO] [stderr]         ]
[INFO] [stderr]     ]
[INFO] [stderr] [2026-10-18T07:47:16Z INFO  depo::function] ✅ OK <wnbebtdy>:
[INFO] [stderr]     'OK'
[INFO] [stderr] [2026-10-18T07:47:16Z INFO  depo::function] 🔵 REQUEST <lukbhtks>:
[INFO] [stderr]     «"getShares"»
[INFO] [stderr] [2026-10-18T07:47:16Z INFO  depo::function] ✅ OK <lukbhtks>:
[INFO] [stderr]     'OK' [
[INFO] [stderr]         Bytes(32) [
[INFO] [stderr]             'isA': "Receipt"
[INFO] [stderr]         ]
[INFO] [stderr]         : Bytes(4)
[INFO] [stderr]     ]
[INFO] [stderr] [2026-10-18T07:47:16Z INFO  server_test] 🔷 [34mAlice attempts to delete a share she already deleted (idempotent)[0m
[INFO] [stderr] [2026-10-18T07:47:16Z INFO  depo::function] 🔵 REQUEST <lsatlrhd>:
[INFO] [stderr]     «"deleteShares"» [
[INFO] [stderr]         ❰"receipt"❱: Bytes(32) [
[INFO] [stderr]             'isA': "Receipt"
[INFO] [stderr]         ]
[INFO] [stderr]     ]
[INFO] [stderr] [2026-10-18T07:47:16Z INFO  depo::function] ✅ OK <lsatlrhd>:
[INFO] [stderr]     'OK'
[INFO] [stderr] [2026-10-18T07:47:16Z INFO  depo::function] 🔵 REQUEST <rlehpenn>:
[INFO] [stderr]     «"getShares"»
[INFO] [stderr] [2026-10-18T07:47:16Z INFO  depo::function] ✅ OK <rlehpenn>:
[INFO] [stderr]     'OK' [
[INFO] [stderr]         Bytes(32) [
[INFO] [stderr]             'isA': "Receipt"
[INFO] [stderr]         ]
[INFO] [stderr]         : Bytes(4)
[INFO] [stderr]     ]
[INFO] [stderr] [2026-10-18T07:47:16Z INFO  server_test] 🔷 [34mBob adds a recovery method[0m
[INFO] [stderr] [2026-10-18T07:47:16Z INFO  depo::function] 🔵 REQUEST <cyhlneiy>:
[INFO] [stderr]     «"updateRecovery"» [
[INFO] [stderr]         ❰"recoveryMethod"❱: "bob@example.com"
[INFO] [stderr]     ]
[INFO] [stderr] [2026-10-18T07:47:16Z INFO  depo::function] ✅ OK <cyhlneiy>:
[INFO] [stderr]     'OK'
[INFO] [stderr] [2026-10-18T07:47:16Z INFO  server_test] 🔷 [34mBob sets the same recovery method again (idempotent)[0m
[INFO] [stderr] [2026-10-18T07:47:16Z INFO  depo::function] 🔵 REQUEST <wkwsckln>:
[INFO] [stderr]     «"updateRecovery"» [
[INFO] [stderr]         ❰"recoveryMethod"❱: "bob@example.com"
[INFO] [stderr]     ]
[INFO] [stderr] [2026-10-18T07:47:16Z INFO  depo::function] ✅ OK <wkwsckln>:
[INFO] [stderr]     'OK'
[INFO] [stderr] [2026-10-18T07:47:16Z INFO  server_test] 🔷 [34mBob gets his recovery method[0m
[INFO] [stderr] [2026-10-18T07:47:16Z INFO  depo::function] 🔵 REQUEST <tipmtyhf>:
[INFO] [stderr]     «"getRecovery"»
[INFO] [stderr] [2026-10-18T07:47:16Z INFO  depo::function] ✅ OK <tipmtyhf>:
[INFO] [stderr]     "bob@example.com"
[INFO] [stderr] [2026-10-18T07:47:16Z INFO  server_test] 🔷 [34mAlice gets her recovery method, but she has none[0m
[INFO] [stderr] [2026-10-18T07:47:16Z INFO  depo::function] 🔵 REQUEST <cposzcti>:
[INFO] [stderr]     «"getRecovery"»
[INFO] [stderr] [2026-10-18T07:47:16Z INFO  depo::function] ✅ OK <cposzcti>:
[INFO] [stderr]     null
[INFO] [stderr] [2026-10-18T07:47:16Z INFO  server_test] 🛑 [31mAlice attempts to add a non-unique recovery method[0m
[INFO] [stderr] [2026-10-18T07:47:16Z INFO  depo::function] 🔵 REQUEST <ryuolbnd>:
[INFO] [stderr]     «"updateRecovery"» [
[INFO] [stderr]         ❰"recoveryMethod"❱: "bob@example.com"
[INFO] [stderr]     ]
[INFO] [stderr] [2026-10-18T07:47:16Z ERROR depo::function] <ryuolbnd>: «updateRecovery» recovery method already exists
[INFO] [stderr] [2026-10-18T07:47:16Z INFO  server_test] 🛑 [31mSomeone attempts to retrieve the recovery method for a nonexistent account[0m
[INFO] [stderr] [2026-10-18T07:47:16Z INFO  depo::function] 🔵 REQUEST <oshdtlqz>:
[INFO] [stderr]     «"getRecovery"»
[INFO] [stderr] [2026-10-18T07:47:16Z ERROR depo::function] <oshdtlqz>: «getRecovery» unknown user XID(5a2f7364)
[INFO] [stderr] [2026-10-18T07:47:16Z INFO  server_test] 🔷 [34mAlice updates her XIDDocument to a new one[0m
[INFO] [stderr] [2026-10-18T07:47:16Z INFO  depo::function] 🔵 REQUEST <joylwmkn>:
[INFO] [stderr]     «"updateXIDDocument"» [
[INFO] [stderr]         ❰"newXIDDocument"❱: XID(34de6247) [
[INFO] [stderr]             'key': PublicKeys(7e3f7fe7) [
[INFO] [stderr]                 'allow': 'All'
[INFO] [stderr]             ]
[INFO] [stderr]         ]
[INFO] [stderr]     ]
[INFO] [stderr] [2026-10-18T07:47:16Z WARN  server_test] [33mSkipping `test_server_separate` because can't connect to the depo server.[0m
[INFO] [stderr] [2026-10-18T07:47:16Z WARN  server_test] [33merror sending request for url (http://localhost:5332/): error trying to connect: tcp connect error: Connection refused (os error 111)[0m
[INFO] [stderr] [2026-10-18T07:47:16Z INFO  depo::function] ✅ OK <joylwmkn>:
[INFO] [stderr]     'OK'
[INFO] [stderr] [2026-10-18T07:47:16Z INFO  server_test] 🛑 [31mAlice can no longer retrieve her shares using the old public key[0m
[INFO] [stderr] [2026-10-18T07:47:16Z INFO  depo::function] 🔵 REQUEST <bersgdfn>:
[INFO] [stderr]     «"getShares"»
[INFO] [stderr] [2026-10-18T07:47:16Z ERROR depo::function] <bersgdfn>: «getShares» invalid sender verification key for XID(34de6247)
[INFO] [stdout] test test_server_separate ... ok
[INFO] [stderr] [2026-10-18T07:47:16Z INFO  server_test] 🔷 [34mAlice must now use her new public key[0m
[INFO] [stderr] [2026-10-18T07:47:16Z INFO  depo::function] 🔵 REQUEST <tafsrdie>:
[INFO] [stderr]     «"getShares"»
[INFO] [stderr] [2026-10-18T07:47:16Z INFO  depo::function] ✅ OK <tafsrdie>:
[INFO] [stderr]     'OK' [
[INFO] [stderr]         Bytes(32) [
[INFO] [stderr]             'isA': "Receipt"
[INFO] [stderr]         ]
[INFO] [stderr]         : Bytes(4)
[INFO] [stderr]     ]
[INFO] [stderr] [2026-10-18T07:47:16Z INFO  server_test] 🔷 [34mBob has lost his public key, so he wants to replace it with a new one[0m
[INFO] [stderr] [2026-10-18T07:47:16Z INFO  server_test] 🛑 [31mBob requests transfer using an incorrect recovery method[0m
[INFO] [stderr] [2026-10-18T07:47:16Z INFO  depo::function] 🔵 REQUEST <zsahahkp>:
[INFO] [stderr]     «"startRecovery"» [
[INFO] [stderr]         ❰"recoveryMethod"❱: "wrong@example.com"
[INFO] [stderr]     ]
[INFO] [stderr] [2026-10-18T07:47:16Z ERROR depo::function] <zsahahkp>: «startRecovery» unknown recovery
[INFO] [stderr] [2026-10-18T07:47:16Z INFO  server_test] 🔷 [34mBob requests a transfer using the correct recovery method[0m
[INFO] [stderr] [2026-10-18T07:47:16Z INFO  depo::function] 🔵 REQUEST <fnkpgesp>:
[INFO] [stderr]     «"startRecovery"» [
[INFO] [stderr]         ❰"recoveryMethod"❱: "bob@example.com"
[INFO] [stderr]     ]
[INFO] [stderr] [2026-10-18T07:47:16Z INFO  depo::function] ✅ OK <fnkpgesp>:
[INFO] [stderr]     'OK'
[INFO] [stderr] [2026-10-18T07:47:16Z INFO  server_test] 🛑 [31mBob attempts to use the recovery continuation to finish setting his new public key, but the request is incorrectly signed by his old key[0m
[INFO] [stderr] [2026-10-18T07:47:16Z INFO  depo::function] 🔵 REQUEST <reiyykoy>:
[INFO] [stderr]     «"finishRecovery"»
[INFO] [stderr] [2026-10-18T07:47:16Z ERROR depo::function] <reiyykoy>: «finishRecovery» incorrect verification key
[INFO] [stderr] [2026-10-18T07:47:16Z INFO  server_test] 🔷 [34mBob uses the recovery continuation to finish setting his new public key, properly signed by his new key[0m
[INFO] [stderr] [2026-10-18T07:47:16Z INFO  depo::function] 🔵 REQUEST <wyisdedn>:
[INFO] [stderr]     «"finishRecovery"»
[INFO] [stderr] [2026-10-18T07:47:16Z INFO  depo::function] ✅ OK <wyisdedn>:
[INFO] [stderr]     'OK'
[INFO] [stderr] [2026-10-18T07:47:16Z INFO  server_test] 🛑 [31mBob can no longer retrieve his shares using the old public key[0m
[INFO] [stderr] [2026-10-18T07:47:16Z INFO  depo::function] 🔵 REQUEST <rotbwejl>:
[INFO] [stderr]     «"getShares"»
[INFO] [stderr] [2026-10-18T07:47:16Z ERROR depo::function] <rotbwejl>: «getShares» invalid sender verification key for XID(b12f32e4)
[INFO] [stderr] [2026-10-18T07:47:16Z INFO  server_test] 🔷 [34mBob must now use his new public key[0m
[INFO] [stderr] [2026-10-18T07:47:16Z INFO  depo::function] 🔵 REQUEST <nbecwyjy>:
[INFO] [stderr]     «"getShares"»
[INFO] [stderr] [2026-10-18T07:47:16Z INFO  depo::function] ✅ OK <nbecwyjy>:
[INFO] [stderr]     'OK' [
[INFO] [stderr]         Bytes(32) [
[INFO] [stderr]             'isA': "Receipt"
[INFO] [stderr]         ]
[INFO] [stderr]         : Bytes(4)
[INFO] [stderr]     ]
[INFO] [stderr] [2026-10-18T07:47:16Z INFO  server_test] 🔷 [34mBob decides to delete his account[0m
[INFO] [stderr] [2026-10-18T07:47:16Z INFO  depo::function] 🔵 REQUEST <ztwdhnsn>:
[INFO] [stderr]     «"deleteAccount"»
[INFO] [stderr] [2026-10-18T07:47:16Z INFO  depo::function] ✅ OK <ztwdhnsn>:
[INFO] [stderr]     'OK'
[INFO] [stderr] [2026-10-18T07:47:16Z INFO  server_test] 🛑 [31mBob can no longer retrieve his shares using the new public key[0m
[INFO] [stderr] [2026-10-18T07:47:16Z INFO  depo::function] 🔵 REQUEST <vetsksax>:
[INFO] [stderr]     «"getShares"»
[INFO] [stderr] [2026-10-18T07:47:16Z ERROR depo::function] <vetsksax>: «getShares» unknown user XID(b12f32e4)
[INFO] [stderr] [2026-10-18T07:47:16Z INFO  server_test] 🛑 [31mAttempting to retrieve his recovery method now throws an error[0m
[INFO] [stderr] [2026-10-18T07:47:16Z INFO  depo::function] 🔵 REQUEST <hkssrodk>:
[INFO] [stderr]     «"getRecovery"»
[INFO] [stderr] [2026-10-18T07:47:16Z ERROR depo::function] <hkssrodk>: «getRecovery» unknown user XID(b12f32e4)
[INFO] [stderr] [2026-10-18T07:47:16Z INFO  server_test] 🔷 [34mDeleting an account is idempotent[0m
[INFO] [stderr] [2026-10-18T07:47:16Z INFO  depo::function] 🔵 REQUEST <cllrwfue>:
[INFO] [stderr]     «"deleteAccount"»
[INFO] [stderr] [2026-10-18T07:47:16Z INFO  depo::function] ✅ OK <cllrwfue>:
[INFO] [stderr]     'OK'
[INFO] [stderr] [2026-10-18T07:47:16Z INFO  server_test] 🔷 [34mAlice deletes her account[0m
[INFO] [stderr] [2026-10-18T07:47:16Z INFO  depo::function] 🔵 REQUEST <dkhginre>:
[INFO] [stderr]     «"deleteAccount"»
[INFO] [stderr] [2026-10-18T07:47:16Z INFO  depo::function] ✅ OK <dkhginre>:
[INFO] [stderr]     'OK'
[INFO] [stdout] test test_in_memory_depo ... ok
[INFO] [stdout] 
[INFO] [stdout] failures:
[INFO] [stdout] 
[INFO] [stdout] ---- test_db_depo stdout ----
[INFO] [stdout] 
[INFO] [stdout] thread 'test_db_depo' (4223) panicked at tests/server_test.rs:59:33:
[INFO] [stdout] called `Result::unwrap()` on an `Err` value: Input/output error: Input/output error: Connection refused (os error 111)
[INFO] [stdout] 
[INFO] [stdout] Caused by:
[INFO] [stdout]     0: Input/output error: Connection refused (os error 111)
[INFO] [stdout]     1: Connection refused (os error 111)
[INFO] [stdout] 
[INFO] [stdout] Stack backtrace:
[INFO] [stdout]    0: <anyhow::Error as core::convert::From<mysql_async::error::Error>>::from
[INFO] [stdout]    1: depo::db_depo::reset_db::{closure#0}
[INFO] [stdout]    2: server_test::test_db_depo::{closure#0}
[INFO] [stdout]    3: <tokio::runtime::scheduler::current_thread::Context>::enter::<core::task::poll::Poll<()>, <tokio::runtime::scheduler::current_thread::CoreGuard>::block_on<core::pin::Pin<&mut core::pin::Pin<&mut dyn core::future::future::Future<Output = ()>>>>::{closure#0}::{closure#0}>
[INFO] [stdout]    4: <tokio::runtime::context::scoped::Scoped<tokio::runtime::scheduler::Context>>::set::<<tokio::runtime::scheduler::current_thread::CoreGuard>::enter<<tokio::runtime::scheduler::current_thread::CoreGuard>::block_on<core::pin::Pin<&mut core::pin::Pin<&mut dyn core::future::future::Future<Output = ()>>>>::{closure#0}, core::option::Option<()>>::{closure#0}, (alloc::boxed::Box<tokio::runtime::scheduler::current_thread::Core>, core::option::Option<()>)>
[INFO] [stdout]    5: <tokio::runtime::scheduler::current_thread::CurrentThread>::block_on::<core::pin::Pin<&mut dyn core::future::future::Future<Output = ()>>>
[INFO] [stdout]    6: <tokio::runtime::runtime::Runtime>::block_on::<core::pin::Pin<&mut dyn core::future::future::Future<Output = ()>>>
[INFO] [stdout]    7: <server_test::test_db_depo::{closure#0} as core::ops::function::FnOnce<()>>::call_once
[INFO] [stdout]    8: test::__rust_begin_short_backtrace::<core::result::Result<(), alloc::string::String>, fn() -> core::result::Result<(), alloc::string::String>>
[INFO] [stdout]    9: test::run_test::{closure#0}
[INFO] [stdout]   10: std::sys::backtrace::__rust_begin_short_backtrace::<test::run_test::{closure#1}, ()>
[INFO] [stdout]   11: <std::thread::lifecycle::spawn_unchecked<test::run_test::{closure#1}, ()>::{closure#1} as core::ops::function::FnOnce<()>>::call_once::{shim:vtable#0}
[INFO] [stdout]   12: <std::sys::thread::unix::Thread>::new::thread_start
[INFO] [stderr] error: test failed, to rerun pass `--test server_test`
[INFO] [stdout]   13: <unknown>
[INFO] [stdout]   14: clone
[INFO] [stdout] stack backtrace:
[INFO] [stdout]    0:     0x56e5f84022e1 - <<std[70759c8f55707aa4]::sys::backtrace::BacktraceLock>::print::DisplayBacktrace as core[df12db4294e9bfd3]::fmt::Display>::fmt
[INFO] [stdout]    1:     0x56e5f841b6fa - core[df12db4294e9bfd3]::fmt::write
[INFO] [stdout]    2:     0x56e5f840779c - <alloc[2182bb758b4b3781]::vec::Vec<u8> as core[df12db4294e9bfd3]::io::write::Write>::write_fmt
[INFO] [stdout]    3:     0x56e5f83dcba6 - std[70759c8f55707aa4]::panicking::default_hook::{closure#0}
[INFO] [stdout]    4:     0x56e5f83f9f99 - std[70759c8f55707aa4]::panicking::default_hook
[INFO] [stdout]    5:     0x56e5f7e41a10 - test[9d35eded1c95d3be]::test_main_inner::<test[9d35eded1c95d3be]::test_main_static::{closure#0}>::{closure#0}
[INFO] [stdout]    6:     0x56e5f83fa2c2 - std[70759c8f55707aa4]::panicking::panic_with_hook
[INFO] [stdout]    7:     0x56e5f83dcc52 - std[70759c8f55707aa4]::panicking::panic_handler::{closure#0}
[INFO] [stdout]    8:     0x56e5f83d5369 - std[70759c8f55707aa4]::sys::backtrace::__rust_end_short_backtrace::<std[70759c8f55707aa4]::panicking::panic_handler::{closure#0}, !>
[INFO] [stdout]    9:     0x56e5f83ddb4d - __rustc[8fa7c3cbc660c2b3]::rust_begin_unwind
[INFO] [stdout]   10:     0x56e5f841bedc - core[df12db4294e9bfd3]::panicking::panic_fmt
[INFO] [stdout]   11:     0x56e5f841bcb2 - core[df12db4294e9bfd3]::result::unwrap_failed
[INFO] [stdout]   12:     0x56e5f7d7560f - server_test[775b328d28e26900]::test_db_depo::{closure#0}
[INFO] [stdout]   13:     0x56e5f7de3b83 - <tokio[6a4ed30f9f195aed]::runtime::scheduler::current_thread::Context>::enter::<core[df12db4294e9bfd3]::task::poll::Poll<()>, <tokio[6a4ed30f9f195aed]::runtime::scheduler::current_thread::CoreGuard>::block_on<core[df12db4294e9bfd3]::pin::Pin<&mut core[df12db4294e9bfd3]::pin::Pin<&mut dyn core[df12db4294e9bfd3]::future::future::Future<Output = ()>>>>::{closure#0}::{closure#0}>
[INFO] [stdout]   14:     0x56e5f7e234cc - <tokio[6a4ed30f9f195aed]::runtime::context::scoped::Scoped<tokio[6a4ed30f9f195aed]::runtime::scheduler::Context>>::set::<<tokio[6a4ed30f9f195aed]::runtime::scheduler::current_thread::CoreGuard>::enter<<tokio[6a4ed30f9f195aed]::runtime::scheduler::current_thread::CoreGuard>::block_on<core[df12db4294e9bfd3]::pin::Pin<&mut core[df12db4294e9bfd3]::pin::Pin<&mut dyn core[df12db4294e9bfd3]::future::future::Future<Output = ()>>>>::{closure#0}, core[df12db4294e9bfd3]::option::Option<()>>::{closure#0}, (alloc[2182bb758b4b3781]::boxed::Box<tokio[6a4ed30f9f195aed]::runtime::scheduler::current_thread::Core>, core[df12db4294e9bfd3]::option::Option<()>)>
[INFO] [stdout]   15:     0x56e5f7de37ed - <tokio[6a4ed30f9f195aed]::runtime::scheduler::current_thread::CurrentThread>::block_on::<core[df12db4294e9bfd3]::pin::Pin<&mut dyn core[df12db4294e9bfd3]::future::future::Future<Output = ()>>>
[INFO] [stdout]   16:     0x56e5f7d7c602 - <tokio[6a4ed30f9f195aed]::runtime::runtime::Runtime>::block_on::<core[df12db4294e9bfd3]::pin::Pin<&mut dyn core[df12db4294e9bfd3]::future::future::Future<Output = ()>>>
[INFO] [stdout]   17:     0x56e5f7d7bcbd - <server_test[775b328d28e26900]::test_db_depo::{closure#0} as core[df12db4294e9bfd3]::ops::function::FnOnce<()>>::call_once
[INFO] [stdout]   18:     0x56e5f7e34cfb - test[9d35eded1c95d3be]::__rust_begin_short_backtrace::<core[df12db4294e9bfd3]::result::Result<(), alloc[2182bb758b4b3781]::string::String>, fn() -> core[df12db4294e9bfd3]::result::Result<(), alloc[2182bb758b4b3781]::string::String>>
[INFO] [stdout]   19:     0x56e5f7e42365 - test[9d35eded1c95d3be]::run_test::{closure#0}
[INFO] [stdout]   20:     0x56e5f7e3bc24 - std[70759c8f55707aa4]::sys::backtrace::__rust_begin_short_backtrace::<test[9d35eded1c95d3be]::run_test::{closure#1}, ()>
[INFO] [stdout]   21:     0x56e5f7e454c2 - <std[70759c8f55707aa4]::thread::lifecycle::spawn_unchecked<test[9d35eded1c95d3be]::run_test::{closure#1}, ()>::{closure#1} as core[df12db4294e9bfd3]::ops::function::FnOnce<()>>::call_once::{shim:vtable#0}
[INFO] [stdout]   22:     0x56e5f84015b9 - <std[70759c8f55707aa4]::sys::thread::unix::Thread>::new::thread_start
[INFO] [stdout]   23:     0x7b1f549a9dfa - <unknown>
[INFO] [stdout]   24:     0x7b1f54a3d3d4 - clone
[INFO] [stdout]   25:                0x0 - <unknown>
[INFO] [stdout] 
[INFO] [stdout] ---- test_server_depo stdout ----
[INFO] [stdout] 
[INFO] [stdout] thread 'test_server_depo' (4225) panicked at tests/server_test.rs:85:33:
[INFO] [stdout] called `Result::unwrap()` on an `Err` value: Input/output error: Input/output error: Connection refused (os error 111)
[INFO] [stdout] 
[INFO] [stdout] Caused by:
[INFO] [stdout]     0: Input/output error: Connection refused (os error 111)
[INFO] [stdout]     1: Connection refused (os error 111)
[INFO] [stdout] 
[INFO] [stdout] Stack backtrace:
[INFO] [stdout]    0: <anyhow::Error as core::convert::From<mysql_async::error::Error>>::from
[INFO] [stdout]    1: depo::db_depo::reset_db::{closure#0}
[INFO] [stdout]    2: server_test::test_server_depo::{closure#0}
[INFO] [stdout]    3: <tokio::runtime::scheduler::current_thread::Context>::enter::<core::task::poll::Poll<()>, <tokio::runtime::scheduler::current_thread::CoreGuard>::block_on<core::pin::Pin<&mut core::pin::Pin<&mut dyn core::future::future::Future<Output = ()>>>>::{closure#0}::{closure#0}>
[INFO] [stdout]    4: <tokio::runtime::context::scoped::Scoped<tokio::runtime::scheduler::Context>>::set::<<tokio::runtime::scheduler::current_thread::CoreGuard>::enter<<tokio::runtime::scheduler::current_thread::CoreGuard>::block_on<core::pin::Pin<&mut core::pin::Pin<&mut dyn core::future::future::Future<Output = ()>>>>::{closure#0}, core::option::Option<()>>::{closure#0}, (alloc::boxed::Box<tokio::runtime::scheduler::current_thread::Core>, core::option::Option<()>)>
[INFO] [stdout]    5: <tokio::runtime::scheduler::current_thread::CurrentThread>::block_on::<core::pin::Pin<&mut dyn core::future::future::Future<Output = ()>>>
[INFO] [stdout]    6: <tokio::runtime::runtime::Runtime>::block_on::<core::pin::Pin<&mut dyn core::future::future::Future<Output = ()>>>
[INFO] [stdout]    7: <server_test::test_server_depo::{closure#0} as core::ops::function::FnOnce<()>>::call_once
[INFO] [stdout]    8: test::__rust_begin_short_backtrace::<core::result::Result<(), alloc::string::String>, fn() -> core::result::Result<(), alloc::string::String>>
[INFO] [stdout]    9: test::run_test::{closure#0}
[INFO] [stdout]   10: std::sys::backtrace::__rust_begin_short_backtrace::<test::run_test::{closure#1}, ()>
[INFO] [stdout]   11: <std::thread::lifecycle::spawn_unchecked<test::run_test::{closure#1}, ()>::{closure#1} as core::ops::function::FnOnce<()>>::call_once::{shim:vtable#0}
[INFO] [stdout]   12: <std::sys::thread::unix::Thread>::new::thread_start
[INFO] [stdout]   13: <unknown>
[INFO] [stdout]   14: clone
[INFO] [stdout] stack backtrace:
[INFO] [stdout]    0:     0x56e5f84022e1 - <<std[70759c8f55707aa4]::sys::backtrace::BacktraceLock>::print::DisplayBacktrace as core[df12db4294e9bfd3]::fmt::Display>::fmt
[INFO] [stdout]    1:     0x56e5f841b6fa - core[df12db4294e9bfd3]::fmt::write
[INFO] [stdout]    2:     0x56e5f840779c - <alloc[2182bb758b4b3781]::vec::Vec<u8> as core[df12db4294e9bfd3]::io::write::Write>::write_fmt
[INFO] [stdout]    3:     0x56e5f83dcba6 - std[70759c8f55707aa4]::panicking::default_hook::{closure#0}
[INFO] [stdout]    4:     0x56e5f83f9f99 - std[70759c8f55707aa4]::panicking::default_hook
[INFO] [stdout]    5:     0x56e5f7e41a10 - test[9d35eded1c95d3be]::test_main_inner::<test[9d35eded1c95d3be]::test_main_static::{closure#0}>::{closure#0}
[INFO] [stdout]    6:     0x56e5f83fa2c2 - std[70759c8f55707aa4]::panicking::panic_with_hook
[INFO] [stdout]    7:     0x56e5f83dcc52 - std[70759c8f55707aa4]::panicking::panic_handler::{closure#0}
[INFO] [stdout]    8:     0x56e5f83d5369 - std[70759c8f55707aa4]::sys::backtrace::__rust_end_short_backtrace::<std[70759c8f55707aa4]::panicking::panic_handler::{closure#0}, !>
[INFO] [stdout]    9:     0x56e5f83ddb4d - __rustc[8fa7c3cbc660c2b3]::rust_begin_unwind
[INFO] [stdout]   10:     0x56e5f841bedc - core[df12db4294e9bfd3]::panicking::panic_fmt
[INFO] [stdout]   11:     0x56e5f841bcb2 - core[df12db4294e9bfd3]::result::unwrap_failed
[INFO] [stdout]   12:     0x56e5f7d76168 - server_test[775b328d28e26900]::test_server_depo::{closure#0}
[INFO] [stdout]   13:     0x56e5f7de3b83 - <tokio[6a4ed30f9f195aed]::runtime::scheduler::current_thread::Context>::enter::<core[df12db4294e9bfd3]::task::poll::Poll<()>, <tokio[6a4ed30f9f195aed]::runtime::scheduler::current_thread::CoreGuard>::block_on<core[df12db4294e9bfd3]::pin::Pin<&mut core[df12db4294e9bfd3]::pin::Pin<&mut dyn core[df12db4294e9bfd3]::future::future::Future<Output = ()>>>>::{closure#0}::{closure#0}>
[INFO] [stdout]   14:     0x56e5f7e234cc - <tokio[6a4ed30f9f195aed]::runtime::context::scoped::Scoped<tokio[6a4ed30f9f195aed]::runtime::scheduler::Context>>::set::<<tokio[6a4ed30f9f195aed]::runtime::scheduler::current_thread::CoreGuard>::enter<<tokio[6a4ed30f9f195aed]::runtime::scheduler::current_thread::CoreGuard>::block_on<core[df12db4294e9bfd3]::pin::Pin<&mut core[df12db4294e9bfd3]::pin::Pin<&mut dyn core[df12db4294e9bfd3]::future::future::Future<Output = ()>>>>::{closure#0}, core[df12db4294e9bfd3]::option::Option<()>>::{closure#0}, (alloc[2182bb758b4b3781]::boxed::Box<tokio[6a4ed30f9f195aed]::runtime::scheduler::current_thread::Core>, core[df12db4294e9bfd3]::option::Option<()>)>
[INFO] [stdout]   15:     0x56e5f7de37ed - <tokio[6a4ed30f9f195aed]::runtime::scheduler::current_thread::CurrentThread>::block_on::<core[df12db4294e9bfd3]::pin::Pin<&mut dyn core[df12db4294e9bfd3]::future::future::Future<Output = ()>>>
[INFO] [stdout]   16:     0x56e5f7d7c602 - <tokio[6a4ed30f9f195aed]::runtime::runtime::Runtime>::block_on::<core[df12db4294e9bfd3]::pin::Pin<&mut dyn core[df12db4294e9bfd3]::future::future::Future<Output = ()>>>
[INFO] [stdout]   17:     0x56e5f7d7be1d - <server_test[775b328d28e26900]::test_server_depo::{closure#0} as core[df12db4294e9bfd3]::ops::function::FnOnce<()>>::call_once
[INFO] [stdout]   18:     0x56e5f7e34cfb - test[9d35eded1c95d3be]::__rust_begin_short_backtrace::<core[df12db4294e9bfd3]::result::Result<(), alloc[2182bb758b4b3781]::string::String>, fn() -> core[df12db4294e9bfd3]::result::Result<(), alloc[2182bb758b4b3781]::string::String>>
[INFO] [stdout]   19:     0x56e5f7e42365 - test[9d35eded1c95d3be]::run_test::{closure#0}
[INFO] [stdout]   20:     0x56e5f7e3bc24 - std[70759c8f55707aa4]::sys::backtrace::__rust_begin_short_backtrace::<test[9d35eded1c95d3be]::run_test::{closure#1}, ()>
[INFO] [stdout]   21:     0x56e5f7e454c2 - <std[70759c8f55707aa4]::thread::lifecycle::spawn_unchecked<test[9d35eded1c95d3be]::run_test::{closure#1}, ()>::{closure#1} as core[df12db4294e9bfd3]::ops::function::FnOnce<()>>::call_once::{shim:vtable#0}
[INFO] [stdout]   22:     0x56e5f84015b9 - <std[70759c8f55707aa4]::sys::thread::unix::Thread>::new::thread_start
[INFO] [stdout]   23:     0x7b1f549a9dfa - <unknown>
[INFO] [stdout]   24:     0x7b1f54a3d3d4 - clone
[INFO] [stdout]   25:                0x0 - <unknown>
[INFO] [stdout] 
[INFO] [stdout] 
[INFO] [stdout] failures:
[INFO] [stdout]     test_db_depo
[INFO] [stdout]     test_server_depo
[INFO] [stdout] 
[INFO] [stdout] test result: FAILED. 2 passed; 2 failed; 0 ignored; 0 measured; 0 filtered out; finished in 0.16s
[INFO] [stdout] 
[INFO] running `Command { std: "docker" "inspect" "b31295e69aa1b94ee922dc0868f8666528246628e6a98e02734881a57dc42db6", kill_on_drop: false }`
[INFO] running `Command { std: "docker" "rm" "-f" "b31295e69aa1b94ee922dc0868f8666528246628e6a98e02734881a57dc42db6", kill_on_drop: false }`
[INFO] [stdout] b31295e69aa1b94ee922dc0868f8666528246628e6a98e02734881a57dc42db6
