[INFO] fetching crate depguard-repo 0.1.0...
[INFO] testing depguard-repo-0.1.0 against 1.100.0-beta.1+cargoflags=--release for beta-release-1.100-2
[INFO] extracting crate depguard-repo 0.1.0 into /workspace/builds/worker-2-tc2/source
[INFO] started tweaking crates.io crate depguard-repo 0.1.0
[INFO] removed 0 missing tests
[INFO] finished tweaking crates.io crate depguard-repo 0.1.0
[INFO] tweaked toml for crates.io crate depguard-repo 0.1.0 written to /workspace/builds/worker-2-tc2/source/Cargo.toml
[INFO] validating manifest of crates.io crate depguard-repo 0.1.0 on toolchain 1.100.0-beta.1
[INFO] running `Command { std: CARGO_HOME="/workspace/cargo-home" RUSTUP_HOME="/workspace/rustup-home" "/workspace/cargo-home/bin/cargo" "+1.100.0-beta.1" "metadata" "--manifest-path" "Cargo.toml" "--no-deps", kill_on_drop: false }`
[INFO] crate crates.io crate depguard-repo 0.1.0 already has a lockfile, it will not be regenerated
[INFO] running `Command { std: CARGO_HOME="/workspace/cargo-home" RUSTUP_HOME="/workspace/rustup-home" "/workspace/cargo-home/bin/cargo" "+1.100.0-beta.1" "fetch" "--manifest-path" "Cargo.toml", kill_on_drop: false }`
[INFO] [stderr] warning: `package.homepage` is redundant with `package.repository`
[INFO] [stderr]   --> Cargo.toml:55:12
[INFO] [stderr]    |
[INFO] [stderr] 55 | homepage = "https://github.com/EffortlessMetrics/depguard/"
[INFO] [stderr]    |            ^^^^^^^^^^^^^^^^^^^^^^^^^^^^^^^^^^^^^^^^^^^^^^^^
[INFO] [stderr] ...
[INFO] [stderr] 60 | repository = "https://github.com/EffortlessMetrics/depguard/"
[INFO] [stderr]    |              ------------------------------------------------
[INFO] [stderr]    |
[INFO] [stderr]    = note: `cargo::redundant_homepage` is set to `warn` by default
[INFO] [stderr] help: consider removing `package.homepage`
[INFO] [stderr] warning: `depguard-repo` (manifest) generated 1 warning
[INFO] running `Command { std: "docker" "create" "-v" "/var/lib/crater-agent-workspace/builds/worker-2-tc2/source:/opt/rustwide/workdir:ro,Z" "-v" "/var/lib/crater-agent-workspace/builds/worker-2-tc2/target:/opt/rustwide/target:rw,Z" "-v" "/var/lib/crater-agent-workspace/cargo-home:/opt/rustwide/cargo-home:ro,Z" "-v" "/var/lib/crater-agent-workspace/rustup-home:/opt/rustwide/rustup-home:ro,Z" "-m" "1610612736" "--network" "none" "ghcr.io/rust-lang/crates-build-env/linux@sha256:77db811e55d90add9212f6832c23229e3de5f1c1f9905e8cb07319ea15df73ac" "sleep" "infinity", kill_on_drop: false }`
[INFO] [stdout] 4fd93f374bdf4a3afe7543add931570473be5bed3ca2e636bec29816e4c80e64
[INFO] running `Command { std: "docker" "start" "4fd93f374bdf4a3afe7543add931570473be5bed3ca2e636bec29816e4c80e64", kill_on_drop: false }`
[INFO] running `Command { std: "docker" "inspect" "4fd93f374bdf4a3afe7543add931570473be5bed3ca2e636bec29816e4c80e64", kill_on_drop: false }`
[INFO] running `Command { std: "docker" "exec" "-e" "SOURCE_DIR=/opt/rustwide/workdir" "-e" "CARGO_HOME=/opt/rustwide/cargo-home" "-e" "RUSTUP_HOME=/opt/rustwide/rustup-home" "-e" "CARGO_TARGET_DIR=/opt/rustwide/target" "-w" "/opt/rustwide/workdir" "--user" "0:0" "4fd93f374bdf4a3afe7543add931570473be5bed3ca2e636bec29816e4c80e64" "/opt/rustwide/cargo-home/bin/cargo" "+1.100.0-beta.1" "metadata" "--no-deps" "--format-version=1", kill_on_drop: false }`
[INFO] running `Command { std: "docker" "inspect" "4fd93f374bdf4a3afe7543add931570473be5bed3ca2e636bec29816e4c80e64", kill_on_drop: false }`
[INFO] running `Command { std: "docker" "exec" "-e" "SOURCE_DIR=/opt/rustwide/workdir" "-e" "CARGO_HOME=/opt/rustwide/cargo-home" "-e" "RUSTUP_HOME=/opt/rustwide/rustup-home" "-e" "CARGO_TARGET_DIR=/opt/rustwide/target" "-e" "CARGO_INCREMENTAL=0" "-e" "RUST_BACKTRACE=full" "-e" "RUSTFLAGS=--cap-lints=warn" "-e" "RUSTDOCFLAGS=--cap-lints=warn" "-w" "/opt/rustwide/workdir" "--user" "0:0" "4fd93f374bdf4a3afe7543add931570473be5bed3ca2e636bec29816e4c80e64" "/opt/rustwide/cargo-home/bin/cargo" "+1.100.0-beta.1" "build" "--frozen" "--message-format=json" "--release", kill_on_drop: false }`
[INFO] [stderr] warning: `package.homepage` is redundant with `package.repository`
[INFO] [stderr]   --> Cargo.toml:55:12
[INFO] [stderr]    |
[INFO] [stderr] 55 | homepage = "https://github.com/EffortlessMetrics/depguard/"
[INFO] [stderr]    |            ^^^^^^^^^^^^^^^^^^^^^^^^^^^^^^^^^^^^^^^^^^^^^^^^
[INFO] [stderr] ...
[INFO] [stderr] 60 | repository = "https://github.com/EffortlessMetrics/depguard/"
[INFO] [stderr]    |              ------------------------------------------------
[INFO] [stderr]    |
[INFO] [stderr]    = note: `cargo::redundant_homepage` is set to `warn` by default
[INFO] [stderr] help: consider removing `package.homepage`
[INFO] [stderr] warning: `depguard-repo` (manifest) generated 1 warning
[INFO] [stderr]    Compiling serde_json v1.0.149
[INFO] [stderr]    Compiling ref-cast v1.0.25
[INFO] [stderr]    Compiling time-core v0.1.8
[INFO] [stderr]    Compiling num-conv v0.2.0
[INFO] [stderr]    Compiling camino v1.2.2
[INFO] [stderr]    Compiling dyn-clone v1.0.20
[INFO] [stderr]    Compiling winnow v1.0.0
[INFO] [stderr]    Compiling syn v2.0.117
[INFO] [stderr]    Compiling deranged v0.5.8
[INFO] [stderr]    Compiling aho-corasick v1.1.4
[INFO] [stderr]    Compiling regex-syntax v0.8.10
[INFO] [stderr]    Compiling toml_writer v1.1.0+spec-1.1.0
[INFO] [stderr]    Compiling toml_datetime v1.1.0+spec-1.1.0
[INFO] [stderr]    Compiling bstr v1.12.1
[INFO] [stderr]    Compiling rayon v1.11.0
[INFO] [stderr]    Compiling time-macros v0.2.27
[INFO] [stderr]    Compiling depguard-yanked v0.1.0
[INFO] [stderr]    Compiling toml_parser v1.1.0+spec-1.1.0
[INFO] [stderr]    Compiling time v0.3.47
[INFO] [stderr]    Compiling toml_edit v0.25.8+spec-1.1.0
[INFO] [stderr]    Compiling regex-automata v0.4.14
[INFO] [stderr]    Compiling serde_derive_internals v0.29.1
[INFO] [stderr]    Compiling ref-cast-impl v1.0.25
[INFO] [stderr]    Compiling serde_derive v1.0.228
[INFO] [stderr]    Compiling schemars_derive v1.2.1
[INFO] [stderr]    Compiling globset v0.4.18
[INFO] [stderr]    Compiling serde v1.0.228
[INFO] [stderr]    Compiling schemars v1.2.1
[INFO] [stderr]    Compiling depguard-types v0.1.0
[INFO] [stderr]    Compiling depguard-domain-core v0.1.0
[INFO] [stderr]    Compiling depguard-inline-suppressions v0.1.0
[INFO] [stderr]    Compiling depguard-repo-parser v0.1.0
[INFO] [stderr]    Compiling depguard-repo v0.1.0 (/opt/rustwide/workdir)
[INFO] [stderr]     Finished `release` profile [optimized] target(s) in 38.70s
[INFO] running `Command { std: "docker" "inspect" "4fd93f374bdf4a3afe7543add931570473be5bed3ca2e636bec29816e4c80e64", kill_on_drop: false }`
[INFO] running `Command { std: "docker" "exec" "-e" "SOURCE_DIR=/opt/rustwide/workdir" "-e" "CARGO_HOME=/opt/rustwide/cargo-home" "-e" "RUSTUP_HOME=/opt/rustwide/rustup-home" "-e" "CARGO_TARGET_DIR=/opt/rustwide/target" "-e" "CARGO_INCREMENTAL=0" "-e" "RUST_BACKTRACE=full" "-e" "RUSTFLAGS=--cap-lints=warn" "-e" "RUSTDOCFLAGS=--cap-lints=warn" "-w" "/opt/rustwide/workdir" "--user" "0:0" "4fd93f374bdf4a3afe7543add931570473be5bed3ca2e636bec29816e4c80e64" "/opt/rustwide/cargo-home/bin/cargo" "+1.100.0-beta.1" "test" "--frozen" "--no-run" "--message-format=json" "--release", kill_on_drop: false }`
[INFO] [stderr] warning: `package.homepage` is redundant with `package.repository`
[INFO] [stderr]   --> Cargo.toml:55:12
[INFO] [stderr]    |
[INFO] [stderr] 55 | homepage = "https://github.com/EffortlessMetrics/depguard/"
[INFO] [stderr]    |            ^^^^^^^^^^^^^^^^^^^^^^^^^^^^^^^^^^^^^^^^^^^^^^^^
[INFO] [stderr] ...
[INFO] [stderr] 60 | repository = "https://github.com/EffortlessMetrics/depguard/"
[INFO] [stderr]    |              ------------------------------------------------
[INFO] [stderr]    |
[INFO] [stderr]    = note: `cargo::redundant_homepage` is set to `warn` by default
[INFO] [stderr] help: consider removing `package.homepage`
[INFO] [stderr] warning: `depguard-repo` (manifest) generated 1 warning
[INFO] [stderr]    Compiling zerocopy v0.8.42
[INFO] [stderr]    Compiling bitflags v2.11.0
[INFO] [stderr]    Compiling getrandom v0.3.4
[INFO] [stderr]    Compiling getrandom v0.4.2
[INFO] [stderr]    Compiling regex-automata v0.4.14
[INFO] [stderr]    Compiling wait-timeout v0.2.1
[INFO] [stderr]    Compiling bit-vec v0.8.0
[INFO] [stderr]    Compiling quick-error v1.2.3
[INFO] [stderr]    Compiling unarray v0.1.4
[INFO] [stderr]    Compiling rustix v1.1.4
[INFO] [stderr]    Compiling rand_core v0.9.5
[INFO] [stderr]    Compiling bit-set v0.8.0
[INFO] [stderr]    Compiling rand_xorshift v0.4.0
[INFO] [stderr]    Compiling rand v0.9.2
[INFO] [stderr]    Compiling tempfile v3.27.0
[INFO] [stderr]    Compiling rusty-fork v0.3.1
[INFO] [stderr]    Compiling globset v0.4.18
[INFO] [stderr]    Compiling depguard-repo v0.1.0 (/opt/rustwide/workdir)
[INFO] [stderr]    Compiling ppv-lite86 v0.2.21
[INFO] [stderr]    Compiling rand_chacha v0.9.0
[INFO] [stderr]    Compiling proptest v1.11.0
[INFO] [stderr]     Finished `release` profile [optimized] target(s) in 22.33s
[INFO] running `Command { std: "docker" "inspect" "4fd93f374bdf4a3afe7543add931570473be5bed3ca2e636bec29816e4c80e64", kill_on_drop: false }`
[INFO] running `Command { std: "docker" "exec" "-e" "SOURCE_DIR=/opt/rustwide/workdir" "-e" "CARGO_HOME=/opt/rustwide/cargo-home" "-e" "RUSTUP_HOME=/opt/rustwide/rustup-home" "-e" "CARGO_TARGET_DIR=/opt/rustwide/target" "-e" "CARGO_INCREMENTAL=0" "-e" "RUST_BACKTRACE=full" "-e" "RUSTFLAGS=--cap-lints=warn" "-e" "RUSTDOCFLAGS=--cap-lints=warn" "-w" "/opt/rustwide/workdir" "--user" "0:0" "4fd93f374bdf4a3afe7543add931570473be5bed3ca2e636bec29816e4c80e64" "/opt/rustwide/cargo-home/bin/cargo" "+1.100.0-beta.1" "test" "--frozen" "--release", kill_on_drop: false }`
[INFO] [stderr] warning: `package.homepage` is redundant with `package.repository`
[INFO] [stderr]   --> Cargo.toml:55:12
[INFO] [stderr]    |
[INFO] [stderr] 55 | homepage = "https://github.com/EffortlessMetrics/depguard/"
[INFO] [stderr]    |            ^^^^^^^^^^^^^^^^^^^^^^^^^^^^^^^^^^^^^^^^^^^^^^^^
[INFO] [stderr] ...
[INFO] [stderr] 60 | repository = "https://github.com/EffortlessMetrics/depguard/"
[INFO] [stderr]    |              ------------------------------------------------
[INFO] [stderr]    |
[INFO] [stderr]    = note: `cargo::redundant_homepage` is set to `warn` by default
[INFO] [stderr] help: consider removing `package.homepage`
[INFO] [stderr] warning: `depguard-repo` (manifest) generated 1 warning
[INFO] [stderr]     Finished `release` profile [optimized] target(s) in 0.13s
[INFO] [stderr]      Running unittests src/lib.rs (/opt/rustwide/target/release/build/depguard-repo/6dbf18124f6d3ffc/out/depguard_repo-6dbf18124f6d3ffc)
[INFO] [stdout] 
[INFO] [stdout] running 32 tests
[INFO] [stdout] test discover::tests::discover_handles_non_matching_patterns ... ok
[INFO] [stdout] test discover::tests::discover_no_workspace_returns_root_only ... ok
[INFO] [stdout] test discover::tests::discover_handles_empty_patterns ... ok
[INFO] [stdout] test discover::tests::discover_normalizes_relative_paths ... ok
[INFO] [stdout] test discover::tests::discover_package_workspace_is_included ... ok
[INFO] [stdout] test discover::tests::discover_invalid_glob_returns_error ... ok
[INFO] [stdout] test discover::tests::discover_rejects_parent_directory_references ... ok
[INFO] [stdout] test discover::tests::discover_rejects_parent_directory_in_exclude ... ok
[INFO] [stdout] test discover::tests::discover_combined_exclude_mechanisms ... ok
[INFO] [stdout] test discover::tests::discover_patterns_are_case_sensitive ... ok
[INFO] [stdout] test discover::tests::normalize_path_strips_dot_slash ... ok
[INFO] [stdout] test discover::tests::discover_rejects_absolute_paths ... ok
[INFO] [stdout] test discover::tests::discover_exclusion_patterns_in_members ... ok
[INFO] [stdout] test discover::tests::discover_rejects_embedded_parent_references ... ok
[INFO] [stdout] test discover::tests::discover_rejects_exclusion_with_parent_references ... ok
[INFO] [stdout] test discover::tests::parse_member_pattern_handles_exclusion ... ok
[INFO] [stdout] test discover::tests::discover_virtual_workspace ... ok
[INFO] [stdout] test discover::tests::discover_workspace_members_and_excludes ... ok
[INFO] [stdout] test discover::tests::discover_workspace_with_empty_members_includes_all ... ok
[INFO] [stdout] test discover::tests::parse_member_pattern_handles_inclusion ... ok
[INFO] [stdout] test discover::tests::parse_member_pattern_rejects_empty_patterns ... ok
[INFO] [stdout] test discover::tests::pathbuf_to_utf8_rejects_invalid ... ok
[INFO] [stdout] test discover::tests::parse_member_pattern_rejects_absolute_paths ... ok
[INFO] [stdout] test discover::tests::parse_member_pattern_rejects_parent_directory_references ... ok
[INFO] [stdout] test discover::tests::discover_double_star_matches_nested ... ok
[INFO] [stdout] test discover::tests::parse_member_pattern_handles_whitespace ... ok
[INFO] [stdout] test tests::build_workspace_model_repo_scope_includes_all_manifests ... ok
[INFO] [stdout] test tests::build_workspace_model_diff_scope_filters_members ... ok
[INFO] [stdout] test tests::fuzz_parsers_never_panic ... ok
[INFO] [stdout] test tests::build_workspace_model_with_cache_invalidates_on_manifest_change ... ok
[INFO] [stdout] test discover::tests::discover_virtual_workspace_is_excluded ... ok
[INFO] [stdout] test tests::build_workspace_model_with_cache_writes_cache_file ... ok
[INFO] [stdout] 
[INFO] [stdout] test result: ok. 32 passed; 0 failed; 0 ignored; 0 measured; 0 filtered out; finished in 0.06s
[INFO] [stdout] 
[INFO] [stderr]      Running tests/build_workspace_model.rs (/opt/rustwide/target/release/build/depguard-repo/409c1eb9e0b39e10/out/build_workspace_model-409c1eb9e0b39e10)
[INFO] [stdout] 
[INFO] [stdout] running 4 tests
[INFO] [stdout] test fuzz_helpers_parse_and_expand_globs ... ok
[INFO] [stdout] test build_workspace_model_diff_scope_filters_manifests ... ok
[INFO] [stdout] test build_workspace_model_repo_scope_includes_all_manifests ... ok
[INFO] [stdout] test build_workspace_model_diff_scope_ignores_unknown_paths ... ok
[INFO] [stdout] 
[INFO] [stdout] test result: ok. 4 passed; 0 failed; 0 ignored; 0 measured; 0 filtered out; finished in 0.02s
[INFO] [stdout] 
[INFO] [stderr]      Running tests/discover.rs (/opt/rustwide/target/release/build/depguard-repo/ad74d1f4c03ca9dd/out/discover-ad74d1f4c03ca9dd)
[INFO] [stdout] 
[INFO] [stdout] running 11 tests
[INFO] [stdout] test handles_unicode_paths ... ok
[INFO] [stdout] test handles_long_file_names ... ok
[INFO] [stdout] test glob_expansion_produces_sorted_results ... FAILED
[INFO] [stderr] error: test failed, to rerun pass `--test discover`
[INFO] [stdout] test circular_workspace_references_behavior ... ok
[INFO] [stdout] test root_manifest_is_first ... FAILED
[INFO] [stdout] test manifests_are_sorted_lexicographically ... FAILED
[INFO] [stdout] test manifest_discovery_is_idempotent ... FAILED
[INFO] [stdout] test manifest_ordering_is_deterministic ... FAILED
[INFO] [stdout] test nested_workspace_maintains_ordering ... FAILED
[INFO] [stdout] test discovers_single_package_without_dependencies ... FAILED
[INFO] [stdout] test discovers_deeply_nested_manifests ... ok
[INFO] [stdout] 
[INFO] [stdout] failures:
[INFO] [stdout] 
[INFO] [stdout] ---- glob_expansion_produces_sorted_results stdout ----
[INFO] [stdout] 
[INFO] [stdout] thread 'glob_expansion_produces_sorted_results' (1423) panicked at tests/discover.rs:126:55:
[INFO] [stdout] discovery should succeed: read /opt/tests/fixtures/workspace_members_exclude/Cargo.toml
[INFO] [stdout] 
[INFO] [stdout] Caused by:
[INFO] [stdout]     No such file or directory (os error 2)
[INFO] [stdout] 
[INFO] [stdout] Stack backtrace:
[INFO] [stdout]    0: <core::io::error::Error as anyhow::context::ext::StdError>::ext_context::<alloc::string::String>
[INFO] [stdout]    1: depguard_repo::discover::discover_manifests
[INFO] [stdout]    2: <discover::glob_expansion_produces_sorted_results::{closure#0} as core::ops::function::FnOnce<()>>::call_once
[INFO] [stdout]    3: test::__rust_begin_short_backtrace::<core::result::Result<(), alloc::string::String>, fn() -> core::result::Result<(), alloc::string::String>>
[INFO] [stdout]    4: test::run_test::{closure#0}
[INFO] [stdout]    5: std::sys::backtrace::__rust_begin_short_backtrace::<test::run_test::{closure#1}, ()>
[INFO] [stdout]    6: <std::thread::lifecycle::spawn_unchecked<test::run_test::{closure#1}, ()>::{closure#1} as core::ops::function::FnOnce<()>>::call_once::{shim:vtable#0}
[INFO] [stdout]    7: <std::sys::thread::unix::Thread>::new::thread_start
[INFO] [stdout]    8: <unknown>
[INFO] [stdout]    9: clone
[INFO] [stdout] stack backtrace:
[INFO] [stdout]    0:     0x62d04ea9e201 - <<std[617be2ca0a6fd877]::sys::backtrace::BacktraceLock>::print::DisplayBacktrace as core[a373ad73a504971]::fmt::Display>::fmt
[INFO] [stdout]    1:     0x62d04eab493a - core[a373ad73a504971]::fmt::write
[INFO] [stdout]    2:     0x62d04eaa2bec - <alloc[2e1b2a31b91974c5]::vec::Vec<u8> as core[a373ad73a504971]::io::write::Write>::write_fmt
[INFO] [stdout]    3:     0x62d04ea780c6 - std[617be2ca0a6fd877]::panicking::default_hook::{closure#0}
[INFO] [stdout]    4:     0x62d04ea95889 - std[617be2ca0a6fd877]::panicking::default_hook
[INFO] [stdout]    5:     0x62d04e92e3f0 - test[aada8e7e76ba119b]::test_main_inner::{closure#0}
[INFO] [stdout]    6:     0x62d04ea95a42 - std[617be2ca0a6fd877]::panicking::panic_with_hook
[INFO] [stdout]    7:     0x62d04ea78172 - std[617be2ca0a6fd877]::panicking::panic_handler::{closure#0}
[INFO] [stdout]    8:     0x62d04ea705a9 - std[617be2ca0a6fd877]::sys::backtrace::__rust_end_short_backtrace::<std[617be2ca0a6fd877]::panicking::panic_handler::{closure#0}, !>
[INFO] [stdout]    9:     0x62d04ea78e8d - __rustc[ea4f61d10b84890b]::rust_begin_unwind
[INFO] [stdout]   10:     0x62d04eab511c - core[a373ad73a504971]::panicking::panic_fmt
[INFO] [stdout]   11:     0x62d04eab4ef2 - core[a373ad73a504971]::result::unwrap_failed
[INFO] [stdout]   12:     0x62d04e91f9cd - <discover[9497a51a95f255e7]::glob_expansion_produces_sorted_results::{closure#0} as core[a373ad73a504971]::ops::function::FnOnce<()>>::call_once
[INFO] [stdout]   13:     0x62d04e92183b - test[aada8e7e76ba119b]::__rust_begin_short_backtrace::<core[a373ad73a504971]::result::Result<(), alloc[2e1b2a31b91974c5]::string::String>, fn() -> core[a373ad73a504971]::result::Result<(), alloc[2e1b2a31b91974c5]::string::String>>
[INFO] [stdout]   14:     0x62d04e92ea15 - test[aada8e7e76ba119b]::run_test::{closure#0}
[INFO] [stdout]   15:     0x62d04e928304 - std[617be2ca0a6fd877]::sys::backtrace::__rust_begin_short_backtrace::<test[aada8e7e76ba119b]::run_test::{closure#1}, ()>
[INFO] [stdout]   16:     0x62d04e931aa2 - <std[617be2ca0a6fd877]::thread::lifecycle::spawn_unchecked<test[aada8e7e76ba119b]::run_test::{closure#1}, ()>::{closure#1} as core[a373ad73a504971]::ops::function::FnOnce<()>>::call_once::{shim:vtable#0}
[INFO] [stdout]   17:     0x62d04ea9d51f - <std[617be2ca0a6fd877]::sys::thread::unix::Thread>::new::thread_start
[INFO] [stdout]   18:     0x770d4ffdddfa - <unknown>
[INFO] [stdout]   19:     0x770d500713d4 - clone
[INFO] [stdout]   20:                0x0 - <unknown>
[INFO] [stdout] 
[INFO] [stdout] ---- root_manifest_is_first stdout ----
[INFO] [stdout] 
[INFO] [stdout] thread 'root_manifest_is_first' (1430) panicked at tests/discover.rs:88:55:
[INFO] [stdout] discovery should succeed: read /opt/tests/fixtures/manifest_ordering/Cargo.toml
[INFO] [stdout] 
[INFO] [stdout] Caused by:
[INFO] [stdout]     No such file or directory (os error 2)
[INFO] [stdout] 
[INFO] [stdout] Stack backtrace:
[INFO] [stdout]    0: <core::io::error::Error as anyhow::context::ext::StdError>::ext_context::<alloc::string::String>
[INFO] [stdout]    1: depguard_repo::discover::discover_manifests
[INFO] [stdout]    2: <discover::root_manifest_is_first::{closure#0} as core::ops::function::FnOnce<()>>::call_once
[INFO] [stdout]    3: test::__rust_begin_short_backtrace::<core::result::Result<(), alloc::string::String>, fn() -> core::result::Result<(), alloc::string::String>>
[INFO] [stdout]    4: test::run_test::{closure#0}
[INFO] [stdout]    5: std::sys::backtrace::__rust_begin_short_backtrace::<test::run_test::{closure#1}, ()>
[INFO] [stdout]    6: <std::thread::lifecycle::spawn_unchecked<test::run_test::{closure#1}, ()>::{closure#1} as core::ops::function::FnOnce<()>>::call_once::{shim:vtable#0}
[INFO] [stdout]    7: <std::sys::thread::unix::Thread>::new::thread_start
[INFO] [stdout]    8: <unknown>
[INFO] [stdout]    9: clone
[INFO] [stdout] stack backtrace:
[INFO] [stdout]    0:     0x62d04ea9e201 - <<std[617be2ca0a6fd877]::sys::backtrace::BacktraceLock>::print::DisplayBacktrace as core[a373ad73a504971]::fmt::Display>::fmt
[INFO] [stdout]    1:     0x62d04eab493a - core[a373ad73a504971]::fmt::write
[INFO] [stdout]    2:     0x62d04eaa2bec - <alloc[2e1b2a31b91974c5]::vec::Vec<u8> as core[a373ad73a504971]::io::write::Write>::write_fmt
[INFO] [stdout]    3:     0x62d04ea780c6 - std[617be2ca0a6fd877]::panicking::default_hook::{closure#0}
[INFO] [stdout]    4:     0x62d04ea95889 - std[617be2ca0a6fd877]::panicking::default_hook
[INFO] [stdout]    5:     0x62d04e92e3f0 - test[aada8e7e76ba119b]::test_main_inner::{closure#0}
[INFO] [stdout]    6:     0x62d04ea95a42 - std[617be2ca0a6fd877]::panicking::panic_with_hook
[INFO] [stdout]    7:     0x62d04ea78172 - std[617be2ca0a6fd877]::panicking::panic_handler::{closure#0}
[INFO] [stdout]    8:     0x62d04ea705a9 - std[617be2ca0a6fd877]::sys::backtrace::__rust_end_short_backtrace::<std[617be2ca0a6fd877]::panicking::panic_handler::{closure#0}, !>
[INFO] [stdout]    9:     0x62d04ea78e8d - __rustc[ea4f61d10b84890b]::rust_begin_unwind
[INFO] [stdout]   10:     0x62d04eab511c - core[a373ad73a504971]::panicking::panic_fmt
[INFO] [stdout]   11:     0x62d04eab4ef2 - core[a373ad73a504971]::result::unwrap_failed
[INFO] [stdout]   12:     0x62d04e91ce38 - <discover[9497a51a95f255e7]::root_manifest_is_first::{closure#0} as core[a373ad73a504971]::ops::function::FnOnce<()>>::call_once
[INFO] [stdout]   13:     0x62d04e92183b - test[aada8e7e76ba119b]::__rust_begin_short_backtrace::<core[a373ad73a504971]::result::Result<(), alloc[2e1b2a31b91974c5]::string::String>, fn() -> core[a373ad73a504971]::result::Result<(), alloc[2e1b2a31b91974c5]::string::String>>
[INFO] [stdout]   14:     0x62d04e92ea15 - test[aada8e7e76ba119b]::run_test::{closure#0}
[INFO] [stdout]   15:     0x62d04e928304 - std[617be2ca0a6fd877]::sys::backtrace::__rust_begin_short_backtrace::<test[aada8e7e76ba119b]::run_test::{closure#1}, ()>
[INFO] [stdout]   16:     0x62d04e931aa2 - <std[617be2ca0a6fd877]::thread::lifecycle::spawn_unchecked<test[aada8e7e76ba119b]::run_test::{closure#1}, ()>::{closure#1} as core[a373ad73a504971]::ops::function::FnOnce<()>>::call_once::{shim:vtable#0}
[INFO] [stdout]   17:     0x62d04ea9d51f - <std[617be2ca0a6fd877]::sys::thread::unix::Thread>::new::thread_start
[INFO] [stdout]   18:     0x770d4ffdddfa - <unknown>
[INFO] [stdout]   19:     0x770d500713d4 - clone
[INFO] [stdout]   20:                0x0 - <unknown>
[INFO] [stdout] 
[INFO] [stdout] ---- manifests_are_sorted_lexicographically stdout ----
[INFO] [stdout] 
[INFO] [stdout] thread 'manifests_are_sorted_lexicographically' (1428) panicked at tests/discover.rs:106:55:
[INFO] [stdout] discovery should succeed: read /opt/tests/fixtures/manifest_ordering/Cargo.toml
[INFO] [stdout] 
[INFO] [stdout] Caused by:
[INFO] [stdout]     No such file or directory (os error 2)
[INFO] [stdout] 
[INFO] [stdout] Stack backtrace:
[INFO] [stdout]    0: <core::io::error::Error as anyhow::context::ext::StdError>::ext_context::<alloc::string::String>
[INFO] [stdout]    1: depguard_repo::discover::discover_manifests
[INFO] [stdout]    2: <discover::manifests_are_sorted_lexicographically::{closure#0} as core::ops::function::FnOnce<()>>::call_once
[INFO] [stdout]    3: test::__rust_begin_short_backtrace::<core::result::Result<(), alloc::string::String>, fn() -> core::result::Result<(), alloc::string::String>>
[INFO] [stdout]    4: test::run_test::{closure#0}
[INFO] [stdout]    5: std::sys::backtrace::__rust_begin_short_backtrace::<test::run_test::{closure#1}, ()>
[INFO] [stdout]    6: <std::thread::lifecycle::spawn_unchecked<test::run_test::{closure#1}, ()>::{closure#1} as core::ops::function::FnOnce<()>>::call_once::{shim:vtable#0}
[INFO] [stdout]    7: <std::sys::thread::unix::Thread>::new::thread_start
[INFO] [stdout]    8: <unknown>
[INFO] [stdout]    9: clone
[INFO] [stdout] stack backtrace:
[INFO] [stdout]    0:     0x62d04ea9e201 - <<std[617be2ca0a6fd877]::sys::backtrace::BacktraceLock>::print::DisplayBacktrace as core[a373ad73a504971]::fmt::Display>::fmt
[INFO] [stdout]    1:     0x62d04eab493a - core[a373ad73a504971]::fmt::write
[INFO] [stdout]    2:     0x62d04eaa2bec - <alloc[2e1b2a31b91974c5]::vec::Vec<u8> as core[a373ad73a504971]::io::write::Write>::write_fmt
[INFO] [stdout]    3:     0x62d04ea780c6 - std[617be2ca0a6fd877]::panicking::default_hook::{closure#0}
[INFO] [stdout]    4:     0x62d04ea95889 - std[617be2ca0a6fd877]::panicking::default_hook
[INFO] [stdout]    5:     0x62d04e92e3f0 - test[aada8e7e76ba119b]::test_main_inner::{closure#0}
[INFO] [stdout]    6:     0x62d04ea95a42 - std[617be2ca0a6fd877]::panicking::panic_with_hook
[INFO] [stdout]    7:     0x62d04ea78172 - std[617be2ca0a6fd877]::panicking::panic_handler::{closure#0}
[INFO] [stdout]    8:     0x62d04ea705a9 - std[617be2ca0a6fd877]::sys::backtrace::__rust_end_short_backtrace::<std[617be2ca0a6fd877]::panicking::panic_handler::{closure#0}, !>
[INFO] [stdout]    9:     0x62d04ea78e8d - __rustc[ea4f61d10b84890b]::rust_begin_unwind
[INFO] [stdout]   10:     0x62d04eab511c - core[a373ad73a504971]::panicking::panic_fmt
[INFO] [stdout]   11:     0x62d04eab4ef2 - core[a373ad73a504971]::result::unwrap_failed
[INFO] [stdout]   12:     0x62d04e91fdcd - <discover[9497a51a95f255e7]::manifests_are_sorted_lexicographically::{closure#0} as core[a373ad73a504971]::ops::function::FnOnce<()>>::call_once
[INFO] [stdout]   13:     0x62d04e92183b - test[aada8e7e76ba119b]::__rust_begin_short_backtrace::<core[a373ad73a504971]::result::Result<(), alloc[2e1b2a31b91974c5]::string::String>, fn() -> core[a373ad73a504971]::result::Result<(), alloc[2e1b2a31b91974c5]::string::String>>
[INFO] [stdout]   14:     0x62d04e92ea15 - test[aada8e7e76ba119b]::run_test::{closure#0}
[INFO] [stdout]   15:     0x62d04e928304 - std[617be2ca0a6fd877]::sys::backtrace::__rust_begin_short_backtrace::<test[aada8e7e76ba119b]::run_test::{closure#1}, ()>
[INFO] [stdout]   16:     0x62d04e931aa2 - <std[617be2ca0a6fd877]::thread::lifecycle::spawn_unchecked<test[aada8e7e76ba119b]::run_test::{closure#1}, ()>::{closure#1} as core[a373ad73a504971]::ops::function::FnOnce<()>>::call_once::{shim:vtable#0}
[INFO] [stdout]   17:     0x62d04ea9d51f - <std[617be2ca0a6fd877]::sys::thread::unix::Thread>::new::thread_start
[INFO] [stdout]   18:     0x770d4ffdddfa - <unknown>
[INFO] [stdout]   19:     0x770d500713d4 - clone
[INFO] [stdout]   20:                0x0 - <unknown>
[INFO] [stdout] 
[INFO] [stdout] ---- manifest_discovery_is_idempotent stdout ----
[INFO] [stdout] 
[INFO] [stdout] thread 'manifest_discovery_is_idempotent' (1426) panicked at tests/discover.rs:64:50:
[INFO] [stdout] first discovery should succeed: read /opt/tests/fixtures/manifest_ordering/Cargo.toml
[INFO] [stdout] 
[INFO] [stdout] Caused by:
[INFO] [stdout]     No such file or directory (os error 2)
[INFO] [stdout] 
[INFO] [stdout] Stack backtrace:
[INFO] [stdout]    0: <core::io::error::Error as anyhow::context::ext::StdError>::ext_context::<alloc::string::String>
[INFO] [stdout]    1: depguard_repo::discover::discover_manifests
[INFO] [stdout]    2: <discover::manifest_discovery_is_idempotent::{closure#0} as core::ops::function::FnOnce<()>>::call_once
[INFO] [stdout]    3: test::__rust_begin_short_backtrace::<core::result::Result<(), alloc::string::String>, fn() -> core::result::Result<(), alloc::string::String>>
[INFO] [stdout]    4: test::run_test::{closure#0}
[INFO] [stdout]    5: std::sys::backtrace::__rust_begin_short_backtrace::<test::run_test::{closure#1}, ()>
[INFO] [stdout]    6: <std::thread::lifecycle::spawn_unchecked<test::run_test::{closure#1}, ()>::{closure#1} as core::ops::function::FnOnce<()>>::call_once::{shim:vtable#0}
[INFO] [stdout]    7: <std::sys::thread::unix::Thread>::new::thread_start
[INFO] [stdout]    8: <unknown>
[INFO] [stdout]    9: clone
[INFO] [stdout] stack backtrace:
[INFO] [stdout]    0:     0x62d04ea9e201 - <<std[617be2ca0a6fd877]::sys::backtrace::BacktraceLock>::print::DisplayBacktrace as core[a373ad73a504971]::fmt::Display>::fmt
[INFO] [stdout]    1:     0x62d04eab493a - core[a373ad73a504971]::fmt::write
[INFO] [stdout]    2:     0x62d04eaa2bec - <alloc[2e1b2a31b91974c5]::vec::Vec<u8> as core[a373ad73a504971]::io::write::Write>::write_fmt
[INFO] [stdout]    3:     0x62d04ea780c6 - std[617be2ca0a6fd877]::panicking::default_hook::{closure#0}
[INFO] [stdout]    4:     0x62d04ea95889 - std[617be2ca0a6fd877]::panicking::default_hook
[INFO] [stdout]    5:     0x62d04e92e3f0 - test[aada8e7e76ba119b]::test_main_inner::{closure#0}
[INFO] [stdout]    6:     0x62d04ea95a42 - std[617be2ca0a6fd877]::panicking::panic_with_hook
[INFO] [stdout]    7:     0x62d04ea78172 - std[617be2ca0a6fd877]::panicking::panic_handler::{closure#0}
[INFO] [stdout]    8:     0x62d04ea705a9 - std[617be2ca0a6fd877]::sys::backtrace::__rust_end_short_backtrace::<std[617be2ca0a6fd877]::panicking::panic_handler::{closure#0}, !>
[INFO] [stdout]    9:     0x62d04ea78e8d - __rustc[ea4f61d10b84890b]::rust_begin_unwind
[INFO] [stdout]   10:     0x62d04eab511c - core[a373ad73a504971]::panicking::panic_fmt
[INFO] [stdout]   11:     0x62d04eab4ef2 - core[a373ad73a504971]::result::unwrap_failed
[INFO] [stdout]   12:     0x62d04e91dbba - <discover[9497a51a95f255e7]::manifest_discovery_is_idempotent::{closure#0} as core[a373ad73a504971]::ops::function::FnOnce<()>>::call_once
[INFO] [stdout]   13:     0x62d04e92183b - test[aada8e7e76ba119b]::__rust_begin_short_backtrace::<core[a373ad73a504971]::result::Result<(), alloc[2e1b2a31b91974c5]::string::String>, fn() -> core[a373ad73a504971]::result::Result<(), alloc[2e1b2a31b91974c5]::string::String>>
[INFO] [stdout]   14:     0x62d04e92ea15 - test[aada8e7e76ba119b]::run_test::{closure#0}
[INFO] [stdout]   15:     0x62d04e928304 - std[617be2ca0a6fd877]::sys::backtrace::__rust_begin_short_backtrace::<test[aada8e7e76ba119b]::run_test::{closure#1}, ()>
[INFO] [stdout]   16:     0x62d04e931aa2 - <std[617be2ca0a6fd877]::thread::lifecycle::spawn_unchecked<test[aada8e7e76ba119b]::run_test::{closure#1}, ()>::{closure#1} as core[a373ad73a504971]::ops::function::FnOnce<()>>::call_once::{shim:vtable#0}
[INFO] [stdout]   17:     0x62d04ea9d51f - <std[617be2ca0a6fd877]::sys::thread::unix::Thread>::new::thread_start
[INFO] [stdout]   18:     0x770d4ffdddfa - <unknown>
[INFO] [stdout]   19:     0x770d500713d4 - clone
[INFO] [stdout]   20:                0x0 - <unknown>
[INFO] [stdout] 
[INFO] [stdout] ---- manifest_ordering_is_deterministic stdout ----
[INFO] [stdout] 
[INFO] [stdout] thread 'manifest_ordering_is_deterministic' (1427) panicked at tests/discover.rs:35:55:
[INFO] [stdout] discovery should succeed: read /opt/tests/fixtures/manifest_ordering/Cargo.toml
[INFO] [stdout] 
[INFO] [stdout] Caused by:
[INFO] [stdout]     No such file or directory (os error 2)
[INFO] [stdout] 
[INFO] [stdout] Stack backtrace:
[INFO] [stdout]    0: <core::io::error::Error as anyhow::context::ext::StdError>::ext_context::<alloc::string::String>
[INFO] [stdout]    1: depguard_repo::discover::discover_manifests
[INFO] [stdout]    2: <discover::manifest_ordering_is_deterministic::{closure#0} as core::ops::function::FnOnce<()>>::call_once
[INFO] [stdout]    3: test::__rust_begin_short_backtrace::<core::result::Result<(), alloc::string::String>, fn() -> core::result::Result<(), alloc::string::String>>
[INFO] [stdout]    4: test::run_test::{closure#0}
[INFO] [stdout]    5: std::sys::backtrace::__rust_begin_short_backtrace::<test::run_test::{closure#1}, ()>
[INFO] [stdout]    6: <std::thread::lifecycle::spawn_unchecked<test::run_test::{closure#1}, ()>::{closure#1} as core::ops::function::FnOnce<()>>::call_once::{shim:vtable#0}
[INFO] [stdout]    7: <std::sys::thread::unix::Thread>::new::thread_start
[INFO] [stdout]    8: <unknown>
[INFO] [stdout]    9: clone
[INFO] [stdout] stack backtrace:
[INFO] [stdout]    0:     0x62d04ea9e201 - <<std[617be2ca0a6fd877]::sys::backtrace::BacktraceLock>::print::DisplayBacktrace as core[a373ad73a504971]::fmt::Display>::fmt
[INFO] [stdout]    1:     0x62d04eab493a - core[a373ad73a504971]::fmt::write
[INFO] [stdout]    2:     0x62d04eaa2bec - <alloc[2e1b2a31b91974c5]::vec::Vec<u8> as core[a373ad73a504971]::io::write::Write>::write_fmt
[INFO] [stdout]    3:     0x62d04ea780c6 - std[617be2ca0a6fd877]::panicking::default_hook::{closure#0}
[INFO] [stdout]    4:     0x62d04ea95889 - std[617be2ca0a6fd877]::panicking::default_hook
[INFO] [stdout]    5:     0x62d04e92e3f0 - test[aada8e7e76ba119b]::test_main_inner::{closure#0}
[INFO] [stdout]    6:     0x62d04ea95a42 - std[617be2ca0a6fd877]::panicking::panic_with_hook
[INFO] [stdout]    7:     0x62d04ea78172 - std[617be2ca0a6fd877]::panicking::panic_handler::{closure#0}
[INFO] [stdout]    8:     0x62d04ea705a9 - std[617be2ca0a6fd877]::sys::backtrace::__rust_end_short_backtrace::<std[617be2ca0a6fd877]::panicking::panic_handler::{closure#0}, !>
[INFO] [stdout]    9:     0x62d04ea78e8d - __rustc[ea4f61d10b84890b]::rust_begin_unwind
[INFO] [stdout]   10:     0x62d04eab511c - core[a373ad73a504971]::panicking::panic_fmt
[INFO] [stdout]   11:     0x62d04eab4ef2 - core[a373ad73a504971]::result::unwrap_failed
[INFO] [stdout]   12:     0x62d04e91ea18 - <discover[9497a51a95f255e7]::manifest_ordering_is_deterministic::{closure#0} as core[a373ad73a504971]::ops::function::FnOnce<()>>::call_once
[INFO] [stdout]   13:     0x62d04e92183b - test[aada8e7e76ba119b]::__rust_begin_short_backtrace::<core[a373ad73a504971]::result::Result<(), alloc[2e1b2a31b91974c5]::string::String>, fn() -> core[a373ad73a504971]::result::Result<(), alloc[2e1b2a31b91974c5]::string::String>>
[INFO] [stdout]   14:     0x62d04e92ea15 - test[aada8e7e76ba119b]::run_test::{closure#0}
[INFO] [stdout]   15:     0x62d04e928304 - std[617be2ca0a6fd877]::sys::backtrace::__rust_begin_short_backtrace::<test[aada8e7e76ba119b]::run_test::{closure#1}, ()>
[INFO] [stdout]   16:     0x62d04e931aa2 - <std[617be2ca0a6fd877]::thread::lifecycle::spawn_unchecked<test[aada8e7e76ba119b]::run_test::{closure#1}, ()>::{closure#1} as core[a373ad73a504971]::ops::function::FnOnce<()>>::call_once::{shim:vtable#0}
[INFO] [stdout]   17:     0x62d04ea9d51f - <std[617be2ca0a6fd877]::sys::thread::unix::Thread>::new::thread_start
[INFO] [stdout]   18:     0x770d4ffdddfa - <unknown>
[INFO] [stdout]   19:     0x770d500713d4 - clone
[INFO] [stdout]   20:                0x0 - <unknown>
[INFO] [stdout] 
[INFO] [stdout] ---- nested_workspace_maintains_ordering stdout ----
[INFO] [stdout] 
[INFO] [stdout] thread 'nested_workspace_maintains_ordering' (1429) panicked at tests/discover.rs:144:55:
[INFO] [stdout] discovery should succeed: read /opt/tests/fixtures/nested_workspace/Cargo.toml
[INFO] [stdout] 
[INFO] [stdout] Caused by:
[INFO] [stdout]     No such file or directory (os error 2)
[INFO] [stdout] 
[INFO] [stdout] Stack backtrace:
[INFO] [stdout]    0: <core::io::error::Error as anyhow::context::ext::StdError>::ext_context::<alloc::string::String>
[INFO] [stdout]    1: depguard_repo::discover::discover_manifests
[INFO] [stdout]    2: <discover::nested_workspace_maintains_ordering::{closure#0} as core::ops::function::FnOnce<()>>::call_once
[INFO] [stdout]    3: test::__rust_begin_short_backtrace::<core::result::Result<(), alloc::string::String>, fn() -> core::result::Result<(), alloc::string::String>>
[INFO] [stdout]    4: test::run_test::{closure#0}
[INFO] [stdout]    5: std::sys::backtrace::__rust_begin_short_backtrace::<test::run_test::{closure#1}, ()>
[INFO] [stdout]    6: <std::thread::lifecycle::spawn_unchecked<test::run_test::{closure#1}, ()>::{closure#1} as core::ops::function::FnOnce<()>>::call_once::{shim:vtable#0}
[INFO] [stdout]    7: <std::sys::thread::unix::Thread>::new::thread_start
[INFO] [stdout]    8: <unknown>
[INFO] [stdout]    9: clone
[INFO] [stdout] stack backtrace:
[INFO] [stdout]    0:     0x62d04ea9e201 - <<std[617be2ca0a6fd877]::sys::backtrace::BacktraceLock>::print::DisplayBacktrace as core[a373ad73a504971]::fmt::Display>::fmt
[INFO] [stdout]    1:     0x62d04eab493a - core[a373ad73a504971]::fmt::write
[INFO] [stdout]    2:     0x62d04eaa2bec - <alloc[2e1b2a31b91974c5]::vec::Vec<u8> as core[a373ad73a504971]::io::write::Write>::write_fmt
[INFO] [stdout]    3:     0x62d04ea780c6 - std[617be2ca0a6fd877]::panicking::default_hook::{closure#0}
[INFO] [stdout]    4:     0x62d04ea95889 - std[617be2ca0a6fd877]::panicking::default_hook
[INFO] [stdout]    5:     0x62d04e92e3f0 - test[aada8e7e76ba119b]::test_main_inner::{closure#0}
[INFO] [stdout]    6:     0x62d04ea95a42 - std[617be2ca0a6fd877]::panicking::panic_with_hook
[INFO] [stdout]    7:     0x62d04ea78172 - std[617be2ca0a6fd877]::panicking::panic_handler::{closure#0}
[INFO] [stdout]    8:     0x62d04ea705a9 - std[617be2ca0a6fd877]::sys::backtrace::__rust_end_short_backtrace::<std[617be2ca0a6fd877]::panicking::panic_handler::{closure#0}, !>
[INFO] [stdout]    9:     0x62d04ea78e8d - __rustc[ea4f61d10b84890b]::rust_begin_unwind
[INFO] [stdout]   10:     0x62d04eab511c - core[a373ad73a504971]::panicking::panic_fmt
[INFO] [stdout]   11:     0x62d04eab4ef2 - core[a373ad73a504971]::result::unwrap_failed
[INFO] [stdout]   12:     0x62d04e91eebd - <discover[9497a51a95f255e7]::nested_workspace_maintains_ordering::{closure#0} as core[a373ad73a504971]::ops::function::FnOnce<()>>::call_once
[INFO] [stdout]   13:     0x62d04e92183b - test[aada8e7e76ba119b]::__rust_begin_short_backtrace::<core[a373ad73a504971]::result::Result<(), alloc[2e1b2a31b91974c5]::string::String>, fn() -> core[a373ad73a504971]::result::Result<(), alloc[2e1b2a31b91974c5]::string::String>>
[INFO] [stdout]   14:     0x62d04e92ea15 - test[aada8e7e76ba119b]::run_test::{closure#0}
[INFO] [stdout]   15:     0x62d04e928304 - std[617be2ca0a6fd877]::sys::backtrace::__rust_begin_short_backtrace::<test[aada8e7e76ba119b]::run_test::{closure#1}, ()>
[INFO] [stdout]   16:     0x62d04e931aa2 - <std[617be2ca0a6fd877]::thread::lifecycle::spawn_unchecked<test[aada8e7e76ba119b]::run_test::{closure#1}, ()>::{closure#1} as core[a373ad73a504971]::ops::function::FnOnce<()>>::call_once::{shim:vtable#0}
[INFO] [stdout]   17:     0x62d04ea9d51f - <std[617be2ca0a6fd877]::sys::thread::unix::Thread>::new::thread_start
[INFO] [stdout]   18:     0x770d4ffdddfa - <unknown>
[INFO] [stdout]   19:     0x770d500713d4 - clone
[INFO] [stdout]   20:                0x0 - <unknown>
[INFO] [stdout] 
[INFO] [stdout] ---- discovers_single_package_without_dependencies stdout ----
[INFO] [stdout] 
[INFO] [stdout] thread 'discovers_single_package_without_dependencies' (1422) panicked at tests/discover.rs:167:55:
[INFO] [stdout] discovery should succeed: read /opt/tests/fixtures/empty_package/Cargo.toml
[INFO] [stdout] 
[INFO] [stdout] Caused by:
[INFO] [stdout]     No such file or directory (os error 2)
[INFO] [stdout] 
[INFO] [stdout] Stack backtrace:
[INFO] [stdout]    0: <core::io::error::Error as anyhow::context::ext::StdError>::ext_context::<alloc::string::String>
[INFO] [stdout]    1: depguard_repo::discover::discover_manifests
[INFO] [stdout]    2: <discover::discovers_single_package_without_dependencies::{closure#0} as core::ops::function::FnOnce<()>>::call_once
[INFO] [stdout]    3: test::__rust_begin_short_backtrace::<core::result::Result<(), alloc::string::String>, fn() -> core::result::Result<(), alloc::string::String>>
[INFO] [stdout]    4: test::run_test::{closure#0}
[INFO] [stdout]    5: std::sys::backtrace::__rust_begin_short_backtrace::<test::run_test::{closure#1}, ()>
[INFO] [stdout]    6: <std::thread::lifecycle::spawn_unchecked<test::run_test::{closure#1}, ()>::{closure#1} as core::ops::function::FnOnce<()>>::call_once::{shim:vtable#0}
[INFO] [stdout]    7: <std::sys::thread::unix::Thread>::new::thread_start
[INFO] [stdout]    8: <unknown>
[INFO] [stdout]    9: clone
[INFO] [stdout] stack backtrace:
[INFO] [stdout]    0:     0x62d04ea9e201 - <<std[617be2ca0a6fd877]::sys::backtrace::BacktraceLock>::print::DisplayBacktrace as core[a373ad73a504971]::fmt::Display>::fmt
[INFO] [stdout]    1:     0x62d04eab493a - core[a373ad73a504971]::fmt::write
[INFO] [stdout]    2:     0x62d04eaa2bec - <alloc[2e1b2a31b91974c5]::vec::Vec<u8> as core[a373ad73a504971]::io::write::Write>::write_fmt
[INFO] [stdout]    3:     0x62d04ea780c6 - std[617be2ca0a6fd877]::panicking::default_hook::{closure#0}
[INFO] [stdout]    4:     0x62d04ea95889 - std[617be2ca0a6fd877]::panicking::default_hook
[INFO] [stdout]    5:     0x62d04e92e3f0 - test[aada8e7e76ba119b]::test_main_inner::{closure#0}
[INFO] [stdout]    6:     0x62d04ea95a42 - std[617be2ca0a6fd877]::panicking::panic_with_hook
[INFO] [stdout]    7:     0x62d04ea78172 - std[617be2ca0a6fd877]::panicking::panic_handler::{closure#0}
[INFO] [stdout]    8:     0x62d04ea705a9 - std[617be2ca0a6fd877]::sys::backtrace::__rust_end_short_backtrace::<std[617be2ca0a6fd877]::panicking::panic_handler::{closure#0}, !>
[INFO] [stdout]    9:     0x62d04ea78e8d - __rustc[ea4f61d10b84890b]::rust_begin_unwind
[INFO] [stdout]   10:     0x62d04eab511c - core[a373ad73a504971]::panicking::panic_fmt
[INFO] [stdout]   11:     0x62d04eab4ef2 - core[a373ad73a504971]::result::unwrap_failed
[INFO] [stdout]   12:     0x62d04e920050 - <discover[9497a51a95f255e7]::discovers_single_package_without_dependencies::{closure#0} as core[a373ad73a504971]::ops::function::FnOnce<()>>::call_once
[INFO] [stdout]   13:     0x62d04e92183b - test[aada8e7e76ba119b]::__rust_begin_short_backtrace::<core[a373ad73a504971]::result::Result<(), alloc[2e1b2a31b91974c5]::string::String>, fn() -> core[a373ad73a504971]::result::Result<(), alloc[2e1b2a31b91974c5]::string::String>>
[INFO] [stdout]   14:     0x62d04e92ea15 - test[aada8e7e76ba119b]::run_test::{closure#0}
[INFO] [stdout]   15:     0x62d04e928304 - std[617be2ca0a6fd877]::sys::backtrace::__rust_begin_short_backtrace::<test[aada8e7e76ba119b]::run_test::{closure#1}, ()>
[INFO] [stdout]   16:     0x62d04e931aa2 - <std[617be2ca0a6fd877]::thread::lifecycle::spawn_unchecked<test[aada8e7e76ba119b]::run_test::{closure#1}, ()>::{closure#1} as core[a373ad73a504971]::ops::function::FnOnce<()>>::call_once::{shim:vtable#0}
[INFO] [stdout]   17:     0x62d04ea9d51f - <std[617be2ca0a6fd877]::sys::thread::unix::Thread>::new::thread_start
[INFO] [stdout]   18:     0x770d4ffdddfa - <unknown>
[INFO] [stdout]   19:     0x770d500713d4 - clone
[INFO] [stdout]   20:                0x0 - <unknown>
[INFO] [stdout] 
[INFO] [stdout] 
[INFO] [stdout] failures:
[INFO] [stdout]     discovers_single_package_without_dependencies
[INFO] [stdout]     glob_expansion_produces_sorted_results
[INFO] [stdout]     manifest_discovery_is_idempotent
[INFO] [stdout]     manifest_ordering_is_deterministic
[INFO] [stdout]     manifests_are_sorted_lexicographically
[INFO] [stdout]     nested_workspace_maintains_ordering
[INFO] [stdout]     root_manifest_is_first
[INFO] [stdout] 
[INFO] [stdout] test result: FAILED. 4 passed; 7 failed; 0 ignored; 0 measured; 0 filtered out; finished in 0.00s
[INFO] [stdout] 
[INFO] running `Command { std: "docker" "inspect" "4fd93f374bdf4a3afe7543add931570473be5bed3ca2e636bec29816e4c80e64", kill_on_drop: false }`
[INFO] running `Command { std: "docker" "rm" "-f" "4fd93f374bdf4a3afe7543add931570473be5bed3ca2e636bec29816e4c80e64", kill_on_drop: false }`
[INFO] [stdout] 4fd93f374bdf4a3afe7543add931570473be5bed3ca2e636bec29816e4c80e64
