[INFO] fetching crate depends_core 0.11.0...
[INFO] testing depends_core-0.11.0 against 1.100.0-beta.1+cargoflags=--release for beta-release-1.100-2
[INFO] extracting crate depends_core 0.11.0 into /workspace/builds/worker-5-tc2/source
[INFO] started tweaking crates.io crate depends_core 0.11.0
[INFO] finished tweaking crates.io crate depends_core 0.11.0
[INFO] tweaked toml for crates.io crate depends_core 0.11.0 written to /workspace/builds/worker-5-tc2/source/Cargo.toml
[INFO] validating manifest of crates.io crate depends_core 0.11.0 on toolchain 1.100.0-beta.1
[INFO] running `Command { std: CARGO_HOME="/workspace/cargo-home" RUSTUP_HOME="/workspace/rustup-home" "/workspace/cargo-home/bin/cargo" "+1.100.0-beta.1" "metadata" "--manifest-path" "Cargo.toml" "--no-deps", kill_on_drop: false }`
[INFO] crate crates.io crate depends_core 0.11.0 already has a lockfile, it will not be regenerated
[INFO] running `Command { std: CARGO_HOME="/workspace/cargo-home" RUSTUP_HOME="/workspace/rustup-home" "/workspace/cargo-home/bin/cargo" "+1.100.0-beta.1" "fetch" "--manifest-path" "Cargo.toml", kill_on_drop: false }`
[INFO] running `Command { std: "docker" "create" "-v" "/var/lib/crater-agent-workspace/builds/worker-5-tc2/source:/opt/rustwide/workdir:ro,Z" "-v" "/var/lib/crater-agent-workspace/builds/worker-5-tc2/target:/opt/rustwide/target:rw,Z" "-v" "/var/lib/crater-agent-workspace/cargo-home:/opt/rustwide/cargo-home:ro,Z" "-v" "/var/lib/crater-agent-workspace/rustup-home:/opt/rustwide/rustup-home:ro,Z" "-m" "1610612736" "--network" "none" "ghcr.io/rust-lang/crates-build-env/linux@sha256:77db811e55d90add9212f6832c23229e3de5f1c1f9905e8cb07319ea15df73ac" "sleep" "infinity", kill_on_drop: false }`
[INFO] [stdout] 60a9097f8d725f53d8cdfa123ca1a0a63c9c682c32ccf1653c45c4eb3cd31a5a
[INFO] running `Command { std: "docker" "start" "60a9097f8d725f53d8cdfa123ca1a0a63c9c682c32ccf1653c45c4eb3cd31a5a", kill_on_drop: false }`
[INFO] running `Command { std: "docker" "inspect" "60a9097f8d725f53d8cdfa123ca1a0a63c9c682c32ccf1653c45c4eb3cd31a5a", kill_on_drop: false }`
[INFO] running `Command { std: "docker" "exec" "-e" "SOURCE_DIR=/opt/rustwide/workdir" "-e" "CARGO_HOME=/opt/rustwide/cargo-home" "-e" "RUSTUP_HOME=/opt/rustwide/rustup-home" "-e" "CARGO_TARGET_DIR=/opt/rustwide/target" "-w" "/opt/rustwide/workdir" "--user" "0:0" "60a9097f8d725f53d8cdfa123ca1a0a63c9c682c32ccf1653c45c4eb3cd31a5a" "/opt/rustwide/cargo-home/bin/cargo" "+1.100.0-beta.1" "metadata" "--no-deps" "--format-version=1", kill_on_drop: false }`
[INFO] running `Command { std: "docker" "inspect" "60a9097f8d725f53d8cdfa123ca1a0a63c9c682c32ccf1653c45c4eb3cd31a5a", kill_on_drop: false }`
[INFO] running `Command { std: "docker" "exec" "-e" "SOURCE_DIR=/opt/rustwide/workdir" "-e" "CARGO_HOME=/opt/rustwide/cargo-home" "-e" "RUSTUP_HOME=/opt/rustwide/rustup-home" "-e" "CARGO_TARGET_DIR=/opt/rustwide/target" "-e" "CARGO_INCREMENTAL=0" "-e" "RUST_BACKTRACE=full" "-e" "RUSTFLAGS=--cap-lints=warn" "-e" "RUSTDOCFLAGS=--cap-lints=warn" "-w" "/opt/rustwide/workdir" "--user" "0:0" "60a9097f8d725f53d8cdfa123ca1a0a63c9c682c32ccf1653c45c4eb3cd31a5a" "/opt/rustwide/cargo-home/bin/cargo" "+1.100.0-beta.1" "build" "--frozen" "--message-format=json" "--release", kill_on_drop: false }`
[INFO] [stderr]    Compiling proc-macro2 v1.0.66
[INFO] [stderr]    Compiling unicode-ident v1.0.11
[INFO] [stderr]    Compiling syn v1.0.109
[INFO] [stderr]    Compiling thiserror v1.0.43
[INFO] [stderr]    Compiling proc-macro-error-attr v1.0.4
[INFO] [stderr]    Compiling proc-macro-error v1.0.4
[INFO] [stderr]    Compiling quote v1.0.31
[INFO] [stderr]    Compiling syn v2.0.32
[INFO] [stderr]    Compiling thiserror-impl v1.0.43
[INFO] [stderr]    Compiling depends_core v0.11.0 (/opt/rustwide/workdir)
[INFO] [stderr]     Finished `release` profile [optimized] target(s) in 37.87s
[INFO] running `Command { std: "docker" "inspect" "60a9097f8d725f53d8cdfa123ca1a0a63c9c682c32ccf1653c45c4eb3cd31a5a", kill_on_drop: false }`
[INFO] running `Command { std: "docker" "exec" "-e" "SOURCE_DIR=/opt/rustwide/workdir" "-e" "CARGO_HOME=/opt/rustwide/cargo-home" "-e" "RUSTUP_HOME=/opt/rustwide/rustup-home" "-e" "CARGO_TARGET_DIR=/opt/rustwide/target" "-e" "CARGO_INCREMENTAL=0" "-e" "RUST_BACKTRACE=full" "-e" "RUSTFLAGS=--cap-lints=warn" "-e" "RUSTDOCFLAGS=--cap-lints=warn" "-w" "/opt/rustwide/workdir" "--user" "0:0" "60a9097f8d725f53d8cdfa123ca1a0a63c9c682c32ccf1653c45c4eb3cd31a5a" "/opt/rustwide/cargo-home/bin/cargo" "+1.100.0-beta.1" "test" "--frozen" "--no-run" "--message-format=json" "--release", kill_on_drop: false }`
[INFO] [stderr]    Compiling libc v0.2.147
[INFO] [stderr]    Compiling lazy_static v1.4.0
[INFO] [stderr]    Compiling either v1.8.1
[INFO] [stderr]    Compiling linked-hash-map v0.5.6
[INFO] [stderr]    Compiling dissimilar v1.0.7
[INFO] [stderr]    Compiling similar v2.2.1
[INFO] [stderr]    Compiling log v0.4.19
[INFO] [stderr]    Compiling itertools v0.10.5
[INFO] [stderr]    Compiling yaml-rust v0.4.5
[INFO] [stderr]    Compiling console v0.15.7
[INFO] [stderr]    Compiling insta v1.31.0
[INFO] [stderr]    Compiling colored-diff v0.2.3
[INFO] [stderr]    Compiling depends_core v0.11.0 (/opt/rustwide/workdir)
[INFO] [stderr]     Finished `release` profile [optimized] target(s) in 23.15s
[INFO] running `Command { std: "docker" "inspect" "60a9097f8d725f53d8cdfa123ca1a0a63c9c682c32ccf1653c45c4eb3cd31a5a", kill_on_drop: false }`
[INFO] running `Command { std: "docker" "exec" "-e" "SOURCE_DIR=/opt/rustwide/workdir" "-e" "CARGO_HOME=/opt/rustwide/cargo-home" "-e" "RUSTUP_HOME=/opt/rustwide/rustup-home" "-e" "CARGO_TARGET_DIR=/opt/rustwide/target" "-e" "CARGO_INCREMENTAL=0" "-e" "RUST_BACKTRACE=full" "-e" "RUSTFLAGS=--cap-lints=warn" "-e" "RUSTDOCFLAGS=--cap-lints=warn" "-w" "/opt/rustwide/workdir" "--user" "0:0" "60a9097f8d725f53d8cdfa123ca1a0a63c9c682c32ccf1653c45c4eb3cd31a5a" "/opt/rustwide/cargo-home/bin/cargo" "+1.100.0-beta.1" "test" "--frozen" "--release", kill_on_drop: false }`
[INFO] [stderr]     Finished `release` profile [optimized] target(s) in 0.08s
[INFO] [stderr]      Running unittests src/lib.rs (/opt/rustwide/target/release/build/depends_core/4e1355e707eac4ef/out/depends_core-4e1355e707eac4ef)
[INFO] [stdout] 
[INFO] [stdout] running 9 tests
[INFO] [stderr] error: toolchain 'nightly-x86_64-unknown-linux-gnu' is not installed
[INFO] [stderr] help: run `rustup toolchain install nightly-x86_64-unknown-linux-gnu` to install it
[INFO] [stderr] error: toolchain 'nightly-x86_64-unknown-linux-gnu' is not installed
[INFO] [stderr] help: run `rustup toolchain install nightly-x86_64-unknown-linux-gnu` to install it
[INFO] [stderr] error: toolchain 'nightly-x86_64-unknown-linux-gnu' is not installed
[INFO] [stderr] help: run `rustup toolchain install nightly-x86_64-unknown-linux-gnu` to install it
[INFO] [stderr] error:error: toolchain 'nightly-x86_64-unknown-linux-gnu' is not installed
[INFO] [stderr] help: run `rustup toolchain install nightly-x86_64-unknown-linux-gnu` to install it
[INFO] [stderr]  toolchain 'nightly-x86_64-unknown-linux-gnu' is not installed
[INFO] [stderr] help: run `rustup toolchain install nightly-x86_64-unknown-linux-gnu` to install it
[INFO] [stderr] error: toolchain 'nightly-x86_64-unknown-linux-gnu' is not installed
[INFO] [stderr] help: run `rustup toolchain install nightly-x86_64-unknown-linux-gnu` to install it
[INFO] [stdout] test value::derive::tests::test_input_generics_custom_clean ... FAILED
[INFO] [stdout] test dependencies::tests::test_dependencies ... FAILED
[INFO] [stderr] error: toolchain 'nightly-x86_64-unknown-linux-gnu' is not installed
[INFO] [stderr] help: run `rustup toolchain install nightly-x86_64-unknown-linux-gnu` to install it
[INFO] [stderr] error: toolchain 'nightly-x86_64-unknown-linux-gnu' is not installed
[INFO] [stdout] test operation::tests::test_operation_semi_colon ... FAILED
[INFO] [stderr] help: run `rustup toolchain install nightly-x86_64-unknown-linux-gnu` to install it
[INFO] [stdout] test operation::tests::test_operation_tuple ... FAILED
[INFO] [stdout] test value::derive::tests::test_input ... FAILED
[INFO] [stdout] test value::derive::tests::test_input_hashed ... FAILED
[INFO] [stdout] test operation::tests::test_operation ... FAILED
[INFO] [stderr] error: toolchain 'nightly-x86_64-unknown-linux-gnu' is not installed
[INFO] [stdout] test value::derive::tests::test_input_unhashable ... FAILED
[INFO] [stderr] help: run `rustup toolchain install nightly-x86_64-unknown-linux-gnu` to install it
[INFO] [stdout] test operation::tests::test_operation_fields ... FAILED
[INFO] [stderr] error: test failed, to rerun pass `--lib`
[INFO] [stdout] 
[INFO] [stdout] failures:
[INFO] [stdout] 
[INFO] [stdout] ---- value::derive::tests::test_input_generics_custom_clean stdout ----
[INFO] [stdout] 
[INFO] [stdout] thread 'value::derive::tests::test_input_generics_custom_clean' (695) panicked at src/helpers.rs:27:9:
[INFO] [stdout] `rustfmt` exited with code exit status: 1:
[INFO] [stdout] 
[INFO] [stdout] stack backtrace:
[INFO] [stdout]    0:     0x60f22f1d4241 - <<std[617be2ca0a6fd877]::sys::backtrace::BacktraceLock>::print::DisplayBacktrace as core[a373ad73a504971]::fmt::Display>::fmt
[INFO] [stdout]    1:     0x60f22f1ead9a - core[a373ad73a504971]::fmt::write
[INFO] [stdout]    2:     0x60f22f1d87dc - <alloc[2e1b2a31b91974c5]::vec::Vec<u8> as core[a373ad73a504971]::io::write::Write>::write_fmt
[INFO] [stdout]    3:     0x60f22f1aeca6 - std[617be2ca0a6fd877]::panicking::default_hook::{closure#0}
[INFO] [stdout]    4:     0x60f22f1cc059 - std[617be2ca0a6fd877]::panicking::default_hook
[INFO] [stdout]    5:     0x60f22eff04a0 - test[aada8e7e76ba119b]::test_main_inner::{closure#0}
[INFO] [stdout]    6:     0x60f22f1cc382 - std[617be2ca0a6fd877]::panicking::panic_with_hook
[INFO] [stdout]    7:     0x60f22f1aed52 - std[617be2ca0a6fd877]::panicking::panic_handler::{closure#0}
[INFO] [stdout]    8:     0x60f22f1a7789 - std[617be2ca0a6fd877]::sys::backtrace::__rust_end_short_backtrace::<std[617be2ca0a6fd877]::panicking::panic_handler::{closure#0}, !>
[INFO] [stdout]    9:     0x60f22f1af95d - __rustc[ea4f61d10b84890b]::rust_begin_unwind
[INFO] [stdout]   10:     0x60f22f1eb57c - core[a373ad73a504971]::panicking::panic_fmt
[INFO] [stdout]   11:     0x60f22efe1f08 - depends_core[756f042a5ea0b08d]::helpers::format_source
[INFO] [stdout]   12:     0x60f22efe36fd - <depends_core[756f042a5ea0b08d]::value::derive::tests::test_input_generics_custom_clean::{closure#0} as core[a373ad73a504971]::ops::function::FnOnce<()>>::call_once
[INFO] [stdout]   13:     0x60f22efe38eb - test[aada8e7e76ba119b]::__rust_begin_short_backtrace::<core[a373ad73a504971]::result::Result<(), alloc[2e1b2a31b91974c5]::string::String>, fn() -> core[a373ad73a504971]::result::Result<(), alloc[2e1b2a31b91974c5]::string::String>>
[INFO] [stdout]   14:     0x60f22eff0ac5 - test[aada8e7e76ba119b]::run_test::{closure#0}
[INFO] [stdout]   15:     0x60f22efea3b4 - std[617be2ca0a6fd877]::sys::backtrace::__rust_begin_short_backtrace::<test[aada8e7e76ba119b]::run_test::{closure#1}, ()>
[INFO] [stdout]   16:     0x60f22eff3b52 - <std[617be2ca0a6fd877]::thread::lifecycle::spawn_unchecked<test[aada8e7e76ba119b]::run_test::{closure#1}, ()>::{closure#1} as core[a373ad73a504971]::ops::function::FnOnce<()>>::call_once::{shim:vtable#0}
[INFO] [stdout]   17:     0x60f22f1d354f - <std[617be2ca0a6fd877]::sys::thread::unix::Thread>::new::thread_start
[INFO] [stdout]   18:     0x72b98a3c1dfa - <unknown>
[INFO] [stdout]   19:     0x72b98a4553d4 - clone
[INFO] [stdout]   20:                0x0 - <unknown>
[INFO] [stdout] 
[INFO] [stdout] ---- dependencies::tests::test_dependencies stdout ----
[INFO] [stdout] 
[INFO] [stdout] thread 'dependencies::tests::test_dependencies' (689) panicked at src/helpers.rs:27:9:
[INFO] [stdout] `rustfmt` exited with code exit status: 1:
[INFO] [stdout] 
[INFO] [stdout] stack backtrace:
[INFO] [stdout]    0:     0x60f22f1d4241 - <<std[617be2ca0a6fd877]::sys::backtrace::BacktraceLock>::print::DisplayBacktrace as core[a373ad73a504971]::fmt::Display>::fmt
[INFO] [stdout]    1:     0x60f22f1ead9a - core[a373ad73a504971]::fmt::write
[INFO] [stdout]    2:     0x60f22f1d87dc - <alloc[2e1b2a31b91974c5]::vec::Vec<u8> as core[a373ad73a504971]::io::write::Write>::write_fmt
[INFO] [stdout]    3:     0x60f22f1aeca6 - std[617be2ca0a6fd877]::panicking::default_hook::{closure#0}
[INFO] [stdout]    4:     0x60f22f1cc059 - std[617be2ca0a6fd877]::panicking::default_hook
[INFO] [stdout]    5:     0x60f22eff04a0 - test[aada8e7e76ba119b]::test_main_inner::{closure#0}
[INFO] [stdout]    6:     0x60f22f1cc382 - std[617be2ca0a6fd877]::panicking::panic_with_hook
[INFO] [stdout]    7:     0x60f22f1aed52 - std[617be2ca0a6fd877]::panicking::panic_handler::{closure#0}
[INFO] [stdout]    8:     0x60f22f1a7789 - std[617be2ca0a6fd877]::sys::backtrace::__rust_end_short_backtrace::<std[617be2ca0a6fd877]::panicking::panic_handler::{closure#0}, !>
[INFO] [stdout]    9:     0x60f22f1af95d - __rustc[ea4f61d10b84890b]::rust_begin_unwind
[INFO] [stdout]   10:     0x60f22f1eb57c - core[a373ad73a504971]::panicking::panic_fmt
[INFO] [stdout]   11:     0x60f22efe1f08 - depends_core[756f042a5ea0b08d]::helpers::format_source
[INFO] [stdout]   12:     0x60f22efc0ac1 - <depends_core[756f042a5ea0b08d]::dependencies::tests::test_dependencies::{closure#0} as core[a373ad73a504971]::ops::function::FnOnce<()>>::call_once
[INFO] [stdout]   13:     0x60f22efe38eb - test[aada8e7e76ba119b]::__rust_begin_short_backtrace::<core[a373ad73a504971]::result::Result<(), alloc[2e1b2a31b91974c5]::string::String>, fn() -> core[a373ad73a504971]::result::Result<(), alloc[2e1b2a31b91974c5]::string::String>>
[INFO] [stdout]   14:     0x60f22eff0ac5 - test[aada8e7e76ba119b]::run_test::{closure#0}
[INFO] [stdout]   15:     0x60f22efea3b4 - std[617be2ca0a6fd877]::sys::backtrace::__rust_begin_short_backtrace::<test[aada8e7e76ba119b]::run_test::{closure#1}, ()>
[INFO] [stdout]   16:     0x60f22eff3b52 - <std[617be2ca0a6fd877]::thread::lifecycle::spawn_unchecked<test[aada8e7e76ba119b]::run_test::{closure#1}, ()>::{closure#1} as core[a373ad73a504971]::ops::function::FnOnce<()>>::call_once::{shim:vtable#0}
[INFO] [stdout]   17:     0x60f22f1d354f - <std[617be2ca0a6fd877]::sys::thread::unix::Thread>::new::thread_start
[INFO] [stdout]   18:     0x72b98a3c1dfa - <unknown>
[INFO] [stdout]   19:     0x72b98a4553d4 - clone
[INFO] [stdout]   20:                0x0 - <unknown>
[INFO] [stdout] 
[INFO] [stdout] ---- operation::tests::test_operation_semi_colon stdout ----
[INFO] [stdout] 
[INFO] [stdout] thread 'operation::tests::test_operation_semi_colon' (692) panicked at src/helpers.rs:27:9:
[INFO] [stdout] `rustfmt` exited with code exit status: 1:
[INFO] [stdout] 
[INFO] [stdout] stack backtrace:
[INFO] [stdout]    0:     0x60f22f1d4241 - <<std[617be2ca0a6fd877]::sys::backtrace::BacktraceLock>::print::DisplayBacktrace as core[a373ad73a504971]::fmt::Display>::fmt
[INFO] [stdout]    1:     0x60f22f1ead9a - core[a373ad73a504971]::fmt::write
[INFO] [stdout]    2:     0x60f22f1d87dc - <alloc[2e1b2a31b91974c5]::vec::Vec<u8> as core[a373ad73a504971]::io::write::Write>::write_fmt
[INFO] [stdout]    3:     0x60f22f1aeca6 - std[617be2ca0a6fd877]::panicking::default_hook::{closure#0}
[INFO] [stdout]    4:     0x60f22f1cc059 - std[617be2ca0a6fd877]::panicking::default_hook
[INFO] [stdout]    5:     0x60f22eff04a0 - test[aada8e7e76ba119b]::test_main_inner::{closure#0}
[INFO] [stdout]    6:     0x60f22f1cc382 - std[617be2ca0a6fd877]::panicking::panic_with_hook
[INFO] [stdout]    7:     0x60f22f1aed52 - std[617be2ca0a6fd877]::panicking::panic_handler::{closure#0}
[INFO] [stdout]    8:     0x60f22f1a7789 - std[617be2ca0a6fd877]::sys::backtrace::__rust_end_short_backtrace::<std[617be2ca0a6fd877]::panicking::panic_handler::{closure#0}, !>
[INFO] [stdout]    9:     0x60f22f1af95d - __rustc[ea4f61d10b84890b]::rust_begin_unwind
[INFO] [stdout]   10:     0x60f22f1eb57c - core[a373ad73a504971]::panicking::panic_fmt
[INFO] [stdout]   11:     0x60f22efe1f08 - depends_core[756f042a5ea0b08d]::helpers::format_source
[INFO] [stdout]   12:     0x60f22efbd536 - <depends_core[756f042a5ea0b08d]::operation::tests::test_operation_semi_colon::{closure#0} as core[a373ad73a504971]::ops::function::FnOnce<()>>::call_once
[INFO] [stdout]   13:     0x60f22efe38eb - test[aada8e7e76ba119b]::__rust_begin_short_backtrace::<core[a373ad73a504971]::result::Result<(), alloc[2e1b2a31b91974c5]::string::String>, fn() -> core[a373ad73a504971]::result::Result<(), alloc[2e1b2a31b91974c5]::string::String>>
[INFO] [stdout]   14:     0x60f22eff0ac5 - test[aada8e7e76ba119b]::run_test::{closure#0}
[INFO] [stdout]   15:     0x60f22efea3b4 - std[617be2ca0a6fd877]::sys::backtrace::__rust_begin_short_backtrace::<test[aada8e7e76ba119b]::run_test::{closure#1}, ()>
[INFO] [stdout]   16:     0x60f22eff3b52 - <std[617be2ca0a6fd877]::thread::lifecycle::spawn_unchecked<test[aada8e7e76ba119b]::run_test::{closure#1}, ()>::{closure#1} as core[a373ad73a504971]::ops::function::FnOnce<()>>::call_once::{shim:vtable#0}
[INFO] [stdout]   17:     0x60f22f1d354f - <std[617be2ca0a6fd877]::sys::thread::unix::Thread>::new::thread_start
[INFO] [stdout]   18:     0x72b98a3c1dfa - <unknown>
[INFO] [stdout]   19:     0x72b98a4553d4 - clone
[INFO] [stdout]   20:                0x0 - <unknown>
[INFO] [stdout] 
[INFO] [stdout] ---- operation::tests::test_operation_tuple stdout ----
[INFO] [stdout] 
[INFO] [stdout] thread 'operation::tests::test_operation_tuple' (693) panicked at src/helpers.rs:27:9:
[INFO] [stdout] `rustfmt` exited with code exit status: 1:
[INFO] [stdout] 
[INFO] [stdout] stack backtrace:
[INFO] [stdout]    0:     0x60f22f1d4241 - <<std[617be2ca0a6fd877]::sys::backtrace::BacktraceLock>::print::DisplayBacktrace as core[a373ad73a504971]::fmt::Display>::fmt
[INFO] [stdout]    1:     0x60f22f1ead9a - core[a373ad73a504971]::fmt::write
[INFO] [stdout]    2:     0x60f22f1d87dc - <alloc[2e1b2a31b91974c5]::vec::Vec<u8> as core[a373ad73a504971]::io::write::Write>::write_fmt
[INFO] [stdout]    3:     0x60f22f1aeca6 - std[617be2ca0a6fd877]::panicking::default_hook::{closure#0}
[INFO] [stdout]    4:     0x60f22f1cc059 - std[617be2ca0a6fd877]::panicking::default_hook
[INFO] [stdout]    5:     0x60f22eff04a0 - test[aada8e7e76ba119b]::test_main_inner::{closure#0}
[INFO] [stdout]    6:     0x60f22f1cc382 - std[617be2ca0a6fd877]::panicking::panic_with_hook
[INFO] [stdout]    7:     0x60f22f1aed52 - std[617be2ca0a6fd877]::panicking::panic_handler::{closure#0}
[INFO] [stdout]    8:     0x60f22f1a7789 - std[617be2ca0a6fd877]::sys::backtrace::__rust_end_short_backtrace::<std[617be2ca0a6fd877]::panicking::panic_handler::{closure#0}, !>
[INFO] [stdout]    9:     0x60f22f1af95d - __rustc[ea4f61d10b84890b]::rust_begin_unwind
[INFO] [stdout]   10:     0x60f22f1eb57c - core[a373ad73a504971]::panicking::panic_fmt
[INFO] [stdout]   11:     0x60f22efe1f08 - depends_core[756f042a5ea0b08d]::helpers::format_source
[INFO] [stdout]   12:     0x60f22efbcf07 - <depends_core[756f042a5ea0b08d]::operation::tests::test_operation_tuple::{closure#0} as core[a373ad73a504971]::ops::function::FnOnce<()>>::call_once
[INFO] [stdout]   13:     0x60f22efe38eb - test[aada8e7e76ba119b]::__rust_begin_short_backtrace::<core[a373ad73a504971]::result::Result<(), alloc[2e1b2a31b91974c5]::string::String>, fn() -> core[a373ad73a504971]::result::Result<(), alloc[2e1b2a31b91974c5]::string::String>>
[INFO] [stdout]   14:     0x60f22eff0ac5 - test[aada8e7e76ba119b]::run_test::{closure#0}
[INFO] [stdout]   15:     0x60f22efea3b4 - std[617be2ca0a6fd877]::sys::backtrace::__rust_begin_short_backtrace::<test[aada8e7e76ba119b]::run_test::{closure#1}, ()>
[INFO] [stdout]   16:     0x60f22eff3b52 - <std[617be2ca0a6fd877]::thread::lifecycle::spawn_unchecked<test[aada8e7e76ba119b]::run_test::{closure#1}, ()>::{closure#1} as core[a373ad73a504971]::ops::function::FnOnce<()>>::call_once::{shim:vtable#0}
[INFO] [stdout]   17:     0x60f22f1d354f - <std[617be2ca0a6fd877]::sys::thread::unix::Thread>::new::thread_start
[INFO] [stdout]   18:     0x72b98a3c1dfa - <unknown>
[INFO] [stdout]   19:     0x72b98a4553d4 - clone
[INFO] [stdout]   20:                0x0 - <unknown>
[INFO] [stdout] 
[INFO] [stdout] ---- value::derive::tests::test_input stdout ----
[INFO] [stdout] 
[INFO] [stdout] thread 'value::derive::tests::test_input' (694) panicked at src/helpers.rs:27:9:
[INFO] [stdout] `rustfmt` exited with code exit status: 1:
[INFO] [stdout] 
[INFO] [stdout] stack backtrace:
[INFO] [stdout]    0:     0x60f22f1d4241 - <<std[617be2ca0a6fd877]::sys::backtrace::BacktraceLock>::print::DisplayBacktrace as core[a373ad73a504971]::fmt::Display>::fmt
[INFO] [stdout]    1:     0x60f22f1ead9a - core[a373ad73a504971]::fmt::write
[INFO] [stdout]    2:     0x60f22f1d87dc - <alloc[2e1b2a31b91974c5]::vec::Vec<u8> as core[a373ad73a504971]::io::write::Write>::write_fmt
[INFO] [stdout]    3:     0x60f22f1aeca6 - std[617be2ca0a6fd877]::panicking::default_hook::{closure#0}
[INFO] [stdout]    4:     0x60f22f1cc059 - std[617be2ca0a6fd877]::panicking::default_hook
[INFO] [stdout]    5:     0x60f22eff04a0 - test[aada8e7e76ba119b]::test_main_inner::{closure#0}
[INFO] [stdout]    6:     0x60f22f1cc382 - std[617be2ca0a6fd877]::panicking::panic_with_hook
[INFO] [stdout]    7:     0x60f22f1aed52 - std[617be2ca0a6fd877]::panicking::panic_handler::{closure#0}
[INFO] [stdout]    8:     0x60f22f1a7789 - std[617be2ca0a6fd877]::sys::backtrace::__rust_end_short_backtrace::<std[617be2ca0a6fd877]::panicking::panic_handler::{closure#0}, !>
[INFO] [stdout]    9:     0x60f22f1af95d - __rustc[ea4f61d10b84890b]::rust_begin_unwind
[INFO] [stdout]   10:     0x60f22f1eb57c - core[a373ad73a504971]::panicking::panic_fmt
[INFO] [stdout]   11:     0x60f22efe1f08 - depends_core[756f042a5ea0b08d]::helpers::format_source
[INFO] [stdout]   12:     0x60f22efe2997 - <depends_core[756f042a5ea0b08d]::value::derive::tests::test_input::{closure#0} as core[a373ad73a504971]::ops::function::FnOnce<()>>::call_once
[INFO] [stdout]   13:     0x60f22efe38eb - test[aada8e7e76ba119b]::__rust_begin_short_backtrace::<core[a373ad73a504971]::result::Result<(), alloc[2e1b2a31b91974c5]::string::String>, fn() -> core[a373ad73a504971]::result::Result<(), alloc[2e1b2a31b91974c5]::string::String>>
[INFO] [stdout]   14:     0x60f22eff0ac5 - test[aada8e7e76ba119b]::run_test::{closure#0}
[INFO] [stdout]   15:     0x60f22efea3b4 - std[617be2ca0a6fd877]::sys::backtrace::__rust_begin_short_backtrace::<test[aada8e7e76ba119b]::run_test::{closure#1}, ()>
[INFO] [stdout]   16:     0x60f22eff3b52 - <std[617be2ca0a6fd877]::thread::lifecycle::spawn_unchecked<test[aada8e7e76ba119b]::run_test::{closure#1}, ()>::{closure#1} as core[a373ad73a504971]::ops::function::FnOnce<()>>::call_once::{shim:vtable#0}
[INFO] [stdout]   17:     0x60f22f1d354f - <std[617be2ca0a6fd877]::sys::thread::unix::Thread>::new::thread_start
[INFO] [stdout]   18:     0x72b98a3c1dfa - <unknown>
[INFO] [stdout]   19:     0x72b98a4553d4 - clone
[INFO] [stdout]   20:                0x0 - <unknown>
[INFO] [stdout] 
[INFO] [stdout] ---- value::derive::tests::test_input_hashed stdout ----
[INFO] [stdout] 
[INFO] [stdout] thread 'value::derive::tests::test_input_hashed' (696) panicked at src/helpers.rs:27:9:
[INFO] [stdout] `rustfmt` exited with code exit status: 1:
[INFO] [stdout] 
[INFO] [stdout] stack backtrace:
[INFO] [stdout]    0:     0x60f22f1d4241 - <<std[617be2ca0a6fd877]::sys::backtrace::BacktraceLock>::print::DisplayBacktrace as core[a373ad73a504971]::fmt::Display>::fmt
[INFO] [stdout]    1:     0x60f22f1ead9a - core[a373ad73a504971]::fmt::write
[INFO] [stdout]    2:     0x60f22f1d87dc - <alloc[2e1b2a31b91974c5]::vec::Vec<u8> as core[a373ad73a504971]::io::write::Write>::write_fmt
[INFO] [stdout]    3:     0x60f22f1aeca6 - std[617be2ca0a6fd877]::panicking::default_hook::{closure#0}
[INFO] [stdout]    4:     0x60f22f1cc059 - std[617be2ca0a6fd877]::panicking::default_hook
[INFO] [stdout]    5:     0x60f22eff04a0 - test[aada8e7e76ba119b]::test_main_inner::{closure#0}
[INFO] [stdout]    6:     0x60f22f1cc382 - std[617be2ca0a6fd877]::panicking::panic_with_hook
[INFO] [stdout]    7:     0x60f22f1aed52 - std[617be2ca0a6fd877]::panicking::panic_handler::{closure#0}
[INFO] [stdout]    8:     0x60f22f1a7789 - std[617be2ca0a6fd877]::sys::backtrace::__rust_end_short_backtrace::<std[617be2ca0a6fd877]::panicking::panic_handler::{closure#0}, !>
[INFO] [stdout]    9:     0x60f22f1af95d - __rustc[ea4f61d10b84890b]::rust_begin_unwind
[INFO] [stdout]   10:     0x60f22f1eb57c - core[a373ad73a504971]::panicking::panic_fmt
[INFO] [stdout]   11:     0x60f22efe1f08 - depends_core[756f042a5ea0b08d]::helpers::format_source
[INFO] [stdout]   12:     0x60f22efe2e2f - <depends_core[756f042a5ea0b08d]::value::derive::tests::test_input_hashed::{closure#0} as core[a373ad73a504971]::ops::function::FnOnce<()>>::call_once
[INFO] [stdout]   13:     0x60f22efe38eb - test[aada8e7e76ba119b]::__rust_begin_short_backtrace::<core[a373ad73a504971]::result::Result<(), alloc[2e1b2a31b91974c5]::string::String>, fn() -> core[a373ad73a504971]::result::Result<(), alloc[2e1b2a31b91974c5]::string::String>>
[INFO] [stdout]   14:     0x60f22eff0ac5 - test[aada8e7e76ba119b]::run_test::{closure#0}
[INFO] [stdout]   15:     0x60f22efea3b4 - std[617be2ca0a6fd877]::sys::backtrace::__rust_begin_short_backtrace::<test[aada8e7e76ba119b]::run_test::{closure#1}, ()>
[INFO] [stdout]   16:     0x60f22eff3b52 - <std[617be2ca0a6fd877]::thread::lifecycle::spawn_unchecked<test[aada8e7e76ba119b]::run_test::{closure#1}, ()>::{closure#1} as core[a373ad73a504971]::ops::function::FnOnce<()>>::call_once::{shim:vtable#0}
[INFO] [stdout]   17:     0x60f22f1d354f - <std[617be2ca0a6fd877]::sys::thread::unix::Thread>::new::thread_start
[INFO] [stdout]   18:     0x72b98a3c1dfa - <unknown>
[INFO] [stdout]   19:     0x72b98a4553d4 - clone
[INFO] [stdout]   20:                0x0 - <unknown>
[INFO] [stdout] 
[INFO] [stdout] ---- operation::tests::test_operation stdout ----
[INFO] [stdout] 
[INFO] [stdout] thread 'operation::tests::test_operation' (690) panicked at src/helpers.rs:27:9:
[INFO] [stdout] `rustfmt` exited with code exit status: 1:
[INFO] [stdout] 
[INFO] [stdout] stack backtrace:
[INFO] [stdout]    0:     0x60f22f1d4241 - <<std[617be2ca0a6fd877]::sys::backtrace::BacktraceLock>::print::DisplayBacktrace as core[a373ad73a504971]::fmt::Display>::fmt
[INFO] [stdout]    1:     0x60f22f1ead9a - core[a373ad73a504971]::fmt::write
[INFO] [stdout]    2:     0x60f22f1d87dc - <alloc[2e1b2a31b91974c5]::vec::Vec<u8> as core[a373ad73a504971]::io::write::Write>::write_fmt
[INFO] [stdout]    3:     0x60f22f1aeca6 - std[617be2ca0a6fd877]::panicking::default_hook::{closure#0}
[INFO] [stdout]    4:     0x60f22f1cc059 - std[617be2ca0a6fd877]::panicking::default_hook
[INFO] [stdout]    5:     0x60f22eff04a0 - test[aada8e7e76ba119b]::test_main_inner::{closure#0}
[INFO] [stdout]    6:     0x60f22f1cc382 - std[617be2ca0a6fd877]::panicking::panic_with_hook
[INFO] [stdout]    7:     0x60f22f1aed52 - std[617be2ca0a6fd877]::panicking::panic_handler::{closure#0}
[INFO] [stdout]    8:     0x60f22f1a7789 - std[617be2ca0a6fd877]::sys::backtrace::__rust_end_short_backtrace::<std[617be2ca0a6fd877]::panicking::panic_handler::{closure#0}, !>
[INFO] [stdout]    9:     0x60f22f1af95d - __rustc[ea4f61d10b84890b]::rust_begin_unwind
[INFO] [stdout]   10:     0x60f22f1eb57c - core[a373ad73a504971]::panicking::panic_fmt
[INFO] [stdout]   11:     0x60f22efe1f08 - depends_core[756f042a5ea0b08d]::helpers::format_source
[INFO] [stdout]   12:     0x60f22efbcbd4 - <depends_core[756f042a5ea0b08d]::operation::tests::test_operation::{closure#0} as core[a373ad73a504971]::ops::function::FnOnce<()>>::call_once
[INFO] [stdout]   13:     0x60f22efe38eb - test[aada8e7e76ba119b]::__rust_begin_short_backtrace::<core[a373ad73a504971]::result::Result<(), alloc[2e1b2a31b91974c5]::string::String>, fn() -> core[a373ad73a504971]::result::Result<(), alloc[2e1b2a31b91974c5]::string::String>>
[INFO] [stdout]   14:     0x60f22eff0ac5 - test[aada8e7e76ba119b]::run_test::{closure#0}
[INFO] [stdout]   15:     0x60f22efea3b4 - std[617be2ca0a6fd877]::sys::backtrace::__rust_begin_short_backtrace::<test[aada8e7e76ba119b]::run_test::{closure#1}, ()>
[INFO] [stdout]   16:     0x60f22eff3b52 - <std[617be2ca0a6fd877]::thread::lifecycle::spawn_unchecked<test[aada8e7e76ba119b]::run_test::{closure#1}, ()>::{closure#1} as core[a373ad73a504971]::ops::function::FnOnce<()>>::call_once::{shim:vtable#0}
[INFO] [stdout]   17:     0x60f22f1d354f - <std[617be2ca0a6fd877]::sys::thread::unix::Thread>::new::thread_start
[INFO] [stdout]   18:     0x72b98a3c1dfa - <unknown>
[INFO] [stdout]   19:     0x72b98a4553d4 - clone
[INFO] [stdout]   20:                0x0 - <unknown>
[INFO] [stdout] 
[INFO] [stdout] ---- value::derive::tests::test_input_unhashable stdout ----
[INFO] [stdout] 
[INFO] [stdout] thread 'value::derive::tests::test_input_unhashable' (767) panicked at src/helpers.rs:27:9:
[INFO] [stdout] `rustfmt` exited with code exit status: 1:
[INFO] [stdout] 
[INFO] [stdout] stack backtrace:
[INFO] [stdout]    0:     0x60f22f1d4241 - <<std[617be2ca0a6fd877]::sys::backtrace::BacktraceLock>::print::DisplayBacktrace as core[a373ad73a504971]::fmt::Display>::fmt
[INFO] [stdout]    1:     0x60f22f1ead9a - core[a373ad73a504971]::fmt::write
[INFO] [stdout]    2:     0x60f22f1d87dc - <alloc[2e1b2a31b91974c5]::vec::Vec<u8> as core[a373ad73a504971]::io::write::Write>::write_fmt
[INFO] [stdout]    3:     0x60f22f1aeca6 - std[617be2ca0a6fd877]::panicking::default_hook::{closure#0}
[INFO] [stdout]    4:     0x60f22f1cc059 - std[617be2ca0a6fd877]::panicking::default_hook
[INFO] [stdout]    5:     0x60f22eff04a0 - test[aada8e7e76ba119b]::test_main_inner::{closure#0}
[INFO] [stdout]    6:     0x60f22f1cc382 - std[617be2ca0a6fd877]::panicking::panic_with_hook
[INFO] [stdout]    7:     0x60f22f1aed52 - std[617be2ca0a6fd877]::panicking::panic_handler::{closure#0}
[INFO] [stdout]    8:     0x60f22f1a7789 - std[617be2ca0a6fd877]::sys::backtrace::__rust_end_short_backtrace::<std[617be2ca0a6fd877]::panicking::panic_handler::{closure#0}, !>
[INFO] [stdout]    9:     0x60f22f1af95d - __rustc[ea4f61d10b84890b]::rust_begin_unwind
[INFO] [stdout]   10:     0x60f22f1eb57c - core[a373ad73a504971]::panicking::panic_fmt
[INFO] [stdout]   11:     0x60f22efe1f08 - depends_core[756f042a5ea0b08d]::helpers::format_source
[INFO] [stdout]   12:     0x60f22efe32bc - <depends_core[756f042a5ea0b08d]::value::derive::tests::test_input_unhashable::{closure#0} as core[a373ad73a504971]::ops::function::FnOnce<()>>::call_once
[INFO] [stdout]   13:     0x60f22efe38eb - test[aada8e7e76ba119b]::__rust_begin_short_backtrace::<core[a373ad73a504971]::result::Result<(), alloc[2e1b2a31b91974c5]::string::String>, fn() -> core[a373ad73a504971]::result::Result<(), alloc[2e1b2a31b91974c5]::string::String>>
[INFO] [stdout]   14:     0x60f22eff0ac5 - test[aada8e7e76ba119b]::run_test::{closure#0}
[INFO] [stdout]   15:     0x60f22efea3b4 - std[617be2ca0a6fd877]::sys::backtrace::__rust_begin_short_backtrace::<test[aada8e7e76ba119b]::run_test::{closure#1}, ()>
[INFO] [stdout]   16:     0x60f22eff3b52 - <std[617be2ca0a6fd877]::thread::lifecycle::spawn_unchecked<test[aada8e7e76ba119b]::run_test::{closure#1}, ()>::{closure#1} as core[a373ad73a504971]::ops::function::FnOnce<()>>::call_once::{shim:vtable#0}
[INFO] [stdout]   17:     0x60f22f1d354f - <std[617be2ca0a6fd877]::sys::thread::unix::Thread>::new::thread_start
[INFO] [stdout]   18:     0x72b98a3c1dfa - <unknown>
[INFO] [stdout]   19:     0x72b98a4553d4 - clone
[INFO] [stdout]   20:                0x0 - <unknown>
[INFO] [stdout] 
[INFO] [stdout] ---- operation::tests::test_operation_fields stdout ----
[INFO] [stdout] 
[INFO] [stdout] thread 'operation::tests::test_operation_fields' (691) panicked at src/helpers.rs:27:9:
[INFO] [stdout] `rustfmt` exited with code exit status: 1:
[INFO] [stdout] 
[INFO] [stdout] stack backtrace:
[INFO] [stdout]    0:     0x60f22f1d4241 - <<std[617be2ca0a6fd877]::sys::backtrace::BacktraceLock>::print::DisplayBacktrace as core[a373ad73a504971]::fmt::Display>::fmt
[INFO] [stdout]    1:     0x60f22f1ead9a - core[a373ad73a504971]::fmt::write
[INFO] [stdout]    2:     0x60f22f1d87dc - <alloc[2e1b2a31b91974c5]::vec::Vec<u8> as core[a373ad73a504971]::io::write::Write>::write_fmt
[INFO] [stdout]    3:     0x60f22f1aeca6 - std[617be2ca0a6fd877]::panicking::default_hook::{closure#0}
[INFO] [stdout]    4:     0x60f22f1cc059 - std[617be2ca0a6fd877]::panicking::default_hook
[INFO] [stdout]    5:     0x60f22eff04a0 - test[aada8e7e76ba119b]::test_main_inner::{closure#0}
[INFO] [stdout]    6:     0x60f22f1cc382 - std[617be2ca0a6fd877]::panicking::panic_with_hook
[INFO] [stdout]    7:     0x60f22f1aed52 - std[617be2ca0a6fd877]::panicking::panic_handler::{closure#0}
[INFO] [stdout]    8:     0x60f22f1a7789 - std[617be2ca0a6fd877]::sys::backtrace::__rust_end_short_backtrace::<std[617be2ca0a6fd877]::panicking::panic_handler::{closure#0}, !>
[INFO] [stdout]    9:     0x60f22f1af95d - __rustc[ea4f61d10b84890b]::rust_begin_unwind
[INFO] [stdout]   10:     0x60f22f1eb57c - core[a373ad73a504971]::panicking::panic_fmt
[INFO] [stdout]   11:     0x60f22efe1f08 - depends_core[756f042a5ea0b08d]::helpers::format_source
[INFO] [stdout]   12:     0x60f22efbd283 - <depends_core[756f042a5ea0b08d]::operation::tests::test_operation_fields::{closure#0} as core[a373ad73a504971]::ops::function::FnOnce<()>>::call_once
[INFO] [stdout]   13:     0x60f22efe38eb - test[aada8e7e76ba119b]::__rust_begin_short_backtrace::<core[a373ad73a504971]::result::Result<(), alloc[2e1b2a31b91974c5]::string::String>, fn() -> core[a373ad73a504971]::result::Result<(), alloc[2e1b2a31b91974c5]::string::String>>
[INFO] [stdout]   14:     0x60f22eff0ac5 - test[aada8e7e76ba119b]::run_test::{closure#0}
[INFO] [stdout]   15:     0x60f22efea3b4 - std[617be2ca0a6fd877]::sys::backtrace::__rust_begin_short_backtrace::<test[aada8e7e76ba119b]::run_test::{closure#1}, ()>
[INFO] [stdout]   16:     0x60f22eff3b52 - <std[617be2ca0a6fd877]::thread::lifecycle::spawn_unchecked<test[aada8e7e76ba119b]::run_test::{closure#1}, ()>::{closure#1} as core[a373ad73a504971]::ops::function::FnOnce<()>>::call_once::{shim:vtable#0}
[INFO] [stdout]   17:     0x60f22f1d354f - <std[617be2ca0a6fd877]::sys::thread::unix::Thread>::new::thread_start
[INFO] [stdout]   18:     0x72b98a3c1dfa - <unknown>
[INFO] [stdout]   19:     0x72b98a4553d4 - clone
[INFO] [stdout]   20:                0x0 - <unknown>
[INFO] [stdout] 
[INFO] [stdout] 
[INFO] [stdout] failures:
[INFO] [stdout]     dependencies::tests::test_dependencies
[INFO] [stdout]     operation::tests::test_operation
[INFO] [stdout]     operation::tests::test_operation_fields
[INFO] [stdout]     operation::tests::test_operation_semi_colon
[INFO] [stdout]     operation::tests::test_operation_tuple
[INFO] [stdout]     value::derive::tests::test_input
[INFO] [stdout]     value::derive::tests::test_input_generics_custom_clean
[INFO] [stdout]     value::derive::tests::test_input_hashed
[INFO] [stdout]     value::derive::tests::test_input_unhashable
[INFO] [stdout] 
[INFO] [stdout] test result: FAILED. 0 passed; 9 failed; 0 ignored; 0 measured; 0 filtered out; finished in 0.08s
[INFO] [stdout] 
[INFO] running `Command { std: "docker" "inspect" "60a9097f8d725f53d8cdfa123ca1a0a63c9c682c32ccf1653c45c4eb3cd31a5a", kill_on_drop: false }`
[INFO] running `Command { std: "docker" "rm" "-f" "60a9097f8d725f53d8cdfa123ca1a0a63c9c682c32ccf1653c45c4eb3cd31a5a", kill_on_drop: false }`
[INFO] [stdout] 60a9097f8d725f53d8cdfa123ca1a0a63c9c682c32ccf1653c45c4eb3cd31a5a
