[INFO] fetching crate dependensa 0.3.0...
[INFO] testing dependensa-0.3.0 against 1.99.0-beta.8+cargoflags=--release for beta-release-1.100-2
[INFO] extracting crate dependensa 0.3.0 into /workspace/builds/worker-6-tc1/source
[INFO] started tweaking crates.io crate dependensa 0.3.0
[INFO] finished tweaking crates.io crate dependensa 0.3.0
[INFO] tweaked toml for crates.io crate dependensa 0.3.0 written to /workspace/builds/worker-6-tc1/source/Cargo.toml
[INFO] validating manifest of crates.io crate dependensa 0.3.0 on toolchain 1.99.0-beta.8
[INFO] running `Command { std: CARGO_HOME="/workspace/cargo-home" RUSTUP_HOME="/workspace/rustup-home" "/workspace/cargo-home/bin/cargo" "+1.99.0-beta.8" "metadata" "--manifest-path" "Cargo.toml" "--no-deps", kill_on_drop: false }`
[INFO] crate crates.io crate dependensa 0.3.0 already has a lockfile, it will not be regenerated
[INFO] running `Command { std: CARGO_HOME="/workspace/cargo-home" RUSTUP_HOME="/workspace/rustup-home" "/workspace/cargo-home/bin/cargo" "+1.99.0-beta.8" "fetch" "--manifest-path" "Cargo.toml", kill_on_drop: false }`
[INFO] [stderr]  Downloading crates ...
[INFO] [stderr]   Downloaded oxc v0.144.0
[INFO] [stderr]   Downloaded oxc_data_structures v0.144.0
[INFO] [stderr]   Downloaded oxc_estree v0.144.0
[INFO] [stderr]   Downloaded oxc_str v0.144.0
[INFO] [stderr]   Downloaded oxc_syntax v0.144.0
[INFO] [stderr]   Downloaded oxc_ast_macros v0.144.0
[INFO] [stderr]   Downloaded napi-build v2.4.1
[INFO] [stderr]   Downloaded napi-sys v3.3.0
[INFO] [stderr]   Downloaded oxc_span v0.144.0
[INFO] [stderr]   Downloaded oxc_diagnostics v0.144.0
[INFO] [stderr]   Downloaded napi-derive v3.6.3
[INFO] [stderr]   Downloaded oxc-miette v4.0.0
[INFO] [stderr]   Downloaded ctor v1.0.13
[INFO] [stderr]   Downloaded napi-derive-backend v6.1.2
[INFO] [stderr]   Downloaded oxc_ecmascript v0.144.0
[INFO] [stderr]   Downloaded oxc_regular_expression v0.144.0
[INFO] [stderr]   Downloaded oxc_ast_visit v0.144.0
[INFO] [stderr]   Downloaded oxc_semantic v0.144.0
[INFO] [stderr]   Downloaded oxc_allocator v0.144.0
[INFO] [stderr]   Downloaded oxc_parser v0.144.0
[INFO] [stderr]   Downloaded napi v3.12.2
[INFO] [stderr]   Downloaded oxc_ast v0.144.0
[INFO] running `Command { std: "docker" "create" "-v" "/var/lib/crater-agent-workspace/builds/worker-6-tc1/source:/opt/rustwide/workdir:ro,Z" "-v" "/var/lib/crater-agent-workspace/builds/worker-6-tc1/target:/opt/rustwide/target:rw,Z" "-v" "/var/lib/crater-agent-workspace/cargo-home:/opt/rustwide/cargo-home:ro,Z" "-v" "/var/lib/crater-agent-workspace/rustup-home:/opt/rustwide/rustup-home:ro,Z" "-m" "1610612736" "--network" "none" "ghcr.io/rust-lang/crates-build-env/linux@sha256:77db811e55d90add9212f6832c23229e3de5f1c1f9905e8cb07319ea15df73ac" "sleep" "infinity", kill_on_drop: false }`
[INFO] [stdout] 45e753491c7f8d9d8cc53cafc1b65b8c55d0121a4db0d6ef1bdb8659be6b445f
[INFO] running `Command { std: "docker" "start" "45e753491c7f8d9d8cc53cafc1b65b8c55d0121a4db0d6ef1bdb8659be6b445f", kill_on_drop: false }`
[INFO] running `Command { std: "docker" "inspect" "45e753491c7f8d9d8cc53cafc1b65b8c55d0121a4db0d6ef1bdb8659be6b445f", kill_on_drop: false }`
[INFO] running `Command { std: "docker" "exec" "-e" "SOURCE_DIR=/opt/rustwide/workdir" "-e" "CARGO_HOME=/opt/rustwide/cargo-home" "-e" "RUSTUP_HOME=/opt/rustwide/rustup-home" "-e" "CARGO_TARGET_DIR=/opt/rustwide/target" "-w" "/opt/rustwide/workdir" "--user" "0:0" "45e753491c7f8d9d8cc53cafc1b65b8c55d0121a4db0d6ef1bdb8659be6b445f" "/opt/rustwide/cargo-home/bin/cargo" "+1.99.0-beta.8" "metadata" "--no-deps" "--format-version=1", kill_on_drop: false }`
[INFO] running `Command { std: "docker" "inspect" "45e753491c7f8d9d8cc53cafc1b65b8c55d0121a4db0d6ef1bdb8659be6b445f", kill_on_drop: false }`
[INFO] running `Command { std: "docker" "exec" "-e" "SOURCE_DIR=/opt/rustwide/workdir" "-e" "CARGO_HOME=/opt/rustwide/cargo-home" "-e" "RUSTUP_HOME=/opt/rustwide/rustup-home" "-e" "CARGO_TARGET_DIR=/opt/rustwide/target" "-e" "CARGO_INCREMENTAL=0" "-e" "RUST_BACKTRACE=full" "-e" "RUSTFLAGS=--cap-lints=warn" "-e" "RUSTDOCFLAGS=--cap-lints=warn" "-w" "/opt/rustwide/workdir" "--user" "0:0" "45e753491c7f8d9d8cc53cafc1b65b8c55d0121a4db0d6ef1bdb8659be6b445f" "/opt/rustwide/cargo-home/bin/cargo" "+1.99.0-beta.8" "build" "--frozen" "--message-format=json" "--release", kill_on_drop: false }`
[INFO] [stderr]    Compiling siphasher v1.0.3
[INFO] [stderr]    Compiling dragonbox_ecma v0.1.12
[INFO] [stderr]    Compiling allocator-api2 v0.2.21
[INFO] [stderr]    Compiling owo-colors v4.3.0
[INFO] [stderr]    Compiling smawk v0.3.3
[INFO] [stderr]    Compiling oxc_data_structures v0.144.0
[INFO] [stderr]    Compiling fastrand v2.5.0
[INFO] [stderr]    Compiling bytecount v0.6.9
[INFO] [stderr]    Compiling unicode-segmentation v1.13.3
[INFO] [stderr]    Compiling cow-utils v0.1.3
[INFO] [stderr]    Compiling syn v3.0.4
[INFO] [stderr]    Compiling castaway v0.2.4
[INFO] [stderr]    Compiling bitflags v2.13.1
[INFO] [stderr]    Compiling nonmax v0.5.5
[INFO] [stderr]    Compiling unicode-id-start v1.4.0
[INFO] [stderr]    Compiling napi-build v2.4.1
[INFO] [stderr]    Compiling textwrap v0.16.2
[INFO] [stderr]    Compiling futures-core v0.3.34
[INFO] [stderr]    Compiling futures-channel v0.3.34
[INFO] [stderr]    Compiling num-bigint v0.5.1
[INFO] [stderr]    Compiling convert_case v0.11.0
[INFO] [stderr]    Compiling phf_shared v0.14.0
[INFO] [stderr]    Compiling napi v3.12.2
[INFO] [stderr]    Compiling libloading v0.9.0
[INFO] [stderr]    Compiling dependensa v0.3.0 (/opt/rustwide/workdir)
[INFO] [stderr]    Compiling nohash-hasher v0.2.0
[INFO] [stderr]    Compiling ctor v1.0.13
[INFO] [stderr]    Compiling oxc_estree v0.144.0
[INFO] [stderr]    Compiling napi-derive-backend v6.1.2
[INFO] [stderr]    Compiling hashbrown v0.17.1
[INFO] [stderr]    Compiling napi-sys v3.3.0
[INFO] [stderr]    Compiling phf_generator v0.14.0
[INFO] [stderr]    Compiling phf v0.14.0
[INFO] [stderr]    Compiling phf_macros v0.14.0
[INFO] [stderr]    Compiling indexmap v2.14.0
[INFO] [stderr]    Compiling oxc-miette v4.0.0
[INFO] [stderr]    Compiling napi-derive v3.6.3
[INFO] [stderr]    Compiling serde_derive v1.0.229
[INFO] [stderr]    Compiling oxc_ast_macros v0.144.0
[INFO] [stderr]    Compiling futures-macro v0.3.34
[INFO] [stderr]    Compiling futures-util v0.3.34
[INFO] [stderr]    Compiling serde v1.0.229
[INFO] [stderr]    Compiling oxc_allocator v0.144.0
[INFO] [stderr]    Compiling compact_str v0.10.0
[INFO] [stderr]    Compiling smallvec v1.15.2
[INFO] [stderr]    Compiling oxc_index v5.0.0
[INFO] [stderr]    Compiling oxc_diagnostics v0.144.0
[INFO] [stderr]    Compiling oxc_str v0.144.0
[INFO] [stderr]    Compiling oxc_span v0.144.0
[INFO] [stderr]    Compiling oxc_syntax v0.144.0
[INFO] [stderr]    Compiling oxc_regular_expression v0.144.0
[INFO] [stderr]    Compiling futures-executor v0.3.34
[INFO] [stderr]    Compiling futures v0.3.34
[INFO] [stderr]    Compiling oxc_ast v0.144.0
[INFO] [stderr]    Compiling oxc_ecmascript v0.144.0
[INFO] [stderr]    Compiling oxc_ast_visit v0.144.0
[INFO] [stderr]    Compiling oxc_parser v0.144.0
[INFO] [stderr]    Compiling oxc v0.144.0
[INFO] [stderr]     Finished `release` profile [optimized] target(s) in 1m 04s
[INFO] running `Command { std: "docker" "inspect" "45e753491c7f8d9d8cc53cafc1b65b8c55d0121a4db0d6ef1bdb8659be6b445f", kill_on_drop: false }`
[INFO] running `Command { std: "docker" "exec" "-e" "SOURCE_DIR=/opt/rustwide/workdir" "-e" "CARGO_HOME=/opt/rustwide/cargo-home" "-e" "RUSTUP_HOME=/opt/rustwide/rustup-home" "-e" "CARGO_TARGET_DIR=/opt/rustwide/target" "-e" "CARGO_INCREMENTAL=0" "-e" "RUST_BACKTRACE=full" "-e" "RUSTFLAGS=--cap-lints=warn" "-e" "RUSTDOCFLAGS=--cap-lints=warn" "-w" "/opt/rustwide/workdir" "--user" "0:0" "45e753491c7f8d9d8cc53cafc1b65b8c55d0121a4db0d6ef1bdb8659be6b445f" "/opt/rustwide/cargo-home/bin/cargo" "+1.99.0-beta.8" "test" "--frozen" "--no-run" "--message-format=json" "--release", kill_on_drop: false }`
[INFO] [stderr]    Compiling bitflags v2.13.1
[INFO] [stderr]    Compiling crossbeam-utils v0.8.22
[INFO] [stderr]    Compiling crossbeam-epoch v0.9.20
[INFO] [stderr]    Compiling zerocopy v0.8.56
[INFO] [stderr]    Compiling zerocopy-derive v0.8.56
[INFO] [stderr]    Compiling crossbeam-deque v0.8.7
[INFO] [stderr]    Compiling either v1.18.0
[INFO] [stderr]    Compiling regex-syntax v0.8.11
[INFO] [stderr]    Compiling plotters-backend v0.3.7
[INFO] [stderr]    Compiling clap_builder v4.6.6
[INFO] [stderr]    Compiling tinytemplate v1.2.1
[INFO] [stderr]    Compiling is-terminal v0.4.17
[INFO] [stderr]    Compiling oxc_syntax v0.144.0
[INFO] [stderr]    Compiling oxc_regular_expression v0.144.0
[INFO] [stderr]    Compiling rustix v1.1.4
[INFO] [stderr]    Compiling napi v3.12.2
[INFO] [stderr]    Compiling plotters-svg v0.3.7
[INFO] [stderr]    Compiling itertools v0.10.5
[INFO] [stderr]    Compiling plotters v0.3.7
[INFO] [stderr]    Compiling rayon-core v1.13.0
[INFO] [stderr]    Compiling oxc_ast v0.144.0
[INFO] [stderr]    Compiling regex-automata v0.4.18
[INFO] [stderr]    Compiling criterion-plot v0.5.0
[INFO] [stderr]    Compiling tempfile v3.27.0
[INFO] [stderr]    Compiling rayon v1.12.0
[INFO] [stderr]    Compiling clap v4.6.6
[INFO] [stderr]    Compiling regex v1.13.1
[INFO] [stderr]    Compiling half v2.7.1
[INFO] [stderr]    Compiling ciborium-ll v0.2.2
[INFO] [stderr]    Compiling ciborium v0.2.2
[INFO] [stderr]    Compiling criterion v0.5.1
[INFO] [stderr]    Compiling oxc_ecmascript v0.144.0
[INFO] [stderr]    Compiling oxc_ast_visit v0.144.0
[INFO] [stderr]    Compiling oxc_parser v0.144.0
[INFO] [stderr]    Compiling oxc v0.144.0
[INFO] [stderr]    Compiling dependensa v0.3.0 (/opt/rustwide/workdir)
[INFO] [stderr]     Finished `release` profile [optimized] target(s) in 1m 23s
[INFO] running `Command { std: "docker" "inspect" "45e753491c7f8d9d8cc53cafc1b65b8c55d0121a4db0d6ef1bdb8659be6b445f", kill_on_drop: false }`
[INFO] running `Command { std: "docker" "exec" "-e" "SOURCE_DIR=/opt/rustwide/workdir" "-e" "CARGO_HOME=/opt/rustwide/cargo-home" "-e" "RUSTUP_HOME=/opt/rustwide/rustup-home" "-e" "CARGO_TARGET_DIR=/opt/rustwide/target" "-e" "CARGO_INCREMENTAL=0" "-e" "RUST_BACKTRACE=full" "-e" "RUSTFLAGS=--cap-lints=warn" "-e" "RUSTDOCFLAGS=--cap-lints=warn" "-w" "/opt/rustwide/workdir" "--user" "0:0" "45e753491c7f8d9d8cc53cafc1b65b8c55d0121a4db0d6ef1bdb8659be6b445f" "/opt/rustwide/cargo-home/bin/cargo" "+1.99.0-beta.8" "test" "--frozen" "--release", kill_on_drop: false }`
[INFO] [stderr]     Finished `release` profile [optimized] target(s) in 0.22s
[INFO] [stderr]      Running unittests src/lib.rs (/opt/rustwide/target/release/deps/dependensa-23397d0d7c5df79e)
[INFO] [stdout] 
[INFO] [stdout] running 73 tests
[INFO] [stdout] test graph::analyze::tests::detects_two_node_cycle ... ok
[INFO] [stdout] test graph::analyze::tests::entry_to_leaf_chains_recorded ... ok
[INFO] [stdout] test graph::collect::tests::collect_missing_entry_records_warning ... ok
[INFO] [stdout] test graph::handlers::visit::tests::collects_export_star ... ok
[INFO] [stdout] test graph::handlers::visit::tests::collects_named_import ... ok
[INFO] [stdout] test graph::collect::tests::collect_npm_modules_recorded ... ok
[INFO] [stdout] test graph::handlers::visit::tests::collects_side_effect_import ... ok
[INFO] [stdout] test graph::handlers::visit::tests::collects_multiple_specifiers ... ok
[INFO] [stdout] test graph::collect::tests::collect_warning_for_unknown_external ... ok
[INFO] [stdout] test graph::handlers::visit::tests::collects_require_call ... ok
[INFO] [stdout] test graph::analyze::tests::detects_self_cycle ... ok
[INFO] [stdout] test graph::collect::tests::normalize_path_relative_parent ... ok
[INFO] [stdout] test graph::collect::tests::normalize_path_root_parent_kept ... ok
[INFO] [stdout] test graph::handlers::visit::tests::collects_dynamic_import ... ok
[INFO] [stdout] test graph::handlers::visit::tests::empty_source_no_specifiers ... ok
[INFO] [stdout] test graph::analyze::tests::empty_graph ... ok
[INFO] [stdout] test graph::analyze::tests::no_cycle_simple_chain ... ok
[INFO] [stdout] test graph::handlers::visit::tests::collects_export_from ... ok
[INFO] [stdout] test graph::handlers::visit::tests::collects_esm_import ... ok
[INFO] [stdout] test graph::handlers::visit::tests::ignores_non_string_dynamic_import ... ok
[INFO] [stdout] test graph::leaf::tests::empty_graph_no_leaves ... ok
[INFO] [stdout] test graph::mutual::tests::self_dependency_not_mutual ... ok
[INFO] [stdout] test graph::leaf::tests::ignores_node_builtins ... ok
[INFO] [stdout] test graph::leaf::tests::no_local_deps_is_leaf ... ok
[INFO] [stdout] test graph::leaf::tests::ignores_npm_modules ... ok
[INFO] [stdout] test graph::leaf::tests::local_dep_not_leaf ... ok
[INFO] [stdout] test graph::mutual::tests::records_pair_once ... ok
[INFO] [stdout] test graph::leaf::tests::mixed_local_and_external_not_leaf ... ok
[INFO] [stdout] test graph::analyze::tests::dependency_chains_cover_all_nodes ... ok
[INFO] [stdout] test graph::package_info::tests::contains_unknown_returns_false ... ok
[INFO] [stdout] test graph::package_info::tests::collects_dependencies_and_dev_dependencies ... ok
[INFO] [stdout] test graph::package_info::tests::missing_package_json_returns_empty ... ok
[INFO] [stdout] test graph::collect::tests::collect_visits_entry_and_deps ... ok
[INFO] [stdout] test graph::handlers::visit::tests::collects_ts_import_equals_require ... ok
[INFO] [stdout] test graph::mutual::tests::no_mutual_when_one_way ... ok
[INFO] [stdout] test graph::collect::tests::normalize_path_collapses_dots ... ok
[INFO] [stdout] test graph::package_info::tests::deps_meta_read_from_node_modules ... ok
[INFO] [stdout] test graph::package_info::tests::reads_type_field ... ok
[INFO] [stdout] test graph::mutual::tests::multiple_mutual_pairs ... ok
[INFO] [stdout] test graph::analyze::tests::duplicate_cycles_deduplicated ... ok
[INFO] [stdout] test graph::package_info::tests::invalid_json_returns_empty ... ok
[INFO] [stdout] test graph::mutual::tests::empty_graph ... ok
[INFO] [stdout] test graph::resolve_ext::tests::resolves_missing_extension_from_directory ... ok
[INFO] [stdout] test graph::sort::tests::kahn_linear ... ok
[INFO] [stdout] test graph::sort::tests::single_node_no_deps ... ok
[INFO] [stdout] test graph::mutual::tests::detects_mutual_pair ... ok
[INFO] [stdout] test graph::sort::tests::empty_graph ... ok
[INFO] [stdout] test graph::sort::tests::linear_chain_deps_first ... ok
[INFO] [stdout] test graph::sort::tests::kahn_cycle_omits_cyclic_nodes ... ok
[INFO] [stdout] test graph::tests::path_relative_without_prefix_returns_as_is ... ok
[INFO] [stdout] test graph::resolve_ext::tests::nonexistent_file_errors ... ok
[INFO] [stdout] test graph::package_info::tests::types_deps_excluded_from_deps_map ... ok
[INFO] [stdout] test graph::resolve_ext::tests::replaces_unsupported_extension ... ok
[INFO] [stderr]    Doc-tests dependensa
[INFO] [stdout] test graph::resolve_ext::tests::directory_without_index_errors ... ok
[INFO] [stdout] test graph::resolve_ext::tests::resolves_file_with_extension ... ok
[INFO] [stdout] test graph::utils::tests::create_graph_relative_keys ... ok
[INFO] [stdout] test graph::resolve_ext::tests::resolves_directory_with_index ... ok
[INFO] [stdout] test graph::sort::tests::diamond_deps_first ... ok
[INFO] [stdout] test graph::utils::tests::detects_node_prefixed_builtins ... ok
[INFO] [stdout] test graph::utils::tests::detects_bare_builtins ... ok
[INFO] [stdout] test graph::utils::tests::merge_deduplicates_preserving_order ... ok
[INFO] [stdout] test graph::utils::tests::merge_all_empty_inner ... ok
[INFO] [stdout] test graph::utils::tests::merge_empty_input ... ok
[INFO] [stdout] test graph::tests::path_relative_strips_root_and_normalizes_separators ... ok
[INFO] [stdout] test graph::tests::graph_serializes_to_json ... ok
[INFO] [stdout] test graph::utils::tests::rejects_non_builtins ... ok
[INFO] [stdout] test graph::visualize::tests::no_deps_marker ... ok
[INFO] [stdout] test graph::tests::graph_dependents_returns_chain ... ok
[INFO] [stdout] test graph::tests::graph_simple_project ... ok
[INFO] [stdout] test graph::tests::graph_detects_mutual_and_circular ... ok
[INFO] [stdout] test graph::visualize::tests::single_dep_uses_last_branch ... ok
[INFO] [stdout] test graph::visualize::tests::header_present ... ok
[INFO] [stdout] test graph::visualize::tests::tree_branches_for_multiple_deps ... ok
[INFO] [stdout] 
[INFO] [stdout] test result: ok. 73 passed; 0 failed; 0 ignored; 0 measured; 0 filtered out; finished in 0.02s
[INFO] [stdout] 
[INFO] [stdout] 
[INFO] [stdout] running 2 tests
[INFO] [stdout] test src/graph/mod.rs - graph::generate_graph (line 204) - compile ... FAILED
[INFO] [stdout] test src/graph/mod.rs - graph::GraphObject (line 67) - compile ... FAILED
[INFO] [stderr] error: doctest failed, to rerun pass `--doc`
[INFO] [stdout] 
[INFO] [stdout] failures:
[INFO] [stdout] 
[INFO] [stdout] ---- src/graph/mod.rs - graph::generate_graph (line 204) stdout ----
[INFO] [stdout] error[E0432]: unresolved import `susee_graph`
[INFO] [stdout]    --> src/graph/mod.rs:205:5
[INFO] [stdout]     |
[INFO] [stdout] 205 | use susee_graph::generate_graph;
[INFO] [stdout]     |     ^^^^^^^^^^^ use of unresolved module or unlinked crate `susee_graph`
[INFO] [stdout]     |
[INFO] [stdout]     = help: if you wanted to use a crate named `susee_graph`, use `cargo add susee_graph` to add it to your `Cargo.toml`
[INFO] [stdout] 
[INFO] [stdout] error: aborting due to 1 previous error
[INFO] [stdout] 
[INFO] [stdout] For more information about this error, try `rustc --explain E0432`.
[INFO] [stdout] Couldn't compile the test.
[INFO] [stdout] ---- src/graph/mod.rs - graph::GraphObject (line 67) stdout ----
[INFO] [stdout] error[E0432]: unresolved import `susee_graph`
[INFO] [stdout]   --> src/graph/mod.rs:68:5
[INFO] [stdout]    |
[INFO] [stdout] 68 | use susee_graph::{generate_graph, GraphObject};
[INFO] [stdout]    |     ^^^^^^^^^^^ use of unresolved module or unlinked crate `susee_graph`
[INFO] [stdout]    |
[INFO] [stdout]    = help: if you wanted to use a crate named `susee_graph`, use `cargo add susee_graph` to add it to your `Cargo.toml`
[INFO] [stdout] 
[INFO] [stdout] error: aborting due to 1 previous error
[INFO] [stdout] 
[INFO] [stdout] For more information about this error, try `rustc --explain E0432`.
[INFO] [stdout] Couldn't compile the test.
[INFO] [stdout] 
[INFO] [stdout] failures:
[INFO] [stdout]     src/graph/mod.rs - graph::GraphObject (line 67)
[INFO] [stdout]     src/graph/mod.rs - graph::generate_graph (line 204)
[INFO] [stdout] 
[INFO] [stdout] test result: FAILED. 0 passed; 2 failed; 0 ignored; 0 measured; 0 filtered out; finished in 0.14s
[INFO] [stdout] 
[INFO] [stdout] all doctests ran in 0.24s; merged doctests compilation took 0.10s
[INFO] running `Command { std: "docker" "inspect" "45e753491c7f8d9d8cc53cafc1b65b8c55d0121a4db0d6ef1bdb8659be6b445f", kill_on_drop: false }`
[INFO] running `Command { std: "docker" "rm" "-f" "45e753491c7f8d9d8cc53cafc1b65b8c55d0121a4db0d6ef1bdb8659be6b445f", kill_on_drop: false }`
[INFO] [stdout] 45e753491c7f8d9d8cc53cafc1b65b8c55d0121a4db0d6ef1bdb8659be6b445f
