[INFO] fetching crate dependency_lister 1.0.1...
[INFO] testing dependency_lister-1.0.1 against 1.99.0-beta.8+cargoflags=--release for beta-release-1.100-2
[INFO] extracting crate dependency_lister 1.0.1 into /workspace/builds/worker-3-tc1/source
[INFO] started tweaking crates.io crate dependency_lister 1.0.1
[INFO] finished tweaking crates.io crate dependency_lister 1.0.1
[INFO] tweaked toml for crates.io crate dependency_lister 1.0.1 written to /workspace/builds/worker-3-tc1/source/Cargo.toml
[INFO] validating manifest of crates.io crate dependency_lister 1.0.1 on toolchain 1.99.0-beta.8
[INFO] running `Command { std: CARGO_HOME="/workspace/cargo-home" RUSTUP_HOME="/workspace/rustup-home" "/workspace/cargo-home/bin/cargo" "+1.99.0-beta.8" "metadata" "--manifest-path" "Cargo.toml" "--no-deps", kill_on_drop: false }`
[INFO] crate crates.io crate dependency_lister 1.0.1 already has a lockfile, it will not be regenerated
[INFO] running `Command { std: CARGO_HOME="/workspace/cargo-home" RUSTUP_HOME="/workspace/rustup-home" "/workspace/cargo-home/bin/cargo" "+1.99.0-beta.8" "fetch" "--manifest-path" "Cargo.toml", kill_on_drop: false }`
[INFO] running `Command { std: "docker" "create" "-v" "/var/lib/crater-agent-workspace/builds/worker-3-tc1/source:/opt/rustwide/workdir:ro,Z" "-v" "/var/lib/crater-agent-workspace/builds/worker-3-tc1/target:/opt/rustwide/target:rw,Z" "-v" "/var/lib/crater-agent-workspace/cargo-home:/opt/rustwide/cargo-home:ro,Z" "-v" "/var/lib/crater-agent-workspace/rustup-home:/opt/rustwide/rustup-home:ro,Z" "-m" "1610612736" "--network" "none" "ghcr.io/rust-lang/crates-build-env/linux@sha256:77db811e55d90add9212f6832c23229e3de5f1c1f9905e8cb07319ea15df73ac" "sleep" "infinity", kill_on_drop: false }`
[INFO] [stdout] ff66135b175bf52db44e3a515fee5d7a358483d0dfbd42fdf999b2df24358c4c
[INFO] running `Command { std: "docker" "start" "ff66135b175bf52db44e3a515fee5d7a358483d0dfbd42fdf999b2df24358c4c", kill_on_drop: false }`
[INFO] running `Command { std: "docker" "inspect" "ff66135b175bf52db44e3a515fee5d7a358483d0dfbd42fdf999b2df24358c4c", kill_on_drop: false }`
[INFO] running `Command { std: "docker" "exec" "-e" "SOURCE_DIR=/opt/rustwide/workdir" "-e" "CARGO_HOME=/opt/rustwide/cargo-home" "-e" "RUSTUP_HOME=/opt/rustwide/rustup-home" "-e" "CARGO_TARGET_DIR=/opt/rustwide/target" "-w" "/opt/rustwide/workdir" "--user" "0:0" "ff66135b175bf52db44e3a515fee5d7a358483d0dfbd42fdf999b2df24358c4c" "/opt/rustwide/cargo-home/bin/cargo" "+1.99.0-beta.8" "metadata" "--no-deps" "--format-version=1", kill_on_drop: false }`
[INFO] running `Command { std: "docker" "inspect" "ff66135b175bf52db44e3a515fee5d7a358483d0dfbd42fdf999b2df24358c4c", kill_on_drop: false }`
[INFO] running `Command { std: "docker" "exec" "-e" "SOURCE_DIR=/opt/rustwide/workdir" "-e" "CARGO_HOME=/opt/rustwide/cargo-home" "-e" "RUSTUP_HOME=/opt/rustwide/rustup-home" "-e" "CARGO_TARGET_DIR=/opt/rustwide/target" "-e" "CARGO_INCREMENTAL=0" "-e" "RUST_BACKTRACE=full" "-e" "RUSTFLAGS=--cap-lints=warn" "-e" "RUSTDOCFLAGS=--cap-lints=warn" "-w" "/opt/rustwide/workdir" "--user" "0:0" "ff66135b175bf52db44e3a515fee5d7a358483d0dfbd42fdf999b2df24358c4c" "/opt/rustwide/cargo-home/bin/cargo" "+1.99.0-beta.8" "build" "--frozen" "--message-format=json" "--release", kill_on_drop: false }`
[INFO] [stderr]    Compiling dependency_lister v1.0.1 (/opt/rustwide/workdir)
[INFO] [stderr]     Finished `release` profile [optimized] target(s) in 0.98s
[INFO] running `Command { std: "docker" "inspect" "ff66135b175bf52db44e3a515fee5d7a358483d0dfbd42fdf999b2df24358c4c", kill_on_drop: false }`
[INFO] running `Command { std: "docker" "exec" "-e" "SOURCE_DIR=/opt/rustwide/workdir" "-e" "CARGO_HOME=/opt/rustwide/cargo-home" "-e" "RUSTUP_HOME=/opt/rustwide/rustup-home" "-e" "CARGO_TARGET_DIR=/opt/rustwide/target" "-e" "CARGO_INCREMENTAL=0" "-e" "RUST_BACKTRACE=full" "-e" "RUSTFLAGS=--cap-lints=warn" "-e" "RUSTDOCFLAGS=--cap-lints=warn" "-w" "/opt/rustwide/workdir" "--user" "0:0" "ff66135b175bf52db44e3a515fee5d7a358483d0dfbd42fdf999b2df24358c4c" "/opt/rustwide/cargo-home/bin/cargo" "+1.99.0-beta.8" "test" "--frozen" "--no-run" "--message-format=json" "--release", kill_on_drop: false }`
[INFO] [stderr]    Compiling dependency_lister v1.0.1 (/opt/rustwide/workdir)
[INFO] [stderr]     Finished `release` profile [optimized] target(s) in 0.96s
[INFO] running `Command { std: "docker" "inspect" "ff66135b175bf52db44e3a515fee5d7a358483d0dfbd42fdf999b2df24358c4c", kill_on_drop: false }`
[INFO] running `Command { std: "docker" "exec" "-e" "SOURCE_DIR=/opt/rustwide/workdir" "-e" "CARGO_HOME=/opt/rustwide/cargo-home" "-e" "RUSTUP_HOME=/opt/rustwide/rustup-home" "-e" "CARGO_TARGET_DIR=/opt/rustwide/target" "-e" "CARGO_INCREMENTAL=0" "-e" "RUST_BACKTRACE=full" "-e" "RUSTFLAGS=--cap-lints=warn" "-e" "RUSTDOCFLAGS=--cap-lints=warn" "-w" "/opt/rustwide/workdir" "--user" "0:0" "ff66135b175bf52db44e3a515fee5d7a358483d0dfbd42fdf999b2df24358c4c" "/opt/rustwide/cargo-home/bin/cargo" "+1.99.0-beta.8" "test" "--frozen" "--release", kill_on_drop: false }`
[INFO] [stderr]     Finished `release` profile [optimized] target(s) in 0.02s
[INFO] [stderr]      Running unittests src/lib.rs (/opt/rustwide/target/release/deps/dependency_lister-abf2971e4ac46a86)
[INFO] [stdout] 
[INFO] [stdout] running 4 tests
[INFO] [stdout] test file_navigation::test_read_d_file ... FAILED
[INFO] [stdout] test file_navigation::test_find_file ... ok
[INFO] [stdout] test file_navigation::test_follow_links_if_needed ... FAILED
[INFO] [stdout] test file_navigation::test_get_all_dependencies_from_dir ... FAILED
[INFO] [stdout] 
[INFO] [stdout] failures:
[INFO] [stdout] 
[INFO] [stdout] ---- file_navigation::test_read_d_file stdout ----
[INFO] [stdout] 
[INFO] [stdout] thread 'file_navigation::test_read_d_file' (209) panicked at src/file_navigation.rs:171:5:
[INFO] [stdout] assertion `left == right` failed
[INFO] [stdout]   left: {"./test/src/main.rs", "./test/link2"}
[INFO] [stdout]  right: {"./test/source", "./test/src/main.rs"}
[INFO] [stdout] stack backtrace:
[INFO] [stdout]    0:     0x62ca78405301 - <<std[70759c8f55707aa4]::sys::backtrace::BacktraceLock>::print::DisplayBacktrace as core[df12db4294e9bfd3]::fmt::Display>::fmt
[INFO] [stdout]    1:     0x62ca784199ea - core[df12db4294e9bfd3]::fmt::write
[INFO] [stdout]    2:     0x62ca78409a8c - <alloc[2182bb758b4b3781]::vec::Vec<u8> as core[df12db4294e9bfd3]::io::write::Write>::write_fmt
[INFO] [stdout]    3:     0x62ca783e0de6 - std[70759c8f55707aa4]::panicking::default_hook::{closure#0}
[INFO] [stdout]    4:     0x62ca783fd2c9 - std[70759c8f55707aa4]::panicking::default_hook
[INFO] [stdout]    5:     0x62ca78398d90 - test[9d35eded1c95d3be]::test_main_inner::<test[9d35eded1c95d3be]::test_main_static::{closure#0}>::{closure#0}
[INFO] [stdout]    6:     0x62ca783fd482 - std[70759c8f55707aa4]::panicking::panic_with_hook
[INFO] [stdout]    7:     0x62ca783e0e92 - std[70759c8f55707aa4]::panicking::panic_handler::{closure#0}
[INFO] [stdout]    8:     0x62ca783d99e9 - std[70759c8f55707aa4]::sys::backtrace::__rust_end_short_backtrace::<std[70759c8f55707aa4]::panicking::panic_handler::{closure#0}, !>
[INFO] [stdout]    9:     0x62ca783e1a8d - __rustc[8fa7c3cbc660c2b3]::rust_begin_unwind
[INFO] [stdout]   10:     0x62ca7841a11c - core[df12db4294e9bfd3]::panicking::panic_fmt
[INFO] [stdout]   11:     0x62ca7841a033 - core[df12db4294e9bfd3]::panicking::assert_failed_inner
[INFO] [stdout]   12:     0x62ca783876bf - core[df12db4294e9bfd3]::panicking::assert_failed::<std[70759c8f55707aa4]::collections::hash::set::HashSet<alloc[2182bb758b4b3781]::string::String>, std[70759c8f55707aa4]::collections::hash::set::HashSet<alloc[2182bb758b4b3781]::string::String>>
[INFO] [stdout]   13:     0x62ca78389aac - <dependency_lister[31685aaf61a9c089]::file_navigation::test_read_d_file::{closure#0} as core[df12db4294e9bfd3]::ops::function::FnOnce<()>>::call_once
[INFO] [stdout]   14:     0x62ca7838c07b - test[9d35eded1c95d3be]::__rust_begin_short_backtrace::<core[df12db4294e9bfd3]::result::Result<(), alloc[2182bb758b4b3781]::string::String>, fn() -> core[df12db4294e9bfd3]::result::Result<(), alloc[2182bb758b4b3781]::string::String>>
[INFO] [stdout]   15:     0x62ca783996e5 - test[9d35eded1c95d3be]::run_test::{closure#0}
[INFO] [stdout]   16:     0x62ca78392fa4 - std[70759c8f55707aa4]::sys::backtrace::__rust_begin_short_backtrace::<test[9d35eded1c95d3be]::run_test::{closure#1}, ()>
[INFO] [stdout]   17:     0x62ca7839c842 - <std[70759c8f55707aa4]::thread::lifecycle::spawn_unchecked<test[9d35eded1c95d3be]::run_test::{closure#1}, ()>::{closure#1} as core[df12db4294e9bfd3]::ops::function::FnOnce<()>>::call_once::{shim:vtable#0}
[INFO] [stdout]   18:     0x62ca78404869 - <std[70759c8f55707aa4]::sys::thread::unix::Thread>::new::thread_start
[INFO] [stdout]   19:     0x7fbb167f6dfa - <unknown>
[INFO] [stdout]   20:     0x7fbb1688a3d4 - clone
[INFO] [stdout]   21:                0x0 - <unknown>
[INFO] [stdout] 
[INFO] [stdout] ---- file_navigation::test_follow_links_if_needed stdout ----
[INFO] [stdout] 
[INFO] [stdout] thread 'file_navigation::test_follow_links_if_needed' (207) panicked at src/file_navigation.rs:162:5:
[INFO] [stdout] assertion `left == right` failed
[INFO] [stdout]   left: Ok("./test/link1")
[INFO] [stdout]  right: Ok("./test/source")
[INFO] [stdout] stack backtrace:
[INFO] [stdout]    0:     0x62ca78405301 - <<std[70759c8f55707aa4]::sys::backtrace::BacktraceLock>::print::DisplayBacktrace as core[df12db4294e9bfd3]::fmt::Display>::fmt
[INFO] [stdout]    1:     0x62ca784199ea - core[df12db4294e9bfd3]::fmt::write
[INFO] [stdout]    2:     0x62ca78409a8c - <alloc[2182bb758b4b3781]::vec::Vec<u8> as core[df12db4294e9bfd3]::io::write::Write>::write_fmt
[INFO] [stdout]    3:     0x62ca783e0de6 - std[70759c8f55707aa4]::panicking::default_hook::{closure#0}
[INFO] [stdout]    4:     0x62ca783fd2c9 - std[70759c8f55707aa4]::panicking::default_hook
[INFO] [stdout]    5:     0x62ca78398d90 - test[9d35eded1c95d3be]::test_main_inner::<test[9d35eded1c95d3be]::test_main_static::{closure#0}>::{closure#0}
[INFO] [stdout]    6:     0x62ca783fd482 - std[70759c8f55707aa4]::panicking::panic_with_hook
[INFO] [stdout]    7:     0x62ca783e0e92 - std[70759c8f55707aa4]::panicking::panic_handler::{closure#0}
[INFO] [stdout]    8:     0x62ca783d99e9 - std[70759c8f55707aa4]::sys::backtrace::__rust_end_short_backtrace::<std[70759c8f55707aa4]::panicking::panic_handler::{closure#0}, !>
[INFO] [stdout]    9:     0x62ca783e1a8d - __rustc[8fa7c3cbc660c2b3]::rust_begin_unwind
[INFO] [stdout]   10:     0x62ca7841a11c - core[df12db4294e9bfd3]::panicking::panic_fmt
[INFO] [stdout]   11:     0x62ca7841a033 - core[df12db4294e9bfd3]::panicking::assert_failed_inner
[INFO] [stdout]   12:     0x62ca7838764b - core[df12db4294e9bfd3]::panicking::assert_failed::<core[df12db4294e9bfd3]::result::Result<alloc[2182bb758b4b3781]::string::String, dependency_lister[31685aaf61a9c089]::DependencyListerError>, core[df12db4294e9bfd3]::result::Result<alloc[2182bb758b4b3781]::string::String, dependency_lister[31685aaf61a9c089]::DependencyListerError>>
[INFO] [stdout]   13:     0x62ca7838a0fb - <dependency_lister[31685aaf61a9c089]::file_navigation::test_follow_links_if_needed::{closure#0} as core[df12db4294e9bfd3]::ops::function::FnOnce<()>>::call_once
[INFO] [stdout]   14:     0x62ca7838c07b - test[9d35eded1c95d3be]::__rust_begin_short_backtrace::<core[df12db4294e9bfd3]::result::Result<(), alloc[2182bb758b4b3781]::string::String>, fn() -> core[df12db4294e9bfd3]::result::Result<(), alloc[2182bb758b4b3781]::string::String>>
[INFO] [stdout]   15:     0x62ca783996e5 - test[9d35eded1c95d3be]::run_test::{closure#0}
[INFO] [stdout]   16:     0x62ca78392fa4 - std[70759c8f55707aa4]::sys::backtrace::__rust_begin_short_backtrace::<test[9d35eded1c95d3be]::run_test::{closure#1}, ()>
[INFO] [stdout]   17:     0x62ca7839c842 - <std[70759c8f55707aa4]::thread::lifecycle::spawn_unchecked<test[9d35eded1c95d3be]::run_test::{closure#1}, ()>::{closure#1} as core[df12db4294e9bfd3]::ops::function::FnOnce<()>>::call_once::{shim:vtable#0}
[INFO] [stdout]   18:     0x62ca78404869 - <std[70759c8f55707aa4]::sys::thread::unix::Thread>::new::thread_start
[INFO] [stdout]   19:     0x7fbb167f6dfa - <unknown>
[INFO] [stdout]   20:     0x7fbb1688a3d4 - clone
[INFO] [stdout]   21:                0x0 - <unknown>
[INFO] [stdout] 
[INFO] [stdout] ---- file_navigation::test_get_all_dependencies_from_dir stdout ----
[INFO] [stdout] 
[INFO] [stdout] thread 'file_navigation::test_get_all_dependencies_from_dir' (208) panicked at src/file_navigation.rs:179:5:
[INFO] [stdout] assertion `left == right` failed
[INFO] [stdout]   left: Ok({"./test/src/main.rs", "./test/link2"})
[INFO] [stdout]  right: Ok({"./test/source", "./test/src/main.rs"})
[INFO] [stdout] stack backtrace:
[INFO] [stdout]    0:     0x62ca78405301 - <<std[70759c8f55707aa4]::sys::backtrace::BacktraceLock>::print::DisplayBacktrace as core[df12db4294e9bfd3]::fmt::Display>::fmt
[INFO] [stdout]    1:     0x62ca784199ea - core[df12db4294e9bfd3]::fmt::write
[INFO] [stdout]    2:     0x62ca78409a8c - <alloc[2182bb758b4b3781]::vec::Vec<u8> as core[df12db4294e9bfd3]::io::write::Write>::write_fmt
[INFO] [stdout]    3:     0x62ca783e0de6 - std[70759c8f55707aa4]::panicking::default_hook::{closure#0}
[INFO] [stdout]    4:     0x62ca783fd2c9 - std[70759c8f55707aa4]::panicking::default_hook
[INFO] [stdout]    5:     0x62ca78398d90 - test[9d35eded1c95d3be]::test_main_inner::<test[9d35eded1c95d3be]::test_main_static::{closure#0}>::{closure#0}
[INFO] [stdout]    6:     0x62ca783fd482 - std[70759c8f55707aa4]::panicking::panic_with_hook
[INFO] [stdout]    7:     0x62ca783e0e92 - std[70759c8f55707aa4]::panicking::panic_handler::{closure#0}
[INFO] [stdout]    8:     0x62ca783d99e9 - std[70759c8f55707aa4]::sys::backtrace::__rust_end_short_backtrace::<std[70759c8f55707aa4]::panicking::panic_handler::{closure#0}, !>
[INFO] [stdout]    9:     0x62ca783e1a8d - __rustc[8fa7c3cbc660c2b3]::rust_begin_unwind
[INFO] [stdout]   10:     0x62ca7841a11c - core[df12db4294e9bfd3]::panicking::panic_fmt
[INFO] [stdout]   11:     0x62ca7841a033 - core[df12db4294e9bfd3]::panicking::assert_failed_inner
[INFO] [stdout]   12:     0x62ca7838761a - core[df12db4294e9bfd3]::panicking::assert_failed::<core[df12db4294e9bfd3]::result::Result<std[70759c8f55707aa4]::collections::hash::set::HashSet<alloc[2182bb758b4b3781]::string::String>, dependency_lister[31685aaf61a9c089]::DependencyListerError>, core[df12db4294e9bfd3]::result::Result<std[70759c8f55707aa4]::collections::hash::set::HashSet<alloc[2182bb758b4b3781]::string::String>, dependency_lister[31685aaf61a9c089]::DependencyListerError>>
[INFO] [stdout]   13:     0x62ca7838aae4 - <dependency_lister[31685aaf61a9c089]::file_navigation::test_get_all_dependencies_from_dir::{closure#0} as core[df12db4294e9bfd3]::ops::function::FnOnce<()>>::call_once
[INFO] [stdout]   14:     0x62ca7838c07b - test[9d35eded1c95d3be]::__rust_begin_short_backtrace::<core[df12db4294e9bfd3]::result::Result<(), alloc[2182bb758b4b3781]::string::String>, fn() -> core[df12db4294e9bfd3]::result::Result<(), alloc[2182bb758b4b3781]::string::String>>
[INFO] [stdout]   15:     0x62ca783996e5 - test[9d35eded1c95d3be]::run_test::{closure#0}
[INFO] [stdout]   16:     0x62ca78392fa4 - std[70759c8f55707aa4]::sys::backtrace::__rust_begin_short_backtrace::<test[9d35eded1c95d3be]::run_test::{closure#1}, ()>
[INFO] [stdout]   17:     0x62ca7839c842 - <std[70759c8f55707aa4]::thread::lifecycle::spawn_unchecked<test[9d35eded1c95d3be]::run_test::{closure#1}, ()>::{closure#1} as core[df12db4294e9bfd3]::ops::function::FnOnce<()>>::call_once::{shim:vtable#0}
[INFO] [stdout]   18:     0x62ca78404869 - <std[70759c8f55707aa4]::sys::thread::unix::Thread>::new::thread_start
[INFO] [stdout]   19:     0x7fbb167f6dfa - <unknown>
[INFO] [stdout]   20:     0x7fbb1688a3d4 - clone
[INFO] [stdout]   21:                0x0 - <unknown>
[INFO] [stdout] 
[INFO] [stdout] 
[INFO] [stdout] failures:
[INFO] [stdout]     file_navigation::test_follow_links_if_needed
[INFO] [stdout]     file_navigation::test_get_all_dependencies_from_dir
[INFO] [stdout]     file_navigation::test_read_d_file
[INFO] [stdout] 
[INFO] [stdout] test result: FAILED. 1 passed; 3 failed; 0 ignored; 0 measured; 0 filtered out; finished in 0.01s
[INFO] [stdout] 
[INFO] [stderr] error: test failed, to rerun pass `--lib`
[INFO] running `Command { std: "docker" "inspect" "ff66135b175bf52db44e3a515fee5d7a358483d0dfbd42fdf999b2df24358c4c", kill_on_drop: false }`
[INFO] running `Command { std: "docker" "rm" "-f" "ff66135b175bf52db44e3a515fee5d7a358483d0dfbd42fdf999b2df24358c4c", kill_on_drop: false }`
[INFO] [stdout] ff66135b175bf52db44e3a515fee5d7a358483d0dfbd42fdf999b2df24358c4c
