[INFO] fetching crate dependable-fetch 0.1.3...
[INFO] testing dependable-fetch-0.1.3 against 1.100.0-beta.1+cargoflags=--release for beta-release-1.100-2
[INFO] extracting crate dependable-fetch 0.1.3 into /workspace/builds/worker-4-tc2/source
[INFO] started tweaking crates.io crate dependable-fetch 0.1.3
[INFO] removed 0 missing tests
[INFO] finished tweaking crates.io crate dependable-fetch 0.1.3
[INFO] tweaked toml for crates.io crate dependable-fetch 0.1.3 written to /workspace/builds/worker-4-tc2/source/Cargo.toml
[INFO] validating manifest of crates.io crate dependable-fetch 0.1.3 on toolchain 1.100.0-beta.1
[INFO] running `Command { std: CARGO_HOME="/workspace/cargo-home" RUSTUP_HOME="/workspace/rustup-home" "/workspace/cargo-home/bin/cargo" "+1.100.0-beta.1" "metadata" "--manifest-path" "Cargo.toml" "--no-deps", kill_on_drop: false }`
[INFO] crate crates.io crate dependable-fetch 0.1.3 already has a lockfile, it will not be regenerated
[INFO] running `Command { std: CARGO_HOME="/workspace/cargo-home" RUSTUP_HOME="/workspace/rustup-home" "/workspace/cargo-home/bin/cargo" "+1.100.0-beta.1" "fetch" "--manifest-path" "Cargo.toml", kill_on_drop: false }`
[INFO] running `Command { std: "docker" "create" "-v" "/var/lib/crater-agent-workspace/builds/worker-4-tc2/source:/opt/rustwide/workdir:ro,Z" "-v" "/var/lib/crater-agent-workspace/builds/worker-4-tc2/target:/opt/rustwide/target:rw,Z" "-v" "/var/lib/crater-agent-workspace/cargo-home:/opt/rustwide/cargo-home:ro,Z" "-v" "/var/lib/crater-agent-workspace/rustup-home:/opt/rustwide/rustup-home:ro,Z" "-m" "1610612736" "--network" "none" "ghcr.io/rust-lang/crates-build-env/linux@sha256:77db811e55d90add9212f6832c23229e3de5f1c1f9905e8cb07319ea15df73ac" "sleep" "infinity", kill_on_drop: false }`
[INFO] [stdout] 344e8ccd1704e59c05b693d19fd561f5ff7b3d4104fdebd6ab5ee7e7bfd464e6
[INFO] running `Command { std: "docker" "start" "344e8ccd1704e59c05b693d19fd561f5ff7b3d4104fdebd6ab5ee7e7bfd464e6", kill_on_drop: false }`
[INFO] running `Command { std: "docker" "inspect" "344e8ccd1704e59c05b693d19fd561f5ff7b3d4104fdebd6ab5ee7e7bfd464e6", kill_on_drop: false }`
[INFO] running `Command { std: "docker" "exec" "-e" "SOURCE_DIR=/opt/rustwide/workdir" "-e" "CARGO_HOME=/opt/rustwide/cargo-home" "-e" "RUSTUP_HOME=/opt/rustwide/rustup-home" "-e" "CARGO_TARGET_DIR=/opt/rustwide/target" "-w" "/opt/rustwide/workdir" "--user" "0:0" "344e8ccd1704e59c05b693d19fd561f5ff7b3d4104fdebd6ab5ee7e7bfd464e6" "/opt/rustwide/cargo-home/bin/cargo" "+1.100.0-beta.1" "metadata" "--no-deps" "--format-version=1", kill_on_drop: false }`
[INFO] running `Command { std: "docker" "inspect" "344e8ccd1704e59c05b693d19fd561f5ff7b3d4104fdebd6ab5ee7e7bfd464e6", kill_on_drop: false }`
[INFO] running `Command { std: "docker" "exec" "-e" "SOURCE_DIR=/opt/rustwide/workdir" "-e" "CARGO_HOME=/opt/rustwide/cargo-home" "-e" "RUSTUP_HOME=/opt/rustwide/rustup-home" "-e" "CARGO_TARGET_DIR=/opt/rustwide/target" "-e" "CARGO_INCREMENTAL=0" "-e" "RUST_BACKTRACE=full" "-e" "RUSTFLAGS=--cap-lints=warn" "-e" "RUSTDOCFLAGS=--cap-lints=warn" "-w" "/opt/rustwide/workdir" "--user" "0:0" "344e8ccd1704e59c05b693d19fd561f5ff7b3d4104fdebd6ab5ee7e7bfd464e6" "/opt/rustwide/cargo-home/bin/cargo" "+1.100.0-beta.1" "build" "--frozen" "--message-format=json" "--release", kill_on_drop: false }`
[INFO] [stderr]    Compiling ring v0.17.14
[INFO] [stderr]    Compiling tokio v1.52.3
[INFO] [stderr]    Compiling futures-util v0.3.32
[INFO] [stderr]    Compiling tracing v0.1.44
[INFO] [stderr]    Compiling compression-core v0.4.32
[INFO] [stderr]    Compiling serde v1.0.228
[INFO] [stderr]    Compiling event-listener v5.4.1
[INFO] [stderr]    Compiling regex-automata v0.4.18
[INFO] [stderr]    Compiling thiserror-impl v2.0.18
[INFO] [stderr]    Compiling webpki-roots v1.0.8
[INFO] [stderr]    Compiling toml_datetime v0.6.11
[INFO] [stderr]    Compiling icu_locale_core v2.1.1
[INFO] [stderr]    Compiling icu_collections v2.1.1
[INFO] [stderr]    Compiling serde_json v1.0.150
[INFO] [stderr]    Compiling semver v1.0.28
[INFO] [stderr]    Compiling compression-codecs v0.4.38
[INFO] [stderr]    Compiling toml_edit v0.22.27
[INFO] [stderr]    Compiling event-listener-strategy v0.5.4
[INFO] [stderr]    Compiling async-lock v3.4.2
[INFO] [stderr]    Compiling serde_urlencoded v0.7.1
[INFO] [stderr]    Compiling rustls-webpki v0.103.13
[INFO] [stderr]    Compiling icu_provider v2.1.1
[INFO] [stderr]    Compiling icu_properties v2.1.2
[INFO] [stderr]    Compiling icu_normalizer v2.1.1
[INFO] [stderr]    Compiling thiserror v2.0.18
[INFO] [stderr]    Compiling rustls v0.23.41
[INFO] [stderr]    Compiling idna_adapter v1.2.1
[INFO] [stderr]    Compiling idna v1.1.0
[INFO] [stderr]    Compiling url v2.5.8
[INFO] [stderr]    Compiling regex v1.12.4
[INFO] [stderr]    Compiling futures-executor v0.3.32
[INFO] [stderr]    Compiling futures v0.3.32
[INFO] [stderr]    Compiling moka v0.12.15
[INFO] [stderr]    Compiling dependable-core v0.1.3
[INFO] [stderr]    Compiling tokio-util v0.7.18
[INFO] [stderr]    Compiling tower v0.5.3
[INFO] [stderr]    Compiling async-compression v0.4.42
[INFO] [stderr]    Compiling tokio-rustls v0.26.4
[INFO] [stderr]    Compiling h2 v0.4.15
[INFO] [stderr]    Compiling tower-http v0.6.11
[INFO] [stderr]    Compiling hyper v1.10.1
[INFO] [stderr]    Compiling hyper-util v0.1.20
[INFO] [stderr]    Compiling hyper-rustls v0.27.9
[INFO] [stderr]    Compiling reqwest v0.12.28
[INFO] [stderr]    Compiling dependable-fetch v0.1.3 (/opt/rustwide/workdir)
[INFO] [stderr]     Finished `release` profile [optimized] target(s) in 1m 19s
[INFO] running `Command { std: "docker" "inspect" "344e8ccd1704e59c05b693d19fd561f5ff7b3d4104fdebd6ab5ee7e7bfd464e6", kill_on_drop: false }`
[INFO] running `Command { std: "docker" "exec" "-e" "SOURCE_DIR=/opt/rustwide/workdir" "-e" "CARGO_HOME=/opt/rustwide/cargo-home" "-e" "RUSTUP_HOME=/opt/rustwide/rustup-home" "-e" "CARGO_TARGET_DIR=/opt/rustwide/target" "-e" "CARGO_INCREMENTAL=0" "-e" "RUST_BACKTRACE=full" "-e" "RUSTFLAGS=--cap-lints=warn" "-e" "RUSTDOCFLAGS=--cap-lints=warn" "-w" "/opt/rustwide/workdir" "--user" "0:0" "344e8ccd1704e59c05b693d19fd561f5ff7b3d4104fdebd6ab5ee7e7bfd464e6" "/opt/rustwide/cargo-home/bin/cargo" "+1.100.0-beta.1" "test" "--frozen" "--no-run" "--message-format=json" "--release", kill_on_drop: false }`
[INFO] [stderr]    Compiling hyper v1.10.1
[INFO] [stderr]    Compiling deadpool-runtime v0.1.4
[INFO] [stderr]    Compiling assert-json-diff v2.0.2
[INFO] [stderr]    Compiling tower-http v0.6.11
[INFO] [stderr]    Compiling deadpool v0.12.3
[INFO] [stderr]    Compiling hyper-util v0.1.20
[INFO] [stderr]    Compiling hyper-rustls v0.27.9
[INFO] [stderr]    Compiling wiremock v0.6.5
[INFO] [stderr]    Compiling reqwest v0.12.28
[INFO] [stderr]    Compiling dependable-fetch v0.1.3 (/opt/rustwide/workdir)
[INFO] [stderr]     Finished `release` profile [optimized] target(s) in 48.54s
[INFO] running `Command { std: "docker" "inspect" "344e8ccd1704e59c05b693d19fd561f5ff7b3d4104fdebd6ab5ee7e7bfd464e6", kill_on_drop: false }`
[INFO] running `Command { std: "docker" "exec" "-e" "SOURCE_DIR=/opt/rustwide/workdir" "-e" "CARGO_HOME=/opt/rustwide/cargo-home" "-e" "RUSTUP_HOME=/opt/rustwide/rustup-home" "-e" "CARGO_TARGET_DIR=/opt/rustwide/target" "-e" "CARGO_INCREMENTAL=0" "-e" "RUST_BACKTRACE=full" "-e" "RUSTFLAGS=--cap-lints=warn" "-e" "RUSTDOCFLAGS=--cap-lints=warn" "-w" "/opt/rustwide/workdir" "--user" "0:0" "344e8ccd1704e59c05b693d19fd561f5ff7b3d4104fdebd6ab5ee7e7bfd464e6" "/opt/rustwide/cargo-home/bin/cargo" "+1.100.0-beta.1" "test" "--frozen" "--release", kill_on_drop: false }`
[INFO] [stderr]     Finished `release` profile [optimized] target(s) in 0.32s
[INFO] [stderr]      Running unittests src/lib.rs (/opt/rustwide/target/release/build/dependable-fetch/e22655d41681e4c7/out/dependable_fetch-e22655d41681e4c7)
[INFO] [stdout] 
[INFO] [stdout] running 24 tests
[INFO] [stdout] test cache::tests::cache_root_prefers_xdg_then_localappdata_then_home ... ok
[INFO] [stdout] test discover::tests::a_lockfile_further_up_is_not_this_projects_problem ... ok
[INFO] [stdout] test cache::tests::treats_expired_entries_as_a_miss ... ok
[INFO] [stdout] test discover::tests::reports_no_lockfile_for_kinds_that_have_none ... ok
[INFO] [stdout] test discover::tests::a_located_lockfile_reports_which_format_it_is ... ok
[INFO] [stdout] test discover::tests::a_readable_lockfile_produces_no_notice ... ok
[INFO] [stdout] test registries::crates_io::tests::index_paths_follow_prefix_rules ... ok
[INFO] [stdout] test discover::tests::a_lockfile_that_yields_nothing_is_reported ... ok
[INFO] [stdout] test registries::crates_io::tests::parses_features_from_the_newest_version ... ok
[INFO] [stdout] test registries::go_proxy::tests::escapes_uppercase_letters ... ok
[INFO] [stdout] test registries::go_proxy::tests::parse_list_drops_unparseable ... ok
[INFO] [stdout] test discover::tests::a_binary_bun_lockfile_is_reported_rather_than_ignored ... ok
[INFO] [stdout] test discover::tests::stops_at_a_repository_boundary ... ok
[INFO] [stdout] test discover::tests::skips_an_unparseable_lockfile_and_keeps_walking_up ... ok
[INFO] [stdout] test registries::go_proxy::tests::parse_list_strips_v_and_sorts ... ok
[INFO] [stdout] test discover::tests::respects_the_depth_limit ... ok
[INFO] [stdout] test discover::tests::a_nearer_lockfile_wins_over_one_further_up ... ok
[INFO] [stdout] test cache::tests::roundtrips_a_fresh_entry ... ok
[INFO] [stdout] test registries::npm::tests::detects_package_scope ... ok
[INFO] [stdout] test discover::tests::finds_the_lockfile_in_an_ancestor_directory ... ok
[INFO] [stdout] test registries::npm::tests::encodes_scoped_names ... ok
[INFO] [stdout] test discover::tests::finds_manifests_sorted_and_skips_build_dirs ... ok
[INFO] [stdout] test cache::tests::distinct_names_do_not_collide ... ok
[INFO] [stdout] test registries::crates_io::tests::parses_ndjson_and_filters_yanked ... ok
[INFO] [stdout] 
[INFO] [stdout] test result: ok. 24 passed; 0 failed; 0 ignored; 0 measured; 0 filtered out; finished in 0.02s
[INFO] [stdout] 
[INFO] [stdout] 
[INFO] [stderr]      Running tests/checker.rs (/opt/rustwide/target/release/build/dependable-fetch/81635618917e26f0/out/checker-81635618917e26f0)
[INFO] [stdout] running 10 tests
[INFO] [stdout] test check_composer_json_with_lockfile ... ok
[INFO] [stdout] test check_deno_routes_jsr_and_npm ... ok
[INFO] [stdout] test check_go_mod_end_to_end ... ok
[INFO] [stdout] test check_requirements_txt_pep440 ... ok
[INFO] [stdout] test vulnerabilities_disabled_skips_osv ... ok
[INFO] [stdout] test check_package_json_with_lockfile ... ok
[INFO] [stdout] test no_cache_forces_a_refetch ... ok
[INFO] [stdout] test check_manifest_classifies_and_scans ... ok
[INFO] [stdout] test ghsa_filtering_respects_include_flag ... ok
[INFO] [stdout] test disk_cache_serves_a_second_checker ... ok
[INFO] [stdout] 
[INFO] [stdout] test result: ok. 10 passed; 0 failed; 0 ignored; 0 measured; 0 filtered out; finished in 0.07s
[INFO] [stdout] 
[INFO] [stderr]      Running tests/http.rs (/opt/rustwide/target/release/build/dependable-fetch/add308488f5b768c/out/http-add308488f5b768c)
[INFO] [stdout] 
[INFO] [stdout] running 24 tests
[INFO] [stdout] test live_crates_io_serde_has_versions ... ignored, hits the network (crates.io sparse index)
[INFO] [stdout] test live_go_proxy_has_versions ... ignored, hits the network (Go module proxy)
[INFO] [stdout] test live_hex_phoenix_has_versions ... ignored, hits the network (Hex)
[INFO] [stdout] test live_jsr_std_path_has_versions ... ignored, hits the network (JSR)
[INFO] [stdout] test live_npm_react_has_versions ... ignored, hits the network (npm registry)
[INFO] [stdout] test live_nuget_newtonsoft_has_versions ... ignored, hits the network (NuGet)
[INFO] [stdout] test live_osv_known_vulnerable_crate ... ignored, hits the network (OSV API)
[INFO] [stdout] test live_packagist_monolog_has_versions ... ignored, hits the network (Packagist)
[INFO] [stdout] test live_pub_dev_http_has_versions ... ignored, hits the network (pub.dev)
[INFO] [stdout] test live_pypi_flask_has_versions ... ignored, hits the network (PyPI)
[INFO] [stdout] test crates_io_alt_registry_strips_sparse_prefix_and_sends_auth ... ok
[INFO] [stdout] test pypi_fetch_filters_yanked_and_sorts ... ok
[INFO] [stdout] test go_proxy_case_encodes_uppercase_module ... ok
[INFO] [stdout] test hex_fetch_parses_and_sorts_releases ... ok
[INFO] [stdout] test go_proxy_falls_back_to_latest_when_list_empty ... ok
[INFO] [stdout] test jsr_fetch_parses_versions_filtering_yanked ... ok
[INFO] [stdout] test npm_fetch_parses_versions_and_latest_tag ... ok
[INFO] [stdout] test go_proxy_lists_versions_strips_v_and_sorts ... ok
[INFO] [stdout] test pub_dev_fetch_parses_versions_and_latest ... ok
[INFO] [stdout] test crates_io_fetch_parses_and_sorts ... ok
[INFO] [stdout] test nuget_fetch_lowercases_id_inlines_and_follows_pages ... ok
[INFO] [stdout] test packagist_fetch_parses_versions_and_strips_v ... ok
[INFO] [stdout] test npm_scoped_package_routes_to_private_registry_with_bearer ... ok
[INFO] [stdout] test osv_querybatch_aligns_and_filters_ghsa ... ok
[INFO] [stdout] 
[INFO] [stdout] test result: ok. 14 passed; 0 failed; 10 ignored; 0 measured; 0 filtered out; finished in 0.02s
[INFO] [stdout] 
[INFO] [stderr]      Running tests/metadata.rs (/opt/rustwide/target/release/build/dependable-fetch/3b6b1546fd3b2531/out/metadata-3b6b1546fd3b2531)
[INFO] [stdout] 
[INFO] [stdout] running 20 tests
[INFO] [stdout] test live_crates_io_metadata ... ignored, hits the network; run with `mise run test:live`
[INFO] [stdout] test live_hex_metadata ... ignored, hits the network; run with `mise run test:live`
[INFO] [stdout] test live_npm_metadata ... ignored, hits the network; run with `mise run test:live`
[INFO] [stdout] test live_packagist_metadata ... ignored, hits the network; run with `mise run test:live`
[INFO] [stdout] test live_pypi_metadata ... ignored, hits the network; run with `mise run test:live`
[INFO] [stdout] test a_registry_without_a_metadata_endpoint_reports_none ... ok
[INFO] [stdout] test crates_io_reports_a_missing_crate_as_not_found ... ok
[INFO] [stdout] test the_public_index_url_still_reaches_the_crates_io_api ... ok
[INFO] [stdout] test pypi_dates_every_release_from_the_releases_block ... ok
[INFO] [stdout] test pypi_prefers_a_source_project_url ... ok
[INFO] [stdout] test pypi_falls_back_to_the_newest_release_without_a_releases_block ... ok
[INFO] [stdout] test an_alternate_registry_has_no_crates_io_api ... ok
[INFO] [stdout] test hex_reads_links_and_downloads ... ok
[INFO] [stdout] test crates_io_reads_metadata_and_owners ... ok
[INFO] [stdout] test npm_reads_the_full_packument ... ok
[INFO] [stdout] test the_checker_caches_metadata_across_calls ... ok
[INFO] [stdout] test packagist_joins_multiple_licenses ... ok
[INFO] [stdout] test crates_io_reports_a_team_only_crate_as_owned ... ok
[INFO] [stdout] test crates_io_still_returns_metadata_when_owners_fail ... ok
[INFO] [stdout] test npm_accepts_the_shorthand_repository_form ... ok
[INFO] [stdout] 
[INFO] [stdout] test result: ok. 15 passed; 0 failed; 5 ignored; 0 measured; 0 filtered out; finished in 0.03s
[INFO] [stdout] 
[INFO] [stdout] 
[INFO] [stderr]      Running tests/project_graph.rs (/opt/rustwide/target/release/build/dependable-fetch/df79e646c2e1b06f/out/project_graph-df79e646c2e1b06f)
[INFO] [stdout] running 10 tests
[INFO] [stdout] test a_missing_lockfile_falls_back_to_direct_dependencies ... ok
[INFO] [stdout] test composer_graph_synthesizes_the_root_and_follows_requires ... ok
[INFO] [stdout] test an_unrecognized_file_is_not_a_manifest ... ok
[INFO] [stdout] test builds_the_committed_fixtures_end_to_end ... FAILED
[INFO] [stdout] test an_ecosystem_without_edge_data_reports_unsupported ... FAILED
[INFO] [stdout] test npm_root_is_local_and_installed_packages_are_external ... ok
[INFO] [stdout] test npm_graph_is_transitive ... ok
[INFO] [stdout] test a_lockfile_root_without_edges_falls_back_to_the_manifest ... ok
[INFO] [stdout] test a_cargo_manifest_is_delegated_to_the_workspace_builder ... ok
[INFO] [stdout] test mix_graph_follows_the_dependency_element ... ok
[INFO] [stdout] 
[INFO] [stdout] failures:
[INFO] [stdout] 
[INFO] [stdout] ---- builds_the_committed_fixtures_end_to_end stdout ----
[INFO] [stdout] 
[INFO] [stdout] thread 'builds_the_committed_fixtures_end_to_end' (1537) panicked at tests/project_graph.rs:251:29:
[INFO] [stdout] sample-npm: failed to read /opt/rustwide/workdir/../dependable/tests/fixtures/sample-npm/package.json: No such file or directory (os error 2)
[INFO] [stdout] stack backtrace:
[INFO] [stdout]    0:     0x61db0ec2b111 - <<std[617be2ca0a6fd877]::sys::backtrace::BacktraceLock>::print::DisplayBacktrace as core[a373ad73a504971]::fmt::Display>::fmt
[INFO] [stdout]    1:     0x61db0ec4159a - core[a373ad73a504971]::fmt::write
[INFO] [stdout]    2:     0x61db0ec2f61c - <alloc[2e1b2a31b91974c5]::vec::Vec<u8> as core[a373ad73a504971]::io::write::Write>::write_fmt
[INFO] [stdout]    3:     0x61db0ec05656 - std[617be2ca0a6fd877]::panicking::default_hook::{closure#0}
[INFO] [stdout]    4:     0x61db0ec22899 - std[617be2ca0a6fd877]::panicking::default_hook
[INFO] [stdout]    5:     0x61db0ea7a060 - test[aada8e7e76ba119b]::test_main_inner::{closure#0}
[INFO] [stdout]    6:     0x61db0ec22a52 - std[617be2ca0a6fd877]::panicking::panic_with_hook
[INFO] [stdout]    7:     0x61db0ec05702 - std[617be2ca0a6fd877]::panicking::panic_handler::{closure#0}
[INFO] [stdout]    8:     0x61db0ebfe0c9 - std[617be2ca0a6fd877]::sys::backtrace::__rust_end_short_backtrace::<std[617be2ca0a6fd877]::panicking::panic_handler::{closure#0}, !>
[INFO] [stdout]    9:     0x61db0ec0630d - __rustc[ea4f61d10b84890b]::rust_begin_unwind
[INFO] [stdout]   10:     0x61db0ec41d7c - core[a373ad73a504971]::panicking::panic_fmt
[INFO] [stdout]   11:     0x61db0ea69b05 - project_graph[8407dd591710d789]::builds_the_committed_fixtures_end_to_end::{closure#0}
[INFO] [stdout]   12:     0x61db0ea6b1b8 - <project_graph[8407dd591710d789]::builds_the_committed_fixtures_end_to_end::{closure#0} as core[a373ad73a504971]::ops::function::FnOnce<()>>::call_once
[INFO] [stdout]   13:     0x61db0ea6d4ab - test[aada8e7e76ba119b]::__rust_begin_short_backtrace::<core[a373ad73a504971]::result::Result<(), alloc[2e1b2a31b91974c5]::string::String>, fn() -> core[a373ad73a504971]::result::Result<(), alloc[2e1b2a31b91974c5]::string::String>>
[INFO] [stdout]   14:     0x61db0ea7a685 - test[aada8e7e76ba119b]::run_test::{closure#0}
[INFO] [stdout]   15:     0x61db0ea73f74 - std[617be2ca0a6fd877]::sys::backtrace::__rust_begin_short_backtrace::<test[aada8e7e76ba119b]::run_test::{closure#1}, ()>
[INFO] [stdout]   16:     0x61db0ea7d712 - <std[617be2ca0a6fd877]::thread::lifecycle::spawn_unchecked<test[aada8e7e76ba119b]::run_test::{closure#1}, ()>::{closure#1} as core[a373ad73a504971]::ops::function::FnOnce<()>>::call_once::{shim:vtable#0}
[INFO] [stdout]   17:     0x61db0ec2a42f - <std[617be2ca0a6fd877]::sys::thread::unix::Thread>::new::thread_start
[INFO] [stdout]   18:     0x74764a548dfa - <unknown>
[INFO] [stdout]   19:     0x74764a5dc3d4 - clone
[INFO] [stdout]   20:                0x0 - <unknown>
[INFO] [stdout] 
[INFO] [stdout] ---- an_ecosystem_without_edge_data_reports_unsupported stdout ----
[INFO] [stdout] 
[INFO] [stdout] thread 'an_ecosystem_without_edge_data_reports_unsupported' (1535) panicked at tests/project_graph.rs:211:6:
[INFO] [stdout] graph: Io { path: "/opt/rustwide/workdir/../dependable/tests/fixtures/sample-dart/pubspec.yaml", source: Os { code: 2, kind: NotFound, message: "No such file or directory" } }
[INFO] [stdout] stack backtrace:
[INFO] [stdout]    0:     0x61db0ec2b111 - <<std[617be2ca0a6fd877]::sys::backtrace::BacktraceLock>::print::DisplayBacktrace as core[a373ad73a504971]::fmt::Display>::fmt
[INFO] [stdout]    1:     0x61db0ec4159a - core[a373ad73a504971]::fmt::write
[INFO] [stdout]    2:     0x61db0ec2f61c - <alloc[2e1b2a31b91974c5]::vec::Vec<u8> as core[a373ad73a504971]::io::write::Write>::write_fmt
[INFO] [stdout]    3:     0x61db0ec05656 - std[617be2ca0a6fd877]::panicking::default_hook::{closure#0}
[INFO] [stdout]    4:     0x61db0ec22899 - std[617be2ca0a6fd877]::panicking::default_hook
[INFO] [stdout]    5:     0x61db0ea7a060 - test[aada8e7e76ba119b]::test_main_inner::{closure#0}
[INFO] [stdout]    6:     0x61db0ec22a52 - std[617be2ca0a6fd877]::panicking::panic_with_hook
[INFO] [stdout]    7:     0x61db0ec05702 - std[617be2ca0a6fd877]::panicking::panic_handler::{closure#0}
[INFO] [stdout]    8:     0x61db0ebfe0c9 - std[617be2ca0a6fd877]::sys::backtrace::__rust_end_short_backtrace::<std[617be2ca0a6fd877]::panicking::panic_handler::{closure#0}, !>
[INFO] [stdout]    9:     0x61db0ec0630d - __rustc[ea4f61d10b84890b]::rust_begin_unwind
[INFO] [stdout]   10:     0x61db0ec41d7c - core[a373ad73a504971]::panicking::panic_fmt
[INFO] [stdout]   11:     0x61db0ec41b52 - core[a373ad73a504971]::result::unwrap_failed
[INFO] [stdout]   12:     0x61db0ea6bb32 - <project_graph[8407dd591710d789]::an_ecosystem_without_edge_data_reports_unsupported::{closure#0} as core[a373ad73a504971]::ops::function::FnOnce<()>>::call_once
[INFO] [stdout]   13:     0x61db0ea6d4ab - test[aada8e7e76ba119b]::__rust_begin_short_backtrace::<core[a373ad73a504971]::result::Result<(), alloc[2e1b2a31b91974c5]::string::String>, fn() -> core[a373ad73a504971]::result::Result<(), alloc[2e1b2a31b91974c5]::string::String>>
[INFO] [stdout]   14:     0x61db0ea7a685 - test[aada8e7e76ba119b]::run_test::{closure#0}
[INFO] [stdout]   15:     0x61db0ea73f74 - std[617be2ca0a6fd877]::sys::backtrace::__rust_begin_short_backtrace::<test[aada8e7e76ba119b]::run_test::{closure#1}, ()>
[INFO] [stdout]   16:     0x61db0ea7d712 - <std[617be2ca0a6fd877]::thread::lifecycle::spawn_unchecked<test[aada8e7e76ba119b]::run_test::{closure#1}, ()>::{closure#1} as core[a373ad73a504971]::ops::function::FnOnce<()>>::call_once::{shim:vtable#0}
[INFO] [stdout]   17:     0x61db0ec2a42f - <std[617be2ca0a6fd877]::sys::thread::unix::Thread>::new::thread_start
[INFO] [stdout]   18:     0x74764a548dfa - <unknown>
[INFO] [stdout]   19:     0x74764a5dc3d4 - clone
[INFO] [stdout]   20:                0x0 - <unknown>
[INFO] [stdout] 
[INFO] [stdout] 
[INFO] [stdout] failures:
[INFO] [stdout]     an_ecosystem_without_edge_data_reports_unsupported
[INFO] [stdout]     builds_the_committed_fixtures_end_to_end
[INFO] [stdout] 
[INFO] [stdout] test result: FAILED. 8 passed; 2 failed; 0 ignored; 0 measured; 0 filtered out; finished in 0.01s
[INFO] [stdout] 
[INFO] [stderr] error: test failed, to rerun pass `--test project_graph`
[INFO] running `Command { std: "docker" "inspect" "344e8ccd1704e59c05b693d19fd561f5ff7b3d4104fdebd6ab5ee7e7bfd464e6", kill_on_drop: false }`
[INFO] running `Command { std: "docker" "rm" "-f" "344e8ccd1704e59c05b693d19fd561f5ff7b3d4104fdebd6ab5ee7e7bfd464e6", kill_on_drop: false }`
[INFO] [stdout] 344e8ccd1704e59c05b693d19fd561f5ff7b3d4104fdebd6ab5ee7e7bfd464e6
