[INFO] fetching crate depcon 0.3.0...
[INFO] testing depcon-0.3.0 against 1.100.0-beta.1+cargoflags=--release for beta-release-1.100-2
[INFO] extracting crate depcon 0.3.0 into /workspace/builds/worker-0-tc2/source
[INFO] started tweaking crates.io crate depcon 0.3.0
[INFO] finished tweaking crates.io crate depcon 0.3.0
[INFO] tweaked toml for crates.io crate depcon 0.3.0 written to /workspace/builds/worker-0-tc2/source/Cargo.toml
[INFO] validating manifest of crates.io crate depcon 0.3.0 on toolchain 1.100.0-beta.1
[INFO] running `Command { std: CARGO_HOME="/workspace/cargo-home" RUSTUP_HOME="/workspace/rustup-home" "/workspace/cargo-home/bin/cargo" "+1.100.0-beta.1" "metadata" "--manifest-path" "Cargo.toml" "--no-deps", kill_on_drop: false }`
[INFO] running `Command { std: CARGO_HOME="/workspace/cargo-home" RUSTUP_HOME="/workspace/rustup-home" "/workspace/cargo-home/bin/cargo" "+1.100.0-beta.1" "generate-lockfile" "--manifest-path" "Cargo.toml", kill_on_drop: false }`
[INFO] [stderr]     Updating crates.io index
[INFO] [stderr]      Locking 36 packages to highest compatible versions
[INFO] [stderr]       Adding inventory v0.2.3 (available: v0.3.25)
[INFO] [stderr]       Adding thiserror v1.0.69 (available: v2.0.21)
[INFO] running `Command { std: CARGO_HOME="/workspace/cargo-home" RUSTUP_HOME="/workspace/rustup-home" "/workspace/cargo-home/bin/cargo" "+1.100.0-beta.1" "fetch" "--manifest-path" "Cargo.toml", kill_on_drop: false }`
[INFO] running `Command { std: "docker" "create" "-v" "/var/lib/crater-agent-workspace/builds/worker-0-tc2/source:/opt/rustwide/workdir:ro,Z" "-v" "/var/lib/crater-agent-workspace/builds/worker-0-tc2/target:/opt/rustwide/target:rw,Z" "-v" "/var/lib/crater-agent-workspace/cargo-home:/opt/rustwide/cargo-home:ro,Z" "-v" "/var/lib/crater-agent-workspace/rustup-home:/opt/rustwide/rustup-home:ro,Z" "-m" "1610612736" "--network" "none" "ghcr.io/rust-lang/crates-build-env/linux@sha256:77db811e55d90add9212f6832c23229e3de5f1c1f9905e8cb07319ea15df73ac" "sleep" "infinity", kill_on_drop: false }`
[INFO] [stdout] 0425aacfbfaea8827db8a85dd3df9fa43d071245a7aa8c3cfbff389e6f738822
[INFO] running `Command { std: "docker" "start" "0425aacfbfaea8827db8a85dd3df9fa43d071245a7aa8c3cfbff389e6f738822", kill_on_drop: false }`
[INFO] running `Command { std: "docker" "inspect" "0425aacfbfaea8827db8a85dd3df9fa43d071245a7aa8c3cfbff389e6f738822", kill_on_drop: false }`
[INFO] running `Command { std: "docker" "exec" "-e" "SOURCE_DIR=/opt/rustwide/workdir" "-e" "CARGO_HOME=/opt/rustwide/cargo-home" "-e" "RUSTUP_HOME=/opt/rustwide/rustup-home" "-e" "CARGO_TARGET_DIR=/opt/rustwide/target" "-w" "/opt/rustwide/workdir" "--user" "0:0" "0425aacfbfaea8827db8a85dd3df9fa43d071245a7aa8c3cfbff389e6f738822" "/opt/rustwide/cargo-home/bin/cargo" "+1.100.0-beta.1" "metadata" "--no-deps" "--format-version=1", kill_on_drop: false }`
[INFO] running `Command { std: "docker" "inspect" "0425aacfbfaea8827db8a85dd3df9fa43d071245a7aa8c3cfbff389e6f738822", kill_on_drop: false }`
[INFO] running `Command { std: "docker" "exec" "-e" "SOURCE_DIR=/opt/rustwide/workdir" "-e" "CARGO_HOME=/opt/rustwide/cargo-home" "-e" "RUSTUP_HOME=/opt/rustwide/rustup-home" "-e" "CARGO_TARGET_DIR=/opt/rustwide/target" "-e" "CARGO_INCREMENTAL=0" "-e" "RUST_BACKTRACE=full" "-e" "RUSTFLAGS=--cap-lints=warn" "-e" "RUSTDOCFLAGS=--cap-lints=warn" "-w" "/opt/rustwide/workdir" "--user" "0:0" "0425aacfbfaea8827db8a85dd3df9fa43d071245a7aa8c3cfbff389e6f738822" "/opt/rustwide/cargo-home/bin/cargo" "+1.100.0-beta.1" "build" "--frozen" "--message-format=json" "--release", kill_on_drop: false }`
[INFO] [stderr]    Compiling proc-macro2 v1.0.107
[INFO] [stderr]    Compiling quote v1.0.47
[INFO] [stderr]    Compiling unicode-ident v1.0.27
[INFO] [stderr]    Compiling syn v1.0.109
[INFO] [stderr]    Compiling thiserror v1.0.69
[INFO] [stderr]    Compiling syn v2.0.119
[INFO] [stderr]    Compiling syn v3.0.9
[INFO] [stderr]    Compiling thiserror-impl v1.0.69
[INFO] [stderr]    Compiling ghost v0.1.23
[INFO] [stderr]    Compiling ctor v0.1.26
[INFO] [stderr]    Compiling derivative v2.2.0
[INFO] [stderr]    Compiling depcon_codegen v0.3.0
[INFO] [stderr]    Compiling inventory v0.2.3
[INFO] [stderr]    Compiling depcon v0.3.0 (/opt/rustwide/workdir)
[INFO] [stdout] warning: unexpected `cfg` condition name: `tarpaulin_include`
[INFO] [stdout]   --> src/provider.rs:15:15
[INFO] [stdout]    |
[INFO] [stdout] 15 |     #[cfg(not(tarpaulin_include))]
[INFO] [stdout]    |               ^^^^^^^^^^^^^^^^^
[INFO] [stdout]    |
[INFO] [stdout]    = help: expected names are: `docsrs`, `feature`, and `test` and 34 more
[INFO] [stdout]    = help: consider using a Cargo feature instead
[INFO] [stdout]    = help: or consider adding in `Cargo.toml` the `check-cfg` lint config for the lint:
[INFO] [stdout]             [lints.rust]
[INFO] [stdout]             unexpected_cfgs = { level = "warn", check-cfg = ['cfg(tarpaulin_include)'] }
[INFO] [stdout]    = help: or consider adding `println!("cargo::rustc-check-cfg=cfg(tarpaulin_include)");` to the top of the `build.rs`
[INFO] [stdout]    = note: see <https://doc.rust-lang.org/nightly/rustc/check-cfg/cargo-specifics.html> for more information about checking conditional configuration
[INFO] [stdout]    = note: `#[warn(unexpected_cfgs)]` on by default
[INFO] [stdout] 
[INFO] [stdout] 
[INFO] [stderr]     Finished `release` profile [optimized] target(s) in 9.92s
[INFO] running `Command { std: "docker" "inspect" "0425aacfbfaea8827db8a85dd3df9fa43d071245a7aa8c3cfbff389e6f738822", kill_on_drop: false }`
[INFO] running `Command { std: "docker" "exec" "-e" "SOURCE_DIR=/opt/rustwide/workdir" "-e" "CARGO_HOME=/opt/rustwide/cargo-home" "-e" "RUSTUP_HOME=/opt/rustwide/rustup-home" "-e" "CARGO_TARGET_DIR=/opt/rustwide/target" "-e" "CARGO_INCREMENTAL=0" "-e" "RUST_BACKTRACE=full" "-e" "RUSTFLAGS=--cap-lints=warn" "-e" "RUSTDOCFLAGS=--cap-lints=warn" "-w" "/opt/rustwide/workdir" "--user" "0:0" "0425aacfbfaea8827db8a85dd3df9fa43d071245a7aa8c3cfbff389e6f738822" "/opt/rustwide/cargo-home/bin/cargo" "+1.100.0-beta.1" "test" "--frozen" "--no-run" "--message-format=json" "--release", kill_on_drop: false }`
[INFO] [stderr]    Compiling serde_json v1.0.154
[INFO] [stderr]    Compiling serde v1.0.229
[INFO] [stderr]    Compiling target-tuple v1.0.2
[INFO] [stderr]    Compiling winnow v1.0.4
[INFO] [stderr]    Compiling memchr v2.8.3
[INFO] [stderr]    Compiling toml_writer v1.1.3+spec-1.1.0
[INFO] [stderr]    Compiling serde_derive v1.0.229
[INFO] [stderr]    Compiling termcolor v1.4.1
[INFO] [stderr]    Compiling glob v0.3.4
[INFO] [stderr]    Compiling serde_spanned v1.1.2
[INFO] [stderr]    Compiling toml_datetime v1.1.2+spec-1.1.0
[INFO] [stdout] warning: unexpected `cfg` condition name: `tarpaulin_include`
[INFO] [stdout]   --> src/provider.rs:15:15
[INFO] [stdout]    |
[INFO] [stdout] 15 |     #[cfg(not(tarpaulin_include))]
[INFO] [stdout]    |               ^^^^^^^^^^^^^^^^^
[INFO] [stdout]    |
[INFO] [stdout]    = help: expected names are: `docsrs`, `feature`, and `test` and 34 more
[INFO] [stdout]    = help: consider using a Cargo feature instead
[INFO] [stdout]    = help: or consider adding in `Cargo.toml` the `check-cfg` lint config for the lint:
[INFO] [stdout]             [lints.rust]
[INFO] [stdout]             unexpected_cfgs = { level = "warn", check-cfg = ['cfg(tarpaulin_include)'] }
[INFO] [stdout]    = help: or consider adding `println!("cargo::rustc-check-cfg=cfg(tarpaulin_include)");` to the top of the `build.rs`
[INFO] [stdout]    = note: see <https://doc.rust-lang.org/nightly/rustc/check-cfg/cargo-specifics.html> for more information about checking conditional configuration
[INFO] [stdout]    = note: `#[warn(unexpected_cfgs)]` on by default
[INFO] [stdout] 
[INFO] [stdout] 
[INFO] [stderr]    Compiling toml_parser v1.1.5+spec-1.1.0
[INFO] [stderr]    Compiling toml v1.1.8+spec-1.1.0
[INFO] [stderr]    Compiling trybuild v1.0.122
[INFO] [stderr]    Compiling depcon v0.3.0 (/opt/rustwide/workdir)
[INFO] [stdout] warning: field `0` is never read
[INFO] [stdout]   --> tests/integration.rs:66:23
[INFO] [stdout]    |
[INFO] [stdout] 66 |     struct CycleImplA(Arc<dyn CycleB>);
[INFO] [stdout]    |            ---------- ^^^^^^^^^^^^^^^
[INFO] [stdout]    |            |
[INFO] [stdout]    |            field in this struct
[INFO] [stdout]    |
[INFO] [stdout]    = help: consider removing this field
[INFO] [stdout]    = note: `CycleImplA` has a derived impl for the trait `Debug`, but this is intentionally ignored during dead code analysis
[INFO] [stdout]    = note: `#[warn(dead_code)]` (part of `#[warn(unused)]`) on by default
[INFO] [stdout] 
[INFO] [stdout] 
[INFO] [stdout] warning: field `0` is never read
[INFO] [stdout]   --> tests/integration.rs:71:23
[INFO] [stdout]    |
[INFO] [stdout] 71 |     struct CycleImplB(Arc<dyn CycleA>);
[INFO] [stdout]    |            ---------- ^^^^^^^^^^^^^^^
[INFO] [stdout]    |            |
[INFO] [stdout]    |            field in this struct
[INFO] [stdout]    |
[INFO] [stdout]    = help: consider removing this field
[INFO] [stdout]    = note: `CycleImplB` has a derived impl for the trait `Debug`, but this is intentionally ignored during dead code analysis
[INFO] [stdout] 
[INFO] [stdout] 
[INFO] [stdout] warning: unexpected `cfg` condition name: `tarpaulin_include`
[INFO] [stdout]   --> src/provider.rs:15:15
[INFO] [stdout]    |
[INFO] [stdout] 15 |     #[cfg(not(tarpaulin_include))]
[INFO] [stdout]    |               ^^^^^^^^^^^^^^^^^
[INFO] [stdout]    |
[INFO] [stdout]    = help: expected names are: `docsrs`, `feature`, and `test` and 34 more
[INFO] [stdout]    = help: consider using a Cargo feature instead
[INFO] [stdout]    = help: or consider adding in `Cargo.toml` the `check-cfg` lint config for the lint:
[INFO] [stdout]             [lints.rust]
[INFO] [stdout]             unexpected_cfgs = { level = "warn", check-cfg = ['cfg(tarpaulin_include)'] }
[INFO] [stdout]    = help: or consider adding `println!("cargo::rustc-check-cfg=cfg(tarpaulin_include)");` to the top of the `build.rs`
[INFO] [stdout]    = note: see <https://doc.rust-lang.org/nightly/rustc/check-cfg/cargo-specifics.html> for more information about checking conditional configuration
[INFO] [stdout]    = note: `#[warn(unexpected_cfgs)]` on by default
[INFO] [stdout] 
[INFO] [stdout] 
[INFO] [stderr]     Finished `release` profile [optimized] target(s) in 18.77s
[INFO] running `Command { std: "docker" "inspect" "0425aacfbfaea8827db8a85dd3df9fa43d071245a7aa8c3cfbff389e6f738822", kill_on_drop: false }`
[INFO] running `Command { std: "docker" "exec" "-e" "SOURCE_DIR=/opt/rustwide/workdir" "-e" "CARGO_HOME=/opt/rustwide/cargo-home" "-e" "RUSTUP_HOME=/opt/rustwide/rustup-home" "-e" "CARGO_TARGET_DIR=/opt/rustwide/target" "-e" "CARGO_INCREMENTAL=0" "-e" "RUST_BACKTRACE=full" "-e" "RUSTFLAGS=--cap-lints=warn" "-e" "RUSTDOCFLAGS=--cap-lints=warn" "-w" "/opt/rustwide/workdir" "--user" "0:0" "0425aacfbfaea8827db8a85dd3df9fa43d071245a7aa8c3cfbff389e6f738822" "/opt/rustwide/cargo-home/bin/cargo" "+1.100.0-beta.1" "test" "--frozen" "--release", kill_on_drop: false }`
[INFO] [stderr] warning: unexpected `cfg` condition name: `tarpaulin_include`
[INFO] [stderr]   --> src/provider.rs:15:15
[INFO] [stderr]    |
[INFO] [stderr] 15 |     #[cfg(not(tarpaulin_include))]
[INFO] [stderr]    |               ^^^^^^^^^^^^^^^^^
[INFO] [stderr]    |
[INFO] [stderr]    = help: expected names are: `docsrs`, `feature`, and `test` and 34 more
[INFO] [stderr]    = help: consider using a Cargo feature instead
[INFO] [stderr]    = help: or consider adding in `Cargo.toml` the `check-cfg` lint config for the lint:
[INFO] [stderr]             [lints.rust]
[INFO] [stderr]             unexpected_cfgs = { level = "warn", check-cfg = ['cfg(tarpaulin_include)'] }
[INFO] [stderr]    = help: or consider adding `println!("cargo::rustc-check-cfg=cfg(tarpaulin_include)");` to the top of the `build.rs`
[INFO] [stderr]    = note: see <https://doc.rust-lang.org/nightly/rustc/check-cfg/cargo-specifics.html> for more information about checking conditional configuration
[INFO] [stderr]    = note: `#[warn(unexpected_cfgs)]` on by default
[INFO] [stderr] 
[INFO] [stderr] warning: `depcon` (lib) generated 1 warning
[INFO] [stderr] warning: field `0` is never read
[INFO] [stderr]   --> tests/integration.rs:66:23
[INFO] [stderr]    |
[INFO] [stderr] 66 |     struct CycleImplA(Arc<dyn CycleB>);
[INFO] [stderr]    |            ---------- ^^^^^^^^^^^^^^^
[INFO] [stderr]    |            |
[INFO] [stderr]    |            field in this struct
[INFO] [stderr]    |
[INFO] [stderr]    = help: consider removing this field
[INFO] [stderr]    = note: `CycleImplA` has a derived impl for the trait `Debug`, but this is intentionally ignored during dead code analysis
[INFO] [stderr]    = note: `#[warn(dead_code)]` (part of `#[warn(unused)]`) on by default
[INFO] [stderr] 
[INFO] [stderr] warning: field `0` is never read
[INFO] [stderr]   --> tests/integration.rs:71:23
[INFO] [stderr]    |
[INFO] [stderr] 71 |     struct CycleImplB(Arc<dyn CycleA>);
[INFO] [stderr]    |            ---------- ^^^^^^^^^^^^^^^
[INFO] [stderr]    |            |
[INFO] [stderr]    |            field in this struct
[INFO] [stderr]    |
[INFO] [stderr]    = help: consider removing this field
[INFO] [stderr]    = note: `CycleImplB` has a derived impl for the trait `Debug`, but this is intentionally ignored during dead code analysis
[INFO] [stderr] 
[INFO] [stderr] warning: `depcon` (lib test) generated 1 warning (1 duplicate)
[INFO] [stderr] warning: `depcon` (test "integration") generated 2 warnings
[INFO] [stderr]     Finished `release` profile [optimized] target(s) in 0.05s
[INFO] [stderr]      Running unittests src/lib.rs (/opt/rustwide/target/release/build/depcon/eb43ce0fca554c7a/out/depcon-eb43ce0fca554c7a)
[INFO] [stdout] 
[INFO] [stdout] running 6 tests
[INFO] [stdout] test container::test::test_service_downcast_failure ... ok
[INFO] [stdout] test container::test::test_register_duplicate ... ok
[INFO] [stdout] test provider::test::test_all_types_provide_self ... ok
[INFO] [stdout] test container::test::test_register_service_resolve_provider ... ok
[INFO] [stdout] test container::test::test_service_converter_failure ... ok
[INFO] [stderr]      Running tests/integration.rs (/opt/rustwide/target/release/build/depcon/5cd259cccdd5e567/out/integration-5cd259cccdd5e567)
[INFO] [stdout] test container::test::test_missing_provider_factory ... ok
[INFO] [stdout] 
[INFO] [stdout] test result: ok. 6 passed; 0 failed; 0 ignored; 0 measured; 0 filtered out; finished in 0.01s
[INFO] [stdout] 
[INFO] [stdout] 
[INFO] [stdout] running 5 tests
[INFO] [stdout] test hook::test_auto_register ... ok
[INFO] [stdout] test test_resolve_chain ... ok
[INFO] [stdout] test test_dependency_cycle ... ok
[INFO] [stdout] test test_struct_provider_impl ... ok
[INFO] [stderr]    Compiling proc-macro2 v1.0.107
[INFO] [stderr]    Compiling unicode-ident v1.0.27
[INFO] [stderr]    Compiling quote v1.0.47
[INFO] [stderr]    Compiling syn v1.0.109
[INFO] [stderr]    Compiling thiserror v1.0.69
[INFO] [stderr]    Compiling syn v2.0.119
[INFO] [stderr]    Compiling syn v3.0.9
[INFO] [stderr]    Compiling thiserror-impl v1.0.69
[INFO] [stderr]    Compiling ghost v0.1.23
[INFO] [stderr]    Compiling ctor v0.1.26
[INFO] [stderr]    Compiling derivative v2.2.0
[INFO] [stderr]    Compiling depcon_codegen v0.3.0
[INFO] [stderr]     Checking inventory v0.2.3
[INFO] [stderr]     Checking depcon v0.3.0 (/opt/rustwide/workdir)
[INFO] [stderr] warning: unexpected `cfg` condition name: `tarpaulin_include`
[INFO] [stderr]   --> /opt/rustwide/workdir/src/provider.rs:15:15
[INFO] [stderr]    |
[INFO] [stderr] 15 |     #[cfg(not(tarpaulin_include))]
[INFO] [stderr]    |               ^^^^^^^^^^^^^^^^^
[INFO] [stderr]    |
[INFO] [stderr]    = help: expected names are: `docsrs`, `feature`, and `test` and 34 more
[INFO] [stderr]    = help: consider using a Cargo feature instead
[INFO] [stderr]    = help: or consider adding in `Cargo.toml` the `check-cfg` lint config for the lint:
[INFO] [stderr]             [lints.rust]
[INFO] [stderr]             unexpected_cfgs = { level = "warn", check-cfg = ['cfg(tarpaulin_include)'] }
[INFO] [stderr]    = help: or consider adding `println!("cargo::rustc-check-cfg=cfg(tarpaulin_include)");` to the top of the `build.rs`
[INFO] [stderr]    = note: see <https://doc.rust-lang.org/nightly/rustc/check-cfg/cargo-specifics.html> for more information about checking conditional configuration
[INFO] [stderr]    = note: `#[warn(unexpected_cfgs)]` on by default
[INFO] [stderr] 
[INFO] [stderr] warning: `depcon` (lib) generated 1 warning
[INFO] [stderr]     Checking depcon-tests v0.0.0 (/opt/rustwide/target/tests/trybuild/depcon)
[INFO] [stderr]     Finished `dev` profile [unoptimized + debuginfo] target(s) in 12.12s
[INFO] [stderr] 
[INFO] [stderr] 
[INFO] [stderr] test tests/fail/register_non_provider.rs ... mismatch
[INFO] [stderr] 
[INFO] [stderr] EXPECTED:
[INFO] [stderr] ┈┈┈┈┈┈┈┈┈┈┈┈┈┈┈┈┈┈┈┈┈┈┈┈┈┈┈┈┈┈┈┈┈┈┈┈┈┈┈┈┈┈┈┈┈┈┈┈┈┈┈┈┈┈┈┈┈┈┈┈
[INFO] [stderr] error[E0277]: the trait bound `NonProvider: Provider<(dyn DummyService + 'static)>` is not satisfied
[INFO] [stderr]    --> tests/fail/register_non_provider.rs:10:15
[INFO] [stderr]     |
[INFO] [stderr] 10  |     container.register::<NonProvider, dyn DummyService>();
[INFO] [stderr]     |               ^^^^^^^^ the trait `Provider<(dyn DummyService + 'static)>` is not implemented for `NonProvider`
[INFO] [stderr]     |
[INFO] [stderr] note: required by a bound in `depcon::Container::register`
[INFO] [stderr]    --> src/container.rs
[INFO] [stderr]     |
[INFO] [stderr]     |         TProvider: Injectable + Provider<TService>,
[INFO] [stderr]     |                                 ^^^^^^^^^^^^^^^^^^ required by this bound in `depcon::Container::register`
[INFO] [stderr] ┈┈┈┈┈┈┈┈┈┈┈┈┈┈┈┈┈┈┈┈┈┈┈┈┈┈┈┈┈┈┈┈┈┈┈┈┈┈┈┈┈┈┈┈┈┈┈┈┈┈┈┈┈┈┈┈┈┈┈┈
[INFO] [stderr] 
[INFO] [stderr] ACTUAL OUTPUT:
[INFO] [stderr] ┈┈┈┈┈┈┈┈┈┈┈┈┈┈┈┈┈┈┈┈┈┈┈┈┈┈┈┈┈┈┈┈┈┈┈┈┈┈┈┈┈┈┈┈┈┈┈┈┈┈┈┈┈┈┈┈┈┈┈┈
[INFO] [stderr] error[E0277]: the trait bound `NonProvider: Provider<(dyn DummyService + 'static)>` is not satisfied
[INFO] [stderr]   --> tests/fail/register_non_provider.rs:10:26
[INFO] [stderr]    |
[INFO] [stdout] test test_compile_failures ... FAILED
[INFO] [stderr] 10 |     container.register::<NonProvider, dyn DummyService>();
[INFO] [stdout] 
[INFO] [stderr]    |               --------   ^^^^^^^^^^^ unsatisfied trait bound
[INFO] [stdout] failures:
[INFO] [stderr]    |               |
[INFO] [stdout] 
[INFO] [stderr]    |               required by a bound introduced by this call
[INFO] [stdout] ---- test_compile_failures stdout ----
[INFO] [stderr]    |
[INFO] [stdout] 
[INFO] [stderr] help: the trait `Provider<(dyn DummyService + 'static)>` is not implemented for `NonProvider`
[INFO] [stdout] thread 'test_compile_failures' (919) panicked at /opt/rustwide/cargo-home/registry/src/index.crates.io-1949cf8c6b5b557f/trybuild-1.0.122/src/run.rs:103:13:
[INFO] [stderr]   --> tests/fail/register_non_provider.rs:4:1
[INFO] [stdout] 1 of 1 tests failed
[INFO] [stderr]    |
[INFO] [stdout] stack backtrace:
[INFO] [stderr]  4 | struct NonProvider;
[INFO] [stdout]    0:     0x6538c324a951 - <<std[617be2ca0a6fd877]::sys::backtrace::BacktraceLock>::print::DisplayBacktrace as core[a373ad73a504971]::fmt::Display>::fmt
[INFO] [stderr]    | ^^^^^^^^^^^^^^^^^^
[INFO] [stdout]    1:     0x6538c3260dea - core[a373ad73a504971]::fmt::write
[INFO] [stderr] note: required by a bound in `depcon::Container::register`
[INFO] [stdout]    2:     0x6538c324f19c - <alloc[2e1b2a31b91974c5]::vec::Vec<u8> as core[a373ad73a504971]::io::write::Write>::write_fmt
[INFO] [stderr]   --> src/container.rs
[INFO] [stdout]    3:     0x6538c3223db6 - std[617be2ca0a6fd877]::panicking::default_hook::{closure#0}
[INFO] [stderr]    |
[INFO] [stdout]    4:     0x6538c3241ef9 - std[617be2ca0a6fd877]::panicking::default_hook
[INFO] [stderr]    | impl Container {
[INFO] [stdout]    5:     0x6538c3131960 - test[aada8e7e76ba119b]::test_main_inner::{closure#0}
[INFO] [stderr] ...
[INFO] [stdout]    6:     0x6538c32420b2 - std[617be2ca0a6fd877]::panicking::panic_with_hook
[INFO] [stderr]    |     pub fn register<TProvider, TService: ?Sized>(&mut self) -> Result<(), Error>
[INFO] [stdout]    7:     0x6538c3223e62 - std[617be2ca0a6fd877]::panicking::panic_handler::{closure#0}
[INFO] [stderr]    |     where
[INFO] [stdout]    8:     0x6538c321c6b9 - std[617be2ca0a6fd877]::sys::backtrace::__rust_end_short_backtrace::<std[617be2ca0a6fd877]::panicking::panic_handler::{closure#0}, !>
[INFO] [stderr]    |         TProvider: Injectable + Provider<TService>,
[INFO] [stdout]    9:     0x6538c3224a6d - __rustc[ea4f61d10b84890b]::rust_begin_unwind
[INFO] [stderr]    |                                 ^^^^^^^^^^^^^^^^^^ required by this bound in `Container::register`
[INFO] [stdout]   10:     0x6538c326155c - core[a373ad73a504971]::panicking::panic_fmt
[INFO] [stderr] ┈┈┈┈┈┈┈┈┈┈┈┈┈┈┈┈┈┈┈┈┈┈┈┈┈┈┈┈┈┈┈┈┈┈┈┈┈┈┈┈┈┈┈┈┈┈┈┈┈┈┈┈┈┈┈┈┈┈┈┈
[INFO] [stdout]   11:     0x6538c316baeb - <trybuild[8491d84913a4243d]::Runner>::run
[INFO] [stderr] note: If the actual output is the correct output you can bless it by rerunning
[INFO] [stdout]   12:     0x6538c316ed60 - <trybuild[8491d84913a4243d]::TestCases as core[a373ad73a504971]::ops::drop::Drop>::drop
[INFO] [stderr]       your test with the environment variable TRYBUILD=overwrite
[INFO] [stdout]   13:     0x6538c3123234 - <integration[6290cc17260933e4]::test_compile_failures::{closure#0} as core[a373ad73a504971]::ops::function::FnOnce<()>>::call_once
[INFO] [stderr] 
[INFO] [stdout]   14:     0x6538c3124dab - test[aada8e7e76ba119b]::__rust_begin_short_backtrace::<core[a373ad73a504971]::result::Result<(), alloc[2e1b2a31b91974c5]::string::String>, fn() -> core[a373ad73a504971]::result::Result<(), alloc[2e1b2a31b91974c5]::string::String>>
[INFO] [stderr] 
[INFO] [stdout]   15:     0x6538c3131f85 - test[aada8e7e76ba119b]::run_test::{closure#0}
[INFO] [stderr] 
[INFO] [stdout]   16:     0x6538c312b874 - std[617be2ca0a6fd877]::sys::backtrace::__rust_begin_short_backtrace::<test[aada8e7e76ba119b]::run_test::{closure#1}, ()>
[INFO] [stdout]   17:     0x6538c3135012 - <std[617be2ca0a6fd877]::thread::lifecycle::spawn_unchecked<test[aada8e7e76ba119b]::run_test::{closure#1}, ()>::{closure#1} as core[a373ad73a504971]::ops::function::FnOnce<()>>::call_once::{shim:vtable#0}
[INFO] [stdout]   18:     0x6538c3249baf - <std[617be2ca0a6fd877]::sys::thread::unix::Thread>::new::thread_start
[INFO] [stdout]   19:     0x74cce7a9edfa - <unknown>
[INFO] [stdout]   20:     0x74cce7b323d4 - clone
[INFO] [stdout]   21:                0x0 - <unknown>
[INFO] [stdout] 
[INFO] [stdout] 
[INFO] [stdout] failures:
[INFO] [stdout]     test_compile_failures
[INFO] [stdout] 
[INFO] [stdout] test result: FAILED. 4 passed; 1 failed; 0 ignored; 0 measured; 0 filtered out; finished in 12.87s
[INFO] [stdout] 
[INFO] [stderr] error: test failed, to rerun pass `--test integration`
[INFO] running `Command { std: "docker" "inspect" "0425aacfbfaea8827db8a85dd3df9fa43d071245a7aa8c3cfbff389e6f738822", kill_on_drop: false }`
[INFO] running `Command { std: "docker" "rm" "-f" "0425aacfbfaea8827db8a85dd3df9fa43d071245a7aa8c3cfbff389e6f738822", kill_on_drop: false }`
[INFO] [stdout] 0425aacfbfaea8827db8a85dd3df9fa43d071245a7aa8c3cfbff389e6f738822
