[INFO] fetching crate dep_graph_rs 0.2.0...
[INFO] testing dep_graph_rs-0.2.0 against 1.100.0-beta.1+cargoflags=--release for beta-release-1.100-2
[INFO] extracting crate dep_graph_rs 0.2.0 into /workspace/builds/worker-3-tc2/source
[INFO] started tweaking crates.io crate dep_graph_rs 0.2.0
[INFO] finished tweaking crates.io crate dep_graph_rs 0.2.0
[INFO] tweaked toml for crates.io crate dep_graph_rs 0.2.0 written to /workspace/builds/worker-3-tc2/source/Cargo.toml
[INFO] validating manifest of crates.io crate dep_graph_rs 0.2.0 on toolchain 1.100.0-beta.1
[INFO] running `Command { std: CARGO_HOME="/workspace/cargo-home" RUSTUP_HOME="/workspace/rustup-home" "/workspace/cargo-home/bin/cargo" "+1.100.0-beta.1" "metadata" "--manifest-path" "Cargo.toml" "--no-deps", kill_on_drop: false }`
[INFO] crate crates.io crate dep_graph_rs 0.2.0 already has a lockfile, it will not be regenerated
[INFO] running `Command { std: CARGO_HOME="/workspace/cargo-home" RUSTUP_HOME="/workspace/rustup-home" "/workspace/cargo-home/bin/cargo" "+1.100.0-beta.1" "fetch" "--manifest-path" "Cargo.toml", kill_on_drop: false }`
[INFO] [stderr] warning: `package.homepage` is redundant with `package.repository`
[INFO] [stderr]   --> Cargo.toml:29:12
[INFO] [stderr]    |
[INFO] [stderr] 29 | homepage = "https://github.com/pseitz/dep_graph_rs"
[INFO] [stderr]    |            ^^^^^^^^^^^^^^^^^^^^^^^^^^^^^^^^^^^^^^^^
[INFO] [stderr] ...
[INFO] [stderr] 35 | repository = "https://github.com/pseitz/dep_graph_rs"
[INFO] [stderr]    |              ----------------------------------------
[INFO] [stderr]    |
[INFO] [stderr]    = note: `cargo::redundant_homepage` is set to `warn` by default
[INFO] [stderr] help: consider removing `package.homepage`
[INFO] [stderr] warning: `dep_graph_rs` (manifest) generated 1 warning
[INFO] running `Command { std: "docker" "create" "-v" "/var/lib/crater-agent-workspace/builds/worker-3-tc2/source:/opt/rustwide/workdir:ro,Z" "-v" "/var/lib/crater-agent-workspace/builds/worker-3-tc2/target:/opt/rustwide/target:rw,Z" "-v" "/var/lib/crater-agent-workspace/cargo-home:/opt/rustwide/cargo-home:ro,Z" "-v" "/var/lib/crater-agent-workspace/rustup-home:/opt/rustwide/rustup-home:ro,Z" "-m" "1610612736" "--network" "none" "ghcr.io/rust-lang/crates-build-env/linux@sha256:77db811e55d90add9212f6832c23229e3de5f1c1f9905e8cb07319ea15df73ac" "sleep" "infinity", kill_on_drop: false }`
[INFO] [stdout] 4b220425f14a84715fb494d51044389d765e31cf75853d5d0145a2fdb0e6b61e
[INFO] running `Command { std: "docker" "start" "4b220425f14a84715fb494d51044389d765e31cf75853d5d0145a2fdb0e6b61e", kill_on_drop: false }`
[INFO] running `Command { std: "docker" "inspect" "4b220425f14a84715fb494d51044389d765e31cf75853d5d0145a2fdb0e6b61e", kill_on_drop: false }`
[INFO] running `Command { std: "docker" "exec" "-e" "SOURCE_DIR=/opt/rustwide/workdir" "-e" "CARGO_HOME=/opt/rustwide/cargo-home" "-e" "RUSTUP_HOME=/opt/rustwide/rustup-home" "-e" "CARGO_TARGET_DIR=/opt/rustwide/target" "-w" "/opt/rustwide/workdir" "--user" "0:0" "4b220425f14a84715fb494d51044389d765e31cf75853d5d0145a2fdb0e6b61e" "/opt/rustwide/cargo-home/bin/cargo" "+1.100.0-beta.1" "metadata" "--no-deps" "--format-version=1", kill_on_drop: false }`
[INFO] running `Command { std: "docker" "inspect" "4b220425f14a84715fb494d51044389d765e31cf75853d5d0145a2fdb0e6b61e", kill_on_drop: false }`
[INFO] running `Command { std: "docker" "exec" "-e" "SOURCE_DIR=/opt/rustwide/workdir" "-e" "CARGO_HOME=/opt/rustwide/cargo-home" "-e" "RUSTUP_HOME=/opt/rustwide/rustup-home" "-e" "CARGO_TARGET_DIR=/opt/rustwide/target" "-e" "CARGO_INCREMENTAL=0" "-e" "RUST_BACKTRACE=full" "-e" "RUSTFLAGS=--cap-lints=warn" "-e" "RUSTDOCFLAGS=--cap-lints=warn" "-w" "/opt/rustwide/workdir" "--user" "0:0" "4b220425f14a84715fb494d51044389d765e31cf75853d5d0145a2fdb0e6b61e" "/opt/rustwide/cargo-home/bin/cargo" "+1.100.0-beta.1" "build" "--frozen" "--message-format=json" "--release", kill_on_drop: false }`
[INFO] [stderr] warning: `package.homepage` is redundant with `package.repository`
[INFO] [stderr]   --> Cargo.toml:29:12
[INFO] [stderr]    |
[INFO] [stderr] 29 | homepage = "https://github.com/pseitz/dep_graph_rs"
[INFO] [stderr]    |            ^^^^^^^^^^^^^^^^^^^^^^^^^^^^^^^^^^^^^^^^
[INFO] [stderr] ...
[INFO] [stderr] 35 | repository = "https://github.com/pseitz/dep_graph_rs"
[INFO] [stderr]    |              ----------------------------------------
[INFO] [stderr]    |
[INFO] [stderr]    = note: `cargo::redundant_homepage` is set to `warn` by default
[INFO] [stderr] help: consider removing `package.homepage`
[INFO] [stderr] warning: `dep_graph_rs` (manifest) generated 1 warning
[INFO] [stderr]    Compiling proc-macro2 v1.0.95
[INFO] [stderr]    Compiling anstyle v1.0.11
[INFO] [stderr]    Compiling anstyle-query v1.1.3
[INFO] [stderr]    Compiling unicode-ident v1.0.12
[INFO] [stderr]    Compiling aho-corasick v1.1.3
[INFO] [stderr]    Compiling regex-syntax v0.8.5
[INFO] [stderr]    Compiling anstream v0.6.19
[INFO] [stderr]    Compiling clap_builder v4.5.41
[INFO] [stderr]    Compiling quote v1.0.40
[INFO] [stderr]    Compiling syn v2.0.104
[INFO] [stderr]    Compiling regex-automata v0.4.9
[INFO] [stderr]    Compiling clap_derive v4.5.41
[INFO] [stderr]    Compiling clap v4.5.41
[INFO] [stderr]    Compiling regex v1.11.1
[INFO] [stderr]    Compiling dep_graph_rs v0.2.0 (/opt/rustwide/workdir)
[INFO] [stdout] warning: unused imports: `arg` and `command`
[INFO] [stdout]  --> src/main.rs:8:12
[INFO] [stdout]   |
[INFO] [stdout] 8 | use clap::{arg, command, Args, Parser, ValueEnum};
[INFO] [stdout]   |            ^^^  ^^^^^^^
[INFO] [stdout]   |
[INFO] [stdout]   = note: `#[warn(unused_imports)]` (part of `#[warn(unused)]`) on by default
[INFO] [stdout] 
[INFO] [stdout] 
[INFO] [stderr]     Finished `release` profile [optimized] target(s) in 1m 36s
[INFO] running `Command { std: "docker" "inspect" "4b220425f14a84715fb494d51044389d765e31cf75853d5d0145a2fdb0e6b61e", kill_on_drop: false }`
[INFO] running `Command { std: "docker" "exec" "-e" "SOURCE_DIR=/opt/rustwide/workdir" "-e" "CARGO_HOME=/opt/rustwide/cargo-home" "-e" "RUSTUP_HOME=/opt/rustwide/rustup-home" "-e" "CARGO_TARGET_DIR=/opt/rustwide/target" "-e" "CARGO_INCREMENTAL=0" "-e" "RUST_BACKTRACE=full" "-e" "RUSTFLAGS=--cap-lints=warn" "-e" "RUSTDOCFLAGS=--cap-lints=warn" "-w" "/opt/rustwide/workdir" "--user" "0:0" "4b220425f14a84715fb494d51044389d765e31cf75853d5d0145a2fdb0e6b61e" "/opt/rustwide/cargo-home/bin/cargo" "+1.100.0-beta.1" "test" "--frozen" "--no-run" "--message-format=json" "--release", kill_on_drop: false }`
[INFO] [stderr] warning: `package.homepage` is redundant with `package.repository`
[INFO] [stderr]   --> Cargo.toml:29:12
[INFO] [stderr]    |
[INFO] [stderr] 29 | homepage = "https://github.com/pseitz/dep_graph_rs"
[INFO] [stderr]    |            ^^^^^^^^^^^^^^^^^^^^^^^^^^^^^^^^^^^^^^^^
[INFO] [stderr] ...
[INFO] [stderr] 35 | repository = "https://github.com/pseitz/dep_graph_rs"
[INFO] [stderr]    |              ----------------------------------------
[INFO] [stderr]    |
[INFO] [stderr]    = note: `cargo::redundant_homepage` is set to `warn` by default
[INFO] [stderr] help: consider removing `package.homepage`
[INFO] [stderr] warning: `dep_graph_rs` (manifest) generated 1 warning
[INFO] [stderr]    Compiling dep_graph_rs v0.2.0 (/opt/rustwide/workdir)
[INFO] [stdout] warning: unused imports: `arg` and `command`
[INFO] [stdout]  --> src/main.rs:8:12
[INFO] [stdout]   |
[INFO] [stdout] 8 | use clap::{arg, command, Args, Parser, ValueEnum};
[INFO] [stdout]   |            ^^^  ^^^^^^^
[INFO] [stdout]   |
[INFO] [stdout]   = note: `#[warn(unused_imports)]` (part of `#[warn(unused)]`) on by default
[INFO] [stdout] 
[INFO] [stdout] 
[INFO] [stderr]     Finished `release` profile [optimized] target(s) in 12.06s
[INFO] running `Command { std: "docker" "inspect" "4b220425f14a84715fb494d51044389d765e31cf75853d5d0145a2fdb0e6b61e", kill_on_drop: false }`
[INFO] running `Command { std: "docker" "exec" "-e" "SOURCE_DIR=/opt/rustwide/workdir" "-e" "CARGO_HOME=/opt/rustwide/cargo-home" "-e" "RUSTUP_HOME=/opt/rustwide/rustup-home" "-e" "CARGO_TARGET_DIR=/opt/rustwide/target" "-e" "CARGO_INCREMENTAL=0" "-e" "RUST_BACKTRACE=full" "-e" "RUSTFLAGS=--cap-lints=warn" "-e" "RUSTDOCFLAGS=--cap-lints=warn" "-w" "/opt/rustwide/workdir" "--user" "0:0" "4b220425f14a84715fb494d51044389d765e31cf75853d5d0145a2fdb0e6b61e" "/opt/rustwide/cargo-home/bin/cargo" "+1.100.0-beta.1" "test" "--frozen" "--release", kill_on_drop: false }`
[INFO] [stderr] warning: `package.homepage` is redundant with `package.repository`
[INFO] [stderr]   --> Cargo.toml:29:12
[INFO] [stderr]    |
[INFO] [stderr] 29 | homepage = "https://github.com/pseitz/dep_graph_rs"
[INFO] [stderr]    |            ^^^^^^^^^^^^^^^^^^^^^^^^^^^^^^^^^^^^^^^^
[INFO] [stderr] ...
[INFO] [stderr] 35 | repository = "https://github.com/pseitz/dep_graph_rs"
[INFO] [stderr]    |              ----------------------------------------
[INFO] [stderr]    |
[INFO] [stderr]    = note: `cargo::redundant_homepage` is set to `warn` by default
[INFO] [stderr] help: consider removing `package.homepage`
[INFO] [stderr] warning: `dep_graph_rs` (manifest) generated 1 warning
[INFO] [stderr] warning: unused imports: `arg` and `command`
[INFO] [stderr]  --> src/main.rs:8:12
[INFO] [stderr]   |
[INFO] [stderr] 8 | use clap::{arg, command, Args, Parser, ValueEnum};
[INFO] [stderr]   |            ^^^  ^^^^^^^
[INFO] [stderr]   |
[INFO] [stderr]   = note: `#[warn(unused_imports)]` (part of `#[warn(unused)]`) on by default
[INFO] [stderr] 
[INFO] [stderr] warning: `dep_graph_rs` (bin "dep_graph_rs" test) generated 1 warning (run `cargo fix --bin "dep_graph_rs" -p dep_graph_rs --tests` to apply 1 suggestion)
[INFO] [stderr]     Finished `release` profile [optimized] target(s) in 0.09s
[INFO] [stderr]      Running unittests src/main.rs (/opt/rustwide/target/release/build/dep_graph_rs/71c6fe8f9d1fe8db/out/dep_graph_rs-71c6fe8f9d1fe8db)
[INFO] [stdout] 
[INFO] [stdout] running 7 tests
[INFO] [stdout] test tests::test_collect_crate_imports_simple_path ... ok
[INFO] [stdout] test tests::test_collect_crate_imports_grouped_same_mod ... ok
[INFO] [stdout] test tests::test_crate_root ... FAILED
[INFO] [stdout] test tests::test_import_edges ... ok
[INFO] [stdout] test tests::test_collect_crate_imports_multi_group ... ok
[INFO] [stderr] error: test failed, to rerun pass `--bin dep_graph_rs`
[INFO] [stdout] test tests::test_project ... FAILED
[INFO] [stdout] test tests::test_macro_wrapped_module ... ok
[INFO] [stdout] 
[INFO] [stdout] failures:
[INFO] [stdout] 
[INFO] [stdout] ---- tests::test_crate_root stdout ----
[INFO] [stdout] 
[INFO] [stdout] thread 'tests::test_crate_root' (579) panicked at src/main.rs:554:31:
[INFO] [stdout] failed to scan project: No such file or directory (os error 2)
[INFO] [stdout] 
[INFO] [stdout] Stack backtrace:
[INFO] [stdout]    0: <anyhow::Error as core::convert::From<core::io::error::Error>>::from
[INFO] [stdout]    1: dep_graph_rs::scan
[INFO] [stdout]    2: <dep_graph_rs::tests::test_crate_root::{closure#0} as core::ops::function::FnOnce<()>>::call_once
[INFO] [stdout]    3: test::__rust_begin_short_backtrace::<core::result::Result<(), alloc::string::String>, fn() -> core::result::Result<(), alloc::string::String>>
[INFO] [stdout]    4: test::run_test::{closure#0}
[INFO] [stdout]    5: std::sys::backtrace::__rust_begin_short_backtrace::<test::run_test::{closure#1}, ()>
[INFO] [stdout]    6: <std::thread::lifecycle::spawn_unchecked<test::run_test::{closure#1}, ()>::{closure#1} as core::ops::function::FnOnce<()>>::call_once::{shim:vtable#0}
[INFO] [stdout]    7: <std::sys::thread::unix::Thread>::new::thread_start
[INFO] [stdout]    8: <unknown>
[INFO] [stdout]    9: clone
[INFO] [stdout] stack backtrace:
[INFO] [stdout]    0:     0x589185524431 - <<std[617be2ca0a6fd877]::sys::backtrace::BacktraceLock>::print::DisplayBacktrace as core[a373ad73a504971]::fmt::Display>::fmt
[INFO] [stdout]    1:     0x5891855390ea - core[a373ad73a504971]::fmt::write
[INFO] [stdout]    2:     0x589185528b9c - <alloc[2e1b2a31b91974c5]::vec::Vec<u8> as core[a373ad73a504971]::io::write::Write>::write_fmt
[INFO] [stdout]    3:     0x5891854ffa76 - std[617be2ca0a6fd877]::panicking::default_hook::{closure#0}
[INFO] [stdout]    4:     0x58918551c4e9 - std[617be2ca0a6fd877]::panicking::default_hook
[INFO] [stdout]    5:     0x5891853b4860 - test[aada8e7e76ba119b]::test_main_inner::{closure#0}
[INFO] [stdout]    6:     0x58918551c812 - std[617be2ca0a6fd877]::panicking::panic_with_hook
[INFO] [stdout]    7:     0x5891854ffb22 - std[617be2ca0a6fd877]::panicking::panic_handler::{closure#0}
[INFO] [stdout]    8:     0x5891854f8119 - std[617be2ca0a6fd877]::sys::backtrace::__rust_end_short_backtrace::<std[617be2ca0a6fd877]::panicking::panic_handler::{closure#0}, !>
[INFO] [stdout]    9:     0x58918550083d - __rustc[ea4f61d10b84890b]::rust_begin_unwind
[INFO] [stdout]   10:     0x5891855398cc - core[a373ad73a504971]::panicking::panic_fmt
[INFO] [stdout]   11:     0x5891855396a2 - core[a373ad73a504971]::result::unwrap_failed
[INFO] [stdout]   12:     0x589185387bb9 - <dep_graph_rs[83d56c3dfc284247]::tests::test_crate_root::{closure#0} as core[a373ad73a504971]::ops::function::FnOnce<()>>::call_once
[INFO] [stdout]   13:     0x5891853a7cab - test[aada8e7e76ba119b]::__rust_begin_short_backtrace::<core[a373ad73a504971]::result::Result<(), alloc[2e1b2a31b91974c5]::string::String>, fn() -> core[a373ad73a504971]::result::Result<(), alloc[2e1b2a31b91974c5]::string::String>>
[INFO] [stdout]   14:     0x5891853b4e85 - test[aada8e7e76ba119b]::run_test::{closure#0}
[INFO] [stdout]   15:     0x5891853ae774 - std[617be2ca0a6fd877]::sys::backtrace::__rust_begin_short_backtrace::<test[aada8e7e76ba119b]::run_test::{closure#1}, ()>
[INFO] [stdout]   16:     0x5891853b7f12 - <std[617be2ca0a6fd877]::thread::lifecycle::spawn_unchecked<test[aada8e7e76ba119b]::run_test::{closure#1}, ()>::{closure#1} as core[a373ad73a504971]::ops::function::FnOnce<()>>::call_once::{shim:vtable#0}
[INFO] [stdout]   17:     0x58918552391f - <std[617be2ca0a6fd877]::sys::thread::unix::Thread>::new::thread_start
[INFO] [stdout]   18:     0x79a7b70f8dfa - <unknown>
[INFO] [stdout]   19:     0x79a7b718c3d4 - clone
[INFO] [stdout]   20:                0x0 - <unknown>
[INFO] [stdout] 
[INFO] [stdout] ---- tests::test_project stdout ----
[INFO] [stdout] 
[INFO] [stdout] thread 'tests::test_project' (582) panicked at src/main.rs:469:31:
[INFO] [stdout] failed to scan project: No such file or directory (os error 2)
[INFO] [stdout] 
[INFO] [stdout] Stack backtrace:
[INFO] [stdout]    0: <anyhow::Error as core::convert::From<core::io::error::Error>>::from
[INFO] [stdout]    1: dep_graph_rs::scan
[INFO] [stdout]    2: <dep_graph_rs::tests::test_project::{closure#0} as core::ops::function::FnOnce<()>>::call_once
[INFO] [stdout]    3: test::__rust_begin_short_backtrace::<core::result::Result<(), alloc::string::String>, fn() -> core::result::Result<(), alloc::string::String>>
[INFO] [stdout]    4: test::run_test::{closure#0}
[INFO] [stdout]    5: std::sys::backtrace::__rust_begin_short_backtrace::<test::run_test::{closure#1}, ()>
[INFO] [stdout]    6: <std::thread::lifecycle::spawn_unchecked<test::run_test::{closure#1}, ()>::{closure#1} as core::ops::function::FnOnce<()>>::call_once::{shim:vtable#0}
[INFO] [stdout]    7: <std::sys::thread::unix::Thread>::new::thread_start
[INFO] [stdout]    8: <unknown>
[INFO] [stdout]    9: clone
[INFO] [stdout] stack backtrace:
[INFO] [stdout]    0:     0x589185524431 - <<std[617be2ca0a6fd877]::sys::backtrace::BacktraceLock>::print::DisplayBacktrace as core[a373ad73a504971]::fmt::Display>::fmt
[INFO] [stdout]    1:     0x5891855390ea - core[a373ad73a504971]::fmt::write
[INFO] [stdout]    2:     0x589185528b9c - <alloc[2e1b2a31b91974c5]::vec::Vec<u8> as core[a373ad73a504971]::io::write::Write>::write_fmt
[INFO] [stdout]    3:     0x5891854ffa76 - std[617be2ca0a6fd877]::panicking::default_hook::{closure#0}
[INFO] [stdout]    4:     0x58918551c4e9 - std[617be2ca0a6fd877]::panicking::default_hook
[INFO] [stdout]    5:     0x5891853b4860 - test[aada8e7e76ba119b]::test_main_inner::{closure#0}
[INFO] [stdout]    6:     0x58918551c812 - std[617be2ca0a6fd877]::panicking::panic_with_hook
[INFO] [stdout]    7:     0x5891854ffb22 - std[617be2ca0a6fd877]::panicking::panic_handler::{closure#0}
[INFO] [stdout]    8:     0x5891854f8119 - std[617be2ca0a6fd877]::sys::backtrace::__rust_end_short_backtrace::<std[617be2ca0a6fd877]::panicking::panic_handler::{closure#0}, !>
[INFO] [stdout]    9:     0x58918550083d - __rustc[ea4f61d10b84890b]::rust_begin_unwind
[INFO] [stdout]   10:     0x5891855398cc - core[a373ad73a504971]::panicking::panic_fmt
[INFO] [stdout]   11:     0x5891855396a2 - core[a373ad73a504971]::result::unwrap_failed
[INFO] [stdout]   12:     0x5891853878b9 - <dep_graph_rs[83d56c3dfc284247]::tests::test_project::{closure#0} as core[a373ad73a504971]::ops::function::FnOnce<()>>::call_once
[INFO] [stdout]   13:     0x5891853a7cab - test[aada8e7e76ba119b]::__rust_begin_short_backtrace::<core[a373ad73a504971]::result::Result<(), alloc[2e1b2a31b91974c5]::string::String>, fn() -> core[a373ad73a504971]::result::Result<(), alloc[2e1b2a31b91974c5]::string::String>>
[INFO] [stdout]   14:     0x5891853b4e85 - test[aada8e7e76ba119b]::run_test::{closure#0}
[INFO] [stdout]   15:     0x5891853ae774 - std[617be2ca0a6fd877]::sys::backtrace::__rust_begin_short_backtrace::<test[aada8e7e76ba119b]::run_test::{closure#1}, ()>
[INFO] [stdout]   16:     0x5891853b7f12 - <std[617be2ca0a6fd877]::thread::lifecycle::spawn_unchecked<test[aada8e7e76ba119b]::run_test::{closure#1}, ()>::{closure#1} as core[a373ad73a504971]::ops::function::FnOnce<()>>::call_once::{shim:vtable#0}
[INFO] [stdout]   17:     0x58918552391f - <std[617be2ca0a6fd877]::sys::thread::unix::Thread>::new::thread_start
[INFO] [stdout]   18:     0x79a7b70f8dfa - <unknown>
[INFO] [stdout]   19:     0x79a7b718c3d4 - clone
[INFO] [stdout]   20:                0x0 - <unknown>
[INFO] [stdout] 
[INFO] [stdout] 
[INFO] [stdout] failures:
[INFO] [stdout]     tests::test_crate_root
[INFO] [stdout]     tests::test_project
[INFO] [stdout] 
[INFO] [stdout] test result: FAILED. 5 passed; 2 failed; 0 ignored; 0 measured; 0 filtered out; finished in 0.00s
[INFO] [stdout] 
[INFO] running `Command { std: "docker" "inspect" "4b220425f14a84715fb494d51044389d765e31cf75853d5d0145a2fdb0e6b61e", kill_on_drop: false }`
[INFO] running `Command { std: "docker" "rm" "-f" "4b220425f14a84715fb494d51044389d765e31cf75853d5d0145a2fdb0e6b61e", kill_on_drop: false }`
[INFO] [stdout] 4b220425f14a84715fb494d51044389d765e31cf75853d5d0145a2fdb0e6b61e
