[INFO] fetching crate deno_workspace 0.0.1...
[INFO] testing deno_workspace-0.0.1 against 1.100.0-beta.1+cargoflags=--release for beta-release-1.100-2
[INFO] extracting crate deno_workspace 0.0.1 into /workspace/builds/worker-5-tc2/source
[INFO] removed /workspace/builds/worker-5-tc2/source/rust-toolchain.toml
[INFO] started tweaking crates.io crate deno_workspace 0.0.1
[INFO] finished tweaking crates.io crate deno_workspace 0.0.1
[INFO] tweaked toml for crates.io crate deno_workspace 0.0.1 written to /workspace/builds/worker-5-tc2/source/Cargo.toml
[INFO] validating manifest of crates.io crate deno_workspace 0.0.1 on toolchain 1.100.0-beta.1
[INFO] running `Command { std: CARGO_HOME="/workspace/cargo-home" RUSTUP_HOME="/workspace/rustup-home" "/workspace/cargo-home/bin/cargo" "+1.100.0-beta.1" "metadata" "--manifest-path" "Cargo.toml" "--no-deps", kill_on_drop: false }`
[INFO] running `Command { std: CARGO_HOME="/workspace/cargo-home" RUSTUP_HOME="/workspace/rustup-home" "/workspace/cargo-home/bin/cargo" "+1.100.0-beta.1" "generate-lockfile" "--manifest-path" "Cargo.toml", kill_on_drop: false }`
[INFO] [stderr]     Updating crates.io index
[INFO] [stderr]      Locking 84 packages to highest compatible versions
[INFO] [stderr]       Adding deno_semver v0.5.16 (available: v0.10.1)
[INFO] [stderr]       Adding import_map v0.20.1 (available: v0.25.0)
[INFO] [stderr]       Adding jsonc-parser v0.23.0 (available: v0.34.0)
[INFO] [stderr]       Adding thiserror v1.0.69 (available: v2.0.21)
[INFO] running `Command { std: CARGO_HOME="/workspace/cargo-home" RUSTUP_HOME="/workspace/rustup-home" "/workspace/cargo-home/bin/cargo" "+1.100.0-beta.1" "fetch" "--manifest-path" "Cargo.toml", kill_on_drop: false }`
[INFO] [stderr]     Blocking waiting for file lock on package cache
[INFO] [stderr]     Blocking waiting for file lock on package cache
[INFO] running `Command { std: "docker" "create" "-v" "/var/lib/crater-agent-workspace/builds/worker-5-tc2/source:/opt/rustwide/workdir:ro,Z" "-v" "/var/lib/crater-agent-workspace/builds/worker-5-tc2/target:/opt/rustwide/target:rw,Z" "-v" "/var/lib/crater-agent-workspace/cargo-home:/opt/rustwide/cargo-home:ro,Z" "-v" "/var/lib/crater-agent-workspace/rustup-home:/opt/rustwide/rustup-home:ro,Z" "-m" "1610612736" "--network" "none" "ghcr.io/rust-lang/crates-build-env/linux@sha256:77db811e55d90add9212f6832c23229e3de5f1c1f9905e8cb07319ea15df73ac" "sleep" "infinity", kill_on_drop: false }`
[INFO] [stdout] 609b4a03fba0d1ac9edfd982b8725944822d1727dfc7850f7dddc6be80335b80
[INFO] running `Command { std: "docker" "start" "609b4a03fba0d1ac9edfd982b8725944822d1727dfc7850f7dddc6be80335b80", kill_on_drop: false }`
[INFO] running `Command { std: "docker" "inspect" "609b4a03fba0d1ac9edfd982b8725944822d1727dfc7850f7dddc6be80335b80", kill_on_drop: false }`
[INFO] running `Command { std: "docker" "exec" "-e" "SOURCE_DIR=/opt/rustwide/workdir" "-e" "CARGO_HOME=/opt/rustwide/cargo-home" "-e" "RUSTUP_HOME=/opt/rustwide/rustup-home" "-e" "CARGO_TARGET_DIR=/opt/rustwide/target" "-w" "/opt/rustwide/workdir" "--user" "0:0" "609b4a03fba0d1ac9edfd982b8725944822d1727dfc7850f7dddc6be80335b80" "/opt/rustwide/cargo-home/bin/cargo" "+1.100.0-beta.1" "metadata" "--no-deps" "--format-version=1", kill_on_drop: false }`
[INFO] running `Command { std: "docker" "inspect" "609b4a03fba0d1ac9edfd982b8725944822d1727dfc7850f7dddc6be80335b80", kill_on_drop: false }`
[INFO] running `Command { std: "docker" "exec" "-e" "SOURCE_DIR=/opt/rustwide/workdir" "-e" "CARGO_HOME=/opt/rustwide/cargo-home" "-e" "RUSTUP_HOME=/opt/rustwide/rustup-home" "-e" "CARGO_TARGET_DIR=/opt/rustwide/target" "-e" "CARGO_INCREMENTAL=0" "-e" "RUST_BACKTRACE=full" "-e" "RUSTFLAGS=--cap-lints=warn" "-e" "RUSTDOCFLAGS=--cap-lints=warn" "-w" "/opt/rustwide/workdir" "--user" "0:0" "609b4a03fba0d1ac9edfd982b8725944822d1727dfc7850f7dddc6be80335b80" "/opt/rustwide/cargo-home/bin/cargo" "+1.100.0-beta.1" "build" "--frozen" "--message-format=json" "--release", kill_on_drop: false }`
[INFO] [stderr]    Compiling unicode-ident v1.0.27
[INFO] [stderr]    Compiling stable_deref_trait v1.2.1
[INFO] [stderr]    Compiling litemap v0.8.3
[INFO] [stderr]    Compiling writeable v0.6.4
[INFO] [stderr]    Compiling serde_core v1.0.229
[INFO] [stderr]    Compiling icu_normalizer_data v2.3.0
[INFO] [stderr]    Compiling icu_properties_data v2.3.0
[INFO] [stderr]    Compiling memchr v2.8.3
[INFO] [stderr]    Compiling smallvec v1.16.3
[INFO] [stderr]    Compiling serde v1.0.229
[INFO] [stderr]    Compiling crossbeam-utils v0.8.23
[INFO] [stderr]    Compiling equivalent v1.0.3
[INFO] [stderr]    Compiling serde_json v1.0.154
[INFO] [stderr]    Compiling percent-encoding v2.3.2
[INFO] [stderr]    Compiling hashbrown v0.17.1
[INFO] [stderr]    Compiling thiserror v1.0.69
[INFO] [stderr]    Compiling proc-macro2 v1.0.107
[INFO] [stderr]    Compiling log v0.4.34
[INFO] [stderr]    Compiling foldhash v0.2.0
[INFO] [stderr]    Compiling anyhow v1.0.104
[INFO] [stderr]    Compiling once_cell v1.21.4
[INFO] [stderr]    Compiling form_urlencoded v1.2.2
[INFO] [stderr]    Compiling monch v0.5.0
[INFO] [stderr]    Compiling glob v0.3.4
[INFO] [stderr]    Compiling quote v1.0.47
[INFO] [stderr]    Compiling syn v3.0.9
[INFO] [stderr]    Compiling syn v2.0.119
[INFO] [stderr]    Compiling aho-corasick v1.1.5
[INFO] [stderr]    Compiling bstr v1.13.1
[INFO] [stderr]    Compiling crossbeam-epoch v0.9.21
[INFO] [stderr]    Compiling crossbeam-deque v0.8.8
[INFO] [stderr]    Compiling regex-automata v0.4.18
[INFO] [stderr]    Compiling indexmap v2.14.2
[INFO] [stderr]    Compiling synstructure v0.14.0
[INFO] [stderr]    Compiling thiserror-impl v1.0.69
[INFO] [stderr]    Compiling zerofrom-derive v0.1.8
[INFO] [stderr]    Compiling yoke-derive v0.8.4
[INFO] [stderr]    Compiling zerovec-derive v0.11.6
[INFO] [stderr]    Compiling displaydoc v0.2.7
[INFO] [stderr]    Compiling serde_derive v1.0.229
[INFO] [stderr]    Compiling zerofrom v0.1.8
[INFO] [stderr]    Compiling yoke v0.8.3
[INFO] [stderr]    Compiling zerovec v0.11.8
[INFO] [stderr]    Compiling zerotrie v0.2.5
[INFO] [stderr]    Compiling jsonc-parser v0.23.0
[INFO] [stderr]    Compiling tinystr v0.8.4
[INFO] [stderr]    Compiling potential_utf v0.1.6
[INFO] [stderr]    Compiling icu_collections v2.3.0
[INFO] [stderr]    Compiling icu_locale_core v2.3.0
[INFO] [stderr]    Compiling icu_provider v2.3.1
[INFO] [stderr]    Compiling globset v0.4.20
[INFO] [stderr]    Compiling icu_properties v2.3.0
[INFO] [stderr]    Compiling icu_normalizer v2.3.0
[INFO] [stderr]    Compiling ignore v0.4.33
[INFO] [stderr]    Compiling idna_adapter v1.2.2
[INFO] [stderr]    Compiling idna v1.1.0
[INFO] [stderr]    Compiling url v2.5.8
[INFO] [stderr]    Compiling import_map v0.20.1
[INFO] [stderr]    Compiling deno_semver v0.5.16
[INFO] [stderr]    Compiling deno_workspace v0.0.1 (/opt/rustwide/workdir)
[INFO] [stdout] warning: hiding a lifetime that's elided elsewhere is confusing
[INFO] [stdout]    --> src/deno_json/mod.rs:930:5
[INFO] [stdout]     |
[INFO] [stdout] 930 |     &self,
[INFO] [stdout]     |     ^^^^^ the lifetime is elided here
[INFO] [stdout] 931 |     fetch_text: impl FnOnce(&Url) -> TReturn,
[INFO] [stdout] 932 |   ) -> Result<Option<(Cow<Url>, serde_json::Value)>, AnyError> {
[INFO] [stdout]     |                       ^^^^^^^^ the same lifetime is hidden here
[INFO] [stdout]     |
[INFO] [stdout]     = help: the same lifetime is referred to in inconsistent ways, making the signature confusing
[INFO] [stdout]     = note: `#[warn(mismatched_lifetime_syntaxes)]` on by default
[INFO] [stdout] help: use `'_` for type paths
[INFO] [stdout]     |
[INFO] [stdout] 932 |   ) -> Result<Option<(Cow<'_, Url>, serde_json::Value)>, AnyError> {
[INFO] [stdout]     |                           +++
[INFO] [stdout] 
[INFO] [stdout] 
[INFO] [stdout] warning: hiding a lifetime that's elided elsewhere is confusing
[INFO] [stdout]    --> src/glob/mod.rs:638:17
[INFO] [stdout]     |
[INFO] [stdout] 638 |   pub fn as_str(&self) -> Cow<str> {
[INFO] [stdout]     |                 ^^^^^     ^^^^^^^^ the same lifetime is hidden here
[INFO] [stdout]     |                 |
[INFO] [stdout]     |                 the lifetime is elided here
[INFO] [stdout]     |
[INFO] [stdout]     = help: the same lifetime is referred to in inconsistent ways, making the signature confusing
[INFO] [stdout] help: use `'_` for type paths
[INFO] [stdout]     |
[INFO] [stdout] 638 |   pub fn as_str(&self) -> Cow<'_, str> {
[INFO] [stdout]     |                               +++
[INFO] [stdout] 
[INFO] [stdout] 
[INFO] [stdout] warning: hiding a lifetime that's elided elsewhere is confusing
[INFO] [stdout]     --> src/workspace/mod.rs:1162:15
[INFO] [stdout]      |
[INFO] [stdout] 1162 |   pub fn task(&self, name: &str) -> Option<(&Url, TaskOrScript)> {
[INFO] [stdout]      |               ^^^^^                         ^^^^  ^^^^^^^^^^^^ the same lifetime is hidden here
[INFO] [stdout]      |               |                             |
[INFO] [stdout]      |               |                             the same lifetime is elided here
[INFO] [stdout]      |               the lifetime is elided here
[INFO] [stdout]      |
[INFO] [stdout]      = help: the same lifetime is referred to in inconsistent ways, making the signature confusing
[INFO] [stdout] help: use `'_` for type paths
[INFO] [stdout]      |
[INFO] [stdout] 1162 |   pub fn task(&self, name: &str) -> Option<(&Url, TaskOrScript<'_>)> {
[INFO] [stdout]      |                                                               ++++
[INFO] [stdout] 
[INFO] [stdout] 
[INFO] [stdout] warning: hiding a lifetime that's elided elsewhere is confusing
[INFO] [stdout]     --> src/workspace/mod.rs:1201:15
[INFO] [stdout]      |
[INFO] [stdout] 1201 |   pub fn task(&self, name: &str) -> Option<(&Url, TaskOrScript)> {
[INFO] [stdout]      |               ^^^^^                         ^^^^  ^^^^^^^^^^^^ the same lifetime is hidden here
[INFO] [stdout]      |               |                             |
[INFO] [stdout]      |               |                             the same lifetime is elided here
[INFO] [stdout]      |               the lifetime is elided here
[INFO] [stdout]      |
[INFO] [stdout]      = help: the same lifetime is referred to in inconsistent ways, making the signature confusing
[INFO] [stdout] help: use `'_` for type paths
[INFO] [stdout]      |
[INFO] [stdout] 1201 |   pub fn task(&self, name: &str) -> Option<(&Url, TaskOrScript<'_>)> {
[INFO] [stdout]      |                                                               ++++
[INFO] [stdout] 
[INFO] [stdout] 
[INFO] [stdout] warning: hiding a lifetime that's elided elsewhere is confusing
[INFO] [stdout]   --> src/workspace/discovery.rs:42:20
[INFO] [stdout]    |
[INFO] [stdout] 42 |   pub fn specifier(&self) -> Cow<Url> {
[INFO] [stdout]    |                    ^^^^^     ^^^^^^^^ the same lifetime is hidden here
[INFO] [stdout]    |                    |
[INFO] [stdout]    |                    the lifetime is elided here
[INFO] [stdout]    |
[INFO] [stdout]    = help: the same lifetime is referred to in inconsistent ways, making the signature confusing
[INFO] [stdout] help: use `'_` for type paths
[INFO] [stdout]    |
[INFO] [stdout] 42 |   pub fn specifier(&self) -> Cow<'_, Url> {
[INFO] [stdout]    |                                  +++
[INFO] [stdout] 
[INFO] [stdout] 
[INFO] [stdout] warning: hiding a lifetime that's elided elsewhere is confusing
[INFO] [stdout]    --> src/workspace/discovery.rs:140:28
[INFO] [stdout]     |
[INFO] [stdout] 140 |   fn root_config_specifier(&self) -> Option<Cow<Url>> {
[INFO] [stdout]     |                            ^^^^^            ^^^^^^^^ the same lifetime is hidden here
[INFO] [stdout]     |                            |
[INFO] [stdout]     |                            the lifetime is elided here
[INFO] [stdout]     |
[INFO] [stdout]     = help: the same lifetime is referred to in inconsistent ways, making the signature confusing
[INFO] [stdout] help: use `'_` for type paths
[INFO] [stdout]     |
[INFO] [stdout] 140 |   fn root_config_specifier(&self) -> Option<Cow<'_, Url>> {
[INFO] [stdout]     |                                                 +++
[INFO] [stdout] 
[INFO] [stdout] 
[INFO] [stdout] warning: hiding a lifetime that's elided elsewhere is confusing
[INFO] [stdout]    --> src/workspace/discovery.rs:153:40
[INFO] [stdout]     |
[INFO] [stdout] 153 | fn config_folder_config_specifier(res: &ConfigFolder) -> Cow<Url> {
[INFO] [stdout]     |                                        ^^^^^^^^^^^^^     ^^^^^^^^ the same lifetime is hidden here
[INFO] [stdout]     |                                        |
[INFO] [stdout]     |                                        the lifetime is elided here
[INFO] [stdout]     |
[INFO] [stdout]     = help: the same lifetime is referred to in inconsistent ways, making the signature confusing
[INFO] [stdout] help: use `'_` for type paths
[INFO] [stdout]     |
[INFO] [stdout] 153 | fn config_folder_config_specifier(res: &ConfigFolder) -> Cow<'_, Url> {
[INFO] [stdout]     |                                                              +++
[INFO] [stdout] 
[INFO] [stdout] 
[INFO] [stdout] warning: hiding a lifetime that's elided elsewhere is confusing
[INFO] [stdout]    --> src/workspace/discovery.rs:640:32
[INFO] [stdout]     |
[INFO] [stdout] 640 | fn ensure_trailing_slash(path: &str) -> Cow<str> {
[INFO] [stdout]     |                                ^^^^     ^^^^^^^^ the same lifetime is hidden here
[INFO] [stdout]     |                                |
[INFO] [stdout]     |                                the lifetime is elided here
[INFO] [stdout]     |
[INFO] [stdout]     = help: the same lifetime is referred to in inconsistent ways, making the signature confusing
[INFO] [stdout] help: use `'_` for type paths
[INFO] [stdout]     |
[INFO] [stdout] 640 | fn ensure_trailing_slash(path: &str) -> Cow<'_, str> {
[INFO] [stdout]     |                                             +++
[INFO] [stdout] 
[INFO] [stdout] 
[INFO] [stderr]     Finished `release` profile [optimized] target(s) in 42.79s
[INFO] running `Command { std: "docker" "inspect" "609b4a03fba0d1ac9edfd982b8725944822d1727dfc7850f7dddc6be80335b80", kill_on_drop: false }`
[INFO] running `Command { std: "docker" "exec" "-e" "SOURCE_DIR=/opt/rustwide/workdir" "-e" "CARGO_HOME=/opt/rustwide/cargo-home" "-e" "RUSTUP_HOME=/opt/rustwide/rustup-home" "-e" "CARGO_TARGET_DIR=/opt/rustwide/target" "-e" "CARGO_INCREMENTAL=0" "-e" "RUST_BACKTRACE=full" "-e" "RUSTFLAGS=--cap-lints=warn" "-e" "RUSTDOCFLAGS=--cap-lints=warn" "-w" "/opt/rustwide/workdir" "--user" "0:0" "609b4a03fba0d1ac9edfd982b8725944822d1727dfc7850f7dddc6be80335b80" "/opt/rustwide/cargo-home/bin/cargo" "+1.100.0-beta.1" "test" "--frozen" "--no-run" "--message-format=json" "--release", kill_on_drop: false }`
[INFO] [stderr]    Compiling syn v3.0.9
[INFO] [stderr]    Compiling libc v0.2.191
[INFO] [stderr]    Compiling getrandom v0.4.3
[INFO] [stderr]    Compiling rustix v1.1.5
[INFO] [stderr]    Compiling linux-raw-sys v0.12.1
[INFO] [stderr]    Compiling bitflags v2.13.2
[INFO] [stderr]    Compiling fastrand v2.5.0
[INFO] [stderr]    Compiling pin-project-lite v0.2.17
[INFO] [stderr]    Compiling pretty_assertions v1.4.1
[INFO] [stderr]    Compiling tempfile v3.27.0
[INFO] [stderr]    Compiling synstructure v0.14.0
[INFO] [stderr]    Compiling zerofrom-derive v0.1.8
[INFO] [stderr]    Compiling yoke-derive v0.8.4
[INFO] [stderr]    Compiling zerovec-derive v0.11.6
[INFO] [stderr]    Compiling displaydoc v0.2.7
[INFO] [stderr]    Compiling serde_derive v1.0.229
[INFO] [stderr]    Compiling tokio-macros v2.7.2
[INFO] [stderr]    Compiling tokio v1.53.3
[INFO] [stderr]    Compiling zerofrom v0.1.8
[INFO] [stderr]    Compiling yoke v0.8.3
[INFO] [stderr]    Compiling zerovec v0.11.8
[INFO] [stderr]    Compiling zerotrie v0.2.5
[INFO] [stderr]    Compiling tinystr v0.8.4
[INFO] [stderr]    Compiling potential_utf v0.1.6
[INFO] [stderr]    Compiling icu_collections v2.3.0
[INFO] [stderr]    Compiling icu_locale_core v2.3.0
[INFO] [stderr]    Compiling serde v1.0.229
[INFO] [stderr]    Compiling icu_provider v2.3.1
[INFO] [stderr]    Compiling icu_normalizer v2.3.0
[INFO] [stderr]    Compiling icu_properties v2.3.0
[INFO] [stderr]    Compiling idna_adapter v1.2.2
[INFO] [stderr]    Compiling idna v1.1.0
[INFO] [stderr]    Compiling url v2.5.8
[INFO] [stderr]    Compiling import_map v0.20.1
[INFO] [stderr]    Compiling deno_semver v0.5.16
[INFO] [stderr]    Compiling deno_workspace v0.0.1 (/opt/rustwide/workdir)
[INFO] [stdout] warning: hiding a lifetime that's elided elsewhere is confusing
[INFO] [stdout]    --> src/deno_json/mod.rs:930:5
[INFO] [stdout]     |
[INFO] [stdout] 930 |     &self,
[INFO] [stdout]     |     ^^^^^ the lifetime is elided here
[INFO] [stdout] 931 |     fetch_text: impl FnOnce(&Url) -> TReturn,
[INFO] [stdout] 932 |   ) -> Result<Option<(Cow<Url>, serde_json::Value)>, AnyError> {
[INFO] [stdout]     |                       ^^^^^^^^ the same lifetime is hidden here
[INFO] [stdout]     |
[INFO] [stdout]     = help: the same lifetime is referred to in inconsistent ways, making the signature confusing
[INFO] [stdout]     = note: `#[warn(mismatched_lifetime_syntaxes)]` on by default
[INFO] [stdout] help: use `'_` for type paths
[INFO] [stdout]     |
[INFO] [stdout] 932 |   ) -> Result<Option<(Cow<'_, Url>, serde_json::Value)>, AnyError> {
[INFO] [stdout]     |                           +++
[INFO] [stdout] 
[INFO] [stdout] 
[INFO] [stdout] warning: hiding a lifetime that's elided elsewhere is confusing
[INFO] [stdout]    --> src/glob/mod.rs:638:17
[INFO] [stdout]     |
[INFO] [stdout] 638 |   pub fn as_str(&self) -> Cow<str> {
[INFO] [stdout]     |                 ^^^^^     ^^^^^^^^ the same lifetime is hidden here
[INFO] [stdout]     |                 |
[INFO] [stdout]     |                 the lifetime is elided here
[INFO] [stdout]     |
[INFO] [stdout]     = help: the same lifetime is referred to in inconsistent ways, making the signature confusing
[INFO] [stdout] help: use `'_` for type paths
[INFO] [stdout]     |
[INFO] [stdout] 638 |   pub fn as_str(&self) -> Cow<'_, str> {
[INFO] [stdout]     |                               +++
[INFO] [stdout] 
[INFO] [stdout] 
[INFO] [stdout] warning: hiding a lifetime that's elided elsewhere is confusing
[INFO] [stdout]     --> src/workspace/mod.rs:1162:15
[INFO] [stdout]      |
[INFO] [stdout] 1162 |   pub fn task(&self, name: &str) -> Option<(&Url, TaskOrScript)> {
[INFO] [stdout]      |               ^^^^^                         ^^^^  ^^^^^^^^^^^^ the same lifetime is hidden here
[INFO] [stdout]      |               |                             |
[INFO] [stdout]      |               |                             the same lifetime is elided here
[INFO] [stdout]      |               the lifetime is elided here
[INFO] [stdout]      |
[INFO] [stdout]      = help: the same lifetime is referred to in inconsistent ways, making the signature confusing
[INFO] [stdout] help: use `'_` for type paths
[INFO] [stdout]      |
[INFO] [stdout] 1162 |   pub fn task(&self, name: &str) -> Option<(&Url, TaskOrScript<'_>)> {
[INFO] [stdout]      |                                                               ++++
[INFO] [stdout] 
[INFO] [stdout] 
[INFO] [stdout] warning: hiding a lifetime that's elided elsewhere is confusing
[INFO] [stdout]     --> src/workspace/mod.rs:1201:15
[INFO] [stdout]      |
[INFO] [stdout] 1201 |   pub fn task(&self, name: &str) -> Option<(&Url, TaskOrScript)> {
[INFO] [stdout]      |               ^^^^^                         ^^^^  ^^^^^^^^^^^^ the same lifetime is hidden here
[INFO] [stdout]      |               |                             |
[INFO] [stdout]      |               |                             the same lifetime is elided here
[INFO] [stdout]      |               the lifetime is elided here
[INFO] [stdout]      |
[INFO] [stdout]      = help: the same lifetime is referred to in inconsistent ways, making the signature confusing
[INFO] [stdout] help: use `'_` for type paths
[INFO] [stdout]      |
[INFO] [stdout] 1201 |   pub fn task(&self, name: &str) -> Option<(&Url, TaskOrScript<'_>)> {
[INFO] [stdout]      |                                                               ++++
[INFO] [stdout] 
[INFO] [stdout] 
[INFO] [stdout] warning: hiding a lifetime that's elided elsewhere is confusing
[INFO] [stdout]   --> src/workspace/discovery.rs:42:20
[INFO] [stdout]    |
[INFO] [stdout] 42 |   pub fn specifier(&self) -> Cow<Url> {
[INFO] [stdout]    |                    ^^^^^     ^^^^^^^^ the same lifetime is hidden here
[INFO] [stdout]    |                    |
[INFO] [stdout]    |                    the lifetime is elided here
[INFO] [stdout]    |
[INFO] [stdout]    = help: the same lifetime is referred to in inconsistent ways, making the signature confusing
[INFO] [stdout] help: use `'_` for type paths
[INFO] [stdout]    |
[INFO] [stdout] 42 |   pub fn specifier(&self) -> Cow<'_, Url> {
[INFO] [stdout]    |                                  +++
[INFO] [stdout] 
[INFO] [stdout] 
[INFO] [stdout] warning: hiding a lifetime that's elided elsewhere is confusing
[INFO] [stdout]    --> src/workspace/discovery.rs:140:28
[INFO] [stdout]     |
[INFO] [stdout] 140 |   fn root_config_specifier(&self) -> Option<Cow<Url>> {
[INFO] [stdout]     |                            ^^^^^            ^^^^^^^^ the same lifetime is hidden here
[INFO] [stdout]     |                            |
[INFO] [stdout]     |                            the lifetime is elided here
[INFO] [stdout]     |
[INFO] [stdout]     = help: the same lifetime is referred to in inconsistent ways, making the signature confusing
[INFO] [stdout] help: use `'_` for type paths
[INFO] [stdout]     |
[INFO] [stdout] 140 |   fn root_config_specifier(&self) -> Option<Cow<'_, Url>> {
[INFO] [stdout]     |                                                 +++
[INFO] [stdout] 
[INFO] [stdout] 
[INFO] [stdout] warning: hiding a lifetime that's elided elsewhere is confusing
[INFO] [stdout]    --> src/workspace/discovery.rs:153:40
[INFO] [stdout]     |
[INFO] [stdout] 153 | fn config_folder_config_specifier(res: &ConfigFolder) -> Cow<Url> {
[INFO] [stdout]     |                                        ^^^^^^^^^^^^^     ^^^^^^^^ the same lifetime is hidden here
[INFO] [stdout]     |                                        |
[INFO] [stdout]     |                                        the lifetime is elided here
[INFO] [stdout]     |
[INFO] [stdout]     = help: the same lifetime is referred to in inconsistent ways, making the signature confusing
[INFO] [stdout] help: use `'_` for type paths
[INFO] [stdout]     |
[INFO] [stdout] 153 | fn config_folder_config_specifier(res: &ConfigFolder) -> Cow<'_, Url> {
[INFO] [stdout]     |                                                              +++
[INFO] [stdout] 
[INFO] [stdout] 
[INFO] [stdout] warning: hiding a lifetime that's elided elsewhere is confusing
[INFO] [stdout]    --> src/workspace/discovery.rs:640:32
[INFO] [stdout]     |
[INFO] [stdout] 640 | fn ensure_trailing_slash(path: &str) -> Cow<str> {
[INFO] [stdout]     |                                ^^^^     ^^^^^^^^ the same lifetime is hidden here
[INFO] [stdout]     |                                |
[INFO] [stdout]     |                                the lifetime is elided here
[INFO] [stdout]     |
[INFO] [stdout]     = help: the same lifetime is referred to in inconsistent ways, making the signature confusing
[INFO] [stdout] help: use `'_` for type paths
[INFO] [stdout]     |
[INFO] [stdout] 640 | fn ensure_trailing_slash(path: &str) -> Cow<'_, str> {
[INFO] [stdout]     |                                             +++
[INFO] [stdout] 
[INFO] [stdout] 
[INFO] [stdout] warning: hiding a lifetime that's elided elsewhere is confusing
[INFO] [stdout]    --> src/deno_json/mod.rs:930:5
[INFO] [stdout]     |
[INFO] [stdout] 930 |     &self,
[INFO] [stdout]     |     ^^^^^ the lifetime is elided here
[INFO] [stdout] 931 |     fetch_text: impl FnOnce(&Url) -> TReturn,
[INFO] [stdout] 932 |   ) -> Result<Option<(Cow<Url>, serde_json::Value)>, AnyError> {
[INFO] [stdout]     |                       ^^^^^^^^ the same lifetime is hidden here
[INFO] [stdout]     |
[INFO] [stdout]     = help: the same lifetime is referred to in inconsistent ways, making the signature confusing
[INFO] [stdout]     = note: `#[warn(mismatched_lifetime_syntaxes)]` on by default
[INFO] [stdout] help: use `'_` for type paths
[INFO] [stdout]     |
[INFO] [stdout] 932 |   ) -> Result<Option<(Cow<'_, Url>, serde_json::Value)>, AnyError> {
[INFO] [stdout]     |                           +++
[INFO] [stdout] 
[INFO] [stdout] 
[INFO] [stdout] warning: hiding a lifetime that's elided elsewhere is confusing
[INFO] [stdout]    --> src/glob/mod.rs:638:17
[INFO] [stdout]     |
[INFO] [stdout] 638 |   pub fn as_str(&self) -> Cow<str> {
[INFO] [stdout]     |                 ^^^^^     ^^^^^^^^ the same lifetime is hidden here
[INFO] [stdout]     |                 |
[INFO] [stdout]     |                 the lifetime is elided here
[INFO] [stdout]     |
[INFO] [stdout]     = help: the same lifetime is referred to in inconsistent ways, making the signature confusing
[INFO] [stdout] help: use `'_` for type paths
[INFO] [stdout]     |
[INFO] [stdout] 638 |   pub fn as_str(&self) -> Cow<'_, str> {
[INFO] [stdout]     |                               +++
[INFO] [stdout] 
[INFO] [stdout] 
[INFO] [stdout] warning: hiding a lifetime that's elided elsewhere is confusing
[INFO] [stdout]     --> src/workspace/mod.rs:1162:15
[INFO] [stdout]      |
[INFO] [stdout] 1162 |   pub fn task(&self, name: &str) -> Option<(&Url, TaskOrScript)> {
[INFO] [stdout]      |               ^^^^^                         ^^^^  ^^^^^^^^^^^^ the same lifetime is hidden here
[INFO] [stdout]      |               |                             |
[INFO] [stdout]      |               |                             the same lifetime is elided here
[INFO] [stdout]      |               the lifetime is elided here
[INFO] [stdout]      |
[INFO] [stdout]      = help: the same lifetime is referred to in inconsistent ways, making the signature confusing
[INFO] [stdout] help: use `'_` for type paths
[INFO] [stdout]      |
[INFO] [stdout] 1162 |   pub fn task(&self, name: &str) -> Option<(&Url, TaskOrScript<'_>)> {
[INFO] [stdout]      |                                                               ++++
[INFO] [stdout] 
[INFO] [stdout] 
[INFO] [stdout] warning: hiding a lifetime that's elided elsewhere is confusing
[INFO] [stdout]     --> src/workspace/mod.rs:1201:15
[INFO] [stdout]      |
[INFO] [stdout] 1201 |   pub fn task(&self, name: &str) -> Option<(&Url, TaskOrScript)> {
[INFO] [stdout]      |               ^^^^^                         ^^^^  ^^^^^^^^^^^^ the same lifetime is hidden here
[INFO] [stdout]      |               |                             |
[INFO] [stdout]      |               |                             the same lifetime is elided here
[INFO] [stdout]      |               the lifetime is elided here
[INFO] [stdout]      |
[INFO] [stdout]      = help: the same lifetime is referred to in inconsistent ways, making the signature confusing
[INFO] [stdout] help: use `'_` for type paths
[INFO] [stdout]      |
[INFO] [stdout] 1201 |   pub fn task(&self, name: &str) -> Option<(&Url, TaskOrScript<'_>)> {
[INFO] [stdout]      |                                                               ++++
[INFO] [stdout] 
[INFO] [stdout] 
[INFO] [stdout] warning: hiding a lifetime that's elided elsewhere is confusing
[INFO] [stdout]   --> src/workspace/discovery.rs:42:20
[INFO] [stdout]    |
[INFO] [stdout] 42 |   pub fn specifier(&self) -> Cow<Url> {
[INFO] [stdout]    |                    ^^^^^     ^^^^^^^^ the same lifetime is hidden here
[INFO] [stdout]    |                    |
[INFO] [stdout]    |                    the lifetime is elided here
[INFO] [stdout]    |
[INFO] [stdout]    = help: the same lifetime is referred to in inconsistent ways, making the signature confusing
[INFO] [stdout] help: use `'_` for type paths
[INFO] [stdout]    |
[INFO] [stdout] 42 |   pub fn specifier(&self) -> Cow<'_, Url> {
[INFO] [stdout]    |                                  +++
[INFO] [stdout] 
[INFO] [stdout] 
[INFO] [stdout] warning: hiding a lifetime that's elided elsewhere is confusing
[INFO] [stdout]    --> src/workspace/discovery.rs:140:28
[INFO] [stdout]     |
[INFO] [stdout] 140 |   fn root_config_specifier(&self) -> Option<Cow<Url>> {
[INFO] [stdout]     |                            ^^^^^            ^^^^^^^^ the same lifetime is hidden here
[INFO] [stdout]     |                            |
[INFO] [stdout]     |                            the lifetime is elided here
[INFO] [stdout]     |
[INFO] [stdout]     = help: the same lifetime is referred to in inconsistent ways, making the signature confusing
[INFO] [stdout] help: use `'_` for type paths
[INFO] [stdout]     |
[INFO] [stdout] 140 |   fn root_config_specifier(&self) -> Option<Cow<'_, Url>> {
[INFO] [stdout]     |                                                 +++
[INFO] [stdout] 
[INFO] [stdout] 
[INFO] [stdout] warning: hiding a lifetime that's elided elsewhere is confusing
[INFO] [stdout]    --> src/workspace/discovery.rs:153:40
[INFO] [stdout]     |
[INFO] [stdout] 153 | fn config_folder_config_specifier(res: &ConfigFolder) -> Cow<Url> {
[INFO] [stdout]     |                                        ^^^^^^^^^^^^^     ^^^^^^^^ the same lifetime is hidden here
[INFO] [stdout]     |                                        |
[INFO] [stdout]     |                                        the lifetime is elided here
[INFO] [stdout]     |
[INFO] [stdout]     = help: the same lifetime is referred to in inconsistent ways, making the signature confusing
[INFO] [stdout] help: use `'_` for type paths
[INFO] [stdout]     |
[INFO] [stdout] 153 | fn config_folder_config_specifier(res: &ConfigFolder) -> Cow<'_, Url> {
[INFO] [stdout]     |                                                              +++
[INFO] [stdout] 
[INFO] [stdout] 
[INFO] [stdout] warning: hiding a lifetime that's elided elsewhere is confusing
[INFO] [stdout]    --> src/workspace/discovery.rs:640:32
[INFO] [stdout]     |
[INFO] [stdout] 640 | fn ensure_trailing_slash(path: &str) -> Cow<str> {
[INFO] [stdout]     |                                ^^^^     ^^^^^^^^ the same lifetime is hidden here
[INFO] [stdout]     |                                |
[INFO] [stdout]     |                                the lifetime is elided here
[INFO] [stdout]     |
[INFO] [stdout]     = help: the same lifetime is referred to in inconsistent ways, making the signature confusing
[INFO] [stdout] help: use `'_` for type paths
[INFO] [stdout]     |
[INFO] [stdout] 640 | fn ensure_trailing_slash(path: &str) -> Cow<'_, str> {
[INFO] [stdout]     |                                             +++
[INFO] [stdout] 
[INFO] [stdout] 
[INFO] [stderr]     Finished `release` profile [optimized] target(s) in 43.92s
[INFO] running `Command { std: "docker" "inspect" "609b4a03fba0d1ac9edfd982b8725944822d1727dfc7850f7dddc6be80335b80", kill_on_drop: false }`
[INFO] running `Command { std: "docker" "exec" "-e" "SOURCE_DIR=/opt/rustwide/workdir" "-e" "CARGO_HOME=/opt/rustwide/cargo-home" "-e" "RUSTUP_HOME=/opt/rustwide/rustup-home" "-e" "CARGO_TARGET_DIR=/opt/rustwide/target" "-e" "CARGO_INCREMENTAL=0" "-e" "RUST_BACKTRACE=full" "-e" "RUSTFLAGS=--cap-lints=warn" "-e" "RUSTDOCFLAGS=--cap-lints=warn" "-w" "/opt/rustwide/workdir" "--user" "0:0" "609b4a03fba0d1ac9edfd982b8725944822d1727dfc7850f7dddc6be80335b80" "/opt/rustwide/cargo-home/bin/cargo" "+1.100.0-beta.1" "test" "--frozen" "--release", kill_on_drop: false }`
[INFO] [stderr] warning: hiding a lifetime that's elided elsewhere is confusing
[INFO] [stderr]    --> src/deno_json/mod.rs:930:5
[INFO] [stderr]     |
[INFO] [stderr] 930 |     &self,
[INFO] [stderr]     |     ^^^^^ the lifetime is elided here
[INFO] [stderr] 931 |     fetch_text: impl FnOnce(&Url) -> TReturn,
[INFO] [stderr] 932 |   ) -> Result<Option<(Cow<Url>, serde_json::Value)>, AnyError> {
[INFO] [stderr]     |                       ^^^^^^^^ the same lifetime is hidden here
[INFO] [stderr]     |
[INFO] [stderr]     = help: the same lifetime is referred to in inconsistent ways, making the signature confusing
[INFO] [stderr]     = note: `#[warn(mismatched_lifetime_syntaxes)]` on by default
[INFO] [stderr] help: use `'_` for type paths
[INFO] [stderr]     |
[INFO] [stderr] 932 |   ) -> Result<Option<(Cow<'_, Url>, serde_json::Value)>, AnyError> {
[INFO] [stderr]     |                           +++
[INFO] [stderr] 
[INFO] [stderr] warning: hiding a lifetime that's elided elsewhere is confusing
[INFO] [stderr]    --> src/glob/mod.rs:638:17
[INFO] [stderr]     |
[INFO] [stderr] 638 |   pub fn as_str(&self) -> Cow<str> {
[INFO] [stderr]     |                 ^^^^^     ^^^^^^^^ the same lifetime is hidden here
[INFO] [stderr]     |                 |
[INFO] [stderr]     |                 the lifetime is elided here
[INFO] [stderr]     |
[INFO] [stderr]     = help: the same lifetime is referred to in inconsistent ways, making the signature confusing
[INFO] [stderr] help: use `'_` for type paths
[INFO] [stderr]     |
[INFO] [stderr] 638 |   pub fn as_str(&self) -> Cow<'_, str> {
[INFO] [stderr]     |                               +++
[INFO] [stderr] 
[INFO] [stderr] warning: hiding a lifetime that's elided elsewhere is confusing
[INFO] [stderr]     --> src/workspace/mod.rs:1162:15
[INFO] [stderr]      |
[INFO] [stderr] 1162 |   pub fn task(&self, name: &str) -> Option<(&Url, TaskOrScript)> {
[INFO] [stderr]      |               ^^^^^                         ^^^^  ^^^^^^^^^^^^ the same lifetime is hidden here
[INFO] [stderr]      |               |                             |
[INFO] [stderr]      |               |                             the same lifetime is elided here
[INFO] [stderr]      |               the lifetime is elided here
[INFO] [stderr]      |
[INFO] [stderr]      = help: the same lifetime is referred to in inconsistent ways, making the signature confusing
[INFO] [stderr] help: use `'_` for type paths
[INFO] [stderr]      |
[INFO] [stderr] 1162 |   pub fn task(&self, name: &str) -> Option<(&Url, TaskOrScript<'_>)> {
[INFO] [stderr]      |                                                               ++++
[INFO] [stderr] 
[INFO] [stderr] warning: hiding a lifetime that's elided elsewhere is confusing
[INFO] [stderr]     --> src/workspace/mod.rs:1201:15
[INFO] [stderr]      |
[INFO] [stderr] 1201 |   pub fn task(&self, name: &str) -> Option<(&Url, TaskOrScript)> {
[INFO] [stderr]      |               ^^^^^                         ^^^^  ^^^^^^^^^^^^ the same lifetime is hidden here
[INFO] [stderr]      |               |                             |
[INFO] [stderr]      |               |                             the same lifetime is elided here
[INFO] [stderr]      |               the lifetime is elided here
[INFO] [stderr]      |
[INFO] [stderr]      = help: the same lifetime is referred to in inconsistent ways, making the signature confusing
[INFO] [stderr] help: use `'_` for type paths
[INFO] [stderr]      |
[INFO] [stderr] 1201 |   pub fn task(&self, name: &str) -> Option<(&Url, TaskOrScript<'_>)> {
[INFO] [stderr]      |                                                               ++++
[INFO] [stderr] 
[INFO] [stderr] warning: hiding a lifetime that's elided elsewhere is confusing
[INFO] [stderr]   --> src/workspace/discovery.rs:42:20
[INFO] [stderr]    |
[INFO] [stderr] 42 |   pub fn specifier(&self) -> Cow<Url> {
[INFO] [stderr]    |                    ^^^^^     ^^^^^^^^ the same lifetime is hidden here
[INFO] [stderr]    |                    |
[INFO] [stderr]    |                    the lifetime is elided here
[INFO] [stderr]    |
[INFO] [stderr]    = help: the same lifetime is referred to in inconsistent ways, making the signature confusing
[INFO] [stderr] help: use `'_` for type paths
[INFO] [stderr]    |
[INFO] [stderr] 42 |   pub fn specifier(&self) -> Cow<'_, Url> {
[INFO] [stderr]    |                                  +++
[INFO] [stderr] 
[INFO] [stderr] warning: hiding a lifetime that's elided elsewhere is confusing
[INFO] [stderr]    --> src/workspace/discovery.rs:140:28
[INFO] [stderr]     |
[INFO] [stderr] 140 |   fn root_config_specifier(&self) -> Option<Cow<Url>> {
[INFO] [stderr]     |                            ^^^^^            ^^^^^^^^ the same lifetime is hidden here
[INFO] [stderr]     |                            |
[INFO] [stderr]     |                            the lifetime is elided here
[INFO] [stderr]     |
[INFO] [stderr]     = help: the same lifetime is referred to in inconsistent ways, making the signature confusing
[INFO] [stderr] help: use `'_` for type paths
[INFO] [stderr]     |
[INFO] [stderr] 140 |   fn root_config_specifier(&self) -> Option<Cow<'_, Url>> {
[INFO] [stderr]     |                                                 +++
[INFO] [stderr] 
[INFO] [stderr] warning: hiding a lifetime that's elided elsewhere is confusing
[INFO] [stderr]    --> src/workspace/discovery.rs:153:40
[INFO] [stderr]     |
[INFO] [stderr] 153 | fn config_folder_config_specifier(res: &ConfigFolder) -> Cow<Url> {
[INFO] [stderr]     |                                        ^^^^^^^^^^^^^     ^^^^^^^^ the same lifetime is hidden here
[INFO] [stderr]     |                                        |
[INFO] [stderr]     |                                        the lifetime is elided here
[INFO] [stderr]     |
[INFO] [stderr]     = help: the same lifetime is referred to in inconsistent ways, making the signature confusing
[INFO] [stderr] help: use `'_` for type paths
[INFO] [stderr]     |
[INFO] [stderr] 153 | fn config_folder_config_specifier(res: &ConfigFolder) -> Cow<'_, Url> {
[INFO] [stderr]     |                                                              +++
[INFO] [stderr] 
[INFO] [stderr] warning: hiding a lifetime that's elided elsewhere is confusing
[INFO] [stderr]    --> src/workspace/discovery.rs:640:32
[INFO] [stderr]     |
[INFO] [stderr] 640 | fn ensure_trailing_slash(path: &str) -> Cow<str> {
[INFO] [stderr]     |                                ^^^^     ^^^^^^^^ the same lifetime is hidden here
[INFO] [stderr]     |                                |
[INFO] [stderr]     |                                the lifetime is elided here
[INFO] [stderr]     |
[INFO] [stderr]     = help: the same lifetime is referred to in inconsistent ways, making the signature confusing
[INFO] [stderr] help: use `'_` for type paths
[INFO] [stderr]     |
[INFO] [stderr] 640 | fn ensure_trailing_slash(path: &str) -> Cow<'_, str> {
[INFO] [stderr]     |                                             +++
[INFO] [stderr] 
[INFO] [stderr] warning: `deno_workspace` (lib) generated 8 warnings (run `cargo fix --lib -p deno_workspace` to apply 8 suggestions)
[INFO] [stderr] warning: `deno_workspace` (lib test) generated 8 warnings (8 duplicates)
[INFO] [stderr]     Finished `release` profile [optimized] target(s) in 0.17s
[INFO] [stderr]      Running unittests src/lib.rs (/opt/rustwide/target/release/build/deno_workspace/661852c090e9b5a6/out/deno_workspace-661852c090e9b5a6)
[INFO] [stdout] 
[INFO] [stdout] running 129 tests
[INFO] [stdout] test deno_json::tests::files_pattern_matches_remote ... ok
[INFO] [stdout] test deno_json::tests::resolve_export_value_urls ... ok
[INFO] [stdout] test deno_json::tests::exports_errors ... ok
[INFO] [stdout] test deno_json::tests::task_name_empty ... ok
[INFO] [stdout] test deno_json::tests::task_name_invalid_chars ... ok
[INFO] [stdout] test deno_json::tests::test_jsx_import_source_types_only ... ok
[INFO] [stdout] test deno_json::tests::task_name_non_alpha_starting_char ... ok
[INFO] [stdout] test deno_json::tests::task_comments ... ok
[INFO] [stdout] test deno_json::tests::test_is_package ... ok
[INFO] [stdout] test deno_json::tests::exports ... ok
[INFO] [stdout] test deno_json::tests::resolve_import_map_specifier_parent ... ok
[INFO] [stdout] test deno_json::tests::include_config_path_on_error ... ok
[INFO] [stdout] test deno_json::tests::read_config_file_absolute ... ok
[INFO] [stdout] test deno_json::tests::resolve_lockfile_path_from_unix_path ... ok
[INFO] [stdout] test deno_json::tests::test_parse_config_exclude_lower_priority_glob ... FAILED
[INFO] [stdout] test deno_json::tests::test_jsx_precompile_skip_setting ... ok
[INFO] [stdout] test deno_json::tests::test_parse_config_with_not_object_file ... ok
[INFO] [stdout] test deno_json::tests::test_jsx_import_source_only ... ok
[INFO] [stdout] test deno_json::tests::test_parse_config_with_empty_file ... ok
[INFO] [stdout] test deno_json::tests::test_parse_config ... ok
[INFO] [stdout] test deno_json::tests::test_jsx_invalid_setting ... ok
[INFO] [stdout] test deno_json::tests::test_parse_config_exclude_lower_priority_path ... FAILED
[INFO] [stdout] test deno_json::tests::test_parse_config_with_invalid_file ... ok
[INFO] [stdout] test deno_json::tests::test_parse_config_with_deprecated_fmt_options ... ok
[INFO] [stdout] test deno_json::tests::test_to_import_map_from_imports ... ok
[INFO] [stdout] test deno_json::tests::test_parse_config_with_global_files_only ... ok
[INFO] [stdout] test deno_json::tests::test_parse_config_publish ... ok
[INFO] [stdout] test deno_json::tests::test_parse_config_with_commented_file ... ok
[INFO] [stdout] test deno_json::tests::test_parse_config_with_deprecated_files_field ... ok
[INFO] [stdout] test deno_json::tests::test_parse_config_with_deprecated_files_field_only ... ok
[INFO] [stdout] test deno_json::tests::test_parse_config_with_global_files ... ok
[INFO] [stdout] test deno_json::tests::test_to_import_map_import_map_remote ... ok
[INFO] [stdout] test deno_json::tests::test_to_import_map_import_map_remote_relative ... ok
[INFO] [stdout] test deno_json::tests::test_to_import_map_imports_entry ... ok
[INFO] [stdout] test deno_json::tests::test_to_import_map_scopes_entry ... ok
[INFO] [stdout] test deno_json::tests::test_to_import_map_import_map_entry ... ok
[INFO] [stdout] test glob::test::file_patterns_include_exclude ... ok
[INFO] [stdout] test glob::test::file_patterns_split_by_base_dir_unexcluded ... ok
[INFO] [stdout] test glob::test::file_patterns_split_by_base_dir_unexcluded_with_glob_includes ... ok
[INFO] [stdout] test glob::gitignore::test::git_ignore_tree ... ok
[INFO] [stdout] test deno_json::ts::tests::test_json_merge ... ok
[INFO] [stdout] test glob::test::file_patterns_opposite_incorrect_excluded_include ... ok
[INFO] [stdout] test deno_json::ts::tests::test_tsconfig_as_bytes ... ok
[INFO] [stdout] test glob::test::file_patterns_split_by_base_dir_unexcluded_with_path_includes ... ok
[INFO] [stdout] test glob::test::file_patterns_split_by_base_dir_opposite_exclude ... ok
[INFO] [stdout] test package_json::test::test_get_local_package_json_version_reqs_range ... ok
[INFO] [stdout] test glob::test::file_patterns_exclude ... ok
[INFO] [stdout] test glob::test::file_patterns_include ... ok
[INFO] [stdout] test glob::test::file_patterns_include_excluded ... ok
[INFO] [stdout] test glob::test::from_relative ... FAILED
[INFO] [stdout] test glob::test::file_patterns_split_by_base_dir ... ok
[INFO] [stdout] test package_json::test::test_get_local_package_json_version_reqs_errors_non_npm_specifier ... FAILED
[INFO] [stdout] test glob::test::from_relative_dot_slash ... ok
[INFO] [stdout] test package_json::test::test_get_local_package_json_version_reqs_skips_certain_specifiers ... ok
[INFO] [stdout] test package_json::test::test_deserialize_serialize ... ok
[INFO] [stdout] test glob::test::file_patterns_split_by_base_dir_exclude_unexcluded_and_glob ... ok
[INFO] [stdout] test glob::test::from_relative_specifier ... ok
[INFO] [stdout] test workspace::resolver::test::single_pkg_no_import_map ... ok
[INFO] [stdout] test workspace::resolver::test::specified_import_map ... ok
[INFO] [stdout] test workspace::resolver::test::workspace_specified_import_map ... ok
[INFO] [stdout] test workspace::test::test_deno_workspace_member_no_config_file_error ... ok
[INFO] [stdout] test workspace::test::test_deno_member_not_referenced_in_deno_workspace ... ok
[INFO] [stdout] test workspace::test::test_duplicate_members ... ok
[INFO] [stdout] test workspace::resolver::test::resolve_workspace_pkg_json_folder ... ok
[INFO] [stdout] test workspace::test::test_deno_workspace_member_deno_json_member_name ... ok
[INFO] [stdout] test workspace::test::test_empty_workspaces ... ok
[INFO] [stdout] test workspace::resolver::test::resolve_workspace_pkg_json_workspace_deno_json_import_map ... ok
[INFO] [stdout] test package_json::test::test_get_local_package_json_version_reqs ... ok
[INFO] [stdout] test workspace::test::test_npm_workspace_ignore_pkg_json_between_member_and_root ... ok
[INFO] [stdout] test util::tests::test_specifier_parent ... ok
[INFO] [stdout] test util::tests::test_specifier_to_file_path ... ok
[INFO] [stdout] test workspace::test::test_npm_workspace_member_no_config_file_error ... ok
[INFO] [stdout] test workspace::resolver::test::pkg_json_resolution ... ok
[INFO] [stdout] test workspace::test::test_npm_workspace_ignore_deno_json_between_member_and_root ... ok
[INFO] [stdout] test workspace::test::test_npm_workspace_globs ... ok
[INFO] [stdout] test workspace::test::test_npm_workspace_negations ... ok
[INFO] [stdout] test workspace::test::test_lock_path ... ok
[INFO] [stdout] test workspace::test::test_no_auto_discovery_node_modules_dir ... ok
[INFO] [stdout] test workspace::test::test_multiple_workspaces_npm_package_referenced_in_package_json_workspace ... ok
[INFO] [stdout] test workspace::test::test_imports_with_import_map ... ok
[INFO] [stdout] test glob::test::negated_globs ... ok
[INFO] [stdout] test workspace::test::test_multiple_pkgs_same_name ... ok
[INFO] [stdout] test workspace::test::test_npm_workspace_member_deno_json_error ... ok
[INFO] [stdout] test workspace::test::test_npm_workspace_start_deno_json_part_of_workspace ... ok
[INFO] [stdout] test workspace::test::test_npm_workspace_self_reference_and_duplicate_references_ok ... ok
[INFO] [stdout] test workspace::test::test_npm_package_not_referenced_in_deno_workspace ... ok
[INFO] [stdout] test workspace::test::test_npm_workspace_start_deno_json_part_of_workspace_sub_folder_other_deno_json ... ok
[INFO] [stdout] test workspace::test::test_npm_workspace_start_package_json_not_in_workspace ... ok
[INFO] [stdout] test workspace::test::test_npm_workspace_start_deno_json_not_in_workspace ... ok
[INFO] [stdout] test workspace::test::test_packages_for_publish_non_workspace ... ok
[INFO] [stdout] test workspace::test::test_resolve_config_for_members_include_root_and_sub_member ... ok
[INFO] [stdout] test workspace::test::test_npm_workspace_start_deno_json_part_of_workspace_sub_folder ... ok
[INFO] [stdout] test workspace::test::test_npm_workspace_ignores_vendor_folder ... ok
[INFO] [stdout] test workspace::test::test_packages_for_publish_root_is_package ... ok
[INFO] [stdout] test workspace::test::test_resolve_multiple_dirs ... ok
[INFO] [stdout] test workspace::test::test_packages_for_publish_workspace ... ok
[INFO] [stdout] test workspace::test::test_resolve_multiple_dirs_outside_workspace ... ok
[INFO] [stdout] test workspace::test::test_resolve_multiple_dirs_outside_config ... ok
[INFO] [stdout] test workspace::test::test_packages_for_publish_npm_workspace ... ok
[INFO] [stdout] test workspace::test::test_packages_for_publish_root_not_package ... ok
[INFO] [stdout] test workspace::test::test_resolve_config_for_members_excluded_member ... ok
[INFO] [stdout] test workspace::test::test_resolve_config_for_members_excluded_member_unexcluded_sub_dir ... ok
[INFO] [stdout] test workspace::test::test_root_member_exclude ... ok
[INFO] [stdout] test workspace::test::test_root_member_fmt_combinations ... ok
[INFO] [stdout] test workspace::test::test_root_member_import_map ... ok
[INFO] [stdout] test workspace::test::test_root_member_compiler_options ... ok
[INFO] [stdout] test workspace::test::test_root_member_workspace_on_member ... ok
[INFO] [stdout] test workspace::test::test_root_member_bench_combinations ... ok
[INFO] [stdout] test workspace::test::test_root_member_imports_and_scopes ... ok
[INFO] [stdout] test deno_json::tests::test_jsx_import_source_valid ... ok
[INFO] [stdout] test workspace::test::test_root_member_root_only_in_member ... ok
[INFO] [stdout] test package_json::test::null_exports_should_not_crash ... ok
[INFO] [stdout] test workspace::test::test_specified_config_file_same_dir_discoverable_config_file ... ok
[INFO] [stdout] test workspace::test::test_root_member_lint_combinations ... ok
[INFO] [stdout] test workspace::test::test_split_cli_args_by_deno_json_folder_no_config ... ok
[INFO] [stdout] test workspace::test::test_root_member_pkg_only_fields_on_workspace_root ... ok
[INFO] [stdout] test workspace::test::test_split_cli_args_by_deno_json_folder ... ok
[INFO] [stdout] test workspace::test::test_root_member_empty_config_resolves_excluded_members ... ok
[INFO] [stdout] test workspace::test::test_tasks ... ok
[INFO] [stdout] test workspace::test::test_root_member_test_combinations ... ok
[INFO] [stdout] test workspace::test::test_root_member_publish_combinations ... ok
[INFO] [stdout] test workspace::test::test_workspaces_outside_root_config_dir ... ok
[INFO] [stdout] test workspace::test::test_workspaces_property ... ok
[INFO] [stdout] test workspace::test::test_workspace_invalid_self_reference ... ok
[INFO] [stdout] test workspace::test::test_workspaces_missing_exports ... ok
[INFO] [stdout] test workspace::test::workspace_discovery_deno_json_cache ... ok
[INFO] [stdout] test workspace::test::test_workspaces_json_jsonc ... ok
[INFO] [stderr] error: test failed, to rerun pass `--lib`
[INFO] [stdout] test workspace::test::test_npm_workspace_package_json_and_deno_json_ok ... ok
[INFO] [stdout] test glob::collector::test::test_collect_files ... ok
[INFO] [stdout] 
[INFO] [stdout] failures:
[INFO] [stdout] 
[INFO] [stdout] ---- deno_json::tests::test_parse_config_exclude_lower_priority_glob stdout ----
[INFO] [stdout] 
[INFO] [stdout] thread 'deno_json::tests::test_parse_config_exclude_lower_priority_glob' (2103) panicked at src/deno_json/mod.rs:1920:5:
[INFO] [stdout] assertion failed: `(left == right)`
[INFO] [stdout] 
[INFO] [stdout] [1mDiff[0m [31m< left[0m / [32mright >[0m :
[INFO] [stdout]  Invalid lint config.
[INFO] [stdout]  
[INFO] [stdout]  Caused by:
[INFO] [stdout]      0: Invalid exclude.
[INFO] [stdout]      1: The negation of '!dist/data/**/*.ts' is never reached due to the higher priority 'dist/' exclude. Move '!dist/data/**/*.ts' after 'dist/'.
[INFO] [stdout] [31m<[0m
[INFO] [stdout] [31m<Stack backtrace:[0m
[INFO] [stdout] [31m<   0: <anyhow::Error>::msg::<alloc::string::String>[0m
[INFO] [stdout] [31m<   1: <deno_workspace::glob::PathOrPatternSet>::from_exclude_relative_path_or_patterns[0m
[INFO] [stdout] [31m<   2: <deno_workspace::deno_json::SerializedFilesConfig>::into_resolved[0m
[INFO] [stdout] [31m<   3: <deno_workspace::deno_json::ConfigFile>::to_lint_config[0m
[INFO] [stdout] [31m<   4: <deno_workspace::deno_json::tests::test_parse_config_exclude_lower_priority_glob::{closure#0} as core::ops::function::FnOnce<()>>::call_once[0m
[INFO] [stdout] [31m<   5: test::__rust_begin_short_backtrace::<core::result::Result<(), alloc::string::String>, fn() -> core::result::Result<(), alloc::string::String>>[0m
[INFO] [stdout] [31m<   6: test::run_test::{closure#0}[0m
[INFO] [stdout] [31m<   7: std::sys::backtrace::__rust_begin_short_backtrace::<test::run_test::{closure#1}, ()>[0m
[INFO] [stdout] [31m<   8: <std::thread::lifecycle::spawn_unchecked<test::run_test::{closure#1}, ()>::{closure#1} as core::ops::function::FnOnce<()>>::call_once::{shim:vtable#0}[0m
[INFO] [stdout] [31m<   9: <std::sys::thread::unix::Thread>::new::thread_start[0m
[INFO] [stdout] [31m<  10: <unknown>[0m
[INFO] [stdout] [31m<  11: clone[0m
[INFO] [stdout] 
[INFO] [stdout] 
[INFO] [stdout] stack backtrace:
[INFO] [stdout]    0:     0x600c9368fbe1 - <<std[617be2ca0a6fd877]::sys::backtrace::BacktraceLock>::print::DisplayBacktrace as core[a373ad73a504971]::fmt::Display>::fmt
[INFO] [stdout]    1:     0x600c936a665a - core[a373ad73a504971]::fmt::write
[INFO] [stdout]    2:     0x600c936945ec - <alloc[2e1b2a31b91974c5]::vec::Vec<u8> as core[a373ad73a504971]::io::write::Write>::write_fmt
[INFO] [stdout]    3:     0x600c936694f6 - std[617be2ca0a6fd877]::panicking::default_hook::{closure#0}
[INFO] [stdout]    4:     0x600c936872e9 - std[617be2ca0a6fd877]::panicking::default_hook
[INFO] [stdout]    5:     0x600c935bf8b0 - test[aada8e7e76ba119b]::test_main_inner::{closure#0}
[INFO] [stdout]    6:     0x600c936874a2 - std[617be2ca0a6fd877]::panicking::panic_with_hook
[INFO] [stdout]    7:     0x600c936695a2 - std[617be2ca0a6fd877]::panicking::panic_handler::{closure#0}
[INFO] [stdout]    8:     0x600c936619d9 - std[617be2ca0a6fd877]::sys::backtrace::__rust_end_short_backtrace::<std[617be2ca0a6fd877]::panicking::panic_handler::{closure#0}, !>
[INFO] [stdout]    9:     0x600c9366a2bd - __rustc[ea4f61d10b84890b]::rust_begin_unwind
[INFO] [stdout]   10:     0x600c936a6e3c - core[a373ad73a504971]::panicking::panic_fmt
[INFO] [stdout]   11:     0x600c93457ed9 - <deno_workspace[47b5d317e6bb25a5]::deno_json::tests::test_parse_config_exclude_lower_priority_glob::{closure#0} as core[a373ad73a504971]::ops::function::FnOnce<()>>::call_once
[INFO] [stdout]   12:     0x600c935b2cfb - test[aada8e7e76ba119b]::__rust_begin_short_backtrace::<core[a373ad73a504971]::result::Result<(), alloc[2e1b2a31b91974c5]::string::String>, fn() -> core[a373ad73a504971]::result::Result<(), alloc[2e1b2a31b91974c5]::string::String>>
[INFO] [stdout]   13:     0x600c935bfed5 - test[aada8e7e76ba119b]::run_test::{closure#0}
[INFO] [stdout]   14:     0x600c935b97c4 - std[617be2ca0a6fd877]::sys::backtrace::__rust_begin_short_backtrace::<test[aada8e7e76ba119b]::run_test::{closure#1}, ()>
[INFO] [stdout]   15:     0x600c935c2f62 - <std[617be2ca0a6fd877]::thread::lifecycle::spawn_unchecked<test[aada8e7e76ba119b]::run_test::{closure#1}, ()>::{closure#1} as core[a373ad73a504971]::ops::function::FnOnce<()>>::call_once::{shim:vtable#0}
[INFO] [stdout]   16:     0x600c9368ef1f - <std[617be2ca0a6fd877]::sys::thread::unix::Thread>::new::thread_start
[INFO] [stdout]   17:     0x7be382baadfa - <unknown>
[INFO] [stdout]   18:     0x7be382c3e3d4 - clone
[INFO] [stdout]   19:                0x0 - <unknown>
[INFO] [stdout] 
[INFO] [stdout] ---- deno_json::tests::test_parse_config_exclude_lower_priority_path stdout ----
[INFO] [stdout] 
[INFO] [stdout] thread 'deno_json::tests::test_parse_config_exclude_lower_priority_path' (2104) panicked at src/deno_json/mod.rs:1894:5:
[INFO] [stdout] assertion failed: `(left == right)`
[INFO] [stdout] 
[INFO] [stdout] [1mDiff[0m [31m< left[0m / [32mright >[0m :
[INFO] [stdout]  Invalid fmt config.
[INFO] [stdout]  
[INFO] [stdout]  Caused by:
[INFO] [stdout]      0: Invalid exclude.
[INFO] [stdout]      1: The negation of '!dist/data' is never reached due to the higher priority 'dist/' exclude. Move '!dist/data' after 'dist/'.
[INFO] [stdout] [31m<[0m
[INFO] [stdout] [31m<Stack backtrace:[0m
[INFO] [stdout] [31m<   0: <anyhow::Error>::msg::<alloc::string::String>[0m
[INFO] [stdout] [31m<   1: <deno_workspace::glob::PathOrPatternSet>::from_exclude_relative_path_or_patterns[0m
[INFO] [stdout] [31m<   2: <deno_workspace::deno_json::SerializedFilesConfig>::into_resolved[0m
[INFO] [stdout] [31m<   3: <deno_workspace::deno_json::ConfigFile>::to_fmt_config[0m
[INFO] [stdout] [31m<   4: <deno_workspace::deno_json::tests::test_parse_config_exclude_lower_priority_path::{closure#0} as core::ops::function::FnOnce<()>>::call_once[0m
[INFO] [stdout] [31m<   5: test::__rust_begin_short_backtrace::<core::result::Result<(), alloc::string::String>, fn() -> core::result::Result<(), alloc::string::String>>[0m
[INFO] [stdout] [31m<   6: test::run_test::{closure#0}[0m
[INFO] [stdout] [31m<   7: std::sys::backtrace::__rust_begin_short_backtrace::<test::run_test::{closure#1}, ()>[0m
[INFO] [stdout] [31m<   8: <std::thread::lifecycle::spawn_unchecked<test::run_test::{closure#1}, ()>::{closure#1} as core::ops::function::FnOnce<()>>::call_once::{shim:vtable#0}[0m
[INFO] [stdout] [31m<   9: <std::sys::thread::unix::Thread>::new::thread_start[0m
[INFO] [stdout] [31m<  10: <unknown>[0m
[INFO] [stdout] [31m<  11: clone[0m
[INFO] [stdout] 
[INFO] [stdout] 
[INFO] [stdout] stack backtrace:
[INFO] [stdout]    0:     0x600c9368fbe1 - <<std[617be2ca0a6fd877]::sys::backtrace::BacktraceLock>::print::DisplayBacktrace as core[a373ad73a504971]::fmt::Display>::fmt
[INFO] [stdout]    1:     0x600c936a665a - core[a373ad73a504971]::fmt::write
[INFO] [stdout]    2:     0x600c936945ec - <alloc[2e1b2a31b91974c5]::vec::Vec<u8> as core[a373ad73a504971]::io::write::Write>::write_fmt
[INFO] [stdout]    3:     0x600c936694f6 - std[617be2ca0a6fd877]::panicking::default_hook::{closure#0}
[INFO] [stdout]    4:     0x600c936872e9 - std[617be2ca0a6fd877]::panicking::default_hook
[INFO] [stdout]    5:     0x600c935bf8b0 - test[aada8e7e76ba119b]::test_main_inner::{closure#0}
[INFO] [stdout]    6:     0x600c936874a2 - std[617be2ca0a6fd877]::panicking::panic_with_hook
[INFO] [stdout]    7:     0x600c936695a2 - std[617be2ca0a6fd877]::panicking::panic_handler::{closure#0}
[INFO] [stdout]    8:     0x600c936619d9 - std[617be2ca0a6fd877]::sys::backtrace::__rust_end_short_backtrace::<std[617be2ca0a6fd877]::panicking::panic_handler::{closure#0}, !>
[INFO] [stdout]    9:     0x600c9366a2bd - __rustc[ea4f61d10b84890b]::rust_begin_unwind
[INFO] [stdout]   10:     0x600c936a6e3c - core[a373ad73a504971]::panicking::panic_fmt
[INFO] [stdout]   11:     0x600c93458269 - <deno_workspace[47b5d317e6bb25a5]::deno_json::tests::test_parse_config_exclude_lower_priority_path::{closure#0} as core[a373ad73a504971]::ops::function::FnOnce<()>>::call_once
[INFO] [stdout]   12:     0x600c935b2cfb - test[aada8e7e76ba119b]::__rust_begin_short_backtrace::<core[a373ad73a504971]::result::Result<(), alloc[2e1b2a31b91974c5]::string::String>, fn() -> core[a373ad73a504971]::result::Result<(), alloc[2e1b2a31b91974c5]::string::String>>
[INFO] [stdout]   13:     0x600c935bfed5 - test[aada8e7e76ba119b]::run_test::{closure#0}
[INFO] [stdout]   14:     0x600c935b97c4 - std[617be2ca0a6fd877]::sys::backtrace::__rust_begin_short_backtrace::<test[aada8e7e76ba119b]::run_test::{closure#1}, ()>
[INFO] [stdout]   15:     0x600c935c2f62 - <std[617be2ca0a6fd877]::thread::lifecycle::spawn_unchecked<test[aada8e7e76ba119b]::run_test::{closure#1}, ()>::{closure#1} as core[a373ad73a504971]::ops::function::FnOnce<()>>::call_once::{shim:vtable#0}
[INFO] [stdout]   16:     0x600c9368ef1f - <std[617be2ca0a6fd877]::sys::thread::unix::Thread>::new::thread_start
[INFO] [stdout]   17:     0x7be382baadfa - <unknown>
[INFO] [stdout]   18:     0x7be382c3e3d4 - clone
[INFO] [stdout]   19:                0x0 - <unknown>
[INFO] [stdout] 
[INFO] [stdout] ---- glob::test::from_relative stdout ----
[INFO] [stdout] 
[INFO] [stdout] thread 'glob::test::from_relative' (2136) panicked at src/glob/mod.rs:1447:7:
[INFO] [stdout] assertion failed: `(left == right)`
[INFO] [stdout] 
[INFO] [stdout] [1mDiff[0m [31m< left[0m / [32mright >[0m :
[INFO] [stdout] [31m<invalid [0m[1;48;5;52;31minternational [0m[31mdomain [0m[1;48;5;52;31mn[0m[31ma[0m[1;48;5;52;31mm[0m[31me[0m
[INFO] [stdout] [32m>invalid domain [0m[1;48;5;22;32mch[0m[32ma[0m[1;48;5;22;32mract[0m[32me[0m[1;48;5;22;32mr[0m
[INFO] [stdout] 
[INFO] [stdout] 
[INFO] [stdout] stack backtrace:
[INFO] [stdout]    0:     0x600c9368fbe1 - <<std[617be2ca0a6fd877]::sys::backtrace::BacktraceLock>::print::DisplayBacktrace as core[a373ad73a504971]::fmt::Display>::fmt
[INFO] [stdout]    1:     0x600c936a665a - core[a373ad73a504971]::fmt::write
[INFO] [stdout]    2:     0x600c936945ec - <alloc[2e1b2a31b91974c5]::vec::Vec<u8> as core[a373ad73a504971]::io::write::Write>::write_fmt
[INFO] [stdout]    3:     0x600c936694f6 - std[617be2ca0a6fd877]::panicking::default_hook::{closure#0}
[INFO] [stdout]    4:     0x600c936872e9 - std[617be2ca0a6fd877]::panicking::default_hook
[INFO] [stdout]    5:     0x600c935bf8b0 - test[aada8e7e76ba119b]::test_main_inner::{closure#0}
[INFO] [stdout]    6:     0x600c936874a2 - std[617be2ca0a6fd877]::panicking::panic_with_hook
[INFO] [stdout]    7:     0x600c936695a2 - std[617be2ca0a6fd877]::panicking::panic_handler::{closure#0}
[INFO] [stdout]    8:     0x600c936619d9 - std[617be2ca0a6fd877]::sys::backtrace::__rust_end_short_backtrace::<std[617be2ca0a6fd877]::panicking::panic_handler::{closure#0}, !>
[INFO] [stdout]    9:     0x600c9366a2bd - __rustc[ea4f61d10b84890b]::rust_begin_unwind
[INFO] [stdout]   10:     0x600c936a6e3c - core[a373ad73a504971]::panicking::panic_fmt
[INFO] [stdout]   11:     0x600c934b6d09 - <deno_workspace[47b5d317e6bb25a5]::glob::test::from_relative::{closure#0} as core[a373ad73a504971]::ops::function::FnOnce<()>>::call_once
[INFO] [stdout]   12:     0x600c935b2cfb - test[aada8e7e76ba119b]::__rust_begin_short_backtrace::<core[a373ad73a504971]::result::Result<(), alloc[2e1b2a31b91974c5]::string::String>, fn() -> core[a373ad73a504971]::result::Result<(), alloc[2e1b2a31b91974c5]::string::String>>
[INFO] [stdout]   13:     0x600c935bfed5 - test[aada8e7e76ba119b]::run_test::{closure#0}
[INFO] [stdout]   14:     0x600c935b97c4 - std[617be2ca0a6fd877]::sys::backtrace::__rust_begin_short_backtrace::<test[aada8e7e76ba119b]::run_test::{closure#1}, ()>
[INFO] [stdout]   15:     0x600c935c2f62 - <std[617be2ca0a6fd877]::thread::lifecycle::spawn_unchecked<test[aada8e7e76ba119b]::run_test::{closure#1}, ()>::{closure#1} as core[a373ad73a504971]::ops::function::FnOnce<()>>::call_once::{shim:vtable#0}
[INFO] [stdout]   16:     0x600c9368ef1f - <std[617be2ca0a6fd877]::sys::thread::unix::Thread>::new::thread_start
[INFO] [stdout]   17:     0x7be382baadfa - <unknown>
[INFO] [stdout]   18:     0x7be382c3e3d4 - clone
[INFO] [stdout]   19:                0x0 - <unknown>
[INFO] [stdout] 
[INFO] [stdout] ---- package_json::test::test_get_local_package_json_version_reqs_errors_non_npm_specifier stdout ----
[INFO] [stdout] 
[INFO] [stdout] thread 'package_json::test::test_get_local_package_json_version_reqs_errors_non_npm_specifier' (2143) panicked at src/package_json.rs:486:5:
[INFO] [stdout] assertion failed: `(left == right)`
[INFO] [stdout] 
[INFO] [stdout] [1mDiff[0m [31m< left[0m / [32mright >[0m :
[INFO] [stdout]  {
[INFO] [stdout]      "test": Err(
[INFO] [stdout] [31m<        "Invalid version requirement",[0m
[INFO] [stdout] [32m>        "Invalid [0m[1;48;5;22;32mnpm [0m[32mversion requirement[0m[1;48;5;22;32m. Unexpected character.\n  %*(#$%()\n  ~[0m[32m",[0m
[INFO] [stdout]      ),
[INFO] [stdout]  }
[INFO] [stdout] 
[INFO] [stdout] 
[INFO] [stdout] stack backtrace:
[INFO] [stdout]    0:     0x600c9368fbe1 - <<std[617be2ca0a6fd877]::sys::backtrace::BacktraceLock>::print::DisplayBacktrace as core[a373ad73a504971]::fmt::Display>::fmt
[INFO] [stdout]    1:     0x600c936a665a - core[a373ad73a504971]::fmt::write
[INFO] [stdout]    2:     0x600c936945ec - <alloc[2e1b2a31b91974c5]::vec::Vec<u8> as core[a373ad73a504971]::io::write::Write>::write_fmt
[INFO] [stdout]    3:     0x600c936694f6 - std[617be2ca0a6fd877]::panicking::default_hook::{closure#0}
[INFO] [stdout]    4:     0x600c936872e9 - std[617be2ca0a6fd877]::panicking::default_hook
[INFO] [stdout]    5:     0x600c935bf8b0 - test[aada8e7e76ba119b]::test_main_inner::{closure#0}
[INFO] [stdout]    6:     0x600c936874a2 - std[617be2ca0a6fd877]::panicking::panic_with_hook
[INFO] [stdout]    7:     0x600c936695a2 - std[617be2ca0a6fd877]::panicking::panic_handler::{closure#0}
[INFO] [stdout]    8:     0x600c936619d9 - std[617be2ca0a6fd877]::sys::backtrace::__rust_end_short_backtrace::<std[617be2ca0a6fd877]::panicking::panic_handler::{closure#0}, !>
[INFO] [stdout]    9:     0x600c9366a2bd - __rustc[ea4f61d10b84890b]::rust_begin_unwind
[INFO] [stdout]   10:     0x600c936a6e3c - core[a373ad73a504971]::panicking::panic_fmt
[INFO] [stdout]   11:     0x600c933ef0dc - <deno_workspace[47b5d317e6bb25a5]::package_json::test::test_get_local_package_json_version_reqs_errors_non_npm_specifier::{closure#0} as core[a373ad73a504971]::ops::function::FnOnce<()>>::call_once
[INFO] [stdout]   12:     0x600c935b2cfb - test[aada8e7e76ba119b]::__rust_begin_short_backtrace::<core[a373ad73a504971]::result::Result<(), alloc[2e1b2a31b91974c5]::string::String>, fn() -> core[a373ad73a504971]::result::Result<(), alloc[2e1b2a31b91974c5]::string::String>>
[INFO] [stdout]   13:     0x600c935bfed5 - test[aada8e7e76ba119b]::run_test::{closure#0}
[INFO] [stdout]   14:     0x600c935b97c4 - std[617be2ca0a6fd877]::sys::backtrace::__rust_begin_short_backtrace::<test[aada8e7e76ba119b]::run_test::{closure#1}, ()>
[INFO] [stdout]   15:     0x600c935c2f62 - <std[617be2ca0a6fd877]::thread::lifecycle::spawn_unchecked<test[aada8e7e76ba119b]::run_test::{closure#1}, ()>::{closure#1} as core[a373ad73a504971]::ops::function::FnOnce<()>>::call_once::{shim:vtable#0}
[INFO] [stdout]   16:     0x600c9368ef1f - <std[617be2ca0a6fd877]::sys::thread::unix::Thread>::new::thread_start
[INFO] [stdout]   17:     0x7be382baadfa - <unknown>
[INFO] [stdout]   18:     0x7be382c3e3d4 - clone
[INFO] [stdout]   19:                0x0 - <unknown>
[INFO] [stdout] 
[INFO] [stdout] 
[INFO] [stdout] failures:
[INFO] [stdout]     deno_json::tests::test_parse_config_exclude_lower_priority_glob
[INFO] [stdout]     deno_json::tests::test_parse_config_exclude_lower_priority_path
[INFO] [stdout]     glob::test::from_relative
[INFO] [stdout]     package_json::test::test_get_local_package_json_version_reqs_errors_non_npm_specifier
[INFO] [stdout] 
[INFO] [stdout] test result: FAILED. 125 passed; 4 failed; 0 ignored; 0 measured; 0 filtered out; finished in 0.04s
[INFO] [stdout] 
[INFO] running `Command { std: "docker" "inspect" "609b4a03fba0d1ac9edfd982b8725944822d1727dfc7850f7dddc6be80335b80", kill_on_drop: false }`
[INFO] running `Command { std: "docker" "rm" "-f" "609b4a03fba0d1ac9edfd982b8725944822d1727dfc7850f7dddc6be80335b80", kill_on_drop: false }`
[INFO] [stdout] 609b4a03fba0d1ac9edfd982b8725944822d1727dfc7850f7dddc6be80335b80
