[INFO] fetching crate deno_tower_lsp 0.5.0...
[INFO] testing deno_tower_lsp-0.5.0 against 1.99.0-beta.8+cargoflags=--release for beta-release-1.100-2
[INFO] extracting crate deno_tower_lsp 0.5.0 into /workspace/builds/worker-3-tc1/source
[INFO] removed /workspace/builds/worker-3-tc1/source/rust-toolchain.toml
[INFO] started tweaking crates.io crate deno_tower_lsp 0.5.0
[INFO] removed 0 missing examples
[INFO] finished tweaking crates.io crate deno_tower_lsp 0.5.0
[INFO] tweaked toml for crates.io crate deno_tower_lsp 0.5.0 written to /workspace/builds/worker-3-tc1/source/Cargo.toml
[INFO] validating manifest of crates.io crate deno_tower_lsp 0.5.0 on toolchain 1.99.0-beta.8
[INFO] running `Command { std: CARGO_HOME="/workspace/cargo-home" RUSTUP_HOME="/workspace/rustup-home" "/workspace/cargo-home/bin/cargo" "+1.99.0-beta.8" "metadata" "--manifest-path" "Cargo.toml" "--no-deps", kill_on_drop: false }`
[INFO] crate crates.io crate deno_tower_lsp 0.5.0 already has a lockfile, it will not be regenerated
[INFO] running `Command { std: CARGO_HOME="/workspace/cargo-home" RUSTUP_HOME="/workspace/rustup-home" "/workspace/cargo-home/bin/cargo" "+1.99.0-beta.8" "fetch" "--manifest-path" "Cargo.toml", kill_on_drop: false }`
[INFO] [stderr]     Updating crates.io index
[INFO] [stderr]  Downloading crates ...
[INFO] [stderr]   Downloaded ws_stream_tungstenite v0.11.0
[INFO] [stderr]   Downloaded async-tungstenite v0.23.0
[INFO] [stderr]   Downloaded deno-tower-lsp-macros v0.12.0
[INFO] [stderr]   Downloaded ls-types v0.0.3
[INFO] running `Command { std: "docker" "create" "-v" "/var/lib/crater-agent-workspace/builds/worker-3-tc1/source:/opt/rustwide/workdir:ro,Z" "-v" "/var/lib/crater-agent-workspace/builds/worker-3-tc1/target:/opt/rustwide/target:rw,Z" "-v" "/var/lib/crater-agent-workspace/cargo-home:/opt/rustwide/cargo-home:ro,Z" "-v" "/var/lib/crater-agent-workspace/rustup-home:/opt/rustwide/rustup-home:ro,Z" "-m" "1610612736" "--network" "none" "ghcr.io/rust-lang/crates-build-env/linux@sha256:77db811e55d90add9212f6832c23229e3de5f1c1f9905e8cb07319ea15df73ac" "sleep" "infinity", kill_on_drop: false }`
[INFO] [stdout] 13f9bd691c2d76138886364bacb389f0cb7e5f76ce9ea9535ad48b197f06e35d
[INFO] running `Command { std: "docker" "start" "13f9bd691c2d76138886364bacb389f0cb7e5f76ce9ea9535ad48b197f06e35d", kill_on_drop: false }`
[INFO] running `Command { std: "docker" "inspect" "13f9bd691c2d76138886364bacb389f0cb7e5f76ce9ea9535ad48b197f06e35d", kill_on_drop: false }`
[INFO] running `Command { std: "docker" "exec" "-e" "SOURCE_DIR=/opt/rustwide/workdir" "-e" "CARGO_HOME=/opt/rustwide/cargo-home" "-e" "RUSTUP_HOME=/opt/rustwide/rustup-home" "-e" "CARGO_TARGET_DIR=/opt/rustwide/target" "-w" "/opt/rustwide/workdir" "--user" "0:0" "13f9bd691c2d76138886364bacb389f0cb7e5f76ce9ea9535ad48b197f06e35d" "/opt/rustwide/cargo-home/bin/cargo" "+1.99.0-beta.8" "metadata" "--no-deps" "--format-version=1", kill_on_drop: false }`
[INFO] running `Command { std: "docker" "inspect" "13f9bd691c2d76138886364bacb389f0cb7e5f76ce9ea9535ad48b197f06e35d", kill_on_drop: false }`
[INFO] running `Command { std: "docker" "exec" "-e" "SOURCE_DIR=/opt/rustwide/workdir" "-e" "CARGO_HOME=/opt/rustwide/cargo-home" "-e" "RUSTUP_HOME=/opt/rustwide/rustup-home" "-e" "CARGO_TARGET_DIR=/opt/rustwide/target" "-e" "CARGO_INCREMENTAL=0" "-e" "RUST_BACKTRACE=full" "-e" "RUSTFLAGS=--cap-lints=warn" "-e" "RUSTDOCFLAGS=--cap-lints=warn" "-w" "/opt/rustwide/workdir" "--user" "0:0" "13f9bd691c2d76138886364bacb389f0cb7e5f76ce9ea9535ad48b197f06e35d" "/opt/rustwide/cargo-home/bin/cargo" "+1.99.0-beta.8" "build" "--frozen" "--message-format=json" "--release", kill_on_drop: false }`
[INFO] [stderr]    Compiling proc-macro2 v1.0.93
[INFO] [stderr]    Compiling unicode-ident v1.0.16
[INFO] [stderr]    Compiling libc v0.2.169
[INFO] [stderr]    Compiling slab v0.4.9
[INFO] [stderr]    Compiling serde v1.0.217
[INFO] [stderr]    Compiling lock_api v0.4.12
[INFO] [stderr]    Compiling futures-channel v0.3.31
[INFO] [stderr]    Compiling serde_json v1.0.138
[INFO] [stderr]    Compiling once_cell v1.20.3
[INFO] [stderr]    Compiling ryu v1.0.19
[INFO] [stderr]    Compiling httparse v1.10.0
[INFO] [stderr]    Compiling itoa v1.0.14
[INFO] [stderr]    Compiling tracing-core v0.1.33
[INFO] [stderr]    Compiling bitflags v2.8.0
[INFO] [stderr]    Compiling bytes v1.10.0
[INFO] [stderr]    Compiling quote v1.0.38
[INFO] [stderr]    Compiling syn v2.0.98
[INFO] [stderr]    Compiling parking_lot_core v0.9.10
[INFO] [stderr]    Compiling dashmap v5.5.3
[INFO] [stderr]    Compiling futures-macro v0.3.31
[INFO] [stderr]    Compiling serde_derive v1.0.217
[INFO] [stderr]    Compiling ref-cast-impl v1.0.25
[INFO] [stderr]    Compiling tokio-macros v2.5.0
[INFO] [stderr]    Compiling tracing-attributes v0.1.28
[INFO] [stderr]    Compiling deno-tower-lsp-macros v0.12.0
[INFO] [stderr]    Compiling async-trait v0.1.86
[INFO] [stderr]    Compiling auto_impl v1.2.1
[INFO] [stderr]    Compiling ref-cast v1.0.25
[INFO] [stderr]    Compiling fluent-uri v0.4.1
[INFO] [stderr]    Compiling tokio v1.43.0
[INFO] [stderr]    Compiling futures-util v0.3.31
[INFO] [stderr]    Compiling tracing v0.1.41
[INFO] [stderr]    Compiling tokio-util v0.7.13
[INFO] [stderr]    Compiling tower v0.5.2
[INFO] [stderr]    Compiling futures v0.3.31
[INFO] [stderr]    Compiling ls-types v0.0.3
[INFO] [stderr]    Compiling deno_tower_lsp v0.5.0 (/opt/rustwide/workdir)
[INFO] [stderr]     Finished `release` profile [optimized] target(s) in 56.03s
[INFO] running `Command { std: "docker" "inspect" "13f9bd691c2d76138886364bacb389f0cb7e5f76ce9ea9535ad48b197f06e35d", kill_on_drop: false }`
[INFO] running `Command { std: "docker" "exec" "-e" "SOURCE_DIR=/opt/rustwide/workdir" "-e" "CARGO_HOME=/opt/rustwide/cargo-home" "-e" "RUSTUP_HOME=/opt/rustwide/rustup-home" "-e" "CARGO_TARGET_DIR=/opt/rustwide/target" "-e" "CARGO_INCREMENTAL=0" "-e" "RUST_BACKTRACE=full" "-e" "RUSTFLAGS=--cap-lints=warn" "-e" "RUSTDOCFLAGS=--cap-lints=warn" "-w" "/opt/rustwide/workdir" "--user" "0:0" "13f9bd691c2d76138886364bacb389f0cb7e5f76ce9ea9535ad48b197f06e35d" "/opt/rustwide/cargo-home/bin/cargo" "+1.99.0-beta.8" "test" "--frozen" "--no-run" "--message-format=json" "--release", kill_on_drop: false }`
[INFO] [stderr]    Compiling semver v1.0.25
[INFO] [stderr]    Compiling litemap v0.7.4
[INFO] [stderr]    Compiling smallvec v1.13.2
[INFO] [stderr]    Compiling writeable v0.5.5
[INFO] [stderr]    Compiling syn v2.0.98
[INFO] [stderr]    Compiling icu_locid_transform_data v1.5.0
[INFO] [stderr]    Compiling icu_properties_data v1.5.0
[INFO] [stderr]    Compiling icu_normalizer_data v1.5.0
[INFO] [stderr]    Compiling utf16_iter v1.0.5
[INFO] [stderr]    Compiling write16 v1.0.0
[INFO] [stderr]    Compiling socket2 v0.5.8
[INFO] [stderr]    Compiling mio v1.0.3
[INFO] [stderr]    Compiling getrandom v0.2.15
[INFO] [stderr]    Compiling tracing-core v0.1.33
[INFO] [stderr]    Compiling log v0.4.25
[INFO] [stderr]    Compiling rand_core v0.6.4
[INFO] [stderr]    Compiling rustc_version v0.4.1
[INFO] [stderr]    Compiling form_urlencoded v1.2.1
[INFO] [stderr]    Compiling sha1 v0.10.6
[INFO] [stderr]    Compiling http v0.2.12
[INFO] [stderr]    Compiling data-encoding v2.8.0
[INFO] [stderr]    Compiling pharos v0.5.3
[INFO] [stderr]    Compiling async_io_stream v0.3.3
[INFO] [stderr]    Compiling ws_stream_tungstenite v0.11.0
[INFO] [stderr]    Compiling parking_lot_core v0.9.10
[INFO] [stderr]    Compiling tracing-log v0.2.0
[INFO] [stderr]    Compiling dashmap v5.5.3
[INFO] [stderr]    Compiling thread_local v1.1.8
[INFO] [stderr]    Compiling tracing-subscriber v0.3.19
[INFO] [stderr]    Compiling synstructure v0.13.1
[INFO] [stderr]    Compiling zerofrom-derive v0.1.5
[INFO] [stderr]    Compiling yoke-derive v0.7.5
[INFO] [stderr]    Compiling zerovec-derive v0.10.3
[INFO] [stderr]    Compiling displaydoc v0.2.5
[INFO] [stderr]    Compiling icu_provider_macros v1.5.0
[INFO] [stderr]    Compiling futures-macro v0.3.31
[INFO] [stderr]    Compiling zerocopy-derive v0.7.35
[INFO] [stderr]    Compiling tokio-macros v2.5.0
[INFO] [stderr]    Compiling thiserror-impl v1.0.69
[INFO] [stderr]    Compiling serde_derive v1.0.217
[INFO] [stderr]    Compiling tokio v1.43.0
[INFO] [stderr]    Compiling zerocopy v0.7.35
[INFO] [stderr]    Compiling futures-util v0.3.31
[INFO] [stderr]    Compiling ref-cast-impl v1.0.25
[INFO] [stderr]    Compiling tracing-attributes v0.1.28
[INFO] [stderr]    Compiling zerofrom v0.1.5
[INFO] [stderr]    Compiling ref-cast v1.0.25
[INFO] [stderr]    Compiling yoke v0.7.5
[INFO] [stderr]    Compiling fluent-uri v0.4.1
[INFO] [stderr]    Compiling zerovec v0.10.4
[INFO] [stderr]    Compiling ppv-lite86 v0.2.20
[INFO] [stderr]    Compiling thiserror v1.0.69
[INFO] [stderr]    Compiling async-trait v0.1.86
[INFO] [stderr]    Compiling rand_chacha v0.3.1
[INFO] [stderr]    Compiling rand v0.8.5
[INFO] [stderr]    Compiling tracing v0.1.41
[INFO] [stderr]    Compiling auto_impl v1.2.1
[INFO] [stderr]    Compiling deno-tower-lsp-macros v0.12.0
[INFO] [stderr]    Compiling tinystr v0.7.6
[INFO] [stderr]    Compiling icu_collections v1.5.0
[INFO] [stderr]    Compiling icu_locid v1.5.0
[INFO] [stderr]    Compiling serde v1.0.217
[INFO] [stderr]    Compiling icu_provider v1.5.0
[INFO] [stderr]    Compiling icu_locid_transform v1.5.0
[INFO] [stderr]    Compiling futures-executor v0.3.31
[INFO] [stderr]    Compiling tower v0.5.2
[INFO] [stderr]    Compiling futures v0.3.31
[INFO] [stderr]    Compiling tokio-util v0.7.13
[INFO] [stderr]    Compiling icu_properties v1.5.1
[INFO] [stderr]    Compiling serde_json v1.0.138
[INFO] [stderr]    Compiling ls-types v0.0.3
[INFO] [stderr]    Compiling icu_normalizer v1.5.0
[INFO] [stderr]    Compiling idna_adapter v1.2.0
[INFO] [stderr]    Compiling idna v1.0.3
[INFO] [stderr]    Compiling url v2.5.4
[INFO] [stderr]    Compiling tungstenite v0.20.1
[INFO] [stderr]    Compiling async-tungstenite v0.23.0
[INFO] [stderr]    Compiling deno_tower_lsp v0.5.0 (/opt/rustwide/workdir)
[INFO] [stderr]     Finished `release` profile [optimized] target(s) in 5m 22s
[INFO] running `Command { std: "docker" "inspect" "13f9bd691c2d76138886364bacb389f0cb7e5f76ce9ea9535ad48b197f06e35d", kill_on_drop: false }`
[INFO] running `Command { std: "docker" "exec" "-e" "SOURCE_DIR=/opt/rustwide/workdir" "-e" "CARGO_HOME=/opt/rustwide/cargo-home" "-e" "RUSTUP_HOME=/opt/rustwide/rustup-home" "-e" "CARGO_TARGET_DIR=/opt/rustwide/target" "-e" "CARGO_INCREMENTAL=0" "-e" "RUST_BACKTRACE=full" "-e" "RUSTFLAGS=--cap-lints=warn" "-e" "RUSTDOCFLAGS=--cap-lints=warn" "-w" "/opt/rustwide/workdir" "--user" "0:0" "13f9bd691c2d76138886364bacb389f0cb7e5f76ce9ea9535ad48b197f06e35d" "/opt/rustwide/cargo-home/bin/cargo" "+1.99.0-beta.8" "test" "--frozen" "--release", kill_on_drop: false }`
[INFO] [stderr]     Finished `release` profile [optimized] target(s) in 0.32s
[INFO] [stderr]      Running unittests src/lib.rs (/opt/rustwide/target/release/deps/deno_tower_lsp-e067141ef0563eb1)
[INFO] [stdout] 
[INFO] [stdout] running 38 tests
[INFO] [stdout] test codec::tests::decodes_optional_content_type ... ok
[INFO] [stdout] test codec::tests::decodes_small_chunks ... ok
[INFO] [stdout] test codec::tests::encode_and_decode ... ok
[INFO] [stdout] test jsonrpc::router::tests::ignores_nonexistent_notification ... ok
[INFO] [stdout] test jsonrpc::router::tests::ignores_notification_with_invalid_params ... ok
[INFO] [stdout] test jsonrpc::router::tests::rejects_request_with_invalid_params ... ok
[INFO] [stdout] test codec::tests::recovers_from_parse_error ... ok
[INFO] [stdout] test codec::tests::decodes_zero_length_message ... ok
[INFO] [stdout] test jsonrpc::router::tests::responds_to_nonexistent_request ... ok
[INFO] [stdout] test jsonrpc::tests::accepts_null_request_id ... ok
[INFO] [stdout] test jsonrpc::tests::incoming_from_str_or_value ... ok
[INFO] [stdout] test jsonrpc::tests::outgoing_from_str_or_value ... ok
[INFO] [stdout] test jsonrpc::error::tests::error_code_serializes_as_i64 ... ok
[INFO] [stdout] test jsonrpc::router::tests::routes_notifications ... ok
[INFO] [stdout] test jsonrpc::router::tests::routes_requests ... ok
[INFO] [stdout] test service::client::pending::tests::routes_responses_in_fifo_order ... ok
[INFO] [stdout] test service::client::pending::tests::waits_for_client_response ... ok
[INFO] [stdout] test service::client::tests::log_message ... ok
[INFO] [stdout] test service::client::tests::publish_diagnostics ... ok
[INFO] [stdout] test service::client::tests::telemetry_event ... ok
[INFO] [stdout] test jsonrpc::tests::accepts_negative_integer_request_id ... ok
[INFO] [stdout] test jsonrpc::tests::parses_invalid_server_request ... ok
[INFO] [stdout] test jsonrpc::tests::parses_incoming_message ... ok
[INFO] [stdout] test jsonrpc::router::tests::handles_incorrect_request_types ... ok
[INFO] [stdout] test service::pending::tests::executes_server_request ... ok
[INFO] [stdout] test jsonrpc::error::tests::error_code_deserializes_from_i64 ... ok
[INFO] [stdout] test jsonrpc::tests::parses_outgoing_message ... ok
[INFO] [stdout] test service::tests::cancels_pending_requests ... ok
[INFO] [stdout] test service::tests::exit_notification ... ok
[INFO] [stdout] test service::client::tests::show_message ... ok
[INFO] [stdout] test service::tests::get_inner ... ok
[INFO] [stdout] test service::pending::tests::cancels_server_request ... ok
[INFO] [stdout] test service::tests::initializes_only_once ... ok
[INFO] [stdout] test transport::tests::serves_on_stdio ... ok
[INFO] [stdout] test service::tests::refuses_requests_after_shutdown ... ok
[INFO] [stdout] test service::tests::serves_custom_requests ... ok
[INFO] [stdout] test transport::tests::handles_invalid_json ... ok
[INFO] [stdout] test transport::tests::interleaves_messages ... FAILED
[INFO] [stdout] 
[INFO] [stdout] failures:
[INFO] [stdout] 
[INFO] [stdout] ---- transport::tests::interleaves_messages stdout ----
[INFO] [stdout] 
[INFO] [stdout] thread 'transport::tests::interleaves_messages' (2301) panicked at src/transport.rs:301:9:
[INFO] [stdout] assertion `left == right` failed
[INFO] [stdout]   left: [67, 111, 110, 116, 101, 110, 116, 45, 76, 101, 110, 103, 116, 104, 58, 32, 53, 56, 13, 10, 13, 10, 123, 34, 106, 115, 111, 110, 114, 112, 99, 34, 58, 34, 50, 46, 48, 34, 44, 34, 109, 101, 116, 104, 111, 100, 34, 58, 34, 105, 110, 105, 116, 105, 97, 108, 105, 122, 101, 34, 44, 34, 112, 97, 114, 97, 109, 115, 34, 58, 123, 125, 44, 34, 105, 100, 34, 58, 49, 125]
[INFO] [stdout]  right: [67, 111, 110, 116, 101, 110, 116, 45, 76, 101, 110, 103, 116, 104, 58, 32, 53, 56, 13, 10, 13, 10, 123, 34, 106, 115, 111, 110, 114, 112, 99, 34, 58, 34, 50, 46, 48, 34, 44, 34, 109, 101, 116, 104, 111, 100, 34, 58, 34, 105, 110, 105, 116, 105, 97, 108, 105, 122, 101, 34, 44, 34, 112, 97, 114, 97, 109, 115, 34, 58, 123, 125, 44, 34, 105, 100, 34, 58, 49, 125, 67, 111, 110, 116, 101, 110, 116, 45, 76, 101, 110, 103, 116, 104, 58, 32, 53, 51, 13, 10, 13, 10, 123, 34, 106, 115, 111, 110, 114, 112, 99, 34, 58, 34, 50, 46, 48, 34, 44, 34, 114, 101, 115, 117, 108, 116, 34, 58, 123, 34, 99, 97, 112, 97, 98, 105, 108, 105, 116, 105, 101, 115, 34, 58, 123, 125, 125, 44, 34, 105, 100, 34, 58, 49, 125]
[INFO] [stdout] stack backtrace:
[INFO] [stdout]    0:     0x573922922fd1 - <<std[70759c8f55707aa4]::sys::backtrace::BacktraceLock>::print::DisplayBacktrace as core[df12db4294e9bfd3]::fmt::Display>::fmt
[INFO] [stdout]    1:     0x573922937fda - core[df12db4294e9bfd3]::fmt::write
[INFO] [stdout]    2:     0x5739229275dc - <alloc[2182bb758b4b3781]::vec::Vec<u8> as core[df12db4294e9bfd3]::io::write::Write>::write_fmt
[INFO] [stdout]    3:     0x5739228feec6 - std[70759c8f55707aa4]::panicking::default_hook::{closure#0}
[INFO] [stdout]    4:     0x57392291b389 - std[70759c8f55707aa4]::panicking::default_hook
[INFO] [stdout]    5:     0x573922889bc0 - test[9d35eded1c95d3be]::test_main_inner::<test[9d35eded1c95d3be]::test_main_static::{closure#0}>::{closure#0}
[INFO] [stdout]    6:     0x57392291b6b2 - std[70759c8f55707aa4]::panicking::panic_with_hook
[INFO] [stdout]    7:     0x5739228fef72 - std[70759c8f55707aa4]::panicking::panic_handler::{closure#0}
[INFO] [stdout]    8:     0x5739228f7cc9 - std[70759c8f55707aa4]::sys::backtrace::__rust_end_short_backtrace::<std[70759c8f55707aa4]::panicking::panic_handler::{closure#0}, !>
[INFO] [stdout]    9:     0x5739228ffb6d - __rustc[8fa7c3cbc660c2b3]::rust_begin_unwind
[INFO] [stdout]   10:     0x57392293873c - core[df12db4294e9bfd3]::panicking::panic_fmt
[INFO] [stdout]   11:     0x573922938653 - core[df12db4294e9bfd3]::panicking::assert_failed_inner
[INFO] [stdout]   12:     0x5739228200cf - core[df12db4294e9bfd3]::panicking::assert_failed::<alloc[2182bb758b4b3781]::vec::Vec<u8>, alloc[2182bb758b4b3781]::vec::Vec<u8>>
[INFO] [stdout]   13:     0x5739228741ed - deno_tower_lsp[7d9004af4b73f5cb]::transport::tests::interleaves_messages::{closure#0}
[INFO] [stdout]   14:     0x5739227c63e3 - <tokio[5a27aa1b2654bdbc]::runtime::scheduler::current_thread::Context>::enter::<core[df12db4294e9bfd3]::task::poll::Poll<()>, <tokio[5a27aa1b2654bdbc]::runtime::scheduler::current_thread::CoreGuard>::block_on<core[df12db4294e9bfd3]::pin::Pin<&mut core[df12db4294e9bfd3]::pin::Pin<&mut dyn core[df12db4294e9bfd3]::future::future::Future<Output = ()>>>>::{closure#0}::{closure#0}>
[INFO] [stdout]   15:     0x57392281e792 - <tokio[5a27aa1b2654bdbc]::runtime::context::scoped::Scoped<tokio[5a27aa1b2654bdbc]::runtime::scheduler::Context>>::set::<<tokio[5a27aa1b2654bdbc]::runtime::scheduler::current_thread::CoreGuard>::enter<<tokio[5a27aa1b2654bdbc]::runtime::scheduler::current_thread::CoreGuard>::block_on<core[df12db4294e9bfd3]::pin::Pin<&mut core[df12db4294e9bfd3]::pin::Pin<&mut dyn core[df12db4294e9bfd3]::future::future::Future<Output = ()>>>>::{closure#0}, core[df12db4294e9bfd3]::option::Option<()>>::{closure#0}, (alloc[2182bb758b4b3781]::boxed::Box<tokio[5a27aa1b2654bdbc]::runtime::scheduler::current_thread::Core>, core[df12db4294e9bfd3]::option::Option<()>)>
[INFO] [stdout]   16:     0x5739227c56bb - <tokio[5a27aa1b2654bdbc]::runtime::runtime::Runtime>::block_on::<core[df12db4294e9bfd3]::pin::Pin<&mut dyn core[df12db4294e9bfd3]::future::future::Future<Output = ()>>>
[INFO] [stdout]   17:     0x57392287af59 - deno_tower_lsp[7d9004af4b73f5cb]::transport::tests::interleaves_messages
[INFO] [stdout]   18:     0x57392284aa39 - <deno_tower_lsp[7d9004af4b73f5cb]::transport::tests::interleaves_messages::{closure#0} as core[df12db4294e9bfd3]::ops::function::FnOnce<()>>::call_once
[INFO] [stdout]   19:     0x57392287ceab - test[9d35eded1c95d3be]::__rust_begin_short_backtrace::<core[df12db4294e9bfd3]::result::Result<(), alloc[2182bb758b4b3781]::string::String>, fn() -> core[df12db4294e9bfd3]::result::Result<(), alloc[2182bb758b4b3781]::string::String>>
[INFO] [stdout]   20:     0x57392288a515 - test[9d35eded1c95d3be]::run_test::{closure#0}
[INFO] [stdout]   21:     0x573922883dd4 - std[70759c8f55707aa4]::sys::backtrace::__rust_begin_short_backtrace::<test[9d35eded1c95d3be]::run_test::{closure#1}, ()>
[INFO] [stdout]   22:     0x57392288d672 - <std[70759c8f55707aa4]::thread::lifecycle::spawn_unchecked<test[9d35eded1c95d3be]::run_test::{closure#1}, ()>::{closure#1} as core[df12db4294e9bfd3]::ops::function::FnOnce<()>>::call_once::{shim:vtable#0}
[INFO] [stdout]   23:     0x573922922869 - <std[70759c8f55707aa4]::sys::thread::unix::Thread>::new::thread_start
[INFO] [stdout]   24:     0x781f02e38dfa - <unknown>
[INFO] [stdout]   25:     0x781f02ecc3d4 - clone
[INFO] [stdout]   26:                0x0 - <unknown>
[INFO] [stdout] 
[INFO] [stdout] 
[INFO] [stdout] failures:
[INFO] [stdout]     transport::tests::interleaves_messages
[INFO] [stdout] 
[INFO] [stdout] test result: FAILED. 37 passed; 1 failed; 0 ignored; 0 measured; 0 filtered out; finished in 0.02s
[INFO] [stdout] 
[INFO] [stderr] error: test failed, to rerun pass `--lib`
[INFO] running `Command { std: "docker" "inspect" "13f9bd691c2d76138886364bacb389f0cb7e5f76ce9ea9535ad48b197f06e35d", kill_on_drop: false }`
[INFO] running `Command { std: "docker" "rm" "-f" "13f9bd691c2d76138886364bacb389f0cb7e5f76ce9ea9535ad48b197f06e35d", kill_on_drop: false }`
[INFO] [stdout] 13f9bd691c2d76138886364bacb389f0cb7e5f76ce9ea9535ad48b197f06e35d
