[INFO] fetching crate deno_task_shell 0.33.3...
[INFO] testing deno_task_shell-0.33.3 against 1.100.0-beta.1+cargoflags=--release for beta-release-1.100-2
[INFO] extracting crate deno_task_shell 0.33.3 into /workspace/builds/worker-4-tc2/source
[INFO] removed /workspace/builds/worker-4-tc2/source/rust-toolchain.toml
[INFO] started tweaking crates.io crate deno_task_shell 0.33.3
[INFO] removed 0 missing tests
[INFO] finished tweaking crates.io crate deno_task_shell 0.33.3
[INFO] tweaked toml for crates.io crate deno_task_shell 0.33.3 written to /workspace/builds/worker-4-tc2/source/Cargo.toml
[INFO] validating manifest of crates.io crate deno_task_shell 0.33.3 on toolchain 1.100.0-beta.1
[INFO] running `Command { std: CARGO_HOME="/workspace/cargo-home" RUSTUP_HOME="/workspace/rustup-home" "/workspace/cargo-home/bin/cargo" "+1.100.0-beta.1" "metadata" "--manifest-path" "Cargo.toml" "--no-deps", kill_on_drop: false }`
[INFO] crate crates.io crate deno_task_shell 0.33.3 already has a lockfile, it will not be regenerated
[INFO] running `Command { std: CARGO_HOME="/workspace/cargo-home" RUSTUP_HOME="/workspace/rustup-home" "/workspace/cargo-home/bin/cargo" "+1.100.0-beta.1" "fetch" "--manifest-path" "Cargo.toml", kill_on_drop: false }`
[INFO] running `Command { std: "docker" "create" "-v" "/var/lib/crater-agent-workspace/builds/worker-4-tc2/source:/opt/rustwide/workdir:ro,Z" "-v" "/var/lib/crater-agent-workspace/builds/worker-4-tc2/target:/opt/rustwide/target:rw,Z" "-v" "/var/lib/crater-agent-workspace/cargo-home:/opt/rustwide/cargo-home:ro,Z" "-v" "/var/lib/crater-agent-workspace/rustup-home:/opt/rustwide/rustup-home:ro,Z" "-m" "1610612736" "--network" "none" "ghcr.io/rust-lang/crates-build-env/linux@sha256:77db811e55d90add9212f6832c23229e3de5f1c1f9905e8cb07319ea15df73ac" "sleep" "infinity", kill_on_drop: false }`
[INFO] [stdout] 0261df1d6c2e700f074c8f2d0eb3212c0d3a3ad2064ea6f9b5458f2cb4e2b271
[INFO] running `Command { std: "docker" "start" "0261df1d6c2e700f074c8f2d0eb3212c0d3a3ad2064ea6f9b5458f2cb4e2b271", kill_on_drop: false }`
[INFO] running `Command { std: "docker" "inspect" "0261df1d6c2e700f074c8f2d0eb3212c0d3a3ad2064ea6f9b5458f2cb4e2b271", kill_on_drop: false }`
[INFO] running `Command { std: "docker" "exec" "-e" "SOURCE_DIR=/opt/rustwide/workdir" "-e" "CARGO_HOME=/opt/rustwide/cargo-home" "-e" "RUSTUP_HOME=/opt/rustwide/rustup-home" "-e" "CARGO_TARGET_DIR=/opt/rustwide/target" "-w" "/opt/rustwide/workdir" "--user" "0:0" "0261df1d6c2e700f074c8f2d0eb3212c0d3a3ad2064ea6f9b5458f2cb4e2b271" "/opt/rustwide/cargo-home/bin/cargo" "+1.100.0-beta.1" "metadata" "--no-deps" "--format-version=1", kill_on_drop: false }`
[INFO] running `Command { std: "docker" "inspect" "0261df1d6c2e700f074c8f2d0eb3212c0d3a3ad2064ea6f9b5458f2cb4e2b271", kill_on_drop: false }`
[INFO] running `Command { std: "docker" "exec" "-e" "SOURCE_DIR=/opt/rustwide/workdir" "-e" "CARGO_HOME=/opt/rustwide/cargo-home" "-e" "RUSTUP_HOME=/opt/rustwide/rustup-home" "-e" "CARGO_TARGET_DIR=/opt/rustwide/target" "-e" "CARGO_INCREMENTAL=0" "-e" "RUST_BACKTRACE=full" "-e" "RUSTFLAGS=--cap-lints=warn" "-e" "RUSTDOCFLAGS=--cap-lints=warn" "-w" "/opt/rustwide/workdir" "--user" "0:0" "0261df1d6c2e700f074c8f2d0eb3212c0d3a3ad2064ea6f9b5458f2cb4e2b271" "/opt/rustwide/cargo-home/bin/cargo" "+1.100.0-beta.1" "build" "--frozen" "--message-format=json" "--release", kill_on_drop: false }`
[INFO] [stderr]    Compiling proc-macro2 v1.0.92
[INFO] [stderr]    Compiling unicode-ident v1.0.14
[INFO] [stderr]    Compiling writeable v0.5.5
[INFO] [stderr]    Compiling litemap v0.7.5
[INFO] [stderr]    Compiling icu_locid_transform_data v1.5.1
[INFO] [stderr]    Compiling libc v0.2.169
[INFO] [stderr]    Compiling icu_properties_data v1.5.1
[INFO] [stderr]    Compiling icu_normalizer_data v1.5.1
[INFO] [stderr]    Compiling utf16_iter v1.0.5
[INFO] [stderr]    Compiling smallvec v1.13.2
[INFO] [stderr]    Compiling write16 v1.0.0
[INFO] [stderr]    Compiling form_urlencoded v1.2.1
[INFO] [stderr]    Compiling thiserror v2.0.9
[INFO] [stderr]    Compiling nix v0.29.0
[INFO] [stderr]    Compiling bytes v1.9.0
[INFO] [stderr]    Compiling path-dedot v3.1.1
[INFO] [stderr]    Compiling glob v0.3.2
[INFO] [stderr]    Compiling monch v0.6.0
[INFO] [stderr]    Compiling which v8.0.0
[INFO] [stderr]    Compiling quote v1.0.38
[INFO] [stderr]    Compiling syn v2.0.95
[INFO] [stderr]    Compiling mio v1.0.3
[INFO] [stderr]    Compiling signal-hook-registry v1.4.2
[INFO] [stderr]    Compiling synstructure v0.13.1
[INFO] [stderr]    Compiling zerofrom-derive v0.1.6
[INFO] [stderr]    Compiling yoke-derive v0.7.5
[INFO] [stderr]    Compiling zerovec-derive v0.10.3
[INFO] [stderr]    Compiling displaydoc v0.2.5
[INFO] [stderr]    Compiling icu_provider_macros v1.5.0
[INFO] [stderr]    Compiling futures-macro v0.3.31
[INFO] [stderr]    Compiling deno_error_macro v0.7.0
[INFO] [stderr]    Compiling thiserror-impl v2.0.9
[INFO] [stderr]    Compiling sys_traits_macros v0.1.0
[INFO] [stderr]    Compiling tokio-macros v2.4.0
[INFO] [stderr]    Compiling sys_traits v0.1.17
[INFO] [stderr]    Compiling tokio v1.42.0
[INFO] [stderr]    Compiling futures-util v0.3.31
[INFO] [stderr]    Compiling zerofrom v0.1.6
[INFO] [stderr]    Compiling yoke v0.7.5
[INFO] [stderr]    Compiling zerovec v0.10.4
[INFO] [stderr]    Compiling tinystr v0.7.6
[INFO] [stderr]    Compiling icu_collections v1.5.0
[INFO] [stderr]    Compiling icu_locid v1.5.0
[INFO] [stderr]    Compiling icu_provider v1.5.0
[INFO] [stderr]    Compiling icu_locid_transform v1.5.0
[INFO] [stderr]    Compiling futures-executor v0.3.31
[INFO] [stderr]    Compiling futures v0.3.31
[INFO] [stderr]    Compiling icu_properties v1.5.1
[INFO] [stderr]    Compiling icu_normalizer v1.5.0
[INFO] [stderr]    Compiling idna_adapter v1.2.0
[INFO] [stderr]    Compiling idna v1.0.3
[INFO] [stderr]    Compiling url v2.5.4
[INFO] [stderr]    Compiling deno_error v0.7.0
[INFO] [stderr]    Compiling deno_path_util v0.6.0
[INFO] [stderr]    Compiling deno_task_shell v0.33.3 (/opt/rustwide/workdir)
[INFO] [stderr]     Finished `release` profile [optimized] target(s) in 45.03s
[INFO] [stderr] warning: the following packages contain code that will be rejected by a future version of Rust: nix v0.29.0
[INFO] [stderr] note: to see what the problems were, use the option `--future-incompat-report`, or run `cargo report future-incompatibilities --id 7`
[INFO] running `Command { std: "docker" "inspect" "0261df1d6c2e700f074c8f2d0eb3212c0d3a3ad2064ea6f9b5458f2cb4e2b271", kill_on_drop: false }`
[INFO] running `Command { std: "docker" "exec" "-e" "SOURCE_DIR=/opt/rustwide/workdir" "-e" "CARGO_HOME=/opt/rustwide/cargo-home" "-e" "RUSTUP_HOME=/opt/rustwide/rustup-home" "-e" "CARGO_TARGET_DIR=/opt/rustwide/target" "-e" "CARGO_INCREMENTAL=0" "-e" "RUST_BACKTRACE=full" "-e" "RUSTFLAGS=--cap-lints=warn" "-e" "RUSTDOCFLAGS=--cap-lints=warn" "-w" "/opt/rustwide/workdir" "--user" "0:0" "0261df1d6c2e700f074c8f2d0eb3212c0d3a3ad2064ea6f9b5458f2cb4e2b271" "/opt/rustwide/cargo-home/bin/cargo" "+1.100.0-beta.1" "test" "--frozen" "--no-run" "--message-format=json" "--release", kill_on_drop: false }`
[INFO] [stderr]    Compiling serde v1.0.217
[INFO] [stderr]    Compiling rustix v0.38.42
[INFO] [stderr]    Compiling serde_json v1.0.134
[INFO] [stderr]    Compiling linux-raw-sys v0.4.14
[INFO] [stderr]    Compiling getrandom v0.2.15
[INFO] [stderr]    Compiling yansi v1.0.1
[INFO] [stderr]    Compiling parking_lot_core v0.9.10
[INFO] [stderr]    Compiling nix v0.29.0
[INFO] [stderr]    Compiling diff v0.1.13
[INFO] [stderr]    Compiling itoa v1.0.14
[INFO] [stderr]    Compiling parking_lot v0.12.3
[INFO] [stderr]    Compiling pretty_assertions v1.4.1
[INFO] [stderr]    Compiling deno_unsync v0.4.2
[INFO] [stderr]    Compiling tempfile v3.15.0
[INFO] [stderr]    Compiling deno_task_shell v0.33.3 (/opt/rustwide/workdir)
[INFO] [stderr]     Finished `release` profile [optimized] target(s) in 30.78s
[INFO] [stderr] warning: the following packages contain code that will be rejected by a future version of Rust: nix v0.29.0
[INFO] [stderr] note: to see what the problems were, use the option `--future-incompat-report`, or run `cargo report future-incompatibilities --id 7`
[INFO] running `Command { std: "docker" "inspect" "0261df1d6c2e700f074c8f2d0eb3212c0d3a3ad2064ea6f9b5458f2cb4e2b271", kill_on_drop: false }`
[INFO] running `Command { std: "docker" "exec" "-e" "SOURCE_DIR=/opt/rustwide/workdir" "-e" "CARGO_HOME=/opt/rustwide/cargo-home" "-e" "RUSTUP_HOME=/opt/rustwide/rustup-home" "-e" "CARGO_TARGET_DIR=/opt/rustwide/target" "-e" "CARGO_INCREMENTAL=0" "-e" "RUST_BACKTRACE=full" "-e" "RUSTFLAGS=--cap-lints=warn" "-e" "RUSTDOCFLAGS=--cap-lints=warn" "-w" "/opt/rustwide/workdir" "--user" "0:0" "0261df1d6c2e700f074c8f2d0eb3212c0d3a3ad2064ea6f9b5458f2cb4e2b271" "/opt/rustwide/cargo-home/bin/cargo" "+1.100.0-beta.1" "test" "--frozen" "--release", kill_on_drop: false }`
[INFO] [stderr]     Finished `release` profile [optimized] target(s) in 0.18s
[INFO] [stderr] warning: the following packages contain code that will be rejected by a future version of Rust: nix v0.29.0
[INFO] [stderr] note: to see what the problems were, use the option `--future-incompat-report`, or run `cargo report future-incompatibilities --id 7`
[INFO] [stderr]      Running unittests src/lib.rs (/opt/rustwide/target/release/build/deno_task_shell/301be7d245b400ad/out/deno_task_shell-301be7d245b400ad)
[INFO] [stdout] 
[INFO] [stdout] running 70 tests
[INFO] [stdout] test parser::test::test_double_quotes ... ok
[INFO] [stdout] test parser::test::multi_line_input ... ok
[INFO] [stdout] test parser::test::test_parse_word_escaped_operators ... ok
[INFO] [stdout] test parser::test::test_escaped_operators_are_arguments ... ok
[INFO] [stdout] test parser::test::test_single_quotes ... ok
[INFO] [stdout] test parser::test::multi_line_error_messages_point_at_the_right_line ... ok
[INFO] [stdout] test parser::test::comments ... ok
[INFO] [stdout] test parser::test::test_parse_word ... ok
[INFO] [stdout] test parser::test::reserved_words_in_argument_position ... ok
[INFO] [stdout] test parser::test::test_single_quotes_mid_word ... ok
[INFO] [stdout] test parser::test::test_parse_u32 ... ok
[INFO] [stdout] test parser::test::test_redirects ... ok
[INFO] [stdout] test parser::test::backslash_newline_line_continuation ... ok
[INFO] [stdout] test parser::test::test_main ... ok
[INFO] [stdout] test shell::commands::cd::test::parses_args ... ok
[INFO] [stdout] test parser::test::test_brace_expansion_parser ... ok
[INFO] [stdout] test parser::test::test_env_var ... ok
[INFO] [stdout] test shell::commands::cp_mv::test::should_not_panic_with_root_source ... ok
[INFO] [stdout] test shell::commands::head::test::copies_all_but_last_lines ... ok
[INFO] [stdout] test shell::commands::exit::test::parses_args ... ok
[INFO] [stdout] test parser::test::tilde_expansion ... ok
[INFO] [stdout] test shell::commands::args::test::parses ... ok
[INFO] [stdout] test parser::test::test_windows_path_before_operator ... ok
[INFO] [stdout] test parser::test::item_separator_flags ... ok
[INFO] [stdout] test shell::commands::cat::test::parses_args ... ok
[INFO] [stdout] test parser::test::test_sequential_list ... ok
[INFO] [stdout] test shell::commands::exit::test::executes_exit ... ok
[INFO] [stdout] test shell::commands::rm::test::parses_args ... ok
[INFO] [stdout] test shell::commands::head::test::parses_args ... ok
[INFO] [stdout] test shell::commands::mkdir::test::parses_args ... ok
[INFO] [stdout] test shell::commands::head::test::copies_all_but_last_two_lines ... ok
[INFO] [stdout] test shell::commands::rm::test::test_dir ... ok
[INFO] [stdout] test shell::commands::sleep::test::should_parse_arg ... ok
[INFO] [stdout] test shell::commands::sleep::test::should_parse_args ... ok
[INFO] [stdout] test parser::test::redirect_missing_path_is_error ... ok
[INFO] [stdout] test shell::commands::test::tests::integer_comparison ... ok
[INFO] [stdout] test shell::commands::head::test::copies_lines_with_buffer_of_one_and_half_times_of_each_line_length ... ok
[INFO] [stdout] test shell::commands::test::tests::integer_parse_error ... ok
[INFO] [stdout] test shell::commands::pwd::test::parses_args ... ok
[INFO] [stdout] test shell::commands::test::tests::string_comparison ... ok
[INFO] [stdout] test shell::commands::test::tests::file_predicates ... ok
[INFO] [stdout] test shell::commands::head::test::copies_lines_with_buffer_size_to_match_each_line_length ... ok
[INFO] [stdout] test shell::commands::test::tests::string_predicates ... ok
[INFO] [stdout] test shell::commands::test::tests::single_arg_string_truthiness ... ok
[INFO] [stdout] test shell::commands::rm::test::test_force ... ok
[INFO] [stdout] test shell::commands::rm::test::test_recursive ... ok
[INFO] [stdout] test shell::commands::cp_mv::test::should_move ... ok
[INFO] [stdout] test shell::commands::test::tests::syntax_errors ... ok
[INFO] [stdout] test shell::commands::test::tests::negation ... ok
[INFO] [stdout] test shell::commands::head::test::copies_lines_with_shorter_buffer_size ... ok
[INFO] [stdout] test shell::commands::head::test::copies_all_but_last_lines_when_skip_exceeds_total ... ok
[INFO] [stdout] test shell::commands::test::tests::zero_args_is_false ... ok
[INFO] [stdout] test shell::commands::unset::test::parse_args ... ok
[INFO] [stdout] test shell::commands::head::test::copies_lines_with_long_buffer_size ... ok
[INFO] [stdout] test shell::commands::xargs::test::parses_args ... ok
[INFO] [stdout] test shell::commands::xargs::test::should_delimit_blanks ... ok
[INFO] [stdout] test shell::types::test::test_propagation_and_is_aborted_flag ... ok
[INFO] [stdout] test shell::commands::xargs::test::test_xargs_collect_args ... ok
[INFO] [stdout] test shell::types::test::test_signal_propagation_on_sub_tree ... ok
[INFO] [stdout] test shell::types::test::test_send_and_wait_any ... ok
[INFO] [stdout] test shell::types::test::test_wait_aborted ... ok
[INFO] [stdout] test shell::execute::test::test_trim_and_normalize_whitespaces_to_spaces ... ok
[INFO] [stdout] test shell::types::test::test_drop_guard ... ok
[INFO] [stdout] test shell::types::test::test_dropped_child_signal_cleanup ... ok
[INFO] [stdout] test shell::types::test::test_signal_propagation_to_child_and_grandchild ... ok
[INFO] [stdout] test shell::commands::mkdir::test::test_creates ... ok
[INFO] [stdout] test shell::commands::cp_mv::test::should_copy ... ok
[INFO] [stdout] test shell::commands::cp_mv::test::should_copy_trailing_dot_dir_contents ... ok
[INFO] [stdout] test shell::commands::cd::test::gets_new_cd ... ok
[INFO] [stdout] test shell::commands::sleep::test::should_execute ... ok
[INFO] [stdout] 
[INFO] [stdout] test result: ok. 70 passed; 0 failed; 0 ignored; 0 measured; 0 filtered out; finished in 0.15s
[INFO] [stdout] 
[INFO] [stderr]      Running tests/integration_test.rs (/opt/rustwide/target/release/build/deno_task_shell/7497ca4b139e98a9/out/integration_test-7497ca4b139e98a9)
[INFO] [stdout] 
[INFO] [stdout] running 52 tests
[INFO] [stdout] test custom_command ... ok
[INFO] [stdout] test boolean_logic ... ok
[INFO] [stdout] test cat ... ok
[INFO] [stdout] test commands ... FAILED
[INFO] [stdout] test glob_case_insensitive ... ok
[INFO] [stdout] test cross_platform_shebang ... FAILED
[INFO] [stdout] test exit ... ok
[INFO] [stdout] test double_quotes ... ok
[INFO] [stdout] test env_variables ... FAILED
[INFO] [stdout] test custom_command_resolve_command_path ... FAILED
[INFO] [stdout] test glob_escapes ... ok
[INFO] [stdout] test brace_expansion ... ok
[INFO] [stdout] test exit_code_var ... FAILED
[INFO] [stdout] test comments ... ok
[INFO] [stdout] test errexit_option ... ok
[INFO] [stdout] test listens_for_signals_exits_gracefully ... FAILED
[INFO] [stdout] test escaped_operators ... ok
[INFO] [stdout] test multi_line_commands ... ok
[INFO] [stdout] test null_command ... ok
[INFO] [stdout] test provided_signal_cancel ... ok
[INFO] [stdout] test mkdir ... ok
[INFO] [stdout] test pipeline ... FAILED
[INFO] [stdout] test paren_escapes ... ok
[INFO] [stdout] test glob_basic ... ok
[INFO] [stdout] test pwd ... ok
[INFO] [stdout] test cp ... ok
[INFO] [stdout] test negated ... ok
[INFO] [stdout] test mv ... ok
[INFO] [stdout] test shell_variables ... FAILED
[INFO] [stdout] test redirects_output ... FAILED
[INFO] [stdout] test rm ... ok
[INFO] [stdout] test head ... ok
[INFO] [stdout] test pipefail_option ... ok
[INFO] [stdout] test redirects_input ... ok
[INFO] [stdout] test shopt_globstar ... ok
[INFO] [stdout] test unset ... FAILED
[INFO] [stdout] test tilde_expansion ... ok
[INFO] [stdout] test pwd_logical ... ok
[INFO] [stdout] test shopt_nullglob ... ok
[INFO] [stdout] test pipefail_with_sigpipe ... ok
[INFO] [stdout] test stdin ... FAILED
[INFO] [stdout] test shopt ... ok
[INFO] [stdout] test shopt_failglob ... ok
[INFO] [stdout] test xargs ... FAILED
[INFO] [stdout] test subshells ... ok
[INFO] [stdout] test test_builtin ... ok
[INFO] [stdout] test signal_exit_codes ... ok
[INFO] [stdout] test sigpipe_from_pipeline ... ok
[INFO] [stdout] test sequential_lists ... ok
[INFO] [stdout] test command_substitution ... ok
[INFO] [stdout] test backticks ... ok
[INFO] [stdout] test async_commands ... FAILED
[INFO] [stdout] 
[INFO] [stdout] failures:
[INFO] [stdout] 
[INFO] [stdout] ---- commands stdout ----
[INFO] [stdout] 
[INFO] [stdout] thread 'commands' (1724) panicked at tests/test_builder.rs:244:5:
[INFO] [stdout] assertion failed: `(left == right)`: 
[INFO] [stdout] 
[INFO] [stdout] Failed for: VAR=1 deno eval 'console.log(Deno.env.get("VAR"))' && echo $VAR
[INFO] [stdout] 
[INFO] [stdout] [1mDiff[0m [31m< left[0m / [32mright >[0m :
[INFO] [stdout] [31m<deno: command not found[0m
[INFO] [stdout] [31m<[0m
[INFO] [stdout] 
[INFO] [stdout] 
[INFO] [stdout] stack backtrace:
[INFO] [stdout]    0:     0x5ee211622a51 - <<std[617be2ca0a6fd877]::sys::backtrace::BacktraceLock>::print::DisplayBacktrace as core[a373ad73a504971]::fmt::Display>::fmt
[INFO] [stdout]    1:     0x5ee21163815a - core[a373ad73a504971]::fmt::write
[INFO] [stdout]    2:     0x5ee2116277dc - <alloc[2e1b2a31b91974c5]::vec::Vec<u8> as core[a373ad73a504971]::io::write::Write>::write_fmt
[INFO] [stdout]    3:     0x5ee2115fad76 - std[617be2ca0a6fd877]::panicking::default_hook::{closure#0}
[INFO] [stdout]    4:     0x5ee211618d99 - std[617be2ca0a6fd877]::panicking::default_hook
[INFO] [stdout]    5:     0x5ee211506010 - test[aada8e7e76ba119b]::test_main_inner::{closure#0}
[INFO] [stdout]    6:     0x5ee2116190c2 - std[617be2ca0a6fd877]::panicking::panic_with_hook
[INFO] [stdout]    7:     0x5ee2115fae22 - std[617be2ca0a6fd877]::panicking::panic_handler::{closure#0}
[INFO] [stdout]    8:     0x5ee2115f3789 - std[617be2ca0a6fd877]::sys::backtrace::__rust_end_short_backtrace::<std[617be2ca0a6fd877]::panicking::panic_handler::{closure#0}, !>
[INFO] [stdout]    9:     0x5ee2115fbb1d - __rustc[ea4f61d10b84890b]::rust_begin_unwind
[INFO] [stdout]   10:     0x5ee2116388bc - core[a373ad73a504971]::panicking::panic_fmt
[INFO] [stdout]   11:     0x5ee2114e60d6 - <integration_test[dc648dec1645c8f0]::test_builder::TestBuilder>::run::{closure#0}
[INFO] [stdout]   12:     0x5ee2114e1985 - integration_test[dc648dec1645c8f0]::commands::{closure#0}
[INFO] [stdout]   13:     0x5ee2114ee9c3 - <tokio[e5df13d9caa1e371]::runtime::scheduler::current_thread::Context>::enter::<core[a373ad73a504971]::task::poll::Poll<()>, <tokio[e5df13d9caa1e371]::runtime::scheduler::current_thread::CoreGuard>::block_on<core[a373ad73a504971]::pin::Pin<&mut core[a373ad73a504971]::pin::Pin<&mut dyn core[a373ad73a504971]::future::future::Future<Output = ()>>>>::{closure#0}::{closure#0}>
[INFO] [stdout]   14:     0x5ee2114ec732 - <tokio[e5df13d9caa1e371]::runtime::context::scoped::Scoped<tokio[e5df13d9caa1e371]::runtime::scheduler::Context>>::set::<<tokio[e5df13d9caa1e371]::runtime::scheduler::current_thread::CoreGuard>::enter<<tokio[e5df13d9caa1e371]::runtime::scheduler::current_thread::CoreGuard>::block_on<core[a373ad73a504971]::pin::Pin<&mut core[a373ad73a504971]::pin::Pin<&mut dyn core[a373ad73a504971]::future::future::Future<Output = ()>>>>::{closure#0}, core[a373ad73a504971]::option::Option<()>>::{closure#0}, (alloc[2e1b2a31b91974c5]::boxed::Box<tokio[e5df13d9caa1e371]::runtime::scheduler::current_thread::Core>, core[a373ad73a504971]::option::Option<()>)>
[INFO] [stdout]   15:     0x5ee2114eee17 - <tokio[e5df13d9caa1e371]::runtime::scheduler::current_thread::CoreGuard>::block_on::<core[a373ad73a504971]::pin::Pin<&mut core[a373ad73a504971]::pin::Pin<&mut dyn core[a373ad73a504971]::future::future::Future<Output = ()>>>>
[INFO] [stdout]   16:     0x5ee2114f4d39 - tokio[e5df13d9caa1e371]::runtime::context::runtime::enter_runtime::<<tokio[e5df13d9caa1e371]::runtime::scheduler::current_thread::CurrentThread>::block_on<core[a373ad73a504971]::pin::Pin<&mut dyn core[a373ad73a504971]::future::future::Future<Output = ()>>>::{closure#0}, ()>
[INFO] [stdout]   17:     0x5ee2114f1b55 - <tokio[e5df13d9caa1e371]::runtime::runtime::Runtime>::block_on::<core[a373ad73a504971]::pin::Pin<&mut dyn core[a373ad73a504971]::future::future::Future<Output = ()>>>
[INFO] [stdout]   18:     0x5ee2114eaf3e - <integration_test[dc648dec1645c8f0]::commands::{closure#0} as core[a373ad73a504971]::ops::function::FnOnce<()>>::call_once
[INFO] [stdout]   19:     0x5ee2114f945b - test[aada8e7e76ba119b]::__rust_begin_short_backtrace::<core[a373ad73a504971]::result::Result<(), alloc[2e1b2a31b91974c5]::string::String>, fn() -> core[a373ad73a504971]::result::Result<(), alloc[2e1b2a31b91974c5]::string::String>>
[INFO] [stdout]   20:     0x5ee211506635 - test[aada8e7e76ba119b]::run_test::{closure#0}
[INFO] [stdout]   21:     0x5ee2114fff24 - std[617be2ca0a6fd877]::sys::backtrace::__rust_begin_short_backtrace::<test[aada8e7e76ba119b]::run_test::{closure#1}, ()>
[INFO] [stdout]   22:     0x5ee2115096c2 - <std[617be2ca0a6fd877]::thread::lifecycle::spawn_unchecked<test[aada8e7e76ba119b]::run_test::{closure#1}, ()>::{closure#1} as core[a373ad73a504971]::ops::function::FnOnce<()>>::call_once::{shim:vtable#0}
[INFO] [stdout]   23:     0x5ee211621c6f - <std[617be2ca0a6fd877]::sys::thread::unix::Thread>::new::thread_start
[INFO] [stdout]   24:     0x79b1300eadfa - <unknown>
[INFO] [stdout]   25:     0x79b13017e3d4 - clone
[INFO] [stdout]   26:                0x0 - <unknown>
[INFO] [stdout] 
[INFO] [stdout] ---- cross_platform_shebang stdout ----
[INFO] [stdout] 
[INFO] [stdout] thread 'cross_platform_shebang' (1732) panicked at tests/test_builder.rs:244:5:
[INFO] [stdout] assertion failed: `(left == right)`: 
[INFO] [stdout] 
[INFO] [stdout] Failed for: ./file.ts
[INFO] [stdout] 
[INFO] [stdout] [1mDiff[0m [31m< left[0m / [32mright >[0m :
[INFO] [stdout] [31m<deno: command not found[0m
[INFO] [stdout] [31m<[0m
[INFO] [stdout] 
[INFO] [stdout] 
[INFO] [stdout] stack backtrace:
[INFO] [stdout]    0:     0x5ee211622a51 - <<std[617be2ca0a6fd877]::sys::backtrace::BacktraceLock>::print::DisplayBacktrace as core[a373ad73a504971]::fmt::Display>::fmt
[INFO] [stdout]    1:     0x5ee21163815a - core[a373ad73a504971]::fmt::write
[INFO] [stdout]    2:     0x5ee2116277dc - <alloc[2e1b2a31b91974c5]::vec::Vec<u8> as core[a373ad73a504971]::io::write::Write>::write_fmt
[INFO] [stdout]    3:     0x5ee2115fad76 - std[617be2ca0a6fd877]::panicking::default_hook::{closure#0}
[INFO] [stdout]    4:     0x5ee211618d99 - std[617be2ca0a6fd877]::panicking::default_hook
[INFO] [stdout]    5:     0x5ee211506010 - test[aada8e7e76ba119b]::test_main_inner::{closure#0}
[INFO] [stdout]    6:     0x5ee2116190c2 - std[617be2ca0a6fd877]::panicking::panic_with_hook
[INFO] [stdout]    7:     0x5ee2115fae22 - std[617be2ca0a6fd877]::panicking::panic_handler::{closure#0}
[INFO] [stdout]    8:     0x5ee2115f3789 - std[617be2ca0a6fd877]::sys::backtrace::__rust_end_short_backtrace::<std[617be2ca0a6fd877]::panicking::panic_handler::{closure#0}, !>
[INFO] [stdout]    9:     0x5ee2115fbb1d - __rustc[ea4f61d10b84890b]::rust_begin_unwind
[INFO] [stdout]   10:     0x5ee2116388bc - core[a373ad73a504971]::panicking::panic_fmt
[INFO] [stdout]   11:     0x5ee2114e60d6 - <integration_test[dc648dec1645c8f0]::test_builder::TestBuilder>::run::{closure#0}
[INFO] [stdout]   12:     0x5ee2114d8da6 - integration_test[dc648dec1645c8f0]::cross_platform_shebang::{closure#0}
[INFO] [stdout]   13:     0x5ee2114ee9c3 - <tokio[e5df13d9caa1e371]::runtime::scheduler::current_thread::Context>::enter::<core[a373ad73a504971]::task::poll::Poll<()>, <tokio[e5df13d9caa1e371]::runtime::scheduler::current_thread::CoreGuard>::block_on<core[a373ad73a504971]::pin::Pin<&mut core[a373ad73a504971]::pin::Pin<&mut dyn core[a373ad73a504971]::future::future::Future<Output = ()>>>>::{closure#0}::{closure#0}>
[INFO] [stdout]   14:     0x5ee2114ec732 - <tokio[e5df13d9caa1e371]::runtime::context::scoped::Scoped<tokio[e5df13d9caa1e371]::runtime::scheduler::Context>>::set::<<tokio[e5df13d9caa1e371]::runtime::scheduler::current_thread::CoreGuard>::enter<<tokio[e5df13d9caa1e371]::runtime::scheduler::current_thread::CoreGuard>::block_on<core[a373ad73a504971]::pin::Pin<&mut core[a373ad73a504971]::pin::Pin<&mut dyn core[a373ad73a504971]::future::future::Future<Output = ()>>>>::{closure#0}, core[a373ad73a504971]::option::Option<()>>::{closure#0}, (alloc[2e1b2a31b91974c5]::boxed::Box<tokio[e5df13d9caa1e371]::runtime::scheduler::current_thread::Core>, core[a373ad73a504971]::option::Option<()>)>
[INFO] [stdout]   15:     0x5ee2114eee17 - <tokio[e5df13d9caa1e371]::runtime::scheduler::current_thread::CoreGuard>::block_on::<core[a373ad73a504971]::pin::Pin<&mut core[a373ad73a504971]::pin::Pin<&mut dyn core[a373ad73a504971]::future::future::Future<Output = ()>>>>
[INFO] [stdout]   16:     0x5ee2114f4d39 - tokio[e5df13d9caa1e371]::runtime::context::runtime::enter_runtime::<<tokio[e5df13d9caa1e371]::runtime::scheduler::current_thread::CurrentThread>::block_on<core[a373ad73a504971]::pin::Pin<&mut dyn core[a373ad73a504971]::future::future::Future<Output = ()>>>::{closure#0}, ()>
[INFO] [stdout]   17:     0x5ee2114f1b55 - <tokio[e5df13d9caa1e371]::runtime::runtime::Runtime>::block_on::<core[a373ad73a504971]::pin::Pin<&mut dyn core[a373ad73a504971]::future::future::Future<Output = ()>>>
[INFO] [stdout]   18:     0x5ee2114e96fe - <integration_test[dc648dec1645c8f0]::cross_platform_shebang::{closure#0} as core[a373ad73a504971]::ops::function::FnOnce<()>>::call_once
[INFO] [stdout]   19:     0x5ee2114f945b - test[aada8e7e76ba119b]::__rust_begin_short_backtrace::<core[a373ad73a504971]::result::Result<(), alloc[2e1b2a31b91974c5]::string::String>, fn() -> core[a373ad73a504971]::result::Result<(), alloc[2e1b2a31b91974c5]::string::String>>
[INFO] [stdout]   20:     0x5ee211506635 - test[aada8e7e76ba119b]::run_test::{closure#0}
[INFO] [stdout]   21:     0x5ee2114fff24 - std[617be2ca0a6fd877]::sys::backtrace::__rust_begin_short_backtrace::<test[aada8e7e76ba119b]::run_test::{closure#1}, ()>
[INFO] [stdout]   22:     0x5ee2115096c2 - <std[617be2ca0a6fd877]::thread::lifecycle::spawn_unchecked<test[aada8e7e76ba119b]::run_test::{closure#1}, ()>::{closure#1} as core[a373ad73a504971]::ops::function::FnOnce<()>>::call_once::{shim:vtable#0}
[INFO] [stdout]   23:     0x5ee211621c6f - <std[617be2ca0a6fd877]::sys::thread::unix::Thread>::new::thread_start
[INFO] [stdout]   24:     0x79b1300eadfa - <unknown>
[INFO] [stdout]   25:     0x79b13017e3d4 - clone
[INFO] [stdout]   26:                0x0 - <unknown>
[INFO] [stdout] 
[INFO] [stdout] ---- env_variables stdout ----
[INFO] [stdout] 
[INFO] [stdout] thread 'env_variables' (1742) panicked at tests/test_builder.rs:244:5:
[INFO] [stdout] assertion failed: `(left == right)`: 
[INFO] [stdout] 
[INFO] [stdout] Failed for: echo $VAR && export VAR=1 && echo $VAR && deno eval 'console.log(Deno.env.get("VAR"))'
[INFO] [stdout] 
[INFO] [stdout] [1mDiff[0m [31m< left[0m / [32mright >[0m :
[INFO] [stdout] [31m<deno: command not found[0m
[INFO] [stdout] [31m<[0m
[INFO] [stdout] 
[INFO] [stdout] 
[INFO] [stdout] stack backtrace:
[INFO] [stdout]    0:     0x5ee211622a51 - <<std[617be2ca0a6fd877]::sys::backtrace::BacktraceLock>::print::DisplayBacktrace as core[a373ad73a504971]::fmt::Display>::fmt
[INFO] [stdout]    1:     0x5ee21163815a - core[a373ad73a504971]::fmt::write
[INFO] [stdout]    2:     0x5ee2116277dc - <alloc[2e1b2a31b91974c5]::vec::Vec<u8> as core[a373ad73a504971]::io::write::Write>::write_fmt
[INFO] [stdout]    3:     0x5ee2115fad76 - std[617be2ca0a6fd877]::panicking::default_hook::{closure#0}
[INFO] [stdout]    4:     0x5ee211618d99 - std[617be2ca0a6fd877]::panicking::default_hook
[INFO] [stdout]    5:     0x5ee211506010 - test[aada8e7e76ba119b]::test_main_inner::{closure#0}
[INFO] [stdout]    6:     0x5ee2116190c2 - std[617be2ca0a6fd877]::panicking::panic_with_hook
[INFO] [stdout]    7:     0x5ee2115fae22 - std[617be2ca0a6fd877]::panicking::panic_handler::{closure#0}
[INFO] [stdout]    8:     0x5ee2115f3789 - std[617be2ca0a6fd877]::sys::backtrace::__rust_end_short_backtrace::<std[617be2ca0a6fd877]::panicking::panic_handler::{closure#0}, !>
[INFO] [stdout]    9:     0x5ee2115fbb1d - __rustc[ea4f61d10b84890b]::rust_begin_unwind
[INFO] [stdout]   10:     0x5ee2116388bc - core[a373ad73a504971]::panicking::panic_fmt
[INFO] [stdout]   11:     0x5ee2114e60d6 - <integration_test[dc648dec1645c8f0]::test_builder::TestBuilder>::run::{closure#0}
[INFO] [stdout]   12:     0x5ee2114cfa5c - integration_test[dc648dec1645c8f0]::env_variables::{closure#0}
[INFO] [stdout]   13:     0x5ee2114ee9c3 - <tokio[e5df13d9caa1e371]::runtime::scheduler::current_thread::Context>::enter::<core[a373ad73a504971]::task::poll::Poll<()>, <tokio[e5df13d9caa1e371]::runtime::scheduler::current_thread::CoreGuard>::block_on<core[a373ad73a504971]::pin::Pin<&mut core[a373ad73a504971]::pin::Pin<&mut dyn core[a373ad73a504971]::future::future::Future<Output = ()>>>>::{closure#0}::{closure#0}>
[INFO] [stdout]   14:     0x5ee2114ec732 - <tokio[e5df13d9caa1e371]::runtime::context::scoped::Scoped<tokio[e5df13d9caa1e371]::runtime::scheduler::Context>>::set::<<tokio[e5df13d9caa1e371]::runtime::scheduler::current_thread::CoreGuard>::enter<<tokio[e5df13d9caa1e371]::runtime::scheduler::current_thread::CoreGuard>::block_on<core[a373ad73a504971]::pin::Pin<&mut core[a373ad73a504971]::pin::Pin<&mut dyn core[a373ad73a504971]::future::future::Future<Output = ()>>>>::{closure#0}, core[a373ad73a504971]::option::Option<()>>::{closure#0}, (alloc[2e1b2a31b91974c5]::boxed::Box<tokio[e5df13d9caa1e371]::runtime::scheduler::current_thread::Core>, core[a373ad73a504971]::option::Option<()>)>
[INFO] [stdout]   15:     0x5ee2114eee17 - <tokio[e5df13d9caa1e371]::runtime::scheduler::current_thread::CoreGuard>::block_on::<core[a373ad73a504971]::pin::Pin<&mut core[a373ad73a504971]::pin::Pin<&mut dyn core[a373ad73a504971]::future::future::Future<Output = ()>>>>
[INFO] [stdout]   16:     0x5ee2114f4d39 - tokio[e5df13d9caa1e371]::runtime::context::runtime::enter_runtime::<<tokio[e5df13d9caa1e371]::runtime::scheduler::current_thread::CurrentThread>::block_on<core[a373ad73a504971]::pin::Pin<&mut dyn core[a373ad73a504971]::future::future::Future<Output = ()>>>::{closure#0}, ()>
[INFO] [stdout]   17:     0x5ee2114f1b55 - <tokio[e5df13d9caa1e371]::runtime::runtime::Runtime>::block_on::<core[a373ad73a504971]::pin::Pin<&mut dyn core[a373ad73a504971]::future::future::Future<Output = ()>>>
[INFO] [stdout]   18:     0x5ee2114e764e - <integration_test[dc648dec1645c8f0]::env_variables::{closure#0} as core[a373ad73a504971]::ops::function::FnOnce<()>>::call_once
[INFO] [stdout]   19:     0x5ee2114f945b - test[aada8e7e76ba119b]::__rust_begin_short_backtrace::<core[a373ad73a504971]::result::Result<(), alloc[2e1b2a31b91974c5]::string::String>, fn() -> core[a373ad73a504971]::result::Result<(), alloc[2e1b2a31b91974c5]::string::String>>
[INFO] [stdout]   20:     0x5ee211506635 - test[aada8e7e76ba119b]::run_test::{closure#0}
[INFO] [stdout]   21:     0x5ee2114fff24 - std[617be2ca0a6fd877]::sys::backtrace::__rust_begin_short_backtrace::<test[aada8e7e76ba119b]::run_test::{closure#1}, ()>
[INFO] [stdout]   22:     0x5ee2115096c2 - <std[617be2ca0a6fd877]::thread::lifecycle::spawn_unchecked<test[aada8e7e76ba119b]::run_test::{closure#1}, ()>::{closure#1} as core[a373ad73a504971]::ops::function::FnOnce<()>>::call_once::{shim:vtable#0}
[INFO] [stdout]   23:     0x5ee211621c6f - <std[617be2ca0a6fd877]::sys::thread::unix::Thread>::new::thread_start
[INFO] [stdout]   24:     0x79b1300eadfa - <unknown>
[INFO] [stdout]   25:     0x79b13017e3d4 - clone
[INFO] [stdout]   26:                0x0 - <unknown>
[INFO] [stdout] 
[INFO] [stdout] ---- custom_command_resolve_command_path stdout ----
[INFO] [stdout] 
[INFO] [stdout] thread 'custom_command_resolve_command_path' (1740) panicked at tests/integration_test.rs:1568:14:
[INFO] [stdout] called `Result::unwrap()` on an `Err` value: CommandNotFound("deno")
[INFO] [stdout] stack backtrace:
[INFO] [stdout]    0:     0x5ee211622a51 - <<std[617be2ca0a6fd877]::sys::backtrace::BacktraceLock>::print::DisplayBacktrace as core[a373ad73a504971]::fmt::Display>::fmt
[INFO] [stdout]    1:     0x5ee21163815a - core[a373ad73a504971]::fmt::write
[INFO] [stdout]    2:     0x5ee2116277dc - <alloc[2e1b2a31b91974c5]::vec::Vec<u8> as core[a373ad73a504971]::io::write::Write>::write_fmt
[INFO] [stdout]    3:     0x5ee2115fad76 - std[617be2ca0a6fd877]::panicking::default_hook::{closure#0}
[INFO] [stdout]    4:     0x5ee211618d99 - std[617be2ca0a6fd877]::panicking::default_hook
[INFO] [stdout]    5:     0x5ee211506010 - test[aada8e7e76ba119b]::test_main_inner::{closure#0}
[INFO] [stdout]    6:     0x5ee2116190c2 - std[617be2ca0a6fd877]::panicking::panic_with_hook
[INFO] [stdout]    7:     0x5ee2115fae22 - std[617be2ca0a6fd877]::panicking::panic_handler::{closure#0}
[INFO] [stdout]    8:     0x5ee2115f3789 - std[617be2ca0a6fd877]::sys::backtrace::__rust_end_short_backtrace::<std[617be2ca0a6fd877]::panicking::panic_handler::{closure#0}, !>
[INFO] [stdout]    9:     0x5ee2115fbb1d - __rustc[ea4f61d10b84890b]::rust_begin_unwind
[INFO] [stdout]   10:     0x5ee2116388bc - core[a373ad73a504971]::panicking::panic_fmt
[INFO] [stdout]   11:     0x5ee211638692 - core[a373ad73a504971]::result::unwrap_failed
[INFO] [stdout]   12:     0x5ee2114cb148 - integration_test[dc648dec1645c8f0]::custom_command_resolve_command_path::{closure#0}::{closure#0}::{closure#0}
[INFO] [stdout]   13:     0x5ee211554e6d - deno_task_shell[b38a97ae8b83be8b]::shell::execute::execute_pipeline_inner::{closure#0}
[INFO] [stdout]   14:     0x5ee21154f63e - deno_task_shell[b38a97ae8b83be8b]::shell::execute::execute_sequence::{closure#0}
[INFO] [stdout]   15:     0x5ee21155573f - deno_task_shell[b38a97ae8b83be8b]::shell::execute::execute_sequential_list::{closure#0}
[INFO] [stdout]   16:     0x5ee211556e49 - deno_task_shell[b38a97ae8b83be8b]::shell::execute::evaluate_word_parts::evaluate_word_parts_inner::{closure#0}
[INFO] [stdout]   17:     0x5ee211550ee5 - deno_task_shell[b38a97ae8b83be8b]::shell::execute::evaluate_word_parts::{closure#0}
[INFO] [stdout]   18:     0x5ee211554196 - deno_task_shell[b38a97ae8b83be8b]::shell::execute::execute_pipeline_inner::{closure#0}
[INFO] [stdout]   19:     0x5ee21154f63e - deno_task_shell[b38a97ae8b83be8b]::shell::execute::execute_sequence::{closure#0}
[INFO] [stdout]   20:     0x5ee21155573f - deno_task_shell[b38a97ae8b83be8b]::shell::execute::execute_sequential_list::{closure#0}
[INFO] [stdout]   21:     0x5ee2114f53f0 - <tokio[e5df13d9caa1e371]::task::local::RunUntil<deno_task_shell[b38a97ae8b83be8b]::shell::execute::execute_with_pipes::{closure#0}> as core[a373ad73a504971]::future::future::Future>::poll
[INFO] [stdout]   22:     0x5ee2114e571f - <integration_test[dc648dec1645c8f0]::test_builder::TestBuilder>::run::{closure#0}
[INFO] [stdout]   23:     0x5ee2114da90b - integration_test[dc648dec1645c8f0]::custom_command_resolve_command_path::{closure#0}
[INFO] [stdout]   24:     0x5ee2114ee9c3 - <tokio[e5df13d9caa1e371]::runtime::scheduler::current_thread::Context>::enter::<core[a373ad73a504971]::task::poll::Poll<()>, <tokio[e5df13d9caa1e371]::runtime::scheduler::current_thread::CoreGuard>::block_on<core[a373ad73a504971]::pin::Pin<&mut core[a373ad73a504971]::pin::Pin<&mut dyn core[a373ad73a504971]::future::future::Future<Output = ()>>>>::{closure#0}::{closure#0}>
[INFO] [stdout]   25:     0x5ee2114ec732 - <tokio[e5df13d9caa1e371]::runtime::context::scoped::Scoped<tokio[e5df13d9caa1e371]::runtime::scheduler::Context>>::set::<<tokio[e5df13d9caa1e371]::runtime::scheduler::current_thread::CoreGuard>::enter<<tokio[e5df13d9caa1e371]::runtime::scheduler::current_thread::CoreGuard>::block_on<core[a373ad73a504971]::pin::Pin<&mut core[a373ad73a504971]::pin::Pin<&mut dyn core[a373ad73a504971]::future::future::Future<Output = ()>>>>::{closure#0}, core[a373ad73a504971]::option::Option<()>>::{closure#0}, (alloc[2e1b2a31b91974c5]::boxed::Box<tokio[e5df13d9caa1e371]::runtime::scheduler::current_thread::Core>, core[a373ad73a504971]::option::Option<()>)>
[INFO] [stdout]   26:     0x5ee2114eee17 - <tokio[e5df13d9caa1e371]::runtime::scheduler::current_thread::CoreGuard>::block_on::<core[a373ad73a504971]::pin::Pin<&mut core[a373ad73a504971]::pin::Pin<&mut dyn core[a373ad73a504971]::future::future::Future<Output = ()>>>>
[INFO] [stdout]   27:     0x5ee2114f4d39 - tokio[e5df13d9caa1e371]::runtime::context::runtime::enter_runtime::<<tokio[e5df13d9caa1e371]::runtime::scheduler::current_thread::CurrentThread>::block_on<core[a373ad73a504971]::pin::Pin<&mut dyn core[a373ad73a504971]::future::future::Future<Output = ()>>>::{closure#0}, ()>
[INFO] [stdout]   28:     0x5ee2114f1b55 - <tokio[e5df13d9caa1e371]::runtime::runtime::Runtime>::block_on::<core[a373ad73a504971]::pin::Pin<&mut dyn core[a373ad73a504971]::future::future::Future<Output = ()>>>
[INFO] [stdout]   29:     0x5ee2114e9dde - <integration_test[dc648dec1645c8f0]::custom_command_resolve_command_path::{closure#0} as core[a373ad73a504971]::ops::function::FnOnce<()>>::call_once
[INFO] [stdout]   30:     0x5ee2114f945b - test[aada8e7e76ba119b]::__rust_begin_short_backtrace::<core[a373ad73a504971]::result::Result<(), alloc[2e1b2a31b91974c5]::string::String>, fn() -> core[a373ad73a504971]::result::Result<(), alloc[2e1b2a31b91974c5]::string::String>>
[INFO] [stdout]   31:     0x5ee211506635 - test[aada8e7e76ba119b]::run_test::{closure#0}
[INFO] [stdout]   32:     0x5ee2114fff24 - std[617be2ca0a6fd877]::sys::backtrace::__rust_begin_short_backtrace::<test[aada8e7e76ba119b]::run_test::{closure#1}, ()>
[INFO] [stdout]   33:     0x5ee2115096c2 - <std[617be2ca0a6fd877]::thread::lifecycle::spawn_unchecked<test[aada8e7e76ba119b]::run_test::{closure#1}, ()>::{closure#1} as core[a373ad73a504971]::ops::function::FnOnce<()>>::call_once::{shim:vtable#0}
[INFO] [stdout]   34:     0x5ee211621c6f - <std[617be2ca0a6fd877]::sys::thread::unix::Thread>::new::thread_start
[INFO] [stdout]   35:     0x79b1300eadfa - <unknown>
[INFO] [stdout]   36:     0x79b13017e3d4 - clone
[INFO] [stdout]   37:                0x0 - <unknown>
[INFO] [stdout] 
[INFO] [stdout] ---- exit_code_var stdout ----
[INFO] [stdout] 
[INFO] [stdout] thread 'exit_code_var' (1759) panicked at tests/test_builder.rs:244:5:
[INFO] [stdout] assertion failed: `(left == right)`: 
[INFO] [stdout] 
[INFO] [stdout] Failed for: (deno eval 'Deno.exit(25)') || echo $?
[INFO] [stdout] 
[INFO] [stdout] [1mDiff[0m [31m< left[0m / [32mright >[0m :
[INFO] [stdout] [31m<deno: command not found[0m
[INFO] [stdout] [31m<[0m
[INFO] [stdout] 
[INFO] [stdout] 
[INFO] [stdout] stack backtrace:
[INFO] [stdout]    0:     0x5ee211622a51 - <<std[617be2ca0a6fd877]::sys::backtrace::BacktraceLock>::print::DisplayBacktrace as core[a373ad73a504971]::fmt::Display>::fmt
[INFO] [stdout]    1:     0x5ee21163815a - core[a373ad73a504971]::fmt::write
[INFO] [stdout]    2:     0x5ee2116277dc - <alloc[2e1b2a31b91974c5]::vec::Vec<u8> as core[a373ad73a504971]::io::write::Write>::write_fmt
[INFO] [stdout]    3:     0x5ee2115fad76 - std[617be2ca0a6fd877]::panicking::default_hook::{closure#0}
[INFO] [stdout]    4:     0x5ee211618d99 - std[617be2ca0a6fd877]::panicking::default_hook
[INFO] [stdout]    5:     0x5ee211506010 - test[aada8e7e76ba119b]::test_main_inner::{closure#0}
[INFO] [stdout]    6:     0x5ee2116190c2 - std[617be2ca0a6fd877]::panicking::panic_with_hook
[INFO] [stdout]    7:     0x5ee2115fae22 - std[617be2ca0a6fd877]::panicking::panic_handler::{closure#0}
[INFO] [stdout]    8:     0x5ee2115f3789 - std[617be2ca0a6fd877]::sys::backtrace::__rust_end_short_backtrace::<std[617be2ca0a6fd877]::panicking::panic_handler::{closure#0}, !>
[INFO] [stdout]    9:     0x5ee2115fbb1d - __rustc[ea4f61d10b84890b]::rust_begin_unwind
[INFO] [stdout]   10:     0x5ee2116388bc - core[a373ad73a504971]::panicking::panic_fmt
[INFO] [stdout]   11:     0x5ee2114e60d6 - <integration_test[dc648dec1645c8f0]::test_builder::TestBuilder>::run::{closure#0}
[INFO] [stdout]   12:     0x5ee2114cffd9 - integration_test[dc648dec1645c8f0]::exit_code_var::{closure#0}
[INFO] [stdout]   13:     0x5ee2114ee9c3 - <tokio[e5df13d9caa1e371]::runtime::scheduler::current_thread::Context>::enter::<core[a373ad73a504971]::task::poll::Poll<()>, <tokio[e5df13d9caa1e371]::runtime::scheduler::current_thread::CoreGuard>::block_on<core[a373ad73a504971]::pin::Pin<&mut core[a373ad73a504971]::pin::Pin<&mut dyn core[a373ad73a504971]::future::future::Future<Output = ()>>>>::{closure#0}::{closure#0}>
[INFO] [stdout]   14:     0x5ee2114ec732 - <tokio[e5df13d9caa1e371]::runtime::context::scoped::Scoped<tokio[e5df13d9caa1e371]::runtime::scheduler::Context>>::set::<<tokio[e5df13d9caa1e371]::runtime::scheduler::current_thread::CoreGuard>::enter<<tokio[e5df13d9caa1e371]::runtime::scheduler::current_thread::CoreGuard>::block_on<core[a373ad73a504971]::pin::Pin<&mut core[a373ad73a504971]::pin::Pin<&mut dyn core[a373ad73a504971]::future::future::Future<Output = ()>>>>::{closure#0}, core[a373ad73a504971]::option::Option<()>>::{closure#0}, (alloc[2e1b2a31b91974c5]::boxed::Box<tokio[e5df13d9caa1e371]::runtime::scheduler::current_thread::Core>, core[a373ad73a504971]::option::Option<()>)>
[INFO] [stdout]   15:     0x5ee2114eee17 - <tokio[e5df13d9caa1e371]::runtime::scheduler::current_thread::CoreGuard>::block_on::<core[a373ad73a504971]::pin::Pin<&mut core[a373ad73a504971]::pin::Pin<&mut dyn core[a373ad73a504971]::future::future::Future<Output = ()>>>>
[INFO] [stdout]   16:     0x5ee2114f4d39 - tokio[e5df13d9caa1e371]::runtime::context::runtime::enter_runtime::<<tokio[e5df13d9caa1e371]::runtime::scheduler::current_thread::CurrentThread>::block_on<core[a373ad73a504971]::pin::Pin<&mut dyn core[a373ad73a504971]::future::future::Future<Output = ()>>>::{closure#0}, ()>
[INFO] [stdout]   17:     0x5ee2114f1b55 - <tokio[e5df13d9caa1e371]::runtime::runtime::Runtime>::block_on::<core[a373ad73a504971]::pin::Pin<&mut dyn core[a373ad73a504971]::future::future::Future<Output = ()>>>
[INFO] [stdout]   18:     0x5ee2114e77fe - <integration_test[dc648dec1645c8f0]::exit_code_var::{closure#0} as core[a373ad73a504971]::ops::function::FnOnce<()>>::call_once
[INFO] [stdout]   19:     0x5ee2114f945b - test[aada8e7e76ba119b]::__rust_begin_short_backtrace::<core[a373ad73a504971]::result::Result<(), alloc[2e1b2a31b91974c5]::string::String>, fn() -> core[a373ad73a504971]::result::Result<(), alloc[2e1b2a31b91974c5]::string::String>>
[INFO] [stdout]   20:     0x5ee211506635 - test[aada8e7e76ba119b]::run_test::{closure#0}
[INFO] [stdout]   21:     0x5ee2114fff24 - std[617be2ca0a6fd877]::sys::backtrace::__rust_begin_short_backtrace::<test[aada8e7e76ba119b]::run_test::{closure#1}, ()>
[INFO] [stdout]   22:     0x5ee2115096c2 - <std[617be2ca0a6fd877]::thread::lifecycle::spawn_unchecked<test[aada8e7e76ba119b]::run_test::{closure#1}, ()>::{closure#1} as core[a373ad73a504971]::ops::function::FnOnce<()>>::call_once::{shim:vtable#0}
[INFO] [stdout]   23:     0x5ee211621c6f - <std[617be2ca0a6fd877]::sys::thread::unix::Thread>::new::thread_start
[INFO] [stdout]   24:     0x79b1300eadfa - <unknown>
[INFO] [stdout]   25:     0x79b13017e3d4 - clone
[INFO] [stdout]   26:                0x0 - <unknown>
[INFO] [stdout] 
[INFO] [stdout] ---- listens_for_signals_exits_gracefully stdout ----
[INFO] [stdout] 
[INFO] [stdout] thread 'listens_for_signals_exits_gracefully' (1797) panicked at tests/test_builder.rs:244:5:
[INFO] [stdout] assertion failed: `(left == right)`: 
[INFO] [stdout] 
[INFO] [stdout] Failed for: deno eval 'Deno.addSignalListener("SIGINT", () => { console.log("interrupted!"); setTimeout(() => Deno.exit(0), 25); }); setInterval(() => {}, 1000)'
[INFO] [stdout] 
[INFO] [stdout] [1mDiff[0m [31m< left[0m / [32mright >[0m :
[INFO] [stdout] [31m<deno: command not found[0m
[INFO] [stdout] [31m<[0m
[INFO] [stdout] 
[INFO] [stdout] 
[INFO] [stdout] stack backtrace:
[INFO] [stdout]    0:     0x5ee211622a51 - <<std[617be2ca0a6fd877]::sys::backtrace::BacktraceLock>::print::DisplayBacktrace as core[a373ad73a504971]::fmt::Display>::fmt
[INFO] [stdout]    1:     0x5ee21163815a - core[a373ad73a504971]::fmt::write
[INFO] [stdout]    2:     0x5ee2116277dc - <alloc[2e1b2a31b91974c5]::vec::Vec<u8> as core[a373ad73a504971]::io::write::Write>::write_fmt
[INFO] [stdout]    3:     0x5ee2115fad76 - std[617be2ca0a6fd877]::panicking::default_hook::{closure#0}
[INFO] [stdout]    4:     0x5ee211618d99 - std[617be2ca0a6fd877]::panicking::default_hook
[INFO] [stdout]    5:     0x5ee211506010 - test[aada8e7e76ba119b]::test_main_inner::{closure#0}
[INFO] [stdout]    6:     0x5ee2116190c2 - std[617be2ca0a6fd877]::panicking::panic_with_hook
[INFO] [stdout]    7:     0x5ee2115fae22 - std[617be2ca0a6fd877]::panicking::panic_handler::{closure#0}
[INFO] [stdout]    8:     0x5ee2115f3789 - std[617be2ca0a6fd877]::sys::backtrace::__rust_end_short_backtrace::<std[617be2ca0a6fd877]::panicking::panic_handler::{closure#0}, !>
[INFO] [stdout]    9:     0x5ee2115fbb1d - __rustc[ea4f61d10b84890b]::rust_begin_unwind
[INFO] [stdout]   10:     0x5ee2116388bc - core[a373ad73a504971]::panicking::panic_fmt
[INFO] [stdout]   11:     0x5ee2114e60d6 - <integration_test[dc648dec1645c8f0]::test_builder::TestBuilder>::run::{closure#0}
[INFO] [stdout]   12:     0x5ee2114dab7b - integration_test[dc648dec1645c8f0]::listens_for_signals_exits_gracefully::{closure#0}
[INFO] [stdout]   13:     0x5ee2114ee9c3 - <tokio[e5df13d9caa1e371]::runtime::scheduler::current_thread::Context>::enter::<core[a373ad73a504971]::task::poll::Poll<()>, <tokio[e5df13d9caa1e371]::runtime::scheduler::current_thread::CoreGuard>::block_on<core[a373ad73a504971]::pin::Pin<&mut core[a373ad73a504971]::pin::Pin<&mut dyn core[a373ad73a504971]::future::future::Future<Output = ()>>>>::{closure#0}::{closure#0}>
[INFO] [stdout]   14:     0x5ee2114ec732 - <tokio[e5df13d9caa1e371]::runtime::context::scoped::Scoped<tokio[e5df13d9caa1e371]::runtime::scheduler::Context>>::set::<<tokio[e5df13d9caa1e371]::runtime::scheduler::current_thread::CoreGuard>::enter<<tokio[e5df13d9caa1e371]::runtime::scheduler::current_thread::CoreGuard>::block_on<core[a373ad73a504971]::pin::Pin<&mut core[a373ad73a504971]::pin::Pin<&mut dyn core[a373ad73a504971]::future::future::Future<Output = ()>>>>::{closure#0}, core[a373ad73a504971]::option::Option<()>>::{closure#0}, (alloc[2e1b2a31b91974c5]::boxed::Box<tokio[e5df13d9caa1e371]::runtime::scheduler::current_thread::Core>, core[a373ad73a504971]::option::Option<()>)>
[INFO] [stdout]   15:     0x5ee2114eee17 - <tokio[e5df13d9caa1e371]::runtime::scheduler::current_thread::CoreGuard>::block_on::<core[a373ad73a504971]::pin::Pin<&mut core[a373ad73a504971]::pin::Pin<&mut dyn core[a373ad73a504971]::future::future::Future<Output = ()>>>>
[INFO] [stdout]   16:     0x5ee2114f4d39 - tokio[e5df13d9caa1e371]::runtime::context::runtime::enter_runtime::<<tokio[e5df13d9caa1e371]::runtime::scheduler::current_thread::CurrentThread>::block_on<core[a373ad73a504971]::pin::Pin<&mut dyn core[a373ad73a504971]::future::future::Future<Output = ()>>>::{closure#0}, ()>
[INFO] [stdout]   17:     0x5ee2114f1b55 - <tokio[e5df13d9caa1e371]::runtime::runtime::Runtime>::block_on::<core[a373ad73a504971]::pin::Pin<&mut dyn core[a373ad73a504971]::future::future::Future<Output = ()>>>
[INFO] [stdout]   18:     0x5ee2114e9f5e - <integration_test[dc648dec1645c8f0]::listens_for_signals_exits_gracefully::{closure#0} as core[a373ad73a504971]::ops::function::FnOnce<()>>::call_once
[INFO] [stdout]   19:     0x5ee2114f945b - test[aada8e7e76ba119b]::__rust_begin_short_backtrace::<core[a373ad73a504971]::result::Result<(), alloc[2e1b2a31b91974c5]::string::String>, fn() -> core[a373ad73a504971]::result::Result<(), alloc[2e1b2a31b91974c5]::string::String>>
[INFO] [stdout]   20:     0x5ee211506635 - test[aada8e7e76ba119b]::run_test::{closure#0}
[INFO] [stdout]   21:     0x5ee2114fff24 - std[617be2ca0a6fd877]::sys::backtrace::__rust_begin_short_backtrace::<test[aada8e7e76ba119b]::run_test::{closure#1}, ()>
[INFO] [stdout]   22:     0x5ee2115096c2 - <std[617be2ca0a6fd877]::thread::lifecycle::spawn_unchecked<test[aada8e7e76ba119b]::run_test::{closure#1}, ()>::{closure#1} as core[a373ad73a504971]::ops::function::FnOnce<()>>::call_once::{shim:vtable#0}
[INFO] [stdout]   23:     0x5ee211621c6f - <std[617be2ca0a6fd877]::sys::thread::unix::Thread>::new::thread_start
[INFO] [stdout]   24:     0x79b1300eadfa - <unknown>
[INFO] [stdout]   25:     0x79b13017e3d4 - clone
[INFO] [stdout]   26:                0x0 - <unknown>
[INFO] [stdout] 
[INFO] [stdout] ---- pipeline stdout ----
[INFO] [stdout] 
[INFO] [stdout] thread 'pipeline' (1835) panicked at tests/test_builder.rs:244:5:
[INFO] [stdout] assertion failed: `(left == right)`: 
[INFO] [stdout] 
[INFO] [stdout] Failed for: echo 1 | deno eval 'await Deno.stdin.readable.pipeTo(Deno.stdout.writable)'
[INFO] [stdout] 
[INFO] [stdout] [1mDiff[0m [31m< left[0m / [32mright >[0m :
[INFO] [stdout] [31m<deno: command not found[0m
[INFO] [stdout] [31m<[0m
[INFO] [stdout] 
[INFO] [stdout] 
[INFO] [stdout] stack backtrace:
[INFO] [stdout]    0:     0x5ee211622a51 - <<std[617be2ca0a6fd877]::sys::backtrace::BacktraceLock>::print::DisplayBacktrace as core[a373ad73a504971]::fmt::Display>::fmt
[INFO] [stdout]    1:     0x5ee21163815a - core[a373ad73a504971]::fmt::write
[INFO] [stdout]    2:     0x5ee2116277dc - <alloc[2e1b2a31b91974c5]::vec::Vec<u8> as core[a373ad73a504971]::io::write::Write>::write_fmt
[INFO] [stdout]    3:     0x5ee2115fad76 - std[617be2ca0a6fd877]::panicking::default_hook::{closure#0}
[INFO] [stdout]    4:     0x5ee211618d99 - std[617be2ca0a6fd877]::panicking::default_hook
[INFO] [stdout]    5:     0x5ee211506010 - test[aada8e7e76ba119b]::test_main_inner::{closure#0}
[INFO] [stdout]    6:     0x5ee2116190c2 - std[617be2ca0a6fd877]::panicking::panic_with_hook
[INFO] [stdout]    7:     0x5ee2115fae22 - std[617be2ca0a6fd877]::panicking::panic_handler::{closure#0}
[INFO] [stdout]    8:     0x5ee2115f3789 - std[617be2ca0a6fd877]::sys::backtrace::__rust_end_short_backtrace::<std[617be2ca0a6fd877]::panicking::panic_handler::{closure#0}, !>
[INFO] [stdout]    9:     0x5ee2115fbb1d - __rustc[ea4f61d10b84890b]::rust_begin_unwind
[INFO] [stdout]   10:     0x5ee2116388bc - core[a373ad73a504971]::panicking::panic_fmt
[INFO] [stdout]   11:     0x5ee2114e60d6 - <integration_test[dc648dec1645c8f0]::test_builder::TestBuilder>::run::{closure#0}
[INFO] [stdout]   12:     0x5ee2114e3247 - integration_test[dc648dec1645c8f0]::pipeline::{closure#0}
[INFO] [stdout]   13:     0x5ee2114ee9c3 - <tokio[e5df13d9caa1e371]::runtime::scheduler::current_thread::Context>::enter::<core[a373ad73a504971]::task::poll::Poll<()>, <tokio[e5df13d9caa1e371]::runtime::scheduler::current_thread::CoreGuard>::block_on<core[a373ad73a504971]::pin::Pin<&mut core[a373ad73a504971]::pin::Pin<&mut dyn core[a373ad73a504971]::future::future::Future<Output = ()>>>>::{closure#0}::{closure#0}>
[INFO] [stdout]   14:     0x5ee2114ec732 - <tokio[e5df13d9caa1e371]::runtime::context::scoped::Scoped<tokio[e5df13d9caa1e371]::runtime::scheduler::Context>>::set::<<tokio[e5df13d9caa1e371]::runtime::scheduler::current_thread::CoreGuard>::enter<<tokio[e5df13d9caa1e371]::runtime::scheduler::current_thread::CoreGuard>::block_on<core[a373ad73a504971]::pin::Pin<&mut core[a373ad73a504971]::pin::Pin<&mut dyn core[a373ad73a504971]::future::future::Future<Output = ()>>>>::{closure#0}, core[a373ad73a504971]::option::Option<()>>::{closure#0}, (alloc[2e1b2a31b91974c5]::boxed::Box<tokio[e5df13d9caa1e371]::runtime::scheduler::current_thread::Core>, core[a373ad73a504971]::option::Option<()>)>
[INFO] [stdout]   15:     0x5ee2114eee17 - <tokio[e5df13d9caa1e371]::runtime::scheduler::current_thread::CoreGuard>::block_on::<core[a373ad73a504971]::pin::Pin<&mut core[a373ad73a504971]::pin::Pin<&mut dyn core[a373ad73a504971]::future::future::Future<Output = ()>>>>
[INFO] [stdout]   16:     0x5ee2114f4d39 - tokio[e5df13d9caa1e371]::runtime::context::runtime::enter_runtime::<<tokio[e5df13d9caa1e371]::runtime::scheduler::current_thread::CurrentThread>::block_on<core[a373ad73a504971]::pin::Pin<&mut dyn core[a373ad73a504971]::future::future::Future<Output = ()>>>::{closure#0}, ()>
[INFO] [stdout]   17:     0x5ee2114f1b55 - <tokio[e5df13d9caa1e371]::runtime::runtime::Runtime>::block_on::<core[a373ad73a504971]::pin::Pin<&mut dyn core[a373ad73a504971]::future::future::Future<Output = ()>>>
[INFO] [stdout]   18:     0x5ee2114eb1fe - <integration_test[dc648dec1645c8f0]::pipeline::{closure#0} as core[a373ad73a504971]::ops::function::FnOnce<()>>::call_once
[INFO] [stdout]   19:     0x5ee2114f945b - test[aada8e7e76ba119b]::__rust_begin_short_backtrace::<core[a373ad73a504971]::result::Result<(), alloc[2e1b2a31b91974c5]::string::String>, fn() -> core[a373ad73a504971]::result::Result<(), alloc[2e1b2a31b91974c5]::string::String>>
[INFO] [stdout]   20:     0x5ee211506635 - test[aada8e7e76ba119b]::run_test::{closure#0}
[INFO] [stdout]   21:     0x5ee2114fff24 - std[617be2ca0a6fd877]::sys::backtrace::__rust_begin_short_backtrace::<test[aada8e7e76ba119b]::run_test::{closure#1}, ()>
[INFO] [stdout]   22:     0x5ee2115096c2 - <std[617be2ca0a6fd877]::thread::lifecycle::spawn_unchecked<test[aada8e7e76ba119b]::run_test::{closure#1}, ()>::{closure#1} as core[a373ad73a504971]::ops::function::FnOnce<()>>::call_once::{shim:vtable#0}
[INFO] [stdout]   23:     0x5ee211621c6f - <std[617be2ca0a6fd877]::sys::thread::unix::Thread>::new::thread_start
[INFO] [stdout]   24:     0x79b1300eadfa - <unknown>
[INFO] [stdout]   25:     0x79b13017e3d4 - clone
[INFO] [stdout]   26:                0x0 - <unknown>
[INFO] [stdout] 
[INFO] [stdout] ---- shell_variables stdout ----
[INFO] [stdout] 
[INFO] [stdout] thread 'shell_variables' (1864) panicked at tests/test_builder.rs:244:5:
[INFO] [stdout] assertion failed: `(left == right)`: 
[INFO] [stdout] 
[INFO] [stdout] Failed for: echo $VAR && VAR=1 && echo $VAR && deno eval 'console.log(Deno.env.get("VAR"))'
[INFO] [stdout] 
[INFO] [stdout] [1mDiff[0m [31m< left[0m / [32mright >[0m :
[INFO] [stdout] [31m<deno: command not found[0m
[INFO] [stdout] [31m<[0m
[INFO] [stdout] 
[INFO] [stdout] 
[INFO] [stdout] stack backtrace:
[INFO] [stdout]    0:     0x5ee211622a51 - <<std[617be2ca0a6fd877]::sys::backtrace::BacktraceLock>::print::DisplayBacktrace as core[a373ad73a504971]::fmt::Display>::fmt
[INFO] [stdout]    1:     0x5ee21163815a - core[a373ad73a504971]::fmt::write
[INFO] [stdout]    2:     0x5ee2116277dc - <alloc[2e1b2a31b91974c5]::vec::Vec<u8> as core[a373ad73a504971]::io::write::Write>::write_fmt
[INFO] [stdout]    3:     0x5ee2115fad76 - std[617be2ca0a6fd877]::panicking::default_hook::{closure#0}
[INFO] [stdout]    4:     0x5ee211618d99 - std[617be2ca0a6fd877]::panicking::default_hook
[INFO] [stdout]    5:     0x5ee211506010 - test[aada8e7e76ba119b]::test_main_inner::{closure#0}
[INFO] [stdout]    6:     0x5ee2116190c2 - std[617be2ca0a6fd877]::panicking::panic_with_hook
[INFO] [stdout]    7:     0x5ee2115fae22 - std[617be2ca0a6fd877]::panicking::panic_handler::{closure#0}
[INFO] [stdout]    8:     0x5ee2115f3789 - std[617be2ca0a6fd877]::sys::backtrace::__rust_end_short_backtrace::<std[617be2ca0a6fd877]::panicking::panic_handler::{closure#0}, !>
[INFO] [stdout]    9:     0x5ee2115fbb1d - __rustc[ea4f61d10b84890b]::rust_begin_unwind
[INFO] [stdout]   10:     0x5ee2116388bc - core[a373ad73a504971]::panicking::panic_fmt
[INFO] [stdout]   11:     0x5ee2114e60d6 - <integration_test[dc648dec1645c8f0]::test_builder::TestBuilder>::run::{closure#0}
[INFO] [stdout]   12:     0x5ee2114d528e - integration_test[dc648dec1645c8f0]::shell_variables::{closure#0}
[INFO] [stdout]   13:     0x5ee2114ee9c3 - <tokio[e5df13d9caa1e371]::runtime::scheduler::current_thread::Context>::enter::<core[a373ad73a504971]::task::poll::Poll<()>, <tokio[e5df13d9caa1e371]::runtime::scheduler::current_thread::CoreGuard>::block_on<core[a373ad73a504971]::pin::Pin<&mut core[a373ad73a504971]::pin::Pin<&mut dyn core[a373ad73a504971]::future::future::Future<Output = ()>>>>::{closure#0}::{closure#0}>
[INFO] [stdout]   14:     0x5ee2114ec732 - <tokio[e5df13d9caa1e371]::runtime::context::scoped::Scoped<tokio[e5df13d9caa1e371]::runtime::scheduler::Context>>::set::<<tokio[e5df13d9caa1e371]::runtime::scheduler::current_thread::CoreGuard>::enter<<tokio[e5df13d9caa1e371]::runtime::scheduler::current_thread::CoreGuard>::block_on<core[a373ad73a504971]::pin::Pin<&mut core[a373ad73a504971]::pin::Pin<&mut dyn core[a373ad73a504971]::future::future::Future<Output = ()>>>>::{closure#0}, core[a373ad73a504971]::option::Option<()>>::{closure#0}, (alloc[2e1b2a31b91974c5]::boxed::Box<tokio[e5df13d9caa1e371]::runtime::scheduler::current_thread::Core>, core[a373ad73a504971]::option::Option<()>)>
[INFO] [stdout]   15:     0x5ee2114eee17 - <tokio[e5df13d9caa1e371]::runtime::scheduler::current_thread::CoreGuard>::block_on::<core[a373ad73a504971]::pin::Pin<&mut core[a373ad73a504971]::pin::Pin<&mut dyn core[a373ad73a504971]::future::future::Future<Output = ()>>>>
[INFO] [stdout]   16:     0x5ee2114f4d39 - tokio[e5df13d9caa1e371]::runtime::context::runtime::enter_runtime::<<tokio[e5df13d9caa1e371]::runtime::scheduler::current_thread::CurrentThread>::block_on<core[a373ad73a504971]::pin::Pin<&mut dyn core[a373ad73a504971]::future::future::Future<Output = ()>>>::{closure#0}, ()>
[INFO] [stdout]   17:     0x5ee2114f1b55 - <tokio[e5df13d9caa1e371]::runtime::runtime::Runtime>::block_on::<core[a373ad73a504971]::pin::Pin<&mut dyn core[a373ad73a504971]::future::future::Future<Output = ()>>>
[INFO] [stdout]   18:     0x5ee2114e875e - <integration_test[dc648dec1645c8f0]::shell_variables::{closure#0} as core[a373ad73a504971]::ops::function::FnOnce<()>>::call_once
[INFO] [stdout]   19:     0x5ee2114f945b - test[aada8e7e76ba119b]::__rust_begin_short_backtrace::<core[a373ad73a504971]::result::Result<(), alloc[2e1b2a31b91974c5]::string::String>, fn() -> core[a373ad73a504971]::result::Result<(), alloc[2e1b2a31b91974c5]::string::String>>
[INFO] [stdout]   20:     0x5ee211506635 - test[aada8e7e76ba119b]::run_test::{closure#0}
[INFO] [stdout]   21:     0x5ee2114fff24 - std[617be2ca0a6fd877]::sys::backtrace::__rust_begin_short_backtrace::<test[aada8e7e76ba119b]::run_test::{closure#1}, ()>
[INFO] [stdout]   22:     0x5ee2115096c2 - <std[617be2ca0a6fd877]::thread::lifecycle::spawn_unchecked<test[aada8e7e76ba119b]::run_test::{closure#1}, ()>::{closure#1} as core[a373ad73a504971]::ops::function::FnOnce<()>>::call_once::{shim:vtable#0}
[INFO] [stdout]   23:     0x5ee211621c6f - <std[617be2ca0a6fd877]::sys::thread::unix::Thread>::new::thread_start
[INFO] [stdout]   24:     0x79b1300eadfa - <unknown>
[INFO] [stdout]   25:     0x79b13017e3d4 - clone
[INFO] [stdout]   26:                0x0 - <unknown>
[INFO] [stdout] 
[INFO] [stdout] ---- redirects_output stdout ----
[INFO] [stdout] 
[INFO] [stdout] thread 'redirects_output' (1857) panicked at tests/test_builder.rs:244:5:
[INFO] [stdout] assertion failed: `(left == right)`: 
[INFO] [stdout] 
[INFO] [stdout] Failed for: deno eval 'console.log(1); console.error(5)' 1> test.txt
[INFO] [stdout] 
[INFO] [stdout] [1mDiff[0m [31m< left[0m / [32mright >[0m :
[INFO] [stdout] [31m<[0m[1;48;5;52;31mdeno: command not found[0m
[INFO] [stdout] [32m>[0m[1;48;5;22;32m5[0m
[INFO] [stdout]  
[INFO] [stdout] 
[INFO] [stdout] 
[INFO] [stdout] stack backtrace:
[INFO] [stdout]    0:     0x5ee211622a51 - <<std[617be2ca0a6fd877]::sys::backtrace::BacktraceLock>::print::DisplayBacktrace as core[a373ad73a504971]::fmt::Display>::fmt
[INFO] [stdout]    1:     0x5ee21163815a - core[a373ad73a504971]::fmt::write
[INFO] [stdout]    2:     0x5ee2116277dc - <alloc[2e1b2a31b91974c5]::vec::Vec<u8> as core[a373ad73a504971]::io::write::Write>::write_fmt
[INFO] [stdout]    3:     0x5ee2115fad76 - std[617be2ca0a6fd877]::panicking::default_hook::{closure#0}
[INFO] [stdout]    4:     0x5ee211618d99 - std[617be2ca0a6fd877]::panicking::default_hook
[INFO] [stdout]    5:     0x5ee211506010 - test[aada8e7e76ba119b]::test_main_inner::{closure#0}
[INFO] [stdout]    6:     0x5ee2116190c2 - std[617be2ca0a6fd877]::panicking::panic_with_hook
[INFO] [stdout]    7:     0x5ee2115fae22 - std[617be2ca0a6fd877]::panicking::panic_handler::{closure#0}
[INFO] [stdout]    8:     0x5ee2115f3789 - std[617be2ca0a6fd877]::sys::backtrace::__rust_end_short_backtrace::<std[617be2ca0a6fd877]::panicking::panic_handler::{closure#0}, !>
[INFO] [stdout]    9:     0x5ee2115fbb1d - __rustc[ea4f61d10b84890b]::rust_begin_unwind
[INFO] [stdout]   10:     0x5ee2116388bc - core[a373ad73a504971]::panicking::panic_fmt
[INFO] [stdout]   11:     0x5ee2114e60d6 - <integration_test[dc648dec1645c8f0]::test_builder::TestBuilder>::run::{closure#0}
[INFO] [stdout]   12:     0x5ee2114d5d25 - integration_test[dc648dec1645c8f0]::redirects_output::{closure#0}
[INFO] [stdout]   13:     0x5ee2114ee9c3 - <tokio[e5df13d9caa1e371]::runtime::scheduler::current_thread::Context>::enter::<core[a373ad73a504971]::task::poll::Poll<()>, <tokio[e5df13d9caa1e371]::runtime::scheduler::current_thread::CoreGuard>::block_on<core[a373ad73a504971]::pin::Pin<&mut core[a373ad73a504971]::pin::Pin<&mut dyn core[a373ad73a504971]::future::future::Future<Output = ()>>>>::{closure#0}::{closure#0}>
[INFO] [stdout]   14:     0x5ee2114ec732 - <tokio[e5df13d9caa1e371]::runtime::context::scoped::Scoped<tokio[e5df13d9caa1e371]::runtime::scheduler::Context>>::set::<<tokio[e5df13d9caa1e371]::runtime::scheduler::current_thread::CoreGuard>::enter<<tokio[e5df13d9caa1e371]::runtime::scheduler::current_thread::CoreGuard>::block_on<core[a373ad73a504971]::pin::Pin<&mut core[a373ad73a504971]::pin::Pin<&mut dyn core[a373ad73a504971]::future::future::Future<Output = ()>>>>::{closure#0}, core[a373ad73a504971]::option::Option<()>>::{closure#0}, (alloc[2e1b2a31b91974c5]::boxed::Box<tokio[e5df13d9caa1e371]::runtime::scheduler::current_thread::Core>, core[a373ad73a504971]::option::Option<()>)>
[INFO] [stdout]   15:     0x5ee2114eee17 - <tokio[e5df13d9caa1e371]::runtime::scheduler::current_thread::CoreGuard>::block_on::<core[a373ad73a504971]::pin::Pin<&mut core[a373ad73a504971]::pin::Pin<&mut dyn core[a373ad73a504971]::future::future::Future<Output = ()>>>>
[INFO] [stdout]   16:     0x5ee2114f4d39 - tokio[e5df13d9caa1e371]::runtime::context::runtime::enter_runtime::<<tokio[e5df13d9caa1e371]::runtime::scheduler::current_thread::CurrentThread>::block_on<core[a373ad73a504971]::pin::Pin<&mut dyn core[a373ad73a504971]::future::future::Future<Output = ()>>>::{closure#0}, ()>
[INFO] [stdout]   17:     0x5ee2114f1b55 - <tokio[e5df13d9caa1e371]::runtime::runtime::Runtime>::block_on::<core[a373ad73a504971]::pin::Pin<&mut dyn core[a373ad73a504971]::future::future::Future<Output = ()>>>
[INFO] [stdout]   18:     0x5ee2114e8a1e - <integration_test[dc648dec1645c8f0]::redirects_output::{closure#0} as core[a373ad73a504971]::ops::function::FnOnce<()>>::call_once
[INFO] [stdout]   19:     0x5ee2114f945b - test[aada8e7e76ba119b]::__rust_begin_short_backtrace::<core[a373ad73a504971]::result::Result<(), alloc[2e1b2a31b91974c5]::string::String>, fn() -> core[a373ad73a504971]::result::Result<(), alloc[2e1b2a31b91974c5]::string::String>>
[INFO] [stdout]   20:     0x5ee211506635 - test[aada8e7e76ba119b]::run_test::{closure#0}
[INFO] [stdout]   21:     0x5ee2114fff24 - std[617be2ca0a6fd877]::sys::backtrace::__rust_begin_short_backtrace::<test[aada8e7e76ba119b]::run_test::{closure#1}, ()>
[INFO] [stdout]   22:     0x5ee2115096c2 - <std[617be2ca0a6fd877]::thread::lifecycle::spawn_unchecked<test[aada8e7e76ba119b]::run_test::{closure#1}, ()>::{closure#1} as core[a373ad73a504971]::ops::function::FnOnce<()>>::call_once::{shim:vtable#0}
[INFO] [stdout]   23:     0x5ee211621c6f - <std[617be2ca0a6fd877]::sys::thread::unix::Thread>::new::thread_start
[INFO] [stdout]   24:     0x79b1300eadfa - <unknown>
[INFO] [stdout]   25:     0x79b13017e3d4 - clone
[INFO] [stdout]   26:                0x0 - <unknown>
[INFO] [stdout] 
[INFO] [stdout] ---- unset stdout ----
[INFO] [stdout] 
[INFO] [stdout] thread 'unset' (1913) panicked at tests/test_builder.rs:244:5:
[INFO] [stdout] assertion failed: `(left == right)`: 
[INFO] [stdout] 
[INFO] [stdout] Failed for: export VAR1=1 VAR2=2 VAR3=3 && unset VAR1 && deno eval 'for (let i = 1; i <= 3; i++) { const val = Deno.env.get(`VAR${i}`); console.log(val); }'
[INFO] [stdout] 
[INFO] [stdout] [1mDiff[0m [31m< left[0m / [32mright >[0m :
[INFO] [stdout] [31m<deno: command not found[0m
[INFO] [stdout] [31m<[0m
[INFO] [stdout] 
[INFO] [stdout] 
[INFO] [stdout] stack backtrace:
[INFO] [stdout]    0:     0x5ee211622a51 - <<std[617be2ca0a6fd877]::sys::backtrace::BacktraceLock>::print::DisplayBacktrace as core[a373ad73a504971]::fmt::Display>::fmt
[INFO] [stdout]    1:     0x5ee21163815a - core[a373ad73a504971]::fmt::write
[INFO] [stdout]    2:     0x5ee2116277dc - <alloc[2e1b2a31b91974c5]::vec::Vec<u8> as core[a373ad73a504971]::io::write::Write>::write_fmt
[INFO] [stdout]    3:     0x5ee2115fad76 - std[617be2ca0a6fd877]::panicking::default_hook::{closure#0}
[INFO] [stdout]    4:     0x5ee211618d99 - std[617be2ca0a6fd877]::panicking::default_hook
[INFO] [stdout]    5:     0x5ee211506010 - test[aada8e7e76ba119b]::test_main_inner::{closure#0}
[INFO] [stdout]    6:     0x5ee2116190c2 - std[617be2ca0a6fd877]::panicking::panic_with_hook
[INFO] [stdout]    7:     0x5ee2115fae22 - std[617be2ca0a6fd877]::panicking::panic_handler::{closure#0}
[INFO] [stdout]    8:     0x5ee2115f3789 - std[617be2ca0a6fd877]::sys::backtrace::__rust_end_short_backtrace::<std[617be2ca0a6fd877]::panicking::panic_handler::{closure#0}, !>
[INFO] [stdout]    9:     0x5ee2115fbb1d - __rustc[ea4f61d10b84890b]::rust_begin_unwind
[INFO] [stdout]   10:     0x5ee2116388bc - core[a373ad73a504971]::panicking::panic_fmt
[INFO] [stdout]   11:     0x5ee2114e60d6 - <integration_test[dc648dec1645c8f0]::test_builder::TestBuilder>::run::{closure#0}
[INFO] [stdout]   12:     0x5ee2114df42c - integration_test[dc648dec1645c8f0]::unset::{closure#0}
[INFO] [stdout]   13:     0x5ee2114ee9c3 - <tokio[e5df13d9caa1e371]::runtime::scheduler::current_thread::Context>::enter::<core[a373ad73a504971]::task::poll::Poll<()>, <tokio[e5df13d9caa1e371]::runtime::scheduler::current_thread::CoreGuard>::block_on<core[a373ad73a504971]::pin::Pin<&mut core[a373ad73a504971]::pin::Pin<&mut dyn core[a373ad73a504971]::future::future::Future<Output = ()>>>>::{closure#0}::{closure#0}>
[INFO] [stdout]   14:     0x5ee2114ec732 - <tokio[e5df13d9caa1e371]::runtime::context::scoped::Scoped<tokio[e5df13d9caa1e371]::runtime::scheduler::Context>>::set::<<tokio[e5df13d9caa1e371]::runtime::scheduler::current_thread::CoreGuard>::enter<<tokio[e5df13d9caa1e371]::runtime::scheduler::current_thread::CoreGuard>::block_on<core[a373ad73a504971]::pin::Pin<&mut core[a373ad73a504971]::pin::Pin<&mut dyn core[a373ad73a504971]::future::future::Future<Output = ()>>>>::{closure#0}, core[a373ad73a504971]::option::Option<()>>::{closure#0}, (alloc[2e1b2a31b91974c5]::boxed::Box<tokio[e5df13d9caa1e371]::runtime::scheduler::current_thread::Core>, core[a373ad73a504971]::option::Option<()>)>
[INFO] [stderr] error: test failed, to rerun pass `--test integration_test`
[INFO] [stdout]   15:     0x5ee2114eee17 - <tokio[e5df13d9caa1e371]::runtime::scheduler::current_thread::CoreGuard>::block_on::<core[a373ad73a504971]::pin::Pin<&mut core[a373ad73a504971]::pin::Pin<&mut dyn core[a373ad73a504971]::future::future::Future<Output = ()>>>>
[INFO] [stdout]   16:     0x5ee2114f4d39 - tokio[e5df13d9caa1e371]::runtime::context::runtime::enter_runtime::<<tokio[e5df13d9caa1e371]::runtime::scheduler::current_thread::CurrentThread>::block_on<core[a373ad73a504971]::pin::Pin<&mut dyn core[a373ad73a504971]::future::future::Future<Output = ()>>>::{closure#0}, ()>
[INFO] [stdout]   17:     0x5ee2114f1b55 - <tokio[e5df13d9caa1e371]::runtime::runtime::Runtime>::block_on::<core[a373ad73a504971]::pin::Pin<&mut dyn core[a373ad73a504971]::future::future::Future<Output = ()>>>
[INFO] [stdout]   18:     0x5ee2114eab1e - <integration_test[dc648dec1645c8f0]::unset::{closure#0} as core[a373ad73a504971]::ops::function::FnOnce<()>>::call_once
[INFO] [stdout]   19:     0x5ee2114f945b - test[aada8e7e76ba119b]::__rust_begin_short_backtrace::<core[a373ad73a504971]::result::Result<(), alloc[2e1b2a31b91974c5]::string::String>, fn() -> core[a373ad73a504971]::result::Result<(), alloc[2e1b2a31b91974c5]::string::String>>
[INFO] [stdout]   20:     0x5ee211506635 - test[aada8e7e76ba119b]::run_test::{closure#0}
[INFO] [stdout]   21:     0x5ee2114fff24 - std[617be2ca0a6fd877]::sys::backtrace::__rust_begin_short_backtrace::<test[aada8e7e76ba119b]::run_test::{closure#1}, ()>
[INFO] [stdout]   22:     0x5ee2115096c2 - <std[617be2ca0a6fd877]::thread::lifecycle::spawn_unchecked<test[aada8e7e76ba119b]::run_test::{closure#1}, ()>::{closure#1} as core[a373ad73a504971]::ops::function::FnOnce<()>>::call_once::{shim:vtable#0}
[INFO] [stdout]   23:     0x5ee211621c6f - <std[617be2ca0a6fd877]::sys::thread::unix::Thread>::new::thread_start
[INFO] [stdout]   24:     0x79b1300eadfa - <unknown>
[INFO] [stdout]   25:     0x79b13017e3d4 - clone
[INFO] [stdout]   26:                0x0 - <unknown>
[INFO] [stdout] 
[INFO] [stdout] ---- stdin stdout ----
[INFO] [stdout] 
[INFO] [stdout] thread 'stdin' (1891) panicked at tests/test_builder.rs:244:5:
[INFO] [stdout] assertion failed: `(left == right)`: 
[INFO] [stdout] 
[INFO] [stdout] Failed for: deno eval "const b = new Uint8Array(1);Deno.stdin.readSync(b);console.log(b)" && deno eval "const b = new Uint8Array(1);Deno.stdin.readSync(b);console.log(b)"
[INFO] [stdout] 
[INFO] [stdout] [1mDiff[0m [31m< left[0m / [32mright >[0m :
[INFO] [stdout] [31m<deno: command not found[0m
[INFO] [stdout] [31m<[0m
[INFO] [stdout] 
[INFO] [stdout] 
[INFO] [stdout] stack backtrace:
[INFO] [stdout]    0:     0x5ee211622a51 - <<std[617be2ca0a6fd877]::sys::backtrace::BacktraceLock>::print::DisplayBacktrace as core[a373ad73a504971]::fmt::Display>::fmt
[INFO] [stdout]    1:     0x5ee21163815a - core[a373ad73a504971]::fmt::write
[INFO] [stdout]    2:     0x5ee2116277dc - <alloc[2e1b2a31b91974c5]::vec::Vec<u8> as core[a373ad73a504971]::io::write::Write>::write_fmt
[INFO] [stdout]    3:     0x5ee2115fad76 - std[617be2ca0a6fd877]::panicking::default_hook::{closure#0}
[INFO] [stdout]    4:     0x5ee211618d99 - std[617be2ca0a6fd877]::panicking::default_hook
[INFO] [stdout]    5:     0x5ee211506010 - test[aada8e7e76ba119b]::test_main_inner::{closure#0}
[INFO] [stdout]    6:     0x5ee2116190c2 - std[617be2ca0a6fd877]::panicking::panic_with_hook
[INFO] [stdout]    7:     0x5ee2115fae22 - std[617be2ca0a6fd877]::panicking::panic_handler::{closure#0}
[INFO] [stdout]    8:     0x5ee2115f3789 - std[617be2ca0a6fd877]::sys::backtrace::__rust_end_short_backtrace::<std[617be2ca0a6fd877]::panicking::panic_handler::{closure#0}, !>
[INFO] [stdout]    9:     0x5ee2115fbb1d - __rustc[ea4f61d10b84890b]::rust_begin_unwind
[INFO] [stdout]   10:     0x5ee2116388bc - core[a373ad73a504971]::panicking::panic_fmt
[INFO] [stdout]   11:     0x5ee2114e60d6 - <integration_test[dc648dec1645c8f0]::test_builder::TestBuilder>::run::{closure#0}
[INFO] [stdout]   12:     0x5ee2114defdb - integration_test[dc648dec1645c8f0]::stdin::{closure#0}
[INFO] [stdout]   13:     0x5ee2114ee9c3 - <tokio[e5df13d9caa1e371]::runtime::scheduler::current_thread::Context>::enter::<core[a373ad73a504971]::task::poll::Poll<()>, <tokio[e5df13d9caa1e371]::runtime::scheduler::current_thread::CoreGuard>::block_on<core[a373ad73a504971]::pin::Pin<&mut core[a373ad73a504971]::pin::Pin<&mut dyn core[a373ad73a504971]::future::future::Future<Output = ()>>>>::{closure#0}::{closure#0}>
[INFO] [stdout]   14:     0x5ee2114ec732 - <tokio[e5df13d9caa1e371]::runtime::context::scoped::Scoped<tokio[e5df13d9caa1e371]::runtime::scheduler::Context>>::set::<<tokio[e5df13d9caa1e371]::runtime::scheduler::current_thread::CoreGuard>::enter<<tokio[e5df13d9caa1e371]::runtime::scheduler::current_thread::CoreGuard>::block_on<core[a373ad73a504971]::pin::Pin<&mut core[a373ad73a504971]::pin::Pin<&mut dyn core[a373ad73a504971]::future::future::Future<Output = ()>>>>::{closure#0}, core[a373ad73a504971]::option::Option<()>>::{closure#0}, (alloc[2e1b2a31b91974c5]::boxed::Box<tokio[e5df13d9caa1e371]::runtime::scheduler::current_thread::Core>, core[a373ad73a504971]::option::Option<()>)>
[INFO] [stdout]   15:     0x5ee2114eee17 - <tokio[e5df13d9caa1e371]::runtime::scheduler::current_thread::CoreGuard>::block_on::<core[a373ad73a504971]::pin::Pin<&mut core[a373ad73a504971]::pin::Pin<&mut dyn core[a373ad73a504971]::future::future::Future<Output = ()>>>>
[INFO] [stdout]   16:     0x5ee2114f4d39 - tokio[e5df13d9caa1e371]::runtime::context::runtime::enter_runtime::<<tokio[e5df13d9caa1e371]::runtime::scheduler::current_thread::CurrentThread>::block_on<core[a373ad73a504971]::pin::Pin<&mut dyn core[a373ad73a504971]::future::future::Future<Output = ()>>>::{closure#0}, ()>
[INFO] [stdout]   17:     0x5ee2114f1b55 - <tokio[e5df13d9caa1e371]::runtime::runtime::Runtime>::block_on::<core[a373ad73a504971]::pin::Pin<&mut dyn core[a373ad73a504971]::future::future::Future<Output = ()>>>
[INFO] [stdout]   18:     0x5ee2114ea96e - <integration_test[dc648dec1645c8f0]::stdin::{closure#0} as core[a373ad73a504971]::ops::function::FnOnce<()>>::call_once
[INFO] [stdout]   19:     0x5ee2114f945b - test[aada8e7e76ba119b]::__rust_begin_short_backtrace::<core[a373ad73a504971]::result::Result<(), alloc[2e1b2a31b91974c5]::string::String>, fn() -> core[a373ad73a504971]::result::Result<(), alloc[2e1b2a31b91974c5]::string::String>>
[INFO] [stdout]   20:     0x5ee211506635 - test[aada8e7e76ba119b]::run_test::{closure#0}
[INFO] [stdout]   21:     0x5ee2114fff24 - std[617be2ca0a6fd877]::sys::backtrace::__rust_begin_short_backtrace::<test[aada8e7e76ba119b]::run_test::{closure#1}, ()>
[INFO] [stdout]   22:     0x5ee2115096c2 - <std[617be2ca0a6fd877]::thread::lifecycle::spawn_unchecked<test[aada8e7e76ba119b]::run_test::{closure#1}, ()>::{closure#1} as core[a373ad73a504971]::ops::function::FnOnce<()>>::call_once::{shim:vtable#0}
[INFO] [stdout]   23:     0x5ee211621c6f - <std[617be2ca0a6fd877]::sys::thread::unix::Thread>::new::thread_start
[INFO] [stdout]   24:     0x79b1300eadfa - <unknown>
[INFO] [stdout]   25:     0x79b13017e3d4 - clone
[INFO] [stdout]   26:                0x0 - <unknown>
[INFO] [stdout] 
[INFO] [stdout] ---- xargs stdout ----
[INFO] [stdout] 
[INFO] [stdout] thread 'xargs' (1917) panicked at tests/test_builder.rs:244:5:
[INFO] [stdout] assertion failed: `(left == right)`: 
[INFO] [stdout] 
[INFO] [stdout] Failed for: deno eval "console.log('testing\nthis')" | xargs
[INFO] [stdout] 
[INFO] [stdout] [1mDiff[0m [31m< left[0m / [32mright >[0m :
[INFO] [stdout] [31m<deno: command not found[0m
[INFO] [stdout] [31m<[0m
[INFO] [stdout] 
[INFO] [stdout] 
[INFO] [stdout] stack backtrace:
[INFO] [stdout]    0:     0x5ee211622a51 - <<std[617be2ca0a6fd877]::sys::backtrace::BacktraceLock>::print::DisplayBacktrace as core[a373ad73a504971]::fmt::Display>::fmt
[INFO] [stdout]    1:     0x5ee21163815a - core[a373ad73a504971]::fmt::write
[INFO] [stdout]    2:     0x5ee2116277dc - <alloc[2e1b2a31b91974c5]::vec::Vec<u8> as core[a373ad73a504971]::io::write::Write>::write_fmt
[INFO] [stdout]    3:     0x5ee2115fad76 - std[617be2ca0a6fd877]::panicking::default_hook::{closure#0}
[INFO] [stdout]    4:     0x5ee211618d99 - std[617be2ca0a6fd877]::panicking::default_hook
[INFO] [stdout]    5:     0x5ee211506010 - test[aada8e7e76ba119b]::test_main_inner::{closure#0}
[INFO] [stdout]    6:     0x5ee2116190c2 - std[617be2ca0a6fd877]::panicking::panic_with_hook
[INFO] [stdout]    7:     0x5ee2115fae22 - std[617be2ca0a6fd877]::panicking::panic_handler::{closure#0}
[INFO] [stdout]    8:     0x5ee2115f3789 - std[617be2ca0a6fd877]::sys::backtrace::__rust_end_short_backtrace::<std[617be2ca0a6fd877]::panicking::panic_handler::{closure#0}, !>
[INFO] [stdout]    9:     0x5ee2115fbb1d - __rustc[ea4f61d10b84890b]::rust_begin_unwind
[INFO] [stdout]   10:     0x5ee2116388bc - core[a373ad73a504971]::panicking::panic_fmt
[INFO] [stdout]   11:     0x5ee2114e60d6 - <integration_test[dc648dec1645c8f0]::test_builder::TestBuilder>::run::{closure#0}
[INFO] [stdout]   12:     0x5ee2114e0093 - integration_test[dc648dec1645c8f0]::xargs::{closure#0}
[INFO] [stdout]   13:     0x5ee2114ee9c3 - <tokio[e5df13d9caa1e371]::runtime::scheduler::current_thread::Context>::enter::<core[a373ad73a504971]::task::poll::Poll<()>, <tokio[e5df13d9caa1e371]::runtime::scheduler::current_thread::CoreGuard>::block_on<core[a373ad73a504971]::pin::Pin<&mut core[a373ad73a504971]::pin::Pin<&mut dyn core[a373ad73a504971]::future::future::Future<Output = ()>>>>::{closure#0}::{closure#0}>
[INFO] [stdout]   14:     0x5ee2114ec732 - <tokio[e5df13d9caa1e371]::runtime::context::scoped::Scoped<tokio[e5df13d9caa1e371]::runtime::scheduler::Context>>::set::<<tokio[e5df13d9caa1e371]::runtime::scheduler::current_thread::CoreGuard>::enter<<tokio[e5df13d9caa1e371]::runtime::scheduler::current_thread::CoreGuard>::block_on<core[a373ad73a504971]::pin::Pin<&mut core[a373ad73a504971]::pin::Pin<&mut dyn core[a373ad73a504971]::future::future::Future<Output = ()>>>>::{closure#0}, core[a373ad73a504971]::option::Option<()>>::{closure#0}, (alloc[2e1b2a31b91974c5]::boxed::Box<tokio[e5df13d9caa1e371]::runtime::scheduler::current_thread::Core>, core[a373ad73a504971]::option::Option<()>)>
[INFO] [stdout]   15:     0x5ee2114eee17 - <tokio[e5df13d9caa1e371]::runtime::scheduler::current_thread::CoreGuard>::block_on::<core[a373ad73a504971]::pin::Pin<&mut core[a373ad73a504971]::pin::Pin<&mut dyn core[a373ad73a504971]::future::future::Future<Output = ()>>>>
[INFO] [stdout]   16:     0x5ee2114f4d39 - tokio[e5df13d9caa1e371]::runtime::context::runtime::enter_runtime::<<tokio[e5df13d9caa1e371]::runtime::scheduler::current_thread::CurrentThread>::block_on<core[a373ad73a504971]::pin::Pin<&mut dyn core[a373ad73a504971]::future::future::Future<Output = ()>>>::{closure#0}, ()>
[INFO] [stdout]   17:     0x5ee2114f1b55 - <tokio[e5df13d9caa1e371]::runtime::runtime::Runtime>::block_on::<core[a373ad73a504971]::pin::Pin<&mut dyn core[a373ad73a504971]::future::future::Future<Output = ()>>>
[INFO] [stdout]   18:     0x5ee2114eac7e - <integration_test[dc648dec1645c8f0]::xargs::{closure#0} as core[a373ad73a504971]::ops::function::FnOnce<()>>::call_once
[INFO] [stdout]   19:     0x5ee2114f945b - test[aada8e7e76ba119b]::__rust_begin_short_backtrace::<core[a373ad73a504971]::result::Result<(), alloc[2e1b2a31b91974c5]::string::String>, fn() -> core[a373ad73a504971]::result::Result<(), alloc[2e1b2a31b91974c5]::string::String>>
[INFO] [stdout]   20:     0x5ee211506635 - test[aada8e7e76ba119b]::run_test::{closure#0}
[INFO] [stdout]   21:     0x5ee2114fff24 - std[617be2ca0a6fd877]::sys::backtrace::__rust_begin_short_backtrace::<test[aada8e7e76ba119b]::run_test::{closure#1}, ()>
[INFO] [stdout]   22:     0x5ee2115096c2 - <std[617be2ca0a6fd877]::thread::lifecycle::spawn_unchecked<test[aada8e7e76ba119b]::run_test::{closure#1}, ()>::{closure#1} as core[a373ad73a504971]::ops::function::FnOnce<()>>::call_once::{shim:vtable#0}
[INFO] [stdout]   23:     0x5ee211621c6f - <std[617be2ca0a6fd877]::sys::thread::unix::Thread>::new::thread_start
[INFO] [stdout]   24:     0x79b1300eadfa - <unknown>
[INFO] [stdout]   25:     0x79b13017e3d4 - clone
[INFO] [stdout]   26:                0x0 - <unknown>
[INFO] [stdout] 
[INFO] [stdout] ---- async_commands stdout ----
[INFO] [stdout] 
[INFO] [stdout] thread 'async_commands' (1718) panicked at tests/test_builder.rs:244:5:
[INFO] [stdout] assertion failed: `(left == right)`: 
[INFO] [stdout] 
[INFO] [stdout] Failed for: deno eval 'Deno.exit(1)' & sleep 5 && echo 2 & echo 1
[INFO] [stdout] 
[INFO] [stdout] [1mDiff[0m [31m< left[0m / [32mright >[0m :
[INFO] [stdout] [31m<deno: command not found[0m
[INFO] [stdout] [31m<[0m
[INFO] [stdout] 
[INFO] [stdout] 
[INFO] [stdout] stack backtrace:
[INFO] [stdout]    0:     0x5ee211622a51 - <<std[617be2ca0a6fd877]::sys::backtrace::BacktraceLock>::print::DisplayBacktrace as core[a373ad73a504971]::fmt::Display>::fmt
[INFO] [stdout]    1:     0x5ee21163815a - core[a373ad73a504971]::fmt::write
[INFO] [stdout]    2:     0x5ee2116277dc - <alloc[2e1b2a31b91974c5]::vec::Vec<u8> as core[a373ad73a504971]::io::write::Write>::write_fmt
[INFO] [stdout]    3:     0x5ee2115fad76 - std[617be2ca0a6fd877]::panicking::default_hook::{closure#0}
[INFO] [stdout]    4:     0x5ee211618d99 - std[617be2ca0a6fd877]::panicking::default_hook
[INFO] [stdout]    5:     0x5ee211506010 - test[aada8e7e76ba119b]::test_main_inner::{closure#0}
[INFO] [stdout]    6:     0x5ee2116190c2 - std[617be2ca0a6fd877]::panicking::panic_with_hook
[INFO] [stdout]    7:     0x5ee2115fae22 - std[617be2ca0a6fd877]::panicking::panic_handler::{closure#0}
[INFO] [stdout]    8:     0x5ee2115f3789 - std[617be2ca0a6fd877]::sys::backtrace::__rust_end_short_backtrace::<std[617be2ca0a6fd877]::panicking::panic_handler::{closure#0}, !>
[INFO] [stdout]    9:     0x5ee2115fbb1d - __rustc[ea4f61d10b84890b]::rust_begin_unwind
[INFO] [stdout]   10:     0x5ee2116388bc - core[a373ad73a504971]::panicking::panic_fmt
[INFO] [stdout]   11:     0x5ee2114e60d6 - <integration_test[dc648dec1645c8f0]::test_builder::TestBuilder>::run::{closure#0}
[INFO] [stdout]   12:     0x5ee2114d09ba - integration_test[dc648dec1645c8f0]::async_commands::{closure#0}
[INFO] [stdout]   13:     0x5ee2114ee9c3 - <tokio[e5df13d9caa1e371]::runtime::scheduler::current_thread::Context>::enter::<core[a373ad73a504971]::task::poll::Poll<()>, <tokio[e5df13d9caa1e371]::runtime::scheduler::current_thread::CoreGuard>::block_on<core[a373ad73a504971]::pin::Pin<&mut core[a373ad73a504971]::pin::Pin<&mut dyn core[a373ad73a504971]::future::future::Future<Output = ()>>>>::{closure#0}::{closure#0}>
[INFO] [stdout]   14:     0x5ee2114ec732 - <tokio[e5df13d9caa1e371]::runtime::context::scoped::Scoped<tokio[e5df13d9caa1e371]::runtime::scheduler::Context>>::set::<<tokio[e5df13d9caa1e371]::runtime::scheduler::current_thread::CoreGuard>::enter<<tokio[e5df13d9caa1e371]::runtime::scheduler::current_thread::CoreGuard>::block_on<core[a373ad73a504971]::pin::Pin<&mut core[a373ad73a504971]::pin::Pin<&mut dyn core[a373ad73a504971]::future::future::Future<Output = ()>>>>::{closure#0}, core[a373ad73a504971]::option::Option<()>>::{closure#0}, (alloc[2e1b2a31b91974c5]::boxed::Box<tokio[e5df13d9caa1e371]::runtime::scheduler::current_thread::Core>, core[a373ad73a504971]::option::Option<()>)>
[INFO] [stdout]   15:     0x5ee2114eee17 - <tokio[e5df13d9caa1e371]::runtime::scheduler::current_thread::CoreGuard>::block_on::<core[a373ad73a504971]::pin::Pin<&mut core[a373ad73a504971]::pin::Pin<&mut dyn core[a373ad73a504971]::future::future::Future<Output = ()>>>>
[INFO] [stdout]   16:     0x5ee2114f4d39 - tokio[e5df13d9caa1e371]::runtime::context::runtime::enter_runtime::<<tokio[e5df13d9caa1e371]::runtime::scheduler::current_thread::CurrentThread>::block_on<core[a373ad73a504971]::pin::Pin<&mut dyn core[a373ad73a504971]::future::future::Future<Output = ()>>>::{closure#0}, ()>
[INFO] [stdout]   17:     0x5ee2114f1b55 - <tokio[e5df13d9caa1e371]::runtime::runtime::Runtime>::block_on::<core[a373ad73a504971]::pin::Pin<&mut dyn core[a373ad73a504971]::future::future::Future<Output = ()>>>
[INFO] [stdout]   18:     0x5ee2114e7ade - <integration_test[dc648dec1645c8f0]::async_commands::{closure#0} as core[a373ad73a504971]::ops::function::FnOnce<()>>::call_once
[INFO] [stdout]   19:     0x5ee2114f945b - test[aada8e7e76ba119b]::__rust_begin_short_backtrace::<core[a373ad73a504971]::result::Result<(), alloc[2e1b2a31b91974c5]::string::String>, fn() -> core[a373ad73a504971]::result::Result<(), alloc[2e1b2a31b91974c5]::string::String>>
[INFO] [stdout]   20:     0x5ee211506635 - test[aada8e7e76ba119b]::run_test::{closure#0}
[INFO] [stdout]   21:     0x5ee2114fff24 - std[617be2ca0a6fd877]::sys::backtrace::__rust_begin_short_backtrace::<test[aada8e7e76ba119b]::run_test::{closure#1}, ()>
[INFO] [stdout]   22:     0x5ee2115096c2 - <std[617be2ca0a6fd877]::thread::lifecycle::spawn_unchecked<test[aada8e7e76ba119b]::run_test::{closure#1}, ()>::{closure#1} as core[a373ad73a504971]::ops::function::FnOnce<()>>::call_once::{shim:vtable#0}
[INFO] [stdout]   23:     0x5ee211621c6f - <std[617be2ca0a6fd877]::sys::thread::unix::Thread>::new::thread_start
[INFO] [stdout]   24:     0x79b1300eadfa - <unknown>
[INFO] [stdout]   25:     0x79b13017e3d4 - clone
[INFO] [stdout]   26:                0x0 - <unknown>
[INFO] [stdout] 
[INFO] [stdout] 
[INFO] [stdout] failures:
[INFO] [stdout]     async_commands
[INFO] [stdout]     commands
[INFO] [stdout]     cross_platform_shebang
[INFO] [stdout]     custom_command_resolve_command_path
[INFO] [stdout]     env_variables
[INFO] [stdout]     exit_code_var
[INFO] [stdout]     listens_for_signals_exits_gracefully
[INFO] [stdout]     pipeline
[INFO] [stdout]     redirects_output
[INFO] [stdout]     shell_variables
[INFO] [stdout]     stdin
[INFO] [stdout]     unset
[INFO] [stdout]     xargs
[INFO] [stdout] 
[INFO] [stdout] test result: FAILED. 39 passed; 13 failed; 0 ignored; 0 measured; 0 filtered out; finished in 0.52s
[INFO] [stdout] 
[INFO] running `Command { std: "docker" "inspect" "0261df1d6c2e700f074c8f2d0eb3212c0d3a3ad2064ea6f9b5458f2cb4e2b271", kill_on_drop: false }`
[INFO] running `Command { std: "docker" "rm" "-f" "0261df1d6c2e700f074c8f2d0eb3212c0d3a3ad2064ea6f9b5458f2cb4e2b271", kill_on_drop: false }`
[INFO] [stdout] 0261df1d6c2e700f074c8f2d0eb3212c0d3a3ad2064ea6f9b5458f2cb4e2b271
