[INFO] fetching crate deno_bindgen 0.9.0-alpha...
[INFO] testing deno_bindgen-0.9.0-alpha against 1.99.0-beta.8+cargoflags=--release for beta-release-1.100-2
[INFO] extracting crate deno_bindgen 0.9.0-alpha into /workspace/builds/worker-2-tc1/source
[INFO] started tweaking crates.io crate deno_bindgen 0.9.0-alpha
[INFO] finished tweaking crates.io crate deno_bindgen 0.9.0-alpha
[INFO] tweaked toml for crates.io crate deno_bindgen 0.9.0-alpha written to /workspace/builds/worker-2-tc1/source/Cargo.toml
[INFO] validating manifest of crates.io crate deno_bindgen 0.9.0-alpha on toolchain 1.99.0-beta.8
[INFO] running `Command { std: CARGO_HOME="/workspace/cargo-home" RUSTUP_HOME="/workspace/rustup-home" "/workspace/cargo-home/bin/cargo" "+1.99.0-beta.8" "metadata" "--manifest-path" "Cargo.toml" "--no-deps", kill_on_drop: false }`
[INFO] running `Command { std: CARGO_HOME="/workspace/cargo-home" RUSTUP_HOME="/workspace/rustup-home" "/workspace/cargo-home/bin/cargo" "+1.99.0-beta.8" "generate-lockfile" "--manifest-path" "Cargo.toml", kill_on_drop: false }`
[INFO] [stderr]     Updating crates.io index
[INFO] [stderr]      Locking 38 packages to highest compatible versions
[INFO] running `Command { std: CARGO_HOME="/workspace/cargo-home" RUSTUP_HOME="/workspace/rustup-home" "/workspace/cargo-home/bin/cargo" "+1.99.0-beta.8" "fetch" "--manifest-path" "Cargo.toml", kill_on_drop: false }`
[INFO] [stderr]  Downloading crates ...
[INFO] [stderr]   Downloaded toml v1.1.8+spec-1.1.0
[INFO] [stderr]   Downloaded toml_writer v1.1.3+spec-1.1.0
[INFO] [stderr]   Downloaded serde_spanned v1.1.2
[INFO] [stderr]   Downloaded target-tuple v1.0.2
[INFO] [stderr]   Downloaded linkme-impl v0.3.37
[INFO] [stderr]   Downloaded deno_bindgen_macro v0.9.0-alpha
[INFO] [stderr]   Downloaded trybuild v1.0.122
[INFO] [stderr]   Downloaded toml_parser v1.1.5+spec-1.1.0
[INFO] [stderr]   Downloaded toml_datetime v1.1.2+spec-1.1.0
[INFO] [stderr]   Downloaded deno_bindgen_ir v0.1.0
[INFO] [stderr]   Downloaded linkme v0.3.37
[INFO] [stderr]   Downloaded Inflector v0.11.4
[INFO] [stderr]   Downloaded winnow v1.0.4
[INFO] running `Command { std: "docker" "create" "-v" "/var/lib/crater-agent-workspace/builds/worker-2-tc1/source:/opt/rustwide/workdir:ro,Z" "-v" "/var/lib/crater-agent-workspace/builds/worker-2-tc1/target:/opt/rustwide/target:rw,Z" "-v" "/var/lib/crater-agent-workspace/cargo-home:/opt/rustwide/cargo-home:ro,Z" "-v" "/var/lib/crater-agent-workspace/rustup-home:/opt/rustwide/rustup-home:ro,Z" "-m" "1610612736" "--network" "none" "ghcr.io/rust-lang/crates-build-env/linux@sha256:77db811e55d90add9212f6832c23229e3de5f1c1f9905e8cb07319ea15df73ac" "sleep" "infinity", kill_on_drop: false }`
[INFO] [stdout] 6cb2354f5bec268f347eadbcc5460fabfbf6741007375c5d42c61397166cf5c8
[INFO] running `Command { std: "docker" "start" "6cb2354f5bec268f347eadbcc5460fabfbf6741007375c5d42c61397166cf5c8", kill_on_drop: false }`
[INFO] running `Command { std: "docker" "inspect" "6cb2354f5bec268f347eadbcc5460fabfbf6741007375c5d42c61397166cf5c8", kill_on_drop: false }`
[INFO] running `Command { std: "docker" "exec" "-e" "SOURCE_DIR=/opt/rustwide/workdir" "-e" "CARGO_HOME=/opt/rustwide/cargo-home" "-e" "RUSTUP_HOME=/opt/rustwide/rustup-home" "-e" "CARGO_TARGET_DIR=/opt/rustwide/target" "-w" "/opt/rustwide/workdir" "--user" "0:0" "6cb2354f5bec268f347eadbcc5460fabfbf6741007375c5d42c61397166cf5c8" "/opt/rustwide/cargo-home/bin/cargo" "+1.99.0-beta.8" "metadata" "--no-deps" "--format-version=1", kill_on_drop: false }`
[INFO] running `Command { std: "docker" "inspect" "6cb2354f5bec268f347eadbcc5460fabfbf6741007375c5d42c61397166cf5c8", kill_on_drop: false }`
[INFO] running `Command { std: "docker" "exec" "-e" "SOURCE_DIR=/opt/rustwide/workdir" "-e" "CARGO_HOME=/opt/rustwide/cargo-home" "-e" "RUSTUP_HOME=/opt/rustwide/rustup-home" "-e" "CARGO_TARGET_DIR=/opt/rustwide/target" "-e" "CARGO_INCREMENTAL=0" "-e" "RUST_BACKTRACE=full" "-e" "RUSTFLAGS=--cap-lints=warn" "-e" "RUSTDOCFLAGS=--cap-lints=warn" "-w" "/opt/rustwide/workdir" "--user" "0:0" "6cb2354f5bec268f347eadbcc5460fabfbf6741007375c5d42c61397166cf5c8" "/opt/rustwide/cargo-home/bin/cargo" "+1.99.0-beta.8" "build" "--frozen" "--message-format=json" "--release", kill_on_drop: false }`
[INFO] [stderr]    Compiling zmij v1.0.23
[INFO] [stderr]    Compiling memchr v2.8.3
[INFO] [stderr]    Compiling serde_json v1.0.154
[INFO] [stderr]    Compiling proc-macro2 v1.0.107
[INFO] [stderr]    Compiling unicode-ident v1.0.27
[INFO] [stderr]    Compiling regex-syntax v0.8.11
[INFO] [stderr]    Compiling linkme-impl v0.3.37
[INFO] [stderr]    Compiling linkme v0.3.37
[INFO] [stderr]    Compiling lazy_static v1.5.1
[INFO] [stderr]    Compiling itoa v1.0.18
[INFO] [stderr]    Compiling serde_core v1.0.229
[INFO] [stderr]    Compiling quote v1.0.47
[INFO] [stderr]    Compiling serde v1.0.229
[INFO] [stderr]    Compiling syn v2.0.119
[INFO] [stderr]    Compiling serde_derive v1.0.229
[INFO] [stderr]    Compiling aho-corasick v1.1.5
[INFO] [stderr]    Compiling regex-automata v0.4.18
[INFO] [stderr]    Compiling deno_bindgen_ir v0.1.0
[INFO] [stderr]    Compiling regex v1.13.1
[INFO] [stderr]    Compiling Inflector v0.11.4
[INFO] [stderr]    Compiling deno_bindgen_macro v0.9.0-alpha
[INFO] [stderr]    Compiling deno_bindgen v0.9.0-alpha (/opt/rustwide/workdir)
[INFO] [stderr]     Finished `release` profile [optimized] target(s) in 30.53s
[INFO] running `Command { std: "docker" "inspect" "6cb2354f5bec268f347eadbcc5460fabfbf6741007375c5d42c61397166cf5c8", kill_on_drop: false }`
[INFO] running `Command { std: "docker" "exec" "-e" "SOURCE_DIR=/opt/rustwide/workdir" "-e" "CARGO_HOME=/opt/rustwide/cargo-home" "-e" "RUSTUP_HOME=/opt/rustwide/rustup-home" "-e" "CARGO_TARGET_DIR=/opt/rustwide/target" "-e" "CARGO_INCREMENTAL=0" "-e" "RUST_BACKTRACE=full" "-e" "RUSTFLAGS=--cap-lints=warn" "-e" "RUSTDOCFLAGS=--cap-lints=warn" "-w" "/opt/rustwide/workdir" "--user" "0:0" "6cb2354f5bec268f347eadbcc5460fabfbf6741007375c5d42c61397166cf5c8" "/opt/rustwide/cargo-home/bin/cargo" "+1.99.0-beta.8" "test" "--frozen" "--no-run" "--message-format=json" "--release", kill_on_drop: false }`
[INFO] [stderr]    Compiling serde_core v1.0.229
[INFO] [stderr]    Compiling winnow v1.0.4
[INFO] [stderr]    Compiling target-tuple v1.0.2
[INFO] [stderr]    Compiling toml_writer v1.1.3+spec-1.1.0
[INFO] [stderr]    Compiling glob v0.3.4
[INFO] [stderr]    Compiling toml_parser v1.1.5+spec-1.1.0
[INFO] [stderr]    Compiling serde_json v1.0.154
[INFO] [stderr]    Compiling serde v1.0.229
[INFO] [stderr]    Compiling serde_spanned v1.1.2
[INFO] [stderr]    Compiling toml_datetime v1.1.2+spec-1.1.0
[INFO] [stderr]    Compiling toml v1.1.8+spec-1.1.0
[INFO] [stderr]    Compiling deno_bindgen v0.9.0-alpha (/opt/rustwide/workdir)
[INFO] [stderr]    Compiling trybuild v1.0.122
[INFO] [stderr]     Finished `release` profile [optimized] target(s) in 15.40s
[INFO] running `Command { std: "docker" "inspect" "6cb2354f5bec268f347eadbcc5460fabfbf6741007375c5d42c61397166cf5c8", kill_on_drop: false }`
[INFO] running `Command { std: "docker" "exec" "-e" "SOURCE_DIR=/opt/rustwide/workdir" "-e" "CARGO_HOME=/opt/rustwide/cargo-home" "-e" "RUSTUP_HOME=/opt/rustwide/rustup-home" "-e" "CARGO_TARGET_DIR=/opt/rustwide/target" "-e" "CARGO_INCREMENTAL=0" "-e" "RUST_BACKTRACE=full" "-e" "RUSTFLAGS=--cap-lints=warn" "-e" "RUSTDOCFLAGS=--cap-lints=warn" "-w" "/opt/rustwide/workdir" "--user" "0:0" "6cb2354f5bec268f347eadbcc5460fabfbf6741007375c5d42c61397166cf5c8" "/opt/rustwide/cargo-home/bin/cargo" "+1.99.0-beta.8" "test" "--frozen" "--release", kill_on_drop: false }`
[INFO] [stderr]     Finished `release` profile [optimized] target(s) in 0.04s
[INFO] [stderr]      Running unittests lib.rs (/opt/rustwide/target/release/deps/deno_bindgen-830de554a9c63f99)
[INFO] [stdout] 
[INFO] [stdout] running 0 tests
[INFO] [stdout] 
[INFO] [stdout] test result: ok. 0 passed; 0 failed; 0 ignored; 0 measured; 0 filtered out; finished in 0.00s
[INFO] [stdout] 
[INFO] [stderr]      Running tests/ui.rs (/opt/rustwide/target/release/deps/ui-b3973660e42531c3)
[INFO] [stdout] 
[INFO] [stdout] running 2 tests
[INFO] [stderr]    Compiling proc-macro2 v1.0.107
[INFO] [stderr]    Compiling quote v1.0.47
[INFO] [stderr]    Compiling unicode-ident v1.0.27
[INFO] [stderr]    Compiling serde_core v1.0.229
[INFO] [stderr]    Compiling zmij v1.0.23
[INFO] [stderr]    Compiling memchr v2.8.3
[INFO] [stderr]    Compiling serde_json v1.0.154
[INFO] [stderr]    Compiling serde v1.0.229
[INFO] [stderr]    Compiling regex-syntax v0.8.11
[INFO] [stderr]    Compiling linkme-impl v0.3.37
[INFO] [stderr]    Compiling itoa v1.0.18
[INFO] [stderr]    Compiling linkme v0.3.37
[INFO] [stderr]    Compiling lazy_static v1.5.1
[INFO] [stderr]    Compiling aho-corasick v1.1.5
[INFO] [stderr]     Checking syn v2.0.119
[INFO] [stderr]    Compiling syn v3.0.9
[INFO] [stderr]    Compiling regex-automata v0.4.18
[INFO] [stderr]     Checking deno_bindgen_ir v0.1.0
[INFO] [stderr]    Compiling serde_derive v1.0.229
[INFO] [stderr]    Compiling regex v1.13.1
[INFO] [stderr]    Compiling Inflector v0.11.4
[INFO] [stderr]    Compiling deno_bindgen_macro v0.9.0-alpha
[INFO] [stderr]     Checking deno_bindgen v0.9.0-alpha (/opt/rustwide/workdir)
[INFO] [stderr]     Checking deno_bindgen-tests v0.0.0 (/opt/rustwide/target/tests/trybuild/deno_bindgen)
[INFO] [stderr]     Finished `dev` profile [unoptimized + debuginfo] target(s) in 15.63s
[INFO] [stderr] 
[INFO] [stderr] 
[INFO] [stderr] test tests/compile_fail/impl_registration.rs ... mismatch
[INFO] [stdout] test ui_compile_fail ... FAILED
[INFO] [stderr] 
[INFO] [stderr] EXPECTED:
[INFO] [stderr] ┈┈┈┈┈┈┈┈┈┈┈┈┈┈┈┈┈┈┈┈┈┈┈┈┈┈┈┈┈┈┈┈┈┈┈┈┈┈┈┈┈┈┈┈┈┈┈┈┈┈┈┈┈┈┈┈┈┈┈┈
[INFO] [stderr] error[E0277]: the trait bound `Foo: BindgenType` is not satisfied
[INFO] [stderr]  --> tests/compile_fail/impl_registration.rs:8:6
[INFO] [stderr]   |
[INFO] [stderr] 8 | impl Foo {
[INFO] [stderr]   |      ^^^ the trait `BindgenType` is not implemented for `Foo`
[INFO] [stderr]   |
[INFO] [stderr] note: required by a bound in `_assert_impl`
[INFO] [stderr]  --> tests/compile_fail/impl_registration.rs:7:1
[INFO] [stderr]   |
[INFO] [stderr] 7 | #[deno_bindgen]
[INFO] [stderr]   | ^^^^^^^^^^^^^^^ required by this bound in `_assert_impl`
[INFO] [stderr]   = note: this error originates in the attribute macro `deno_bindgen` (in Nightly builds, run with -Z macro-backtrace for more info)
[INFO] [stderr] ┈┈┈┈┈┈┈┈┈┈┈┈┈┈┈┈┈┈┈┈┈┈┈┈┈┈┈┈┈┈┈┈┈┈┈┈┈┈┈┈┈┈┈┈┈┈┈┈┈┈┈┈┈┈┈┈┈┈┈┈
[INFO] [stderr] 
[INFO] [stderr] ACTUAL OUTPUT:
[INFO] [stderr] ┈┈┈┈┈┈┈┈┈┈┈┈┈┈┈┈┈┈┈┈┈┈┈┈┈┈┈┈┈┈┈┈┈┈┈┈┈┈┈┈┈┈┈┈┈┈┈┈┈┈┈┈┈┈┈┈┈┈┈┈
[INFO] [stderr] error[E0277]: the trait bound `Foo: BindgenType` is not satisfied
[INFO] [stderr]  --> tests/compile_fail/impl_registration.rs:8:6
[INFO] [stderr]   |
[INFO] [stderr] 8 | impl Foo {
[INFO] [stderr]   |      ^^^ unsatisfied trait bound
[INFO] [stderr]   |
[INFO] [stderr] help: the trait `BindgenType` is not implemented for `Foo`
[INFO] [stderr]  --> tests/compile_fail/impl_registration.rs:5:1
[INFO] [stderr]   |
[INFO] [stderr] 5 | struct Foo;
[INFO] [stderr]   | ^^^^^^^^^^
[INFO] [stderr] note: required by a bound in `_assert_impl`
[INFO] [stderr]  --> tests/compile_fail/impl_registration.rs:7:1
[INFO] [stderr]   |
[INFO] [stderr] 7 | #[deno_bindgen]
[INFO] [stderr]   | ^^^^^^^^^^^^^^^ required by this bound in `_assert_impl`
[INFO] [stderr]   = note: this error originates in the attribute macro `deno_bindgen` (in Nightly builds, run with -Z macro-backtrace for more info)
[INFO] [stderr] ┈┈┈┈┈┈┈┈┈┈┈┈┈┈┈┈┈┈┈┈┈┈┈┈┈┈┈┈┈┈┈┈┈┈┈┈┈┈┈┈┈┈┈┈┈┈┈┈┈┈┈┈┈┈┈┈┈┈┈┈
[INFO] [stderr] note: If the actual output is the correct output you can bless it by rerunning
[INFO] [stderr]       your test with the environment variable TRYBUILD=overwrite
[INFO] [stderr] 
[INFO] [stderr] test tests/compile_fail/struct_by_val.rs ... ok
[INFO] [stderr] 
[INFO] [stderr] 
[INFO] [stderr]    Compiling unicode-ident v1.0.27
[INFO] [stderr]    Compiling serde_core v1.0.229
[INFO] [stderr]    Compiling zmij v1.0.23
[INFO] [stderr]    Compiling itoa v1.0.18
[INFO] [stderr]    Compiling memchr v2.8.3
[INFO] [stderr]    Compiling linkme v0.3.37
[INFO] [stderr]    Compiling proc-macro2 v1.0.107
[INFO] [stderr]    Compiling quote v1.0.47
[INFO] [stderr]    Compiling syn v2.0.119
[INFO] [stderr]    Compiling serde_json v1.0.154
[INFO] [stderr]    Compiling serde v1.0.229
[INFO] [stderr]    Compiling deno_bindgen_ir v0.1.0
[INFO] [stderr]    Compiling deno_bindgen v0.9.0-alpha (/opt/rustwide/workdir)
[INFO] [stderr]    Compiling deno_bindgen-tests v0.0.0 (/opt/rustwide/target/tests/trybuild/deno_bindgen)
[INFO] [stderr]     Finished `dev` profile [unoptimized + debuginfo] target(s) in 7.40s
[INFO] [stderr] 
[INFO] [stderr] 
[INFO] [stderr] test tests/pass/constructor_override.rs ... ok
[INFO] [stderr] test tests/pass/simple.rs ... ok
[INFO] [stdout] test ui_pass ... ok
[INFO] [stderr] 
[INFO] [stdout] 
[INFO] [stderr] 
[INFO] [stdout] failures:
[INFO] [stderr] error: test failed, to rerun pass `--test ui`
[INFO] [stdout] 
[INFO] [stdout] ---- ui_compile_fail stdout ----
[INFO] [stdout] 
[INFO] [stdout] thread 'ui_compile_fail' (990) panicked at /opt/rustwide/cargo-home/registry/src/index.crates.io-1949cf8c6b5b557f/trybuild-1.0.122/src/run.rs:103:13:
[INFO] [stdout] 1 of 2 tests failed
[INFO] [stdout] stack backtrace:
[INFO] [stdout]    0:     0x603a5c6b6e31 - <<std[70759c8f55707aa4]::sys::backtrace::BacktraceLock>::print::DisplayBacktrace as core[df12db4294e9bfd3]::fmt::Display>::fmt
[INFO] [stdout]    1:     0x603a5c6cd4ba - core[df12db4294e9bfd3]::fmt::write
[INFO] [stdout]    2:     0x603a5c6bb8fc - <alloc[2182bb758b4b3781]::vec::Vec<u8> as core[df12db4294e9bfd3]::io::write::Write>::write_fmt
[INFO] [stdout]    3:     0x603a5c690316 - std[70759c8f55707aa4]::panicking::default_hook::{closure#0}
[INFO] [stdout]    4:     0x603a5c6ae4a9 - std[70759c8f55707aa4]::panicking::default_hook
[INFO] [stdout]    5:     0x603a5c647780 - test[9d35eded1c95d3be]::test_main_inner::<test[9d35eded1c95d3be]::test_main_static::{closure#0}>::{closure#0}
[INFO] [stdout]    6:     0x603a5c6ae662 - std[70759c8f55707aa4]::panicking::panic_with_hook
[INFO] [stdout]    7:     0x603a5c6903c2 - std[70759c8f55707aa4]::panicking::panic_handler::{closure#0}
[INFO] [stdout]    8:     0x603a5c688c89 - std[70759c8f55707aa4]::sys::backtrace::__rust_end_short_backtrace::<std[70759c8f55707aa4]::panicking::panic_handler::{closure#0}, !>
[INFO] [stdout]    9:     0x603a5c690fbd - __rustc[8fa7c3cbc660c2b3]::rust_begin_unwind
[INFO] [stdout]   10:     0x603a5c6cdc2c - core[df12db4294e9bfd3]::panicking::panic_fmt
[INFO] [stdout]   11:     0x603a5c59aeab - <trybuild[71162d57952f52bd]::Runner>::run
[INFO] [stdout]   12:     0x603a5c59e2a0 - <trybuild[71162d57952f52bd]::TestCases as core[df12db4294e9bfd3]::ops::drop::Drop>::drop
[INFO] [stdout]   13:     0x603a5c594c98 - ui[f098cf8f43d68e69]::ui_compile_fail
[INFO] [stdout]   14:     0x603a5c594fe9 - <ui[f098cf8f43d68e69]::ui_compile_fail::{closure#0} as core[df12db4294e9bfd3]::ops::function::FnOnce<()>>::call_once
[INFO] [stdout]   15:     0x603a5c63aa6b - test[9d35eded1c95d3be]::__rust_begin_short_backtrace::<core[df12db4294e9bfd3]::result::Result<(), alloc[2182bb758b4b3781]::string::String>, fn() -> core[df12db4294e9bfd3]::result::Result<(), alloc[2182bb758b4b3781]::string::String>>
[INFO] [stdout]   16:     0x603a5c6480d5 - test[9d35eded1c95d3be]::run_test::{closure#0}
[INFO] [stdout]   17:     0x603a5c641994 - std[70759c8f55707aa4]::sys::backtrace::__rust_begin_short_backtrace::<test[9d35eded1c95d3be]::run_test::{closure#1}, ()>
[INFO] [stdout]   18:     0x603a5c64b232 - <std[70759c8f55707aa4]::thread::lifecycle::spawn_unchecked<test[9d35eded1c95d3be]::run_test::{closure#1}, ()>::{closure#1} as core[df12db4294e9bfd3]::ops::function::FnOnce<()>>::call_once::{shim:vtable#0}
[INFO] [stdout]   19:     0x603a5c6b60e9 - <std[70759c8f55707aa4]::sys::thread::unix::Thread>::new::thread_start
[INFO] [stdout]   20:     0x72fbd7f2cdfa - <unknown>
[INFO] [stdout]   21:     0x72fbd7fc03d4 - clone
[INFO] [stdout]   22:                0x0 - <unknown>
[INFO] [stdout] 
[INFO] [stdout] 
[INFO] [stdout] failures:
[INFO] [stdout]     ui_compile_fail
[INFO] [stdout] 
[INFO] [stdout] test result: FAILED. 1 passed; 1 failed; 0 ignored; 0 measured; 0 filtered out; finished in 37.97s
[INFO] [stdout] 
[INFO] running `Command { std: "docker" "inspect" "6cb2354f5bec268f347eadbcc5460fabfbf6741007375c5d42c61397166cf5c8", kill_on_drop: false }`
[INFO] running `Command { std: "docker" "rm" "-f" "6cb2354f5bec268f347eadbcc5460fabfbf6741007375c5d42c61397166cf5c8", kill_on_drop: false }`
[INFO] [stdout] 6cb2354f5bec268f347eadbcc5460fabfbf6741007375c5d42c61397166cf5c8
