[INFO] fetching crate deno-bindgen2-common 1.0.2...
[INFO] testing deno-bindgen2-common-1.0.2 against 1.100.0-beta.1+cargoflags=--release for beta-release-1.100-2
[INFO] extracting crate deno-bindgen2-common 1.0.2 into /workspace/builds/worker-1-tc2/source
[INFO] started tweaking crates.io crate deno-bindgen2-common 1.0.2
[INFO] finished tweaking crates.io crate deno-bindgen2-common 1.0.2
[INFO] tweaked toml for crates.io crate deno-bindgen2-common 1.0.2 written to /workspace/builds/worker-1-tc2/source/Cargo.toml
[INFO] validating manifest of crates.io crate deno-bindgen2-common 1.0.2 on toolchain 1.100.0-beta.1
[INFO] running `Command { std: CARGO_HOME="/workspace/cargo-home" RUSTUP_HOME="/workspace/rustup-home" "/workspace/cargo-home/bin/cargo" "+1.100.0-beta.1" "metadata" "--manifest-path" "Cargo.toml" "--no-deps", kill_on_drop: false }`
[INFO] crate crates.io crate deno-bindgen2-common 1.0.2 already has a lockfile, it will not be regenerated
[INFO] running `Command { std: CARGO_HOME="/workspace/cargo-home" RUSTUP_HOME="/workspace/rustup-home" "/workspace/cargo-home/bin/cargo" "+1.100.0-beta.1" "fetch" "--manifest-path" "Cargo.toml", kill_on_drop: false }`
[INFO] running `Command { std: "docker" "create" "-v" "/var/lib/crater-agent-workspace/builds/worker-1-tc2/source:/opt/rustwide/workdir:ro,Z" "-v" "/var/lib/crater-agent-workspace/builds/worker-1-tc2/target:/opt/rustwide/target:rw,Z" "-v" "/var/lib/crater-agent-workspace/cargo-home:/opt/rustwide/cargo-home:ro,Z" "-v" "/var/lib/crater-agent-workspace/rustup-home:/opt/rustwide/rustup-home:ro,Z" "-m" "1610612736" "--network" "none" "ghcr.io/rust-lang/crates-build-env/linux@sha256:77db811e55d90add9212f6832c23229e3de5f1c1f9905e8cb07319ea15df73ac" "sleep" "infinity", kill_on_drop: false }`
[INFO] [stdout] 7af49693ac51bcae08faeee277a33248b4ee690e5bb8bc5f310ee7a4630c8ab9
[INFO] running `Command { std: "docker" "start" "7af49693ac51bcae08faeee277a33248b4ee690e5bb8bc5f310ee7a4630c8ab9", kill_on_drop: false }`
[INFO] running `Command { std: "docker" "inspect" "7af49693ac51bcae08faeee277a33248b4ee690e5bb8bc5f310ee7a4630c8ab9", kill_on_drop: false }`
[INFO] running `Command { std: "docker" "exec" "-e" "SOURCE_DIR=/opt/rustwide/workdir" "-e" "CARGO_HOME=/opt/rustwide/cargo-home" "-e" "RUSTUP_HOME=/opt/rustwide/rustup-home" "-e" "CARGO_TARGET_DIR=/opt/rustwide/target" "-w" "/opt/rustwide/workdir" "--user" "0:0" "7af49693ac51bcae08faeee277a33248b4ee690e5bb8bc5f310ee7a4630c8ab9" "/opt/rustwide/cargo-home/bin/cargo" "+1.100.0-beta.1" "metadata" "--no-deps" "--format-version=1", kill_on_drop: false }`
[INFO] running `Command { std: "docker" "inspect" "7af49693ac51bcae08faeee277a33248b4ee690e5bb8bc5f310ee7a4630c8ab9", kill_on_drop: false }`
[INFO] running `Command { std: "docker" "exec" "-e" "SOURCE_DIR=/opt/rustwide/workdir" "-e" "CARGO_HOME=/opt/rustwide/cargo-home" "-e" "RUSTUP_HOME=/opt/rustwide/rustup-home" "-e" "CARGO_TARGET_DIR=/opt/rustwide/target" "-e" "CARGO_INCREMENTAL=0" "-e" "RUST_BACKTRACE=full" "-e" "RUSTFLAGS=--cap-lints=warn" "-e" "RUSTDOCFLAGS=--cap-lints=warn" "-w" "/opt/rustwide/workdir" "--user" "0:0" "7af49693ac51bcae08faeee277a33248b4ee690e5bb8bc5f310ee7a4630c8ab9" "/opt/rustwide/cargo-home/bin/cargo" "+1.100.0-beta.1" "build" "--frozen" "--message-format=json" "--release", kill_on_drop: false }`
[INFO] [stderr]    Compiling serde v1.0.218
[INFO] [stderr]    Compiling once_cell v1.20.3
[INFO] [stderr]    Compiling ahash v0.8.11
[INFO] [stderr]    Compiling quote v1.0.39
[INFO] [stderr]    Compiling rand_core v0.6.4
[INFO] [stderr]    Compiling siphasher v1.0.1
[INFO] [stderr]    Compiling allocator-api2 v0.2.21
[INFO] [stderr]    Compiling cc v1.2.16
[INFO] [stderr]    Compiling num-traits v0.2.19
[INFO] [stderr]    Compiling phf_shared v0.11.3
[INFO] [stderr]    Compiling rand v0.8.5
[INFO] [stderr]    Compiling syn v2.0.99
[INFO] [stderr]    Compiling syn v1.0.109
[INFO] [stderr]    Compiling form_urlencoded v1.2.1
[INFO] [stderr]    Compiling bumpalo v3.17.0
[INFO] [stderr]    Compiling hashbrown v0.14.5
[INFO] [stderr]    Compiling libc v0.2.170
[INFO] [stderr]    Compiling tracing-core v0.1.33
[INFO] [stderr]    Compiling phf_generator v0.11.3
[INFO] [stderr]    Compiling either v1.14.0
[INFO] [stderr]    Compiling swc_visit v0.6.2
[INFO] [stderr]    Compiling better_scoped_tls v0.1.2
[INFO] [stderr]    Compiling smartstring v1.0.1
[INFO] [stderr]    Compiling siphasher v0.3.11
[INFO] [stderr]    Compiling psm v0.1.25
[INFO] [stderr]    Compiling stacker v0.1.19
[INFO] [stderr]    Compiling unicode-id-start v1.3.1
[INFO] [stderr]    Compiling num-integer v0.1.46
[INFO] [stderr]    Compiling typed-arena v2.0.2
[INFO] [stderr]    Compiling proc-macro2 v1.0.94
[INFO] [stderr]    Compiling unicode-ident v1.0.18
[INFO] [stderr]    Compiling data-url v0.3.1
[INFO] [stderr]    Compiling deno_terminal v0.2.0
[INFO] [stderr]    Compiling string_capacity v0.1.5
[INFO] [stderr]    Compiling ptr_meta_derive v0.1.4
[INFO] [stderr]    Compiling dprint-core-macros v0.1.0
[INFO] [stderr]    Compiling ptr_meta v0.1.4
[INFO] [stderr]    Compiling synstructure v0.13.1
[INFO] [stderr]    Compiling swc_macros_common v0.3.14
[INFO] [stderr]    Compiling zerofrom-derive v0.1.6
[INFO] [stderr]    Compiling yoke-derive v0.7.5
[INFO] [stderr]    Compiling zerovec-derive v0.10.3
[INFO] [stderr]    Compiling displaydoc v0.2.5
[INFO] [stderr]    Compiling serde_derive v1.0.218
[INFO] [stderr]    Compiling icu_provider_macros v1.5.0
[INFO] [stderr]    Compiling phf_macros v0.11.3
[INFO] [stderr]    Compiling tracing-attributes v0.1.28
[INFO] [stderr]    Compiling phf v0.11.3
[INFO] [stderr]    Compiling swc_eq_ignore_macros v0.1.4
[INFO] [stderr]    Compiling ast_node v0.9.9
[INFO] [stderr]    Compiling from_variant v0.1.9
[INFO] [stderr]    Compiling string_enum v0.4.4
[INFO] [stderr]    Compiling is-macro v0.3.7
[INFO] [stderr]    Compiling thiserror-impl v2.0.12
[INFO] [stderr]    Compiling deno_error_macro v0.5.6
[INFO] [stderr]    Compiling zerofrom v0.1.6
[INFO] [stderr]    Compiling yoke v0.7.5
[INFO] [stderr]    Compiling tracing v0.1.41
[INFO] [stderr]    Compiling zerovec v0.10.4
[INFO] [stderr]    Compiling deno_error v0.5.6
[INFO] [stderr]    Compiling thiserror v2.0.12
[INFO] [stderr]    Compiling tinystr v0.7.6
[INFO] [stderr]    Compiling icu_locid v1.5.0
[INFO] [stderr]    Compiling icu_collections v1.5.0
[INFO] [stderr]    Compiling icu_provider v1.5.0
[INFO] [stderr]    Compiling icu_locid_transform v1.5.0
[INFO] [stderr]    Compiling triomphe v0.1.14
[INFO] [stderr]    Compiling hstr v0.2.17
[INFO] [stderr]    Compiling icu_properties v1.5.1
[INFO] [stderr]    Compiling swc_atoms v0.6.7
[INFO] [stderr]    Compiling swc_allocator v0.1.10
[INFO] [stderr]    Compiling num-bigint v0.4.6
[INFO] [stderr]    Compiling text_lines v0.6.0
[INFO] [stderr]    Compiling indexmap v2.7.1
[INFO] [stderr]    Compiling dprint-core v0.66.2
[INFO] [stderr]    Compiling icu_normalizer v1.5.0
[INFO] [stderr]    Compiling idna_adapter v1.2.0
[INFO] [stderr]    Compiling idna v1.0.3
[INFO] [stderr]    Compiling url v2.5.4
[INFO] [stderr]    Compiling swc_common v0.37.5
[INFO] [stderr]    Compiling deno_media_type v0.2.6
[INFO] [stderr]    Compiling swc_ecma_ast v0.118.2
[INFO] [stderr]    Compiling swc_ecma_parser v0.149.1
[INFO] [stderr]    Compiling dprint-swc-ext v0.20.0
[INFO] [stderr]    Compiling deno_ast v0.45.1
[INFO] [stderr]    Compiling dprint-plugin-typescript v0.93.4
[INFO] [stderr]    Compiling deno-bindgen2-common v1.0.2 (/opt/rustwide/workdir)
[INFO] [stderr] warning: unused dependency `dprint-plugin-typescript`
[INFO] [stderr]  --> Cargo.toml:4:15
[INFO] [stderr]   |
[INFO] [stderr] 4 | [dependencies.dprint-plugin-typescript]
[INFO] [stderr]   |               ^^^^^^^^^^^^^^^^^^^^^^^^^
[INFO] [stderr]   |
[INFO] [stderr]   = note: `cargo::unused_dependencies` is set to `warn` by default
[INFO] [stderr] help: consider removing the dependency on `dprint-plugin-typescript`
[INFO] [stderr] warning: `deno-bindgen2-common` (manifest) generated 1 warning
[INFO] [stderr]     Finished `release` profile [optimized] target(s) in 3m 54s
[INFO] running `Command { std: "docker" "inspect" "7af49693ac51bcae08faeee277a33248b4ee690e5bb8bc5f310ee7a4630c8ab9", kill_on_drop: false }`
[INFO] running `Command { std: "docker" "exec" "-e" "SOURCE_DIR=/opt/rustwide/workdir" "-e" "CARGO_HOME=/opt/rustwide/cargo-home" "-e" "RUSTUP_HOME=/opt/rustwide/rustup-home" "-e" "CARGO_TARGET_DIR=/opt/rustwide/target" "-e" "CARGO_INCREMENTAL=0" "-e" "RUST_BACKTRACE=full" "-e" "RUSTFLAGS=--cap-lints=warn" "-e" "RUSTDOCFLAGS=--cap-lints=warn" "-w" "/opt/rustwide/workdir" "--user" "0:0" "7af49693ac51bcae08faeee277a33248b4ee690e5bb8bc5f310ee7a4630c8ab9" "/opt/rustwide/cargo-home/bin/cargo" "+1.100.0-beta.1" "test" "--frozen" "--no-run" "--message-format=json" "--release", kill_on_drop: false }`
[INFO] [stderr]    Compiling prettyplease v0.2.30
[INFO] [stderr]    Compiling deno-bindgen2-common v1.0.2 (/opt/rustwide/workdir)
[INFO] [stderr] warning: unused dependency `dprint-plugin-typescript`
[INFO] [stderr]  --> Cargo.toml:4:15
[INFO] [stderr]   |
[INFO] [stderr] 4 | [dependencies.dprint-plugin-typescript]
[INFO] [stderr]   |               ^^^^^^^^^^^^^^^^^^^^^^^^^
[INFO] [stderr]   |
[INFO] [stderr]   = note: `cargo::unused_dependencies` is set to `warn` by default
[INFO] [stderr] help: consider removing the dependency on `dprint-plugin-typescript`
[INFO] [stderr] warning: `deno-bindgen2-common` (manifest) generated 1 warning
[INFO] [stderr]     Finished `release` profile [optimized] target(s) in 21.96s
[INFO] running `Command { std: "docker" "inspect" "7af49693ac51bcae08faeee277a33248b4ee690e5bb8bc5f310ee7a4630c8ab9", kill_on_drop: false }`
[INFO] running `Command { std: "docker" "exec" "-e" "SOURCE_DIR=/opt/rustwide/workdir" "-e" "CARGO_HOME=/opt/rustwide/cargo-home" "-e" "RUSTUP_HOME=/opt/rustwide/rustup-home" "-e" "CARGO_TARGET_DIR=/opt/rustwide/target" "-e" "CARGO_INCREMENTAL=0" "-e" "RUST_BACKTRACE=full" "-e" "RUSTFLAGS=--cap-lints=warn" "-e" "RUSTDOCFLAGS=--cap-lints=warn" "-w" "/opt/rustwide/workdir" "--user" "0:0" "7af49693ac51bcae08faeee277a33248b4ee690e5bb8bc5f310ee7a4630c8ab9" "/opt/rustwide/cargo-home/bin/cargo" "+1.100.0-beta.1" "test" "--frozen" "--release", kill_on_drop: false }`
[INFO] [stderr] warning: unused dependency `dprint-plugin-typescript`
[INFO] [stderr]  --> Cargo.toml:4:15
[INFO] [stderr]   |
[INFO] [stderr] 4 | [dependencies.dprint-plugin-typescript]
[INFO] [stderr]   |               ^^^^^^^^^^^^^^^^^^^^^^^^^
[INFO] [stderr]   |
[INFO] [stderr]   = note: `cargo::unused_dependencies` is set to `warn` by default
[INFO] [stderr] help: consider removing the dependency on `dprint-plugin-typescript`
[INFO] [stderr] warning: `deno-bindgen2-common` (manifest) generated 1 warning
[INFO] [stderr]     Finished `release` profile [optimized] target(s) in 0.16s
[INFO] [stderr]      Running unittests src/lib.rs (/opt/rustwide/target/release/build/deno-bindgen2-common/9b8d5c3f564188d6/out/deno_bindgen2_common-9b8d5c3f564188d6)
[INFO] [stdout] 
[INFO] [stdout] running 72 tests
[INFO] [stdout] test rust::attr::tests::test_cfg_attr ... ok
[INFO] [stdout] test rust::attr::tests::test_marker ... ok
[INFO] [stdout] test rust::fn_::parse_tests::test_attrs_and_vis ... ok
[INFO] [stdout] test rust::attr::tests::test_attr ... ok
[INFO] [stdout] test rust::attr::tests::test_mix_attr - should panic ... ok
[INFO] [stdout] test rust::file::parse_tests::test_item_fn ... ok
[INFO] [stdout] test rust::attr::tests::test_live_attr ... ok
[INFO] [stdout] test rust::fn_::parse_tests::test_args ... ok
[INFO] [stdout] test rust::fn_::parse_tests::test_async - should panic ... ok
[INFO] [stdout] test rust::fn_::parse_tests::test_doc_attr_and_marker ... ok
[INFO] [stdout] test rust::fn_::parse_tests::test_innter_attr ... ok
[INFO] [stdout] test rust::fn_::parse_tests::test_pattern_struct ... ok
[INFO] [stdout] test rust::fn_::parse_tests::test_pattern_tup ... ok
[INFO] [stdout] test rust::fn_::parse_tests::test_return ... ok
[INFO] [stdout] test rust::fn_::parse_tests::test_const_unsafe ... ok
[INFO] [stdout] test rust::fn_::parse_tests::test_generics - should panic ... ok
[INFO] [stdout] test rust::fn_::parse_tests::test_self - should panic ... ok
[INFO] [stdout] test rust::fn_::parse_tests::test_self_lifetime - should panic ... ok
[INFO] [stdout] test rust::fn_::parse_tests::test_self_return ... ok
[INFO] [stdout] test rust::fn_::parse_tests::test_stmts ... ok
[INFO] [stdout] test rust::fn_::parse_tests::test_second_self - should panic ... ok
[INFO] [stdout] test rust::fn_::print_tests::test_non_fn - should panic ... ok
[INFO] [stdout] test rust::fn_::parse_tests::test_trailing_coma ... ok
[INFO] [stdout] test rust::fn_::parse_tests::test_where_clause - should panic ... ok
[INFO] [stdout] test rust::fn_::parse_tests::test_unit_return ... ok
[INFO] [stdout] test rust::fn_::print_tests::test_pretty ... ok
[INFO] [stdout] test rust::impl_::parse_tests::with_generics - should panic ... ok
[INFO] [stdout] test rust::impl_::parse_tests::with_attrs_and_vis ... ok
[INFO] [stdout] test rust::impl_::parse_tests::with_empty ... ok
[INFO] [stdout] test rust::impl_::parse_tests::with_many ... ok
[INFO] [stdout] test rust::fn_::parse_tests::test_many_args ... ok
[INFO] [stdout] test rust::impl_::parse_tests::with_nested_attrs_and_vis ... ok
[INFO] [stdout] test rust::fn_::print_tests::test_transform ... ok
[INFO] [stdout] test rust::impl_::parse_tests::with_for - should panic ... ok
[INFO] [stdout] test rust::impl_::parse_tests::with_global_path - should panic ... ok
[INFO] [stdout] test rust::impl_::parse_tests::with_item_fn ... ok
[INFO] [stdout] test rust::impl_::parse_tests::with_other_items ... ok
[INFO] [stdout] test rust::impl_::parse_tests::with_other_selves ... ok
[INFO] [stdout] test rust::impl_::parse_tests::with_other_self ... ok
[INFO] [stdout] test rust::impl_::parse_tests::with_path - should panic ... ok
[INFO] [stdout] test rust::impl_::parse_tests::with_self_ref ... ok
[INFO] [stdout] test rust::impl_::parse_tests::with_self - should panic ... FAILED
[INFO] [stdout] test rust::impl_::parse_tests::with_unsafe ... ok
[INFO] [stdout] test rust::item::parse_tests::test_full ... ok
[INFO] [stdout] test rust::item::parse_tests::test_item_fn ... ok
[INFO] [stdout] test rust::item::parse_tests::test_item_impl_ ... ok
[INFO] [stdout] test rust::impl_::parse_tests::with_unsafe_self ... ok
[INFO] [stdout] test rust::struct_::parse_tests::test_parse_struct ... ok
[INFO] [stdout] test rust::item::parse_tests::test_item_impl_with_attrs_and_vis ... ok
[INFO] [stdout] test rust::item::parse_tests::test_item_fn_with_attrs_and_vis ... ok
[INFO] [stdout] test rust::impl_::parse_tests::with_where - should panic ... ok
[INFO] [stdout] test rust::struct_::parse_tests::test_parse_struct_with_where_clause - should panic ... ok
[INFO] [stdout] test rust::impl_::print_tests::test_print_impl ... ok
[INFO] [stdout] test rust::struct_::parse_tests::test_parse_struct_with_generics - should panic ... ok
[INFO] [stdout] test rust::struct_::print_tests::test_print_struct ... ok
[INFO] [stdout] test rust::item::parse_tests::test_struct ... ok
[INFO] [stdout] test rust::mod_::tests::test_mod ... ok
[INFO] [stdout] test rust::ty::parse_tests::test_numerics ... ok
[INFO] [stdout] test rust::ty::parse_tests::test_collections ... FAILED
[INFO] [stdout] test rust::ty::parse_tests::test_pointers ... FAILED
[INFO] [stdout] test rust::ty::parse_tests::test_self_receiver_fail - should panic ... ok
[INFO] [stdout] test rust::ty::parse_tests::test_user_defined ... ok
[INFO] [stdout] test rust::ty::parse_tests::test_tuple ... FAILED
[INFO] [stdout] test rust::ty::parse_tests::test_primitives ... ok
[INFO] [stdout] test rust::ty::print_tests::test_primitives ... ok
[INFO] [stdout] test rust::ty::parse_tests::test_self_receivers ... ok
[INFO] [stdout] test rust::ty::print_tests::test_tuple ... ok
[INFO] [stdout] test rust::ty::print_tests::test_collections ... ok
[INFO] [stdout] test rust::ty::parse_tests::test_self_transformer ... ok
[INFO] [stdout] test rust::ty::parse_tests::test_unsupported_path ... ok
[INFO] [stdout] test rust::ty::print_tests::test_pointers ... ok
[INFO] [stdout] test rust::ty::print_tests::test_void - should panic ... ok
[INFO] [stdout] 
[INFO] [stdout] failures:
[INFO] [stdout] 
[INFO] [stdout] ---- rust::impl_::parse_tests::with_self stdout ----
[INFO] [stdout] [src/rust/impl_.rs:273:9] $crate :: parse_quote! (ItemImpl, impl CustomType { fn test_fn(self) {} }) = ItemImpl {
[INFO] [stdout]     attr: Attribute {
[INFO] [stdout]         markers: [],
[INFO] [stdout]         meta: [],
[INFO] [stdout]     },
[INFO] [stdout]     unsafe_: None,
[INFO] [stdout]     self_ty: Ident(
[INFO] [stdout]         CustomType,
[INFO] [stdout]     ),
[INFO] [stdout]     items: [
[INFO] [stdout]         ItemFn {
[INFO] [stdout]             attr: Attribute {
[INFO] [stdout]                 markers: [],
[INFO] [stdout]                 meta: [],
[INFO] [stdout]             },
[INFO] [stdout]             vis: Visibility::Inherited,
[INFO] [stdout]             const_: None,
[INFO] [stdout]             unsafe_: None,
[INFO] [stdout]             ident: Ident(
[INFO] [stdout]                 test_fn,
[INFO] [stdout]             ),
[INFO] [stdout]             inputs: [
[INFO] [stdout]                 UserDefined(
[INFO] [stdout]                     Ident(
[INFO] [stdout]                         CustomType,
[INFO] [stdout]                     ),
[INFO] [stdout]                 ),
[INFO] [stdout]             ],
[INFO] [stdout]             output: Void,
[INFO] [stdout]             assoc: Some(
[INFO] [stdout]                 Destructor,
[INFO] [stdout]             ),
[INFO] [stdout]             block: Block {
[INFO] [stdout]                 args: [],
[INFO] [stdout]                 in_stmts: [],
[INFO] [stdout]                 out_stmt: None,
[INFO] [stdout]                 self_ty: Some(
[INFO] [stdout]                     Ident(
[INFO] [stdout]                         CustomType,
[INFO] [stdout]                     ),
[INFO] [stdout]                 ),
[INFO] [stdout]             },
[INFO] [stdout]         },
[INFO] [stdout]     ],
[INFO] [stdout] }
[INFO] [stdout] note: test did not panic as expected at src/rust/impl_.rs:272:8
[INFO] [stdout] ---- rust::ty::parse_tests::test_collections stdout ----
[INFO] [stdout] [src/rust/ty.rs:684:9] & parse_quote!(Type, str) = Str
[INFO] [stdout] [src/rust/ty.rs:685:9] & parse_quote!(Type, &mut str) = RefMut(
[INFO] [stdout]     Str,
[INFO] [stdout] )
[INFO] [stdout] 
[INFO] [stdout] thread 'rust::ty::parse_tests::test_collections' (1849) panicked at src/rust/ty.rs:685:9:
[INFO] [stdout] assertion `left == right` failed
[INFO] [stdout]   left: RefMut(Str)
[INFO] [stdout]  right: Ref(Str)
[INFO] [stdout] stack backtrace:
[INFO] [stdout]    0:     0x5a4163f47d31 - <<std[617be2ca0a6fd877]::sys::backtrace::BacktraceLock>::print::DisplayBacktrace as core[a373ad73a504971]::fmt::Display>::fmt
[INFO] [stdout]    1:     0x5a4163f5c4ea - core[a373ad73a504971]::fmt::write
[INFO] [stdout]    2:     0x5a4163f4bf9c - <alloc[2e1b2a31b91974c5]::vec::Vec<u8> as core[a373ad73a504971]::io::write::Write>::write_fmt
[INFO] [stdout]    3:     0x5a4163f23fc6 - std[617be2ca0a6fd877]::panicking::default_hook::{closure#0}
[INFO] [stdout]    4:     0x5a4163f40209 - std[617be2ca0a6fd877]::panicking::default_hook
[INFO] [stdout]    5:     0x5a4163dbd0f0 - test[aada8e7e76ba119b]::test_main_inner::{closure#0}
[INFO] [stdout]    6:     0x5a4163f40532 - std[617be2ca0a6fd877]::panicking::panic_with_hook
[INFO] [stdout]    7:     0x5a4163f24072 - std[617be2ca0a6fd877]::panicking::panic_handler::{closure#0}
[INFO] [stdout]    8:     0x5a4163f1cd89 - std[617be2ca0a6fd877]::sys::backtrace::__rust_end_short_backtrace::<std[617be2ca0a6fd877]::panicking::panic_handler::{closure#0}, !>
[INFO] [stdout]    9:     0x5a4163f24c7d - __rustc[ea4f61d10b84890b]::rust_begin_unwind
[INFO] [stdout]   10:     0x5a4163f5cccc - core[a373ad73a504971]::panicking::panic_fmt
[INFO] [stdout]   11:     0x5a4163f5cbe3 - core[a373ad73a504971]::panicking::assert_failed_inner
[INFO] [stdout]   12:     0x5a4163d62c39 - core[a373ad73a504971]::panicking::assert_failed::<deno_bindgen2_common[e5624b050f560c89]::rust::ty::Type, deno_bindgen2_common[e5624b050f560c89]::rust::ty::Type>
[INFO] [stdout]   13:     0x5a4163cd7074 - <deno_bindgen2_common[e5624b050f560c89]::rust::ty::parse_tests::test_collections::{closure#0} as core[a373ad73a504971]::ops::function::FnOnce<()>>::call_once
[INFO] [stdout]   14:     0x5a4163db053b - test[aada8e7e76ba119b]::__rust_begin_short_backtrace::<core[a373ad73a504971]::result::Result<(), alloc[2e1b2a31b91974c5]::string::String>, fn() -> core[a373ad73a504971]::result::Result<(), alloc[2e1b2a31b91974c5]::string::String>>
[INFO] [stdout]   15:     0x5a4163dbd715 - test[aada8e7e76ba119b]::run_test::{closure#0}
[INFO] [stdout]   16:     0x5a4163db7004 - std[617be2ca0a6fd877]::sys::backtrace::__rust_begin_short_backtrace::<test[aada8e7e76ba119b]::run_test::{closure#1}, ()>
[INFO] [stdout]   17:     0x5a4163dc07a2 - <std[617be2ca0a6fd877]::thread::lifecycle::spawn_unchecked<test[aada8e7e76ba119b]::run_test::{closure#1}, ()>::{closure#1} as core[a373ad73a504971]::ops::function::FnOnce<()>>::call_once::{shim:vtable#0}
[INFO] [stdout]   18:     0x5a4163f4757f - <std[617be2ca0a6fd877]::sys::thread::unix::Thread>::new::thread_start
[INFO] [stdout]   19:     0x7cfdd4336dfa - <unknown>
[INFO] [stdout]   20:     0x7cfdd43ca3d4 - clone
[INFO] [stdout]   21:                0x0 - <unknown>
[INFO] [stdout] 
[INFO] [stdout] ---- rust::ty::parse_tests::test_pointers stdout ----
[INFO] [stdout] [src/rust/ty.rs:650:9] & parse_quote!(Type, *const u8) = Ptr(
[INFO] [stdout]     Numeric(
[INFO] [stdout]         U8,
[INFO] [stdout]     ),
[INFO] [stdout] )
[INFO] [stdout] [src/rust/ty.rs:654:9] & parse_quote!(Type, *mut u8) = PtrMut(
[INFO] [stdout]     Numeric(
[INFO] [stdout]         U8,
[INFO] [stdout]     ),
[INFO] [stdout] )
[INFO] [stdout] 
[INFO] [stdout] thread 'rust::ty::parse_tests::test_pointers' (1851) panicked at src/rust/ty.rs:654:9:
[INFO] [stdout] assertion `left == right` failed
[INFO] [stdout]   left: PtrMut(Numeric(U8))
[INFO] [stdout]  right: Ptr(Numeric(U8))
[INFO] [stdout] stack backtrace:
[INFO] [stdout]    0:     0x5a4163f47d31 - <<std[617be2ca0a6fd877]::sys::backtrace::BacktraceLock>::print::DisplayBacktrace as core[a373ad73a504971]::fmt::Display>::fmt
[INFO] [stdout]    1:     0x5a4163f5c4ea - core[a373ad73a504971]::fmt::write
[INFO] [stdout]    2:     0x5a4163f4bf9c - <alloc[2e1b2a31b91974c5]::vec::Vec<u8> as core[a373ad73a504971]::io::write::Write>::write_fmt
[INFO] [stdout]    3:     0x5a4163f23fc6 - std[617be2ca0a6fd877]::panicking::default_hook::{closure#0}
[INFO] [stdout]    4:     0x5a4163f40209 - std[617be2ca0a6fd877]::panicking::default_hook
[INFO] [stdout]    5:     0x5a4163dbd0f0 - test[aada8e7e76ba119b]::test_main_inner::{closure#0}
[INFO] [stdout]    6:     0x5a4163f40532 - std[617be2ca0a6fd877]::panicking::panic_with_hook
[INFO] [stdout]    7:     0x5a4163f24072 - std[617be2ca0a6fd877]::panicking::panic_handler::{closure#0}
[INFO] [stdout]    8:     0x5a4163f1cd89 - std[617be2ca0a6fd877]::sys::backtrace::__rust_end_short_backtrace::<std[617be2ca0a6fd877]::panicking::panic_handler::{closure#0}, !>
[INFO] [stdout]    9:     0x5a4163f24c7d - __rustc[ea4f61d10b84890b]::rust_begin_unwind
[INFO] [stdout]   10:     0x5a4163f5cccc - core[a373ad73a504971]::panicking::panic_fmt
[INFO] [stdout]   11:     0x5a4163f5cbe3 - core[a373ad73a504971]::panicking::assert_failed_inner
[INFO] [stdout]   12:     0x5a4163d62c39 - core[a373ad73a504971]::panicking::assert_failed::<deno_bindgen2_common[e5624b050f560c89]::rust::ty::Type, deno_bindgen2_common[e5624b050f560c89]::rust::ty::Type>
[INFO] [stdout]   13:     0x5a4163cd56a3 - <deno_bindgen2_common[e5624b050f560c89]::rust::ty::parse_tests::test_pointers::{closure#0} as core[a373ad73a504971]::ops::function::FnOnce<()>>::call_once
[INFO] [stdout]   14:     0x5a4163db053b - test[aada8e7e76ba119b]::__rust_begin_short_backtrace::<core[a373ad73a504971]::result::Result<(), alloc[2e1b2a31b91974c5]::string::String>, fn() -> core[a373ad73a504971]::result::Result<(), alloc[2e1b2a31b91974c5]::string::String>>
[INFO] [stdout]   15:     0x5a4163dbd715 - test[aada8e7e76ba119b]::run_test::{closure#0}
[INFO] [stdout]   16:     0x5a4163db7004 - std[617be2ca0a6fd877]::sys::backtrace::__rust_begin_short_backtrace::<test[aada8e7e76ba119b]::run_test::{closure#1}, ()>
[INFO] [stdout]   17:     0x5a4163dc07a2 - <std[617be2ca0a6fd877]::thread::lifecycle::spawn_unchecked<test[aada8e7e76ba119b]::run_test::{closure#1}, ()>::{closure#1} as core[a373ad73a504971]::ops::function::FnOnce<()>>::call_once::{shim:vtable#0}
[INFO] [stdout]   18:     0x5a4163f4757f - <std[617be2ca0a6fd877]::sys::thread::unix::Thread>::new::thread_start
[INFO] [stdout]   19:     0x7cfdd4336dfa - <unknown>
[INFO] [stdout]   20:     0x7cfdd43ca3d4 - clone
[INFO] [stdout]   21:                0x0 - <unknown>
[INFO] [stdout] 
[INFO] [stdout] ---- rust::ty::parse_tests::test_tuple stdout ----
[INFO] [stdout] [src/rust/ty.rs:715:9] & parse_quote!(Type, (u8, String)) = Tuple(
[INFO] [stdout]     [
[INFO] [stdout]         Numeric(
[INFO] [stdout]             U8,
[INFO] [stdout]         ),
[INFO] [stdout]         String,
[INFO] [stdout]     ],
[INFO] [stdout] )
[INFO] [stdout] [src/rust/ty.rs:719:9] & parse_quote!(Type, (u8, Box<(usize, u8)>, String, &mut u8)) = Tuple(
[INFO] [stdout]     [
[INFO] [stdout]         Numeric(
[INFO] [stdout]             U8,
[INFO] [stdout]         ),
[INFO] [stdout]         Box(
[INFO] [stdout]             Tuple(
[INFO] [stdout]                 [
[INFO] [stdout]                     Numeric(
[INFO] [stdout]                         Usize,
[INFO] [stdout]                     ),
[INFO] [stdout]                     Numeric(
[INFO] [stdout]                         U8,
[INFO] [stdout]                     ),
[INFO] [stdout]                 ],
[INFO] [stdout]             ),
[INFO] [stdout]         ),
[INFO] [stdout]         String,
[INFO] [stdout]         RefMut(
[INFO] [stdout]             Numeric(
[INFO] [stdout]                 U8,
[INFO] [stdout]             ),
[INFO] [stdout]         ),
[INFO] [stdout]     ],
[INFO] [stdout] )
[INFO] [stdout] 
[INFO] [stdout] thread 'rust::ty::parse_tests::test_tuple' (1856) panicked at src/rust/ty.rs:719:9:
[INFO] [stdout] assertion `left == right` failed
[INFO] [stdout]   left: Tuple([Numeric(U8), Box(Tuple([Numeric(Usize), Numeric(U8)])), String, RefMut(Numeric(U8))])
[INFO] [stdout]  right: Tuple([Numeric(U8), Box(Tuple([Numeric(Usize), Numeric(U8)])), String, Ref(Numeric(U8))])
[INFO] [stdout] stack backtrace:
[INFO] [stdout]    0:     0x5a4163f47d31 - <<std[617be2ca0a6fd877]::sys::backtrace::BacktraceLock>::print::DisplayBacktrace as core[a373ad73a504971]::fmt::Display>::fmt
[INFO] [stdout]    1:     0x5a4163f5c4ea - core[a373ad73a504971]::fmt::write
[INFO] [stdout]    2:     0x5a4163f4bf9c - <alloc[2e1b2a31b91974c5]::vec::Vec<u8> as core[a373ad73a504971]::io::write::Write>::write_fmt
[INFO] [stdout]    3:     0x5a4163f23fc6 - std[617be2ca0a6fd877]::panicking::default_hook::{closure#0}
[INFO] [stdout]    4:     0x5a4163f40209 - std[617be2ca0a6fd877]::panicking::default_hook
[INFO] [stdout]    5:     0x5a4163dbd0f0 - test[aada8e7e76ba119b]::test_main_inner::{closure#0}
[INFO] [stdout]    6:     0x5a4163f40532 - std[617be2ca0a6fd877]::panicking::panic_with_hook
[INFO] [stdout]    7:     0x5a4163f24072 - std[617be2ca0a6fd877]::panicking::panic_handler::{closure#0}
[INFO] [stdout]    8:     0x5a4163f1cd89 - std[617be2ca0a6fd877]::sys::backtrace::__rust_end_short_backtrace::<std[617be2ca0a6fd877]::panicking::panic_handler::{closure#0}, !>
[INFO] [stdout]    9:     0x5a4163f24c7d - __rustc[ea4f61d10b84890b]::rust_begin_unwind
[INFO] [stdout]   10:     0x5a4163f5cccc - core[a373ad73a504971]::panicking::panic_fmt
[INFO] [stdout]   11:     0x5a4163f5cbe3 - core[a373ad73a504971]::panicking::assert_failed_inner
[INFO] [stdout]   12:     0x5a4163d62c39 - core[a373ad73a504971]::panicking::assert_failed::<deno_bindgen2_common[e5624b050f560c89]::rust::ty::Type, deno_bindgen2_common[e5624b050f560c89]::rust::ty::Type>
[INFO] [stdout]   13:     0x5a4163cd30c7 - <deno_bindgen2_common[e5624b050f560c89]::rust::ty::parse_tests::test_tuple::{closure#0} as core[a373ad73a504971]::ops::function::FnOnce<()>>::call_once
[INFO] [stdout]   14:     0x5a4163db053b - test[aada8e7e76ba119b]::__rust_begin_short_backtrace::<core[a373ad73a504971]::result::Result<(), alloc[2e1b2a31b91974c5]::string::String>, fn() -> core[a373ad73a504971]::result::Result<(), alloc[2e1b2a31b91974c5]::string::String>>
[INFO] [stdout]   15:     0x5a4163dbd715 - test[aada8e7e76ba119b]::run_test::{closure#0}
[INFO] [stdout]   16:     0x5a4163db7004 - std[617be2ca0a6fd877]::sys::backtrace::__rust_begin_short_backtrace::<test[aada8e7e76ba119b]::run_test::{closure#1}, ()>
[INFO] [stdout]   17:     0x5a4163dc07a2 - <std[617be2ca0a6fd877]::thread::lifecycle::spawn_unchecked<test[aada8e7e76ba119b]::run_test::{closure#1}, ()>::{closure#1} as core[a373ad73a504971]::ops::function::FnOnce<()>>::call_once::{shim:vtable#0}
[INFO] [stdout]   18:     0x5a4163f4757f - <std[617be2ca0a6fd877]::sys::thread::unix::Thread>::new::thread_start
[INFO] [stdout]   19:     0x7cfdd4336dfa - <unknown>
[INFO] [stdout]   20:     0x7cfdd43ca3d4 - clone
[INFO] [stdout]   21:                0x0 - <unknown>
[INFO] [stdout] 
[INFO] [stdout] 
[INFO] [stdout] failures:
[INFO] [stdout]     rust::impl_::parse_tests::with_self
[INFO] [stdout]     rust::ty::parse_tests::test_collections
[INFO] [stdout]     rust::ty::parse_tests::test_pointers
[INFO] [stdout]     rust::ty::parse_tests::test_tuple
[INFO] [stdout] 
[INFO] [stdout] test result: FAILED. 68 passed; 4 failed; 0 ignored; 0 measured; 0 filtered out; finished in 0.03s
[INFO] [stdout] 
[INFO] [stderr] error: test failed, to rerun pass `--lib`
[INFO] running `Command { std: "docker" "inspect" "7af49693ac51bcae08faeee277a33248b4ee690e5bb8bc5f310ee7a4630c8ab9", kill_on_drop: false }`
[INFO] running `Command { std: "docker" "rm" "-f" "7af49693ac51bcae08faeee277a33248b4ee690e5bb8bc5f310ee7a4630c8ab9", kill_on_drop: false }`
[INFO] [stdout] 7af49693ac51bcae08faeee277a33248b4ee690e5bb8bc5f310ee7a4630c8ab9
