[INFO] fetching crate denise-forms 0.31.0...
[INFO] testing denise-forms-0.31.0 against 1.100.0-beta.1+cargoflags=--release for beta-release-1.100-2
[INFO] extracting crate denise-forms 0.31.0 into /workspace/builds/worker-6-tc2/source
[INFO] started tweaking crates.io crate denise-forms 0.31.0
[INFO] removed 0 missing tests
[INFO] finished tweaking crates.io crate denise-forms 0.31.0
[INFO] tweaked toml for crates.io crate denise-forms 0.31.0 written to /workspace/builds/worker-6-tc2/source/Cargo.toml
[INFO] validating manifest of crates.io crate denise-forms 0.31.0 on toolchain 1.100.0-beta.1
[INFO] running `Command { std: CARGO_HOME="/workspace/cargo-home" RUSTUP_HOME="/workspace/rustup-home" "/workspace/cargo-home/bin/cargo" "+1.100.0-beta.1" "metadata" "--manifest-path" "Cargo.toml" "--no-deps", kill_on_drop: false }`
[INFO] crate crates.io crate denise-forms 0.31.0 already has a lockfile, it will not be regenerated
[INFO] running `Command { std: CARGO_HOME="/workspace/cargo-home" RUSTUP_HOME="/workspace/rustup-home" "/workspace/cargo-home/bin/cargo" "+1.100.0-beta.1" "fetch" "--manifest-path" "Cargo.toml", kill_on_drop: false }`
[INFO] [stderr] warning: `package.homepage` is redundant with `package.repository`
[INFO] [stderr]   --> Cargo.toml:72:12
[INFO] [stderr]    |
[INFO] [stderr] 72 | homepage = "https://github.com/bisand/denise"
[INFO] [stderr]    |            ^^^^^^^^^^^^^^^^^^^^^^^^^^^^^^^^^^
[INFO] [stderr] ...
[INFO] [stderr] 76 | repository = "https://github.com/bisand/denise"
[INFO] [stderr]    |              ----------------------------------
[INFO] [stderr]    |
[INFO] [stderr]    = note: `cargo::redundant_homepage` is set to `warn` by default
[INFO] [stderr] help: consider removing `package.homepage`
[INFO] [stderr] warning: `denise-forms` (manifest) generated 1 warning
[INFO] running `Command { std: "docker" "create" "-v" "/var/lib/crater-agent-workspace/builds/worker-6-tc2/source:/opt/rustwide/workdir:ro,Z" "-v" "/var/lib/crater-agent-workspace/builds/worker-6-tc2/target:/opt/rustwide/target:rw,Z" "-v" "/var/lib/crater-agent-workspace/cargo-home:/opt/rustwide/cargo-home:ro,Z" "-v" "/var/lib/crater-agent-workspace/rustup-home:/opt/rustwide/rustup-home:ro,Z" "-m" "1610612736" "--network" "none" "ghcr.io/rust-lang/crates-build-env/linux@sha256:77db811e55d90add9212f6832c23229e3de5f1c1f9905e8cb07319ea15df73ac" "sleep" "infinity", kill_on_drop: false }`
[INFO] [stdout] 3bd24582dd36b86669a339ecc3a338c201fc6d2448b8ffaf45f860e557313abb
[INFO] running `Command { std: "docker" "start" "3bd24582dd36b86669a339ecc3a338c201fc6d2448b8ffaf45f860e557313abb", kill_on_drop: false }`
[INFO] running `Command { std: "docker" "inspect" "3bd24582dd36b86669a339ecc3a338c201fc6d2448b8ffaf45f860e557313abb", kill_on_drop: false }`
[INFO] running `Command { std: "docker" "exec" "-e" "SOURCE_DIR=/opt/rustwide/workdir" "-e" "CARGO_HOME=/opt/rustwide/cargo-home" "-e" "RUSTUP_HOME=/opt/rustwide/rustup-home" "-e" "CARGO_TARGET_DIR=/opt/rustwide/target" "-w" "/opt/rustwide/workdir" "--user" "0:0" "3bd24582dd36b86669a339ecc3a338c201fc6d2448b8ffaf45f860e557313abb" "/opt/rustwide/cargo-home/bin/cargo" "+1.100.0-beta.1" "metadata" "--no-deps" "--format-version=1", kill_on_drop: false }`
[INFO] running `Command { std: "docker" "inspect" "3bd24582dd36b86669a339ecc3a338c201fc6d2448b8ffaf45f860e557313abb", kill_on_drop: false }`
[INFO] running `Command { std: "docker" "exec" "-e" "SOURCE_DIR=/opt/rustwide/workdir" "-e" "CARGO_HOME=/opt/rustwide/cargo-home" "-e" "RUSTUP_HOME=/opt/rustwide/rustup-home" "-e" "CARGO_TARGET_DIR=/opt/rustwide/target" "-e" "CARGO_INCREMENTAL=0" "-e" "RUST_BACKTRACE=full" "-e" "RUSTFLAGS=--cap-lints=warn" "-e" "RUSTDOCFLAGS=--cap-lints=warn" "-w" "/opt/rustwide/workdir" "--user" "0:0" "3bd24582dd36b86669a339ecc3a338c201fc6d2448b8ffaf45f860e557313abb" "/opt/rustwide/cargo-home/bin/cargo" "+1.100.0-beta.1" "build" "--frozen" "--message-format=json" "--release", kill_on_drop: false }`
[INFO] [stderr] warning: `package.homepage` is redundant with `package.repository`
[INFO] [stderr]   --> Cargo.toml:72:12
[INFO] [stderr]    |
[INFO] [stderr] 72 | homepage = "https://github.com/bisand/denise"
[INFO] [stderr]    |            ^^^^^^^^^^^^^^^^^^^^^^^^^^^^^^^^^^
[INFO] [stderr] ...
[INFO] [stderr] 76 | repository = "https://github.com/bisand/denise"
[INFO] [stderr]    |              ----------------------------------
[INFO] [stderr]    |
[INFO] [stderr]    = note: `cargo::redundant_homepage` is set to `warn` by default
[INFO] [stderr] help: consider removing `package.homepage`
[INFO] [stderr] warning: `denise-forms` (manifest) generated 1 warning
[INFO] [stderr]    Compiling num-traits v0.2.19
[INFO] [stderr]    Compiling denise v0.31.0
[INFO] [stderr]    Compiling winnow v0.7.15
[INFO] [stderr]    Compiling miette v7.6.0
[INFO] [stderr]    Compiling denise-render v0.31.0
[INFO] [stderr]    Compiling denise-text v0.31.0
[INFO] [stderr]    Compiling denise-ui v0.31.0
[INFO] [stderr]    Compiling kdl v6.7.1
[INFO] [stderr]    Compiling denise-forms v0.31.0 (/opt/rustwide/workdir)
[INFO] [stderr]     Finished `release` profile [optimized] target(s) in 13.74s
[INFO] running `Command { std: "docker" "inspect" "3bd24582dd36b86669a339ecc3a338c201fc6d2448b8ffaf45f860e557313abb", kill_on_drop: false }`
[INFO] running `Command { std: "docker" "exec" "-e" "SOURCE_DIR=/opt/rustwide/workdir" "-e" "CARGO_HOME=/opt/rustwide/cargo-home" "-e" "RUSTUP_HOME=/opt/rustwide/rustup-home" "-e" "CARGO_TARGET_DIR=/opt/rustwide/target" "-e" "CARGO_INCREMENTAL=0" "-e" "RUST_BACKTRACE=full" "-e" "RUSTFLAGS=--cap-lints=warn" "-e" "RUSTDOCFLAGS=--cap-lints=warn" "-w" "/opt/rustwide/workdir" "--user" "0:0" "3bd24582dd36b86669a339ecc3a338c201fc6d2448b8ffaf45f860e557313abb" "/opt/rustwide/cargo-home/bin/cargo" "+1.100.0-beta.1" "test" "--frozen" "--no-run" "--message-format=json" "--release", kill_on_drop: false }`
[INFO] [stderr] warning: `package.homepage` is redundant with `package.repository`
[INFO] [stderr]   --> Cargo.toml:72:12
[INFO] [stderr]    |
[INFO] [stderr] 72 | homepage = "https://github.com/bisand/denise"
[INFO] [stderr]    |            ^^^^^^^^^^^^^^^^^^^^^^^^^^^^^^^^^^
[INFO] [stderr] ...
[INFO] [stderr] 76 | repository = "https://github.com/bisand/denise"
[INFO] [stderr]    |              ----------------------------------
[INFO] [stderr]    |
[INFO] [stderr]    = note: `cargo::redundant_homepage` is set to `warn` by default
[INFO] [stderr] help: consider removing `package.homepage`
[INFO] [stderr] warning: `denise-forms` (manifest) generated 1 warning
[INFO] [stderr]    Compiling unicode-ident v1.0.25
[INFO] [stderr]    Compiling quote v1.0.47
[INFO] [stderr]    Compiling target-tuple v1.0.2
[INFO] [stderr]    Compiling winnow v1.0.4
[INFO] [stderr]    Compiling serde_spanned v1.1.1
[INFO] [stderr]    Compiling toml_datetime v1.1.1+spec-1.1.0
[INFO] [stderr]    Compiling toml_writer v1.1.2+spec-1.1.0
[INFO] [stderr]    Compiling glob v0.3.4
[INFO] [stderr]    Compiling serde v1.0.229
[INFO] [stderr]    Compiling serde_json v1.0.151
[INFO] [stderr]    Compiling proc-macro2 v1.0.107
[INFO] [stderr]    Compiling toml_parser v1.1.3+spec-1.1.0
[INFO] [stderr]    Compiling syn v3.0.6
[INFO] [stderr]    Compiling toml v1.1.6+spec-1.1.0
[INFO] [stderr]    Compiling serde_derive v1.0.229
[INFO] [stderr]    Compiling trybuild v1.0.121
[INFO] [stderr]    Compiling denise-forms v0.31.0 (/opt/rustwide/workdir)
[INFO] [stderr]     Finished `release` profile [optimized] target(s) in 31.69s
[INFO] running `Command { std: "docker" "inspect" "3bd24582dd36b86669a339ecc3a338c201fc6d2448b8ffaf45f860e557313abb", kill_on_drop: false }`
[INFO] running `Command { std: "docker" "exec" "-e" "SOURCE_DIR=/opt/rustwide/workdir" "-e" "CARGO_HOME=/opt/rustwide/cargo-home" "-e" "RUSTUP_HOME=/opt/rustwide/rustup-home" "-e" "CARGO_TARGET_DIR=/opt/rustwide/target" "-e" "CARGO_INCREMENTAL=0" "-e" "RUST_BACKTRACE=full" "-e" "RUSTFLAGS=--cap-lints=warn" "-e" "RUSTDOCFLAGS=--cap-lints=warn" "-w" "/opt/rustwide/workdir" "--user" "0:0" "3bd24582dd36b86669a339ecc3a338c201fc6d2448b8ffaf45f860e557313abb" "/opt/rustwide/cargo-home/bin/cargo" "+1.100.0-beta.1" "test" "--frozen" "--release", kill_on_drop: false }`
[INFO] [stderr] warning: `package.homepage` is redundant with `package.repository`
[INFO] [stderr]   --> Cargo.toml:72:12
[INFO] [stderr]    |
[INFO] [stderr] 72 | homepage = "https://github.com/bisand/denise"
[INFO] [stderr]    |            ^^^^^^^^^^^^^^^^^^^^^^^^^^^^^^^^^^
[INFO] [stderr] ...
[INFO] [stderr] 76 | repository = "https://github.com/bisand/denise"
[INFO] [stderr]    |              ----------------------------------
[INFO] [stderr]    |
[INFO] [stderr]    = note: `cargo::redundant_homepage` is set to `warn` by default
[INFO] [stderr] help: consider removing `package.homepage`
[INFO] [stderr] warning: `denise-forms` (manifest) generated 1 warning
[INFO] [stderr]     Finished `release` profile [optimized] target(s) in 0.06s
[INFO] [stderr]      Running unittests src/lib.rs (/opt/rustwide/target/release/build/denise-forms/cd0836e356bff3cf/out/denise_forms-cd0836e356bff3cf)
[INFO] [stdout] 
[INFO] [stdout] running 29 tests
[INFO] [stdout] test deadline::tests::a_deadline_changes_nothing_about_what_a_form_means ... ok
[INFO] [stdout] test deadline::tests::no_thread_says_which_of_the_two_things_went_wrong ... ok
[INFO] [stdout] test error::tests::a_column_counts_characters_rather_than_bytes ... ok
[INFO] [stdout] test deadline::tests::a_parse_that_has_finished_stops_being_counted ... ok
[INFO] [stdout] test deadline::tests::wedged_parses_pile_up_until_the_limit ... ok
[INFO] [stdout] test error::tests::a_position_counts_from_one_the_way_an_editor_does ... ok
[INFO] [stdout] test deadline::tests::a_deadline_of_nothing_is_never_met ... FAILED
[INFO] [stdout] test deadline::tests::a_form_parses_within_the_default ... FAILED
[INFO] [stdout] test form::tests::a_brace_with_no_partner_is_refused_before_the_parser_looks_for_one ... ok
[INFO] [stdout] test form::tests::a_brace_keeps_what_follows_it_to_the_end_of_the_line ... ok
[INFO] [stdout] test error::tests::a_long_list_of_names_is_cut_short_rather_than_dumped ... ok
[INFO] [stdout] test form::tests::a_triple_quote_is_only_a_string_when_it_opens_a_line ... ok
[INFO] [stdout] test deadline::tests::the_error_a_missed_deadline_gives_is_not_about_the_file ... FAILED
[INFO] [stdout] test error::tests::a_position_past_the_end_lands_at_the_end ... ok
[INFO] [stdout] test form::tests::an_unterminated_string_does_not_loop_forever ... ok
[INFO] [stdout] test form::tests::commented_out_blocks_are_allowed_until_they_nest ... ok
[INFO] [stdout] test form::tests::commented_out_blocks_nested_past_the_limit_never_reach_the_parser ... ok
[INFO] [stdout] test form::tests::nesting_within_the_limit_is_allowed ... ok
[INFO] [stdout] test form::tests::one_level_past_the_limit_is_caught_before_the_parser_sees_it ... ok
[INFO] [stderr] error: test failed, to rerun pass `--lib`
[INFO] [stdout] test form::tests::a_brace_inside_a_string_is_not_structure ... ok
[INFO] [stdout] test form::tests::tidying_uses_the_indent_the_file_already_uses ... ok
[INFO] [stdout] test form::tests::tidying_leaves_the_inside_of_a_multi_line_string_alone ... ok
[INFO] [stdout] test form::tests::tidying_a_tidy_file_is_a_no_op ... FAILED
[INFO] [stdout] test form::tests::tidying_changes_only_the_whitespace_at_the_ends_of_a_line ... FAILED
[INFO] [stdout] test form::tests::a_quote_that_never_closes_hides_nothing_behind_it ... ok
[INFO] [stdout] test form::tests::a_type_annotation_kdl_cannot_write_back_is_refused_rather_than_mangled ... ok
[INFO] [stdout] test form::tests::tidying_keeps_what_a_person_put_there_and_fixes_the_indent ... ok
[INFO] [stdout] test form::tests::a_file_kdl_keeps_intact_is_left_exactly_as_it_was ... ok
[INFO] [stdout] test form::tests::a_file_that_does_not_parse_is_not_rewritten ... ok
[INFO] [stdout] 
[INFO] [stdout] failures:
[INFO] [stdout] 
[INFO] [stdout] ---- deadline::tests::a_deadline_of_nothing_is_never_met stdout ----
[INFO] [stdout] 
[INFO] [stdout] thread 'deadline::tests::a_deadline_of_nothing_is_never_met' (1008) panicked at src/deadline.rs:218:74:
[INFO] [stdout] the form is here: Os { code: 2, kind: NotFound, message: "No such file or directory" }
[INFO] [stdout] stack backtrace:
[INFO] [stdout]    0:     0x5ae9441ceea1 - <<std[617be2ca0a6fd877]::sys::backtrace::BacktraceLock>::print::DisplayBacktrace as core[a373ad73a504971]::fmt::Display>::fmt
[INFO] [stdout]    1:     0x5ae9441e4fda - core[a373ad73a504971]::fmt::write
[INFO] [stdout]    2:     0x5ae9441d33dc - <alloc[2e1b2a31b91974c5]::vec::Vec<u8> as core[a373ad73a504971]::io::write::Write>::write_fmt
[INFO] [stdout]    3:     0x5ae9441aa906 - std[617be2ca0a6fd877]::panicking::default_hook::{closure#0}
[INFO] [stdout]    4:     0x5ae9441c6e49 - std[617be2ca0a6fd877]::panicking::default_hook
[INFO] [stdout]    5:     0x5ae94410d160 - test[aada8e7e76ba119b]::test_main_inner::{closure#0}
[INFO] [stdout]    6:     0x5ae9441c7172 - std[617be2ca0a6fd877]::panicking::panic_with_hook
[INFO] [stdout]    7:     0x5ae9441aa9b2 - std[617be2ca0a6fd877]::panicking::panic_handler::{closure#0}
[INFO] [stdout]    8:     0x5ae9441a3499 - std[617be2ca0a6fd877]::sys::backtrace::__rust_end_short_backtrace::<std[617be2ca0a6fd877]::panicking::panic_handler::{closure#0}, !>
[INFO] [stdout]    9:     0x5ae9441ab5bd - __rustc[ea4f61d10b84890b]::rust_begin_unwind
[INFO] [stdout]   10:     0x5ae9441e574c - core[a373ad73a504971]::panicking::panic_fmt
[INFO] [stdout]   11:     0x5ae9441e5522 - core[a373ad73a504971]::result::unwrap_failed
[INFO] [stdout]   12:     0x5ae9440ef901 - <denise_forms[f792eef68ddd8284]::deadline::tests::a_deadline_of_nothing_is_never_met::{closure#0} as core[a373ad73a504971]::ops::function::FnOnce<()>>::call_once
[INFO] [stdout]   13:     0x5ae9441005ab - test[aada8e7e76ba119b]::__rust_begin_short_backtrace::<core[a373ad73a504971]::result::Result<(), alloc[2e1b2a31b91974c5]::string::String>, fn() -> core[a373ad73a504971]::result::Result<(), alloc[2e1b2a31b91974c5]::string::String>>
[INFO] [stdout]   14:     0x5ae94410d785 - test[aada8e7e76ba119b]::run_test::{closure#0}
[INFO] [stdout]   15:     0x5ae944107074 - std[617be2ca0a6fd877]::sys::backtrace::__rust_begin_short_backtrace::<test[aada8e7e76ba119b]::run_test::{closure#1}, ()>
[INFO] [stdout]   16:     0x5ae944110812 - <std[617be2ca0a6fd877]::thread::lifecycle::spawn_unchecked<test[aada8e7e76ba119b]::run_test::{closure#1}, ()>::{closure#1} as core[a373ad73a504971]::ops::function::FnOnce<()>>::call_once::{shim:vtable#0}
[INFO] [stdout]   17:     0x5ae9441ce38f - <std[617be2ca0a6fd877]::sys::thread::unix::Thread>::new::thread_start
[INFO] [stdout]   18:     0x79afa40f1dfa - <unknown>
[INFO] [stdout]   19:     0x79afa41853d4 - clone
[INFO] [stdout]   20:                0x0 - <unknown>
[INFO] [stdout] 
[INFO] [stdout] ---- deadline::tests::a_form_parses_within_the_default stdout ----
[INFO] [stdout] 
[INFO] [stdout] thread 'deadline::tests::a_form_parses_within_the_default' (1009) panicked at src/deadline.rs:206:74:
[INFO] [stdout] the form is here: Os { code: 2, kind: NotFound, message: "No such file or directory" }
[INFO] [stdout] stack backtrace:
[INFO] [stdout]    0:     0x5ae9441ceea1 - <<std[617be2ca0a6fd877]::sys::backtrace::BacktraceLock>::print::DisplayBacktrace as core[a373ad73a504971]::fmt::Display>::fmt
[INFO] [stdout]    1:     0x5ae9441e4fda - core[a373ad73a504971]::fmt::write
[INFO] [stdout]    2:     0x5ae9441d33dc - <alloc[2e1b2a31b91974c5]::vec::Vec<u8> as core[a373ad73a504971]::io::write::Write>::write_fmt
[INFO] [stdout]    3:     0x5ae9441aa906 - std[617be2ca0a6fd877]::panicking::default_hook::{closure#0}
[INFO] [stdout]    4:     0x5ae9441c6e49 - std[617be2ca0a6fd877]::panicking::default_hook
[INFO] [stdout]    5:     0x5ae94410d160 - test[aada8e7e76ba119b]::test_main_inner::{closure#0}
[INFO] [stdout]    6:     0x5ae9441c7172 - std[617be2ca0a6fd877]::panicking::panic_with_hook
[INFO] [stdout]    7:     0x5ae9441aa9b2 - std[617be2ca0a6fd877]::panicking::panic_handler::{closure#0}
[INFO] [stdout]    8:     0x5ae9441a3499 - std[617be2ca0a6fd877]::sys::backtrace::__rust_end_short_backtrace::<std[617be2ca0a6fd877]::panicking::panic_handler::{closure#0}, !>
[INFO] [stdout]    9:     0x5ae9441ab5bd - __rustc[ea4f61d10b84890b]::rust_begin_unwind
[INFO] [stdout]   10:     0x5ae9441e574c - core[a373ad73a504971]::panicking::panic_fmt
[INFO] [stdout]   11:     0x5ae9441e5522 - core[a373ad73a504971]::result::unwrap_failed
[INFO] [stdout]   12:     0x5ae9440ef5cb - <denise_forms[f792eef68ddd8284]::deadline::tests::a_form_parses_within_the_default::{closure#0} as core[a373ad73a504971]::ops::function::FnOnce<()>>::call_once
[INFO] [stdout]   13:     0x5ae9441005ab - test[aada8e7e76ba119b]::__rust_begin_short_backtrace::<core[a373ad73a504971]::result::Result<(), alloc[2e1b2a31b91974c5]::string::String>, fn() -> core[a373ad73a504971]::result::Result<(), alloc[2e1b2a31b91974c5]::string::String>>
[INFO] [stdout]   14:     0x5ae94410d785 - test[aada8e7e76ba119b]::run_test::{closure#0}
[INFO] [stdout]   15:     0x5ae944107074 - std[617be2ca0a6fd877]::sys::backtrace::__rust_begin_short_backtrace::<test[aada8e7e76ba119b]::run_test::{closure#1}, ()>
[INFO] [stdout]   16:     0x5ae944110812 - <std[617be2ca0a6fd877]::thread::lifecycle::spawn_unchecked<test[aada8e7e76ba119b]::run_test::{closure#1}, ()>::{closure#1} as core[a373ad73a504971]::ops::function::FnOnce<()>>::call_once::{shim:vtable#0}
[INFO] [stdout]   17:     0x5ae9441ce38f - <std[617be2ca0a6fd877]::sys::thread::unix::Thread>::new::thread_start
[INFO] [stdout]   18:     0x79afa40f1dfa - <unknown>
[INFO] [stdout]   19:     0x79afa41853d4 - clone
[INFO] [stdout]   20:                0x0 - <unknown>
[INFO] [stdout] 
[INFO] [stdout] ---- deadline::tests::the_error_a_missed_deadline_gives_is_not_about_the_file stdout ----
[INFO] [stdout] 
[INFO] [stdout] thread 'deadline::tests::the_error_a_missed_deadline_gives_is_not_about_the_file' (1013) panicked at src/deadline.rs:235:74:
[INFO] [stdout] the form is here: Os { code: 2, kind: NotFound, message: "No such file or directory" }
[INFO] [stdout] stack backtrace:
[INFO] [stdout]    0:     0x5ae9441ceea1 - <<std[617be2ca0a6fd877]::sys::backtrace::BacktraceLock>::print::DisplayBacktrace as core[a373ad73a504971]::fmt::Display>::fmt
[INFO] [stdout]    1:     0x5ae9441e4fda - core[a373ad73a504971]::fmt::write
[INFO] [stdout]    2:     0x5ae9441d33dc - <alloc[2e1b2a31b91974c5]::vec::Vec<u8> as core[a373ad73a504971]::io::write::Write>::write_fmt
[INFO] [stdout]    3:     0x5ae9441aa906 - std[617be2ca0a6fd877]::panicking::default_hook::{closure#0}
[INFO] [stdout]    4:     0x5ae9441c6e49 - std[617be2ca0a6fd877]::panicking::default_hook
[INFO] [stdout]    5:     0x5ae94410d160 - test[aada8e7e76ba119b]::test_main_inner::{closure#0}
[INFO] [stdout]    6:     0x5ae9441c7172 - std[617be2ca0a6fd877]::panicking::panic_with_hook
[INFO] [stdout]    7:     0x5ae9441aa9b2 - std[617be2ca0a6fd877]::panicking::panic_handler::{closure#0}
[INFO] [stdout]    8:     0x5ae9441a3499 - std[617be2ca0a6fd877]::sys::backtrace::__rust_end_short_backtrace::<std[617be2ca0a6fd877]::panicking::panic_handler::{closure#0}, !>
[INFO] [stdout]    9:     0x5ae9441ab5bd - __rustc[ea4f61d10b84890b]::rust_begin_unwind
[INFO] [stdout]   10:     0x5ae9441e574c - core[a373ad73a504971]::panicking::panic_fmt
[INFO] [stdout]   11:     0x5ae9441e5522 - core[a373ad73a504971]::result::unwrap_failed
[INFO] [stdout]   12:     0x5ae9440f0ab2 - <denise_forms[f792eef68ddd8284]::deadline::tests::the_error_a_missed_deadline_gives_is_not_about_the_file::{closure#0} as core[a373ad73a504971]::ops::function::FnOnce<()>>::call_once
[INFO] [stdout]   13:     0x5ae9441005ab - test[aada8e7e76ba119b]::__rust_begin_short_backtrace::<core[a373ad73a504971]::result::Result<(), alloc[2e1b2a31b91974c5]::string::String>, fn() -> core[a373ad73a504971]::result::Result<(), alloc[2e1b2a31b91974c5]::string::String>>
[INFO] [stdout]   14:     0x5ae94410d785 - test[aada8e7e76ba119b]::run_test::{closure#0}
[INFO] [stdout]   15:     0x5ae944107074 - std[617be2ca0a6fd877]::sys::backtrace::__rust_begin_short_backtrace::<test[aada8e7e76ba119b]::run_test::{closure#1}, ()>
[INFO] [stdout]   16:     0x5ae944110812 - <std[617be2ca0a6fd877]::thread::lifecycle::spawn_unchecked<test[aada8e7e76ba119b]::run_test::{closure#1}, ()>::{closure#1} as core[a373ad73a504971]::ops::function::FnOnce<()>>::call_once::{shim:vtable#0}
[INFO] [stdout]   17:     0x5ae9441ce38f - <std[617be2ca0a6fd877]::sys::thread::unix::Thread>::new::thread_start
[INFO] [stdout]   18:     0x79afa40f1dfa - <unknown>
[INFO] [stdout]   19:     0x79afa41853d4 - clone
[INFO] [stdout]   20:                0x0 - <unknown>
[INFO] [stdout] 
[INFO] [stdout] ---- form::tests::tidying_a_tidy_file_is_a_no_op stdout ----
[INFO] [stdout] 
[INFO] [stdout] thread 'form::tests::tidying_a_tidy_file_is_a_no_op' (1032) panicked at src/form.rs:3042:9:
[INFO] [stdout] the corpus went missing: []
[INFO] [stdout] stack backtrace:
[INFO] [stdout]    0:     0x5ae9441ceea1 - <<std[617be2ca0a6fd877]::sys::backtrace::BacktraceLock>::print::DisplayBacktrace as core[a373ad73a504971]::fmt::Display>::fmt
[INFO] [stdout]    1:     0x5ae9441e4fda - core[a373ad73a504971]::fmt::write
[INFO] [stdout]    2:     0x5ae9441d33dc - <alloc[2e1b2a31b91974c5]::vec::Vec<u8> as core[a373ad73a504971]::io::write::Write>::write_fmt
[INFO] [stdout]    3:     0x5ae9441aa906 - std[617be2ca0a6fd877]::panicking::default_hook::{closure#0}
[INFO] [stdout]    4:     0x5ae9441c6e49 - std[617be2ca0a6fd877]::panicking::default_hook
[INFO] [stdout]    5:     0x5ae94410d160 - test[aada8e7e76ba119b]::test_main_inner::{closure#0}
[INFO] [stdout]    6:     0x5ae9441c7172 - std[617be2ca0a6fd877]::panicking::panic_with_hook
[INFO] [stdout]    7:     0x5ae9441aa9b2 - std[617be2ca0a6fd877]::panicking::panic_handler::{closure#0}
[INFO] [stdout]    8:     0x5ae9441a3499 - std[617be2ca0a6fd877]::sys::backtrace::__rust_end_short_backtrace::<std[617be2ca0a6fd877]::panicking::panic_handler::{closure#0}, !>
[INFO] [stdout]    9:     0x5ae9441ab5bd - __rustc[ea4f61d10b84890b]::rust_begin_unwind
[INFO] [stdout]   10:     0x5ae9441e574c - core[a373ad73a504971]::panicking::panic_fmt
[INFO] [stdout]   11:     0x5ae9440e606a - denise_forms[f792eef68ddd8284]::form::tests::corpus
[INFO] [stdout]   12:     0x5ae9440e6e73 - <denise_forms[f792eef68ddd8284]::form::tests::tidying_a_tidy_file_is_a_no_op::{closure#0} as core[a373ad73a504971]::ops::function::FnOnce<()>>::call_once
[INFO] [stdout]   13:     0x5ae9441005ab - test[aada8e7e76ba119b]::__rust_begin_short_backtrace::<core[a373ad73a504971]::result::Result<(), alloc[2e1b2a31b91974c5]::string::String>, fn() -> core[a373ad73a504971]::result::Result<(), alloc[2e1b2a31b91974c5]::string::String>>
[INFO] [stdout]   14:     0x5ae94410d785 - test[aada8e7e76ba119b]::run_test::{closure#0}
[INFO] [stdout]   15:     0x5ae944107074 - std[617be2ca0a6fd877]::sys::backtrace::__rust_begin_short_backtrace::<test[aada8e7e76ba119b]::run_test::{closure#1}, ()>
[INFO] [stdout]   16:     0x5ae944110812 - <std[617be2ca0a6fd877]::thread::lifecycle::spawn_unchecked<test[aada8e7e76ba119b]::run_test::{closure#1}, ()>::{closure#1} as core[a373ad73a504971]::ops::function::FnOnce<()>>::call_once::{shim:vtable#0}
[INFO] [stdout]   17:     0x5ae9441ce38f - <std[617be2ca0a6fd877]::sys::thread::unix::Thread>::new::thread_start
[INFO] [stdout]   18:     0x79afa40f1dfa - <unknown>
[INFO] [stdout]   19:     0x79afa41853d4 - clone
[INFO] [stdout]   20:                0x0 - <unknown>
[INFO] [stdout] 
[INFO] [stdout] ---- form::tests::tidying_changes_only_the_whitespace_at_the_ends_of_a_line stdout ----
[INFO] [stdout] 
[INFO] [stdout] thread 'form::tests::tidying_changes_only_the_whitespace_at_the_ends_of_a_line' (1033) panicked at src/form.rs:3042:9:
[INFO] [stdout] the corpus went missing: []
[INFO] [stdout] stack backtrace:
[INFO] [stdout]    0:     0x5ae9441ceea1 - <<std[617be2ca0a6fd877]::sys::backtrace::BacktraceLock>::print::DisplayBacktrace as core[a373ad73a504971]::fmt::Display>::fmt
[INFO] [stdout]    1:     0x5ae9441e4fda - core[a373ad73a504971]::fmt::write
[INFO] [stdout]    2:     0x5ae9441d33dc - <alloc[2e1b2a31b91974c5]::vec::Vec<u8> as core[a373ad73a504971]::io::write::Write>::write_fmt
[INFO] [stdout]    3:     0x5ae9441aa906 - std[617be2ca0a6fd877]::panicking::default_hook::{closure#0}
[INFO] [stdout]    4:     0x5ae9441c6e49 - std[617be2ca0a6fd877]::panicking::default_hook
[INFO] [stdout]    5:     0x5ae94410d160 - test[aada8e7e76ba119b]::test_main_inner::{closure#0}
[INFO] [stdout]    6:     0x5ae9441c7172 - std[617be2ca0a6fd877]::panicking::panic_with_hook
[INFO] [stdout]    7:     0x5ae9441aa9b2 - std[617be2ca0a6fd877]::panicking::panic_handler::{closure#0}
[INFO] [stdout]    8:     0x5ae9441a3499 - std[617be2ca0a6fd877]::sys::backtrace::__rust_end_short_backtrace::<std[617be2ca0a6fd877]::panicking::panic_handler::{closure#0}, !>
[INFO] [stdout]    9:     0x5ae9441ab5bd - __rustc[ea4f61d10b84890b]::rust_begin_unwind
[INFO] [stdout]   10:     0x5ae9441e574c - core[a373ad73a504971]::panicking::panic_fmt
[INFO] [stdout]   11:     0x5ae9440e606a - denise_forms[f792eef68ddd8284]::form::tests::corpus
[INFO] [stdout]   12:     0x5ae9440e9db3 - <denise_forms[f792eef68ddd8284]::form::tests::tidying_changes_only_the_whitespace_at_the_ends_of_a_line::{closure#0} as core[a373ad73a504971]::ops::function::FnOnce<()>>::call_once
[INFO] [stdout]   13:     0x5ae9441005ab - test[aada8e7e76ba119b]::__rust_begin_short_backtrace::<core[a373ad73a504971]::result::Result<(), alloc[2e1b2a31b91974c5]::string::String>, fn() -> core[a373ad73a504971]::result::Result<(), alloc[2e1b2a31b91974c5]::string::String>>
[INFO] [stdout]   14:     0x5ae94410d785 - test[aada8e7e76ba119b]::run_test::{closure#0}
[INFO] [stdout]   15:     0x5ae944107074 - std[617be2ca0a6fd877]::sys::backtrace::__rust_begin_short_backtrace::<test[aada8e7e76ba119b]::run_test::{closure#1}, ()>
[INFO] [stdout]   16:     0x5ae944110812 - <std[617be2ca0a6fd877]::thread::lifecycle::spawn_unchecked<test[aada8e7e76ba119b]::run_test::{closure#1}, ()>::{closure#1} as core[a373ad73a504971]::ops::function::FnOnce<()>>::call_once::{shim:vtable#0}
[INFO] [stdout]   17:     0x5ae9441ce38f - <std[617be2ca0a6fd877]::sys::thread::unix::Thread>::new::thread_start
[INFO] [stdout]   18:     0x79afa40f1dfa - <unknown>
[INFO] [stdout]   19:     0x79afa41853d4 - clone
[INFO] [stdout]   20:                0x0 - <unknown>
[INFO] [stdout] 
[INFO] [stdout] 
[INFO] [stdout] failures:
[INFO] [stdout]     deadline::tests::a_deadline_of_nothing_is_never_met
[INFO] [stdout]     deadline::tests::a_form_parses_within_the_default
[INFO] [stdout]     deadline::tests::the_error_a_missed_deadline_gives_is_not_about_the_file
[INFO] [stdout]     form::tests::tidying_a_tidy_file_is_a_no_op
[INFO] [stdout]     form::tests::tidying_changes_only_the_whitespace_at_the_ends_of_a_line
[INFO] [stdout] 
[INFO] [stdout] test result: FAILED. 24 passed; 5 failed; 0 ignored; 0 measured; 0 filtered out; finished in 0.01s
[INFO] [stdout] 
[INFO] running `Command { std: "docker" "inspect" "3bd24582dd36b86669a339ecc3a338c201fc6d2448b8ffaf45f860e557313abb", kill_on_drop: false }`
[INFO] running `Command { std: "docker" "rm" "-f" "3bd24582dd36b86669a339ecc3a338c201fc6d2448b8ffaf45f860e557313abb", kill_on_drop: false }`
[INFO] [stdout] 3bd24582dd36b86669a339ecc3a338c201fc6d2448b8ffaf45f860e557313abb
