[INFO] fetching crate denet 0.10.3...
[INFO] testing denet-0.10.3 against 1.99.0-beta.8+cargoflags=--release for beta-release-1.100-2
[INFO] extracting crate denet 0.10.3 into /workspace/builds/worker-7-tc1/source
[INFO] started tweaking crates.io crate denet 0.10.3
[INFO] removed 0 missing examples
[INFO] removed 0 missing tests
[INFO] finished tweaking crates.io crate denet 0.10.3
[INFO] tweaked toml for crates.io crate denet 0.10.3 written to /workspace/builds/worker-7-tc1/source/Cargo.toml
[INFO] validating manifest of crates.io crate denet 0.10.3 on toolchain 1.99.0-beta.8
[INFO] running `Command { std: CARGO_HOME="/workspace/cargo-home" RUSTUP_HOME="/workspace/rustup-home" "/workspace/cargo-home/bin/cargo" "+1.99.0-beta.8" "metadata" "--manifest-path" "Cargo.toml" "--no-deps", kill_on_drop: false }`
[INFO] crate crates.io crate denet 0.10.3 already has a lockfile, it will not be regenerated
[INFO] running `Command { std: CARGO_HOME="/workspace/cargo-home" RUSTUP_HOME="/workspace/rustup-home" "/workspace/cargo-home/bin/cargo" "+1.99.0-beta.8" "fetch" "--manifest-path" "Cargo.toml", kill_on_drop: false }`
[INFO] [stderr]     Updating crates.io index
[INFO] [stderr]  Downloading crates ...
[INFO] [stderr]   Downloaded tabled_derive v0.8.0
[INFO] [stderr]   Downloaded pyo3-macros v0.29.0
[INFO] [stderr]   Downloaded aya-log-common v0.1.15
[INFO] [stderr]   Downloaded core-error v0.0.0
[INFO] [stderr]   Downloaded aya-log v0.2.1
[INFO] [stderr]   Downloaded pyo3-build-config v0.29.0
[INFO] [stderr]   Downloaded nvml-wrapper-sys v0.8.0
[INFO] [stderr]   Downloaded sysinfo v0.35.2
[INFO] [stderr]   Downloaded papergrid v0.12.0
[INFO] [stderr]   Downloaded procfs v0.17.0
[INFO] [stderr]   Downloaded pyo3-ffi v0.29.0
[INFO] [stderr]   Downloaded procfs-core v0.17.0
[INFO] [stderr]   Downloaded nvml-wrapper v0.10.0
[INFO] [stderr]   Downloaded pyo3-macros-backend v0.29.0
[INFO] [stderr]   Downloaded aya-obj v0.2.1
[INFO] [stderr]   Downloaded aya v0.13.1
[INFO] [stderr]   Downloaded tabled v0.16.0
[INFO] [stderr]   Downloaded nix v0.31.2
[INFO] [stderr]   Downloaded pyo3 v0.29.0
[INFO] running `Command { std: "docker" "create" "-v" "/var/lib/crater-agent-workspace/builds/worker-7-tc1/source:/opt/rustwide/workdir:ro,Z" "-v" "/var/lib/crater-agent-workspace/builds/worker-7-tc1/target:/opt/rustwide/target:rw,Z" "-v" "/var/lib/crater-agent-workspace/cargo-home:/opt/rustwide/cargo-home:ro,Z" "-v" "/var/lib/crater-agent-workspace/rustup-home:/opt/rustwide/rustup-home:ro,Z" "-m" "1610612736" "--network" "none" "ghcr.io/rust-lang/crates-build-env/linux@sha256:77db811e55d90add9212f6832c23229e3de5f1c1f9905e8cb07319ea15df73ac" "sleep" "infinity", kill_on_drop: false }`
[INFO] [stdout] 85327a247ec10d0eeadc4ce4b664e7cece137b005ef80bbbb4c50eec751210dc
[INFO] running `Command { std: "docker" "start" "85327a247ec10d0eeadc4ce4b664e7cece137b005ef80bbbb4c50eec751210dc", kill_on_drop: false }`
[INFO] running `Command { std: "docker" "inspect" "85327a247ec10d0eeadc4ce4b664e7cece137b005ef80bbbb4c50eec751210dc", kill_on_drop: false }`
[INFO] running `Command { std: "docker" "exec" "-e" "SOURCE_DIR=/opt/rustwide/workdir" "-e" "CARGO_HOME=/opt/rustwide/cargo-home" "-e" "RUSTUP_HOME=/opt/rustwide/rustup-home" "-e" "CARGO_TARGET_DIR=/opt/rustwide/target" "-w" "/opt/rustwide/workdir" "--user" "0:0" "85327a247ec10d0eeadc4ce4b664e7cece137b005ef80bbbb4c50eec751210dc" "/opt/rustwide/cargo-home/bin/cargo" "+1.99.0-beta.8" "metadata" "--no-deps" "--format-version=1", kill_on_drop: false }`
[INFO] running `Command { std: "docker" "inspect" "85327a247ec10d0eeadc4ce4b664e7cece137b005ef80bbbb4c50eec751210dc", kill_on_drop: false }`
[INFO] running `Command { std: "docker" "exec" "-e" "SOURCE_DIR=/opt/rustwide/workdir" "-e" "CARGO_HOME=/opt/rustwide/cargo-home" "-e" "RUSTUP_HOME=/opt/rustwide/rustup-home" "-e" "CARGO_TARGET_DIR=/opt/rustwide/target" "-e" "CARGO_INCREMENTAL=0" "-e" "RUST_BACKTRACE=full" "-e" "RUSTFLAGS=--cap-lints=warn" "-e" "RUSTDOCFLAGS=--cap-lints=warn" "-w" "/opt/rustwide/workdir" "--user" "0:0" "85327a247ec10d0eeadc4ce4b664e7cece137b005ef80bbbb4c50eec751210dc" "/opt/rustwide/cargo-home/bin/cargo" "+1.99.0-beta.8" "build" "--frozen" "--message-format=json" "--release", kill_on_drop: false }`
[INFO] [stderr]    Compiling libc v0.2.185
[INFO] [stderr]    Compiling bitflags v2.11.1
[INFO] [stderr]    Compiling syn v1.0.109
[INFO] [stderr]    Compiling rustix v0.38.44
[INFO] [stderr]    Compiling nix v0.31.2
[INFO] [stderr]    Compiling rustix v1.1.4
[INFO] [stderr]    Compiling simd-adler32 v0.3.9
[INFO] [stderr]    Compiling derive_more-impl v2.1.1
[INFO] [stderr]    Compiling chrono v0.4.44
[INFO] [stderr]    Compiling unicode-width v0.1.11
[INFO] [stderr]    Compiling bytecount v0.6.9
[INFO] [stderr]    Compiling linux-raw-sys v0.4.15
[INFO] [stderr]    Compiling procfs v0.17.0
[INFO] [stderr]    Compiling clap_derive v4.6.0
[INFO] [stderr]    Compiling denet v0.10.3 (/opt/rustwide/workdir)
[INFO] [stderr]    Compiling serde v1.0.228
[INFO] [stderr]    Compiling papergrid v0.12.0
[INFO] [stderr]    Compiling miniz_oxide v0.8.9
[INFO] [stderr]    Compiling derive_more v2.1.1
[INFO] [stderr]    Compiling flate2 v1.1.9
[INFO] [stderr]    Compiling procfs-core v0.17.0
[INFO] [stderr]    Compiling clap v4.6.0
[INFO] [stderr]    Compiling errno v0.3.14
[INFO] [stderr]    Compiling mio v1.2.0
[INFO] [stderr]    Compiling parking_lot_core v0.9.12
[INFO] [stderr]    Compiling sysinfo v0.35.2
[INFO] [stderr]    Compiling signal-hook-registry v1.4.8
[INFO] [stderr]    Compiling parking_lot v0.12.5
[INFO] [stderr]    Compiling signal-hook v0.3.18
[INFO] [stderr]    Compiling signal-hook-mio v0.2.5
[INFO] [stderr]    Compiling crossterm v0.29.0
[INFO] [stderr]    Compiling ctrlc v3.5.2
[INFO] [stderr]    Compiling proc-macro-error v1.0.4
[INFO] [stderr]    Compiling tabled_derive v0.8.0
[INFO] [stderr]    Compiling tabled v0.16.0
[INFO] [stderr]     Finished `release` profile [optimized] target(s) in 48.22s
[INFO] running `Command { std: "docker" "inspect" "85327a247ec10d0eeadc4ce4b664e7cece137b005ef80bbbb4c50eec751210dc", kill_on_drop: false }`
[INFO] running `Command { std: "docker" "exec" "-e" "SOURCE_DIR=/opt/rustwide/workdir" "-e" "CARGO_HOME=/opt/rustwide/cargo-home" "-e" "RUSTUP_HOME=/opt/rustwide/rustup-home" "-e" "CARGO_TARGET_DIR=/opt/rustwide/target" "-e" "CARGO_INCREMENTAL=0" "-e" "RUST_BACKTRACE=full" "-e" "RUSTFLAGS=--cap-lints=warn" "-e" "RUSTDOCFLAGS=--cap-lints=warn" "-w" "/opt/rustwide/workdir" "--user" "0:0" "85327a247ec10d0eeadc4ce4b664e7cece137b005ef80bbbb4c50eec751210dc" "/opt/rustwide/cargo-home/bin/cargo" "+1.99.0-beta.8" "test" "--frozen" "--no-run" "--message-format=json" "--release", kill_on_drop: false }`
[INFO] [stderr]    Compiling rustix v1.1.4
[INFO] [stderr]    Compiling fastrand v2.4.1
[INFO] [stderr]    Compiling getrandom v0.4.2
[INFO] [stderr]    Compiling crossterm v0.29.0
[INFO] [stderr]    Compiling tempfile v3.27.0
[INFO] [stderr]    Compiling denet v0.10.3 (/opt/rustwide/workdir)
[INFO] [stderr]     Finished `release` profile [optimized] target(s) in 29.04s
[INFO] running `Command { std: "docker" "inspect" "85327a247ec10d0eeadc4ce4b664e7cece137b005ef80bbbb4c50eec751210dc", kill_on_drop: false }`
[INFO] running `Command { std: "docker" "exec" "-e" "SOURCE_DIR=/opt/rustwide/workdir" "-e" "CARGO_HOME=/opt/rustwide/cargo-home" "-e" "RUSTUP_HOME=/opt/rustwide/rustup-home" "-e" "CARGO_TARGET_DIR=/opt/rustwide/target" "-e" "CARGO_INCREMENTAL=0" "-e" "RUST_BACKTRACE=full" "-e" "RUSTFLAGS=--cap-lints=warn" "-e" "RUSTDOCFLAGS=--cap-lints=warn" "-w" "/opt/rustwide/workdir" "--user" "0:0" "85327a247ec10d0eeadc4ce4b664e7cece137b005ef80bbbb4c50eec751210dc" "/opt/rustwide/cargo-home/bin/cargo" "+1.99.0-beta.8" "test" "--frozen" "--release", kill_on_drop: false }`
[INFO] [stderr]     Finished `release` profile [optimized] target(s) in 0.16s
[INFO] [stderr]      Running unittests src/lib.rs (/opt/rustwide/target/release/deps/denet-58772df9f62ec683)
[INFO] [stdout] 
[INFO] [stdout] running 237 tests
[INFO] [stdout] test config::tests::test_denet_config_builder_partial ... ok
[INFO] [stdout] test config::tests::test_denet_config_builder ... ok
[INFO] [stdout] test config::tests::test_denet_config_builder_with_configs ... ok
[INFO] [stdout] test config::tests::test_denet_config_default ... ok
[INFO] [stdout] test config::tests::test_monitor_config_builder ... ok
[INFO] [stdout] test config::tests::test_monitor_config_builder_ms_methods ... ok
[INFO] [stdout] test config::tests::test_output_config_builder_all_options ... ok
[INFO] [stdout] test config::tests::test_monitor_config_builder_validation_fails ... ok
[INFO] [stdout] test config::tests::test_monitor_config_builder_all_options ... ok
[INFO] [stdout] test config::tests::test_monitor_config_builder_max_duration_secs ... ok
[INFO] [stdout] test config::tests::test_output_config_builder ... ok
[INFO] [stdout] test config::tests::test_output_config_builder_format_str_invalid ... ok
[INFO] [stdout] test config::tests::test_monitor_config_validate_base_greater_than_max ... ok
[INFO] [stdout] test config::tests::test_output_config_builder_write_metadata ... ok
[INFO] [stdout] test config::tests::test_output_config_default ... ok
[INFO] [stdout] test config::tests::test_output_config_builder_write_metadata_default ... ok
[INFO] [stdout] test config::tests::test_output_config_write_env_default_false ... ok
[INFO] [stdout] test config::tests::test_output_format_default ... ok
[INFO] [stdout] test core::monitoring_utils::tests::test_monitoring_config_chaining ... ok
[INFO] [stdout] test config::tests::test_monitor_config_validate_zero_base_interval ... ok
[INFO] [stdout] test config::tests::test_output_format_from_str ... ok
[INFO] [stdout] test core::monitoring_utils::tests::test_configuration_edge_cases ... ok
[INFO] [stdout] test core::monitoring_utils::tests::test_monitoring_config_builder ... ok
[INFO] [stdout] test core::monitoring_utils::tests::test_monitoring_config_new ... ok
[INFO] [stdout] test config::tests::test_monitor_config_default ... ok
[INFO] [stdout] test core::monitoring_utils::tests::test_monitoring_config_defaults ... ok
[INFO] [stdout] test config::tests::test_output_format_display ... ok
[INFO] [stdout] test config::tests::test_output_config_builder_format_str ... ok
[INFO] [stdout] test core::monitoring_utils::tests::test_monitoring_config_clone ... ok
[INFO] [stdout] test config::tests::test_monitor_config_builder_max_duration_secs_zero ... ok
[INFO] [stdout] test core::monitoring_utils::tests::test_monitoring_loop_creation ... ok
[INFO] [stdout] test core::monitoring_utils::tests::test_monitoring_config_debug ... ok
[INFO] [stdout] test config::tests::test_monitor_config_validate_success ... ok
[INFO] [stdout] test core::monitoring_utils::tests::test_monitoring_config_presets ... ok
[INFO] [stdout] test core::monitoring_utils::tests::test_monitoring_loop_default ... ok
[INFO] [stdout] test core::monitoring_utils::tests::test_monitoring_result_methods ... ok
[INFO] [stdout] test core::monitoring_utils::tests::test_monitoring_result_flags ... ok
[INFO] [stdout] test core::monitoring_utils::tests::test_monitoring_result_debug ... ok
[INFO] [stdout] test core::process_monitor::child_record_tests::child_record_roundtrips_as_tagged_line ... ok
[INFO] [stdout] test core::monitoring_utils::tests::test_convenience_functions_exist ... ok
[INFO] [stdout] test core::process_monitor::hold_tests::inherit_as_leaves_fd_open_across_exec ... ok
[INFO] [stdout] test core::process_monitor::hold_tests::metadata_reports_command_not_stub ... ok
[INFO] [stdout] test core::process_monitor::gpu_opt_in_tests::enable_gpu_reports_availability_and_is_idempotent ... ok
[INFO] [stdout] test core::monitoring_utils::tests::test_monitor_with_progress_function ... ok
[INFO] [stdout] test core::monitoring_utils::tests::test_monitoring_loop_run_with_progress ... ok
[INFO] [stdout] test core::process_monitor::tests::test_adaptive_interval_edge_cases ... ok
[INFO] [stdout] test core::process_monitor::hold_tests::missing_command_fails_like_direct_spawn ... ok
[INFO] [stdout] test core::monitoring_utils::tests::test_monitoring_loop_with_final_samples ... ok
[INFO] [stdout] test core::process_monitor::gpu_opt_in_tests::gpu_is_off_until_enabled ... ok
[INFO] [stdout] test core::process_monitor::tests::test_child_process_discovery ... ok
[INFO] [stdout] test core::monitoring_utils::tests::test_monitoring_loop_with_interrupt ... ok
[INFO] [stdout] test core::process_monitor::tests::test_constants ... ok
[INFO] [stdout] test core::process_monitor::tests::test_debug_logging_functionality ... ok
[INFO] [stdout] test core::process_monitor::hold_tests::dropped_monitor_releases_command ... ok
[INFO] [stdout] test core::process_monitor::hold_tests::held_arguments_pass_through_literally ... ok
[INFO] [stdout] test core::monitoring_utils::tests::test_monitoring_loop_with_processor ... ok
[INFO] [stdout] test core::process_monitor::tests::test_aggregation_arithmetic ... ok
[INFO] [stdout] test core::process_monitor::tests::test_child_process_aggregation ... ok
[INFO] [stdout] test core::process_monitor::tests::test_get_include_children_functionality ... ok
[INFO] [stdout] test core::process_monitor::tests::test_get_linux_thread_count ... ok
[INFO] [stdout] test core::process_monitor::tests::test_get_thread_count_functions ... ok
[INFO] [stdout] test core::process_monitor::child_record_tests::exit_code_follows_shell_convention ... ok
[INFO] [stdout] test core::process_monitor::hold_tests::held_command_given_as_path ... ok
[INFO] [stdout] test core::process_monitor::tests::test_from_pid ... ok
[INFO] [stdout] test core::process_monitor::tests::test_network_io_functions ... ok
[INFO] [stdout] test core::process_monitor::tests::test_child_process_detection ... ok
[INFO] [stdout] test core::monitoring_utils::tests::test_monitor_for_test_function ... ok
[INFO] [stdout] test core::process_monitor::tests::test_process_attachment_scenarios ... ok
[INFO] [stdout] test core::process_monitor::tests::test_process_metadata_edge_cases ... ok
[INFO] [stdout] test core::process_monitor::tests::test_process_monitor_comprehensive_functionality ... ok
[INFO] [stdout] test core::process_monitor::tests::test_io_baseline_and_child_io_baseline ... ok
[INFO] [stdout] test core::process_monitor::tests::test_process_monitor_debug_traits ... ok
[INFO] [stdout] test core::process_monitor::tests::test_process_monitor_from_pid_with_options ... ok
[INFO] [stdout] test core::process_monitor::tests::test_get_env_returns_record_for_running_process ... ok
[INFO] [stdout] test core::process_monitor::tests::test_process_monitor_new_with_empty_command ... ok
[INFO] [stdout] test core::process_monitor::tests::test_process_monitor_new_with_options_empty_command ... ok
[INFO] [stdout] test core::process_monitor::tests::test_empty_process_tree ... ok
[INFO] [stdout] test core::process_monitor::tests::test_process_monitor_from_pid ... ok
[INFO] [stdout] test core::process_monitor::tests::test_process_monitor_setters ... ok
[INFO] [stdout] test core::process_monitor::tests::test_process_result_type_alias ... ok
[INFO] [stdout] test core::process_monitor::tests::test_process_monitor_invalid_pid ... ok
[INFO] [stdout] test core::process_monitor::tests::test_summary_from_json_file_empty ... ok
[INFO] [stdout] test core::process_monitor::tests::test_summary_from_json_file_function ... ok
[INFO] [stdout] test core::process_monitor::tests::test_summary_from_json_file_nonexistent ... ok
[INFO] [stdout] test core::process_monitor::tests::test_summary_from_json_file_regular_metrics ... ok
[INFO] [stdout] test core::process_monitor::tests::test_summary_from_json_file_with_empty_lines ... ok
[INFO] [stdout] test core::process_monitor::tests::test_summary_from_json_file_with_regular_metrics ... ok
[INFO] [stdout] test core::process_monitor::tests::test_is_running_pid_monitor_after_process_exits ... ok
[INFO] [stdout] test core::process_monitor::tests::test_summary_from_json_file_with_tree_metrics ... ok
[INFO] [stdout] test core::process_monitor::tests::test_process_metadata ... ok
[INFO] [stdout] test core::process_monitor::hold_tests::held_command_waits_for_enable_ebpf ... ok
[INFO] [stdout] test core::process_monitor::tests::test_process_monitor_sample_metrics_invalid_process ... ok
[INFO] [stdout] test cpu_sampler::tests::test_cleanup_stale_entries ... ok
[INFO] [stdout] test cpu_sampler::tests::test_cleanup_stale_entries_empty_active_list ... ok
[INFO] [stdout] test core::process_monitor::tests::test_t0_ms_precision ... ok
[INFO] [stdout] test cpu_sampler::tests::test_cpu_sampler_default ... ok
[INFO] [stdout] test cpu_sampler::tests::test_cpu_sampler_new ... ok
[INFO] [stdout] test cpu_sampler::tests::test_cpu_times_clone ... ok
[INFO] [stdout] test cpu_sampler::tests::test_cpu_times_debug ... ok
[INFO] [stdout] test cpu_sampler::tests::test_cpu_usage_first_measurement_returns_none ... ok
[INFO] [stdout] test core::process_monitor::tests::test_enhanced_memory_metrics ... ok
[INFO] [stdout] test core::process_monitor::tests::test_network_io_limitation_for_children ... ok
[INFO] [stdout] test cpu_sampler::tests::test_get_cpu_usage_static ... ok
[INFO] [stdout] test cpu_sampler::tests::test_get_cpu_usage_static_invalid_pid ... ok
[INFO] [stdout] test cpu_sampler::tests::test_multiple_pids_tracking ... ok
[INFO] [stdout] test core::process_monitor::tests::test_process_monitor_with_short_lived_process ... ok
[INFO] [stdout] test cpu_sampler::tests::test_read_process_times_invalid_pid ... ok
[INFO] [stdout] test cpu_sampler::tests::test_sampler_with_terminated_process ... ok
[INFO] [stdout] test error::tests::test_denet_error_debug ... ok
[INFO] [stdout] test error::tests::test_denet_error_display ... ok
[INFO] [stdout] test error::tests::test_denet_error_source ... ok
[INFO] [stdout] test error::tests::test_error_conversion_to_io_error ... ok
[INFO] [stdout] test cpu_sampler::tests::test_cpu_usage_with_delay ... ok
[INFO] [stdout] test error::tests::test_error_conversions_from_std ... ok
[INFO] [stdout] test error::tests::test_result_type_alias ... ok
[INFO] [stdout] test monitor::env::tests::affinity_range_compression_singletons_mixed ... ok
[INFO] [stdout] test monitor::env::tests::affinity_range_compression_unsorted_and_duplicates ... ok
[INFO] [stdout] test monitor::env::tests::affinity_range_list_returns_nonempty_on_linux ... ok
[INFO] [stdout] test monitor::env::tests::collect_env_smoke_linux ... ok
[INFO] [stdout] test monitor::env::tests::count_range_list_handles_malformed_parts ... ok
[INFO] [stdout] test cpu_sampler::tests::test_cpu_usage_quick_successive_calls ... ok
[INFO] [stdout] test monitor::env::tests::count_range_list_roundtrip ... ok
[INFO] [stdout] test monitor::env::tests::cpu_model_missing_returns_none ... ok
[INFO] [stdout] test monitor::env::tests::cpu_model_parsed_from_proc_cpuinfo ... ok
[INFO] [stdout] test monitor::env::tests::cpufreq_cpus_falls_back_when_affinity_unreadable ... ok
[INFO] [stdout] test monitor::env::tests::cpu_topology_returns_some_on_linux_or_none_off ... ok
[INFO] [stdout] test monitor::env::tests::cpufreq_reads_listed_cpus_all_or_nothing ... ok
[INFO] [stdout] test core::process_monitor::tests::test_tree_metrics_structure ... ok
[INFO] [stdout] test monitor::env::tests::env_record_serializes_with_optional_fields ... ok
[INFO] [stdout] test monitor::env::tests::meminfo_parses_memtotal_in_mb ... ok
[INFO] [stdout] test monitor::env::tests::numa_distance_parser_square_row ... ok
[INFO] [stdout] test monitor::env::tests::select_cpus_keeps_only_allowed_cpus_across_gaps ... ok
[INFO] [stdout] test monitor::env::tests::meminfo_missing_returns_none ... ok
[INFO] [stdout] test monitor::metrics::tests::aggregated_metrics_from_metrics_aggregates_perf ... ok
[INFO] [stdout] test monitor::metrics::tests::aggregated_metrics_propagates_psi_from_first_sample ... ok
[INFO] [stdout] test monitor::metrics::tests::classify_cpu_bound_via_perf ... ok
[INFO] [stdout] test monitor::metrics::tests::classify_no_data ... ok
[INFO] [stdout] test monitor::metrics::tests::classify_memory_bound_via_perf ... ok
[INFO] [stdout] test monitor::metrics::tests::classify_mixed_inconclusive_perf ... ok
[INFO] [stdout] test monitor::metrics::tests::classify_psi_only_high_pressure ... ok
[INFO] [stdout] test monitor::metrics::tests::classify_psi_only_zero_pressure ... ok
[INFO] [stdout] test monitor::metrics::tests::classify_psi_only_low_pressure ... ok
[INFO] [stdout] test monitor::metrics::tests::from_aggregated_empty_returns_none ... ok
[INFO] [stdout] test monitor::metrics::tests::classify_psi_tiebreaker_tips_to_memory_bound ... ok
[INFO] [stdout] test monitor::metrics::tests::from_aggregated_psi_pressure_classifies_memory_bound ... ok
[INFO] [stdout] test monitor::metrics::tests::from_aggregated_perf_sums_across_samples ... ok
[INFO] [stdout] test monitor::metrics::tests::from_metrics_perf_with_zero_denominators ... ok
[INFO] [stdout] test monitor::metrics::tests::from_metrics_empty_slice_returns_none ... ok
[INFO] [stdout] test monitor::metrics::tests::from_metrics_no_signals_returns_none ... ok
[INFO] [stdout] test monitor::metrics::tests::from_metrics_psi_only_high_pressure ... ok
[INFO] [stdout] test monitor::metrics::tests::from_metrics_with_perf_computes_ratios ... ok
[INFO] [stdout] test monitor::metrics::tests::test_aggregated_metrics_default ... ok
[INFO] [stdout] test monitor::metrics::tests::test_aggregated_metrics_from_empty_metrics ... ok
[INFO] [stdout] test monitor::metrics::tests::test_aggregated_metrics_from_single_metric ... ok
[INFO] [stdout] test monitor::metrics::tests::test_child_process_metrics ... ok
[INFO] [stdout] test monitor::metrics::tests::test_metrics_default ... ok
[INFO] [stdout] test monitor::metrics::tests::test_metrics_new ... ok
[INFO] [stdout] test monitor::metrics::tests::test_process_metadata_new ... ok
[INFO] [stdout] test monitor::metrics::tests::test_process_tree_metrics ... ok
[INFO] [stdout] test monitor::metrics::tests::test_serialization ... ok
[INFO] [stdout] test monitor::metrics::tests::test_summary_default ... ok
[INFO] [stdout] test monitor::metrics::tests::test_summary_from_aggregated_metrics ... ok
[INFO] [stdout] test monitor::metrics::tests::test_summary_from_empty_aggregated_metrics ... ok
[INFO] [stdout] test monitor::metrics::tests::test_summary_from_empty_metrics ... ok
[INFO] [stdout] test monitor::metrics::tests::test_summary_from_metrics ... ok
[INFO] [stdout] test monitor::metrics::tests::test_summary_new ... ok
[INFO] [stdout] test monitor::record::tests::parse_record_handles_tagged_aggregated_and_tree ... ok
[INFO] [stdout] test monitor::record::tests::parse_record_handles_untagged_legacy ... ok
[INFO] [stdout] test monitor::record::tests::parse_record_handles_untagged_sample ... ok
[INFO] [stdout] test cpu_sampler::tests::test_read_process_times ... ok
[INFO] [stdout] test monitor::record::tests::record_enum_roundtrip_metadata ... ok
[INFO] [stdout] test monitor::record::tests::record_enum_roundtrip_sample ... ok
[INFO] [stdout] test monitor::env::tests::affinity_range_compression_basic ... ok
[INFO] [stdout] test monitor::record::tests::parse_record_returns_none_for_garbage ... ok
[INFO] [stdout] test monitor::record::tests::tagged_emits_kind_field ... ok
[INFO] [stdout] test monitor::record::tests::record_env_roundtrip_carries_kind_tag ... ok
[INFO] [stdout] test monitor::summary::tests::test_calculate_elapsed_time_empty ... ok
[INFO] [stdout] test monitor::summary::tests::test_calculate_elapsed_time_single_metric ... ok
[INFO] [stdout] test monitor::summary::tests::test_calculate_elapsed_time_with_aggregated ... ok
[INFO] [stdout] test monitor::summary::tests::test_calculate_elapsed_time_with_metrics ... ok
[INFO] [stdout] test monitor::summary::tests::test_summary_from_json_file ... ok
[INFO] [stdout] test monitor::summary::tests::test_summary_from_json_file_empty_file ... ok
[INFO] [stdout] test monitor::summary::tests::test_summary_from_json_file_invalid_json ... ok
[INFO] [stdout] test monitor::summary::tests::test_summary_from_json_file_nonexistent ... ok
[INFO] [stdout] test monitor::summary::tests::test_summary_from_json_file_with_empty_lines ... ok
[INFO] [stdout] test monitor::summary::tests::test_summary_from_json_file_with_aggregated_metrics ... ok
[INFO] [stdout] test monitor::summary::tests::test_summary_from_json_file_with_nested_aggregated ... ok
[INFO] [stdout] test monitor::summary::tests::test_summary_from_json_strings ... ok
[INFO] [stdout] test monitor::summary::tests::test_summary_from_json_strings_empty ... ok
[INFO] [stdout] test monitor::summary::tests::test_summary_from_json_strings_invalid_json ... ok
[INFO] [stdout] test monitor::summary::tests::test_summary_from_json_strings_with_aggregated ... ok
[INFO] [stdout] test monitor::summary::tests::test_summary_from_json_strings_with_nested ... ok
[INFO] [stdout] test perf::syscall::tests::self_open_and_read ... ok
[INFO] [stdout] test perf::tests::delta_since_saturates_on_counter_regression ... ok
[INFO] [stdout] test perf::tests::delta_since_subtracts_field_wise ... ok
[INFO] [stdout] test perf::tests::describe_perf_error_messages ... ok
[INFO] [stdout] test perf::tests::events_list_all_optional ... ok
[INFO] [stdout] test perf::tests::events_list_partial ... ok
[INFO] [stdout] test perf::tests::events_list_required_only ... ok
[INFO] [stdout] test psi::tests::detect_does_not_panic ... ok
[INFO] [stdout] test psi::tests::parse_missing_avg10_token_returns_none ... ok
[INFO] [stdout] test perf::tests::detect_does_not_panic ... ok
[INFO] [stdout] test psi::tests::parse_missing_full_line_returns_none ... ok
[INFO] [stdout] test psi::tests::parse_skips_unknown_kind ... ok
[INFO] [stdout] test monitor::metrics::tests::from_metrics_psi_fraction_counts_pressured_samples ... ok
[INFO] [stdout] test monitor::metrics::tests::test_aggregated_metrics_from_multiple_metrics ... ok
[INFO] [stdout] test monitor::summary::tests::test_calculate_elapsed_time_prefers_aggregated ... ok
[INFO] [stdout] test psi::tests::read_process_for_nonexistent_pid_returns_none ... ok
[INFO] [stdout] test psi::tests::rejects_garbage ... ok
[INFO] [stdout] test rapl::sysfs::tests::detect_does_not_panic ... ok
[INFO] [stdout] test rapl::sysfs::tests::zone_name_matching ... ok
[INFO] [stdout] test rapl::tests::attribute_splits_by_cpu_share ... ok
[INFO] [stdout] test psi::tests::parses_canonical_format ... ok
[INFO] [stdout] test rapl::tests::share_clamps_and_guards ... ok
[INFO] [stdout] test rapl::tests::wrap_delta_normal ... ok
[INFO] [stdout] test rapl::tests::wrap_delta_wraps ... ok
[INFO] [stdout] test rapl::tests::share_single_core_of_four ... ok
[INFO] [stdout] test rapl::tests::wrap_delta_no_max_clamps_to_zero ... ok
[INFO] [stdout] test tests::test_create_monitor_success ... ok
[INFO] [stdout] test tests::test_different_intervals ... ok
[INFO] [stdout] test tests::test_re_exports ... ok
[INFO] [stdout] test tests::test_run_monitor_since_process_start ... ok
[INFO] [stdout] test tests::test_create_monitor_failure ... ok
[INFO] [stdout] test tests::test_run_monitor_with_invalid_command ... ok
[INFO] [stdout] test core::process_monitor::tests::test_timestamp_functionality ... ok
[INFO] [stdout] test tests::test_run_monitor_with_valid_command ... ok
[INFO] [stdout] test tests::test_execute_monitoring_loop ... ok
[INFO] [stdout] test core::process_monitor::tests::test_recursive_child_detection ... ok
[INFO] [stdout] test core::process_monitor::tests::test_metrics_collection ... ok
[INFO] [stdout] test core::process_monitor::tests::test_tree_metrics_collection_edge_cases ... ok
[INFO] [stdout] test core::process_monitor::rapl_tree_tests::tree_energy_follows_tree_cpu ... ok
[INFO] [stdout] test cpu_sampler::tests::test_cpu_measurement_accuracy ... ok
[INFO] [stdout] test core::process_monitor::child_record_tests::pipeline_children_get_full_argv_and_ppid ... ok
[INFO] [stdout] test core::process_monitor::child_record_tests::exec_emits_second_record_once ... ok
[INFO] [stdout] test core::process_monitor::tests::test_adaptive_interval ... ok
[INFO] [stdout] test core::process_monitor::tests::test_is_running ... ok
[INFO] [stdout] test core::process_monitor::tests::test_child_process_lifecycle ... ok
[INFO] [stdout] 
[INFO] [stdout] test result: ok. 237 passed; 0 failed; 0 ignored; 0 measured; 0 filtered out; finished in 4.71s
[INFO] [stdout] 
[INFO] [stderr]      Running unittests src/bin/denet.rs (/opt/rustwide/target/release/deps/denet-47a27ce51ea13a90)
[INFO] [stderr]      Running unittests src/bin/test_nvml.rs (/opt/rustwide/target/release/deps/test_nvml-963177369c874a7b)
[INFO] [stdout] 
[INFO] [stdout] running 0 tests
[INFO] [stdout] 
[INFO] [stdout] test result: ok. 0 passed; 0 failed; 0 ignored; 0 measured; 0 filtered out; finished in 0.00s
[INFO] [stdout] 
[INFO] [stdout] 
[INFO] [stderr]      Running tests/cli_tests.rs (/opt/rustwide/target/release/deps/cli_tests-89b81996419f4be3)
[INFO] [stdout] running 0 tests
[INFO] [stdout] 
[INFO] [stdout] test result: ok. 0 passed; 0 failed; 0 ignored; 0 measured; 0 filtered out; finished in 0.00s
[INFO] [stdout] 
[INFO] [stdout] 
[INFO] [stdout] running 19 tests
[INFO] [stdout] test test_cli_signal_handling ... ok
[INFO] [stdout] test test_cli_run_propagates_exit_code ... ok
[INFO] [stdout] test test_cli_stats_nonexistent_file ... ok
[INFO] [stdout] test test_cli_help_output ... ok
[INFO] [stdout] test test_cli_run_with_simple_command ... ok
[INFO] [stdout] test test_cli_invalid_subcommand ... ok
[INFO] [stdout] test test_cli_stats_subcommand_help ... ok
[INFO] [stdout] test test_cli_run_subcommand_help ... ok
[INFO] [stdout] test test_cli_run_with_custom_intervals ... ok
[INFO] [stdout] test test_cli_run_nonexistent_command ... ok
[INFO] [stdout] test test_cli_run_with_json_output ... ok
[INFO] [stdout] test test_cli_run_with_no_update_flag ... ok
[INFO] [stdout] test test_cli_run_with_output_file ... ok
[INFO] [stdout] test test_cli_stats_with_sample_file ... ok
[INFO] [stdout] test test_cli_stats_with_json_output ... ok
[INFO] [stdout] test test_cli_version_output ... ok
[INFO] [stdout] test test_cli_invalid_arguments ... ok
[INFO] [stdout] test test_cli_comprehensive_options ... ok
[INFO] [stdout] test test_cli_attach_with_pid ... ok
[INFO] [stdout] 
[INFO] [stdout] test result: ok. 19 passed; 0 failed; 0 ignored; 0 measured; 0 filtered out; finished in 27.90s
[INFO] [stdout] 
[INFO] [stderr]      Running tests/config_tests.rs (/opt/rustwide/target/release/deps/config_tests-38a7a34958a7e39e)
[INFO] [stdout] 
[INFO] [stdout] running 11 tests
[INFO] [stdout] test test_output_format_display ... ok
[INFO] [stdout] test test_output_config_builder ... ok
[INFO] [stdout] test test_monitor_config_defaults ... ok
[INFO] [stdout] test test_output_format_from_str ... ok
[INFO] [stdout] test test_output_config_defaults ... ok
[INFO] [stdout] test test_monitor_config_builder ... ok
[INFO] [stdout] test test_denet_config_defaults ... ok
[INFO] [stdout] test test_denet_config_builder ... ok
[INFO] [stdout] test test_monitor_config_validation ... ok
[INFO] [stdout] test test_output_config_builder_write_metadata ... ok
[INFO] [stdout] test test_output_config_builder_write_metadata_default ... ok
[INFO] [stdout] 
[INFO] [stdout] test result: ok. 11 passed; 0 failed; 0 ignored; 0 measured; 0 filtered out; finished in 0.06s
[INFO] [stdout] 
[INFO] [stderr]      Running tests/constants_tests.rs (/opt/rustwide/target/release/deps/constants_tests-a17733c332b51858)
[INFO] [stdout] 
[INFO] [stdout] running 9 tests
[INFO] [stdout] test test_system_constants ... ok
[INFO] [stdout] test test_delay_constants ... ok
[INFO] [stdout] test test_constants_for_adaptive_behavior ... ok
[INFO] [stdout] test test_constants_reasonable_ranges ... ok
[INFO] [stdout] test test_default_constants ... ok
[INFO] [stdout] test test_constants_non_zero ... ok
[INFO] [stdout] test test_sampling_constants ... ok
[INFO] [stdout] test test_timeout_constants ... ok
[INFO] [stdout] test test_constant_relationships ... ok
[INFO] [stdout] 
[INFO] [stdout] test result: ok. 9 passed; 0 failed; 0 ignored; 0 measured; 0 filtered out; finished in 0.01s
[INFO] [stdout] 
[INFO] [stderr]      Running tests/cpu_sampler_tests.rs (/opt/rustwide/target/release/deps/cpu_sampler_tests-0c499420b82dcf93)
[INFO] [stdout] 
[INFO] [stdout] running 7 tests
[INFO] [stdout] test linux_tests::test_cpu_sample_current_process ... ok
[INFO] [stdout] test linux_tests::test_cpu_sampler_creation ... ok
[INFO] [stdout] test linux_tests::test_cpu_usage_measurement ... ok
[INFO] [stdout] test test_platform_specific_cpu_sampler ... ok
[INFO] [stdout] test linux_tests::test_basic_cpu_usage ... ok
[INFO] [stdout] test linux_tests::test_cpu_usage_with_real_load ... ok
[INFO] [stdout] test linux_tests::test_multi_sample ... ok
[INFO] [stdout] 
[INFO] [stdout] test result: ok. 7 passed; 0 failed; 0 ignored; 0 measured; 0 filtered out; finished in 0.17s
[INFO] [stdout] 
[INFO] [stderr]      Running tests/cpu_stress_test.rs (/opt/rustwide/target/release/deps/cpu_stress_test-617309e7ed04b35e)
[INFO] [stdout] 
[INFO] [stdout] running 1 test
[INFO] [stdout] test test_multicore_cpu_measurement ... ok
[INFO] [stdout] 
[INFO] [stdout] test result: ok. 1 passed; 0 failed; 0 ignored; 0 measured; 0 filtered out; finished in 6.13s
[INFO] [stdout] 
[INFO] [stderr]      Running tests/disk_io_test.rs (/opt/rustwide/target/release/deps/disk_io_test-b11dceaa484acfb3)
[INFO] [stdout] 
[INFO] [stdout] running 6 tests
[INFO] [stdout] test test_disk_read_medium_file ... ok
[INFO] [stdout] test test_disk_read_large_file ... ok
[INFO] [stdout] test test_disk_read_small_file ... ok
[INFO] [stdout] test test_cached_and_mmap_reads_are_visible ... ok
[INFO] [stdout] test test_simple_disk_write_accuracy ... ok
[INFO] [stderr] error: test failed, to rerun pass `--test disk_io_test`
[INFO] [stdout] test test_disk_write_metrics_accuracy ... FAILED
[INFO] [stdout] 
[INFO] [stdout] failures:
[INFO] [stdout] 
[INFO] [stdout] ---- test_disk_write_metrics_accuracy stdout ----
[INFO] [stdout] Sample 10: 12288 bytes written (expected: 1048576 bytes)
[INFO] [stdout] Sample 20: 32768 bytes written (expected: 1048576 bytes)
[INFO] [stdout] Sample 30: 49152 bytes written (expected: 1048576 bytes)
[INFO] [stdout] Sample 40: 65536 bytes written (expected: 1048576 bytes)
[INFO] [stdout] Sample 50: 81920 bytes written (expected: 1048576 bytes)
[INFO] [stdout] Sample 60: 86016 bytes written (expected: 1048576 bytes)
[INFO] [stdout] Sample 70: 94208 bytes written (expected: 1048576 bytes)
[INFO] [stdout] Sample 80: 106496 bytes written (expected: 1048576 bytes)
[INFO] [stdout] Sample 90: 126976 bytes written (expected: 1048576 bytes)
[INFO] [stdout] Sample 100: 143360 bytes written (expected: 1048576 bytes)
[INFO] [stdout] Sample 110: 159744 bytes written (expected: 1048576 bytes)
[INFO] [stdout] Sample 120: 176128 bytes written (expected: 1048576 bytes)
[INFO] [stdout] Sample 130: 196608 bytes written (expected: 1048576 bytes)
[INFO] [stdout] Sample 140: 208896 bytes written (expected: 1048576 bytes)
[INFO] [stdout] Sample 150: 229376 bytes written (expected: 1048576 bytes)
[INFO] [stdout] Sample 160: 245760 bytes written (expected: 1048576 bytes)
[INFO] [stdout] Sample 170: 262144 bytes written (expected: 1048576 bytes)
[INFO] [stdout] Sample 180: 278528 bytes written (expected: 1048576 bytes)
[INFO] [stdout] Sample 190: 299008 bytes written (expected: 1048576 bytes)
[INFO] [stdout] Sample 200: 319488 bytes written (expected: 1048576 bytes)
[INFO] [stdout] Sample 210: 335872 bytes written (expected: 1048576 bytes)
[INFO] [stdout] Sample 220: 356352 bytes written (expected: 1048576 bytes)
[INFO] [stdout] Sample 230: 368640 bytes written (expected: 1048576 bytes)
[INFO] [stdout] Sample 240: 389120 bytes written (expected: 1048576 bytes)
[INFO] [stdout] Sample 250: 409600 bytes written (expected: 1048576 bytes)
[INFO] [stdout] Sample 260: 425984 bytes written (expected: 1048576 bytes)
[INFO] [stdout] Sample 270: 446464 bytes written (expected: 1048576 bytes)
[INFO] [stdout] Sample 280: 466944 bytes written (expected: 1048576 bytes)
[INFO] [stdout] Sample 290: 487424 bytes written (expected: 1048576 bytes)
[INFO] [stdout] Sample 300: 507904 bytes written (expected: 1048576 bytes)
[INFO] [stdout] Sample 310: 528384 bytes written (expected: 1048576 bytes)
[INFO] [stdout] Sample 320: 544768 bytes written (expected: 1048576 bytes)
[INFO] [stdout] Sample 330: 565248 bytes written (expected: 1048576 bytes)
[INFO] [stdout] Sample 340: 581632 bytes written (expected: 1048576 bytes)
[INFO] [stdout] Sample 350: 602112 bytes written (expected: 1048576 bytes)
[INFO] [stdout] Sample 360: 622592 bytes written (expected: 1048576 bytes)
[INFO] [stdout] Sample 370: 638976 bytes written (expected: 1048576 bytes)
[INFO] [stdout] Sample 380: 659456 bytes written (expected: 1048576 bytes)
[INFO] [stdout] Sample 390: 679936 bytes written (expected: 1048576 bytes)
[INFO] [stdout] Sample 400: 696320 bytes written (expected: 1048576 bytes)
[INFO] [stdout] Sample 410: 720896 bytes written (expected: 1048576 bytes)
[INFO] [stdout] Sample 420: 741376 bytes written (expected: 1048576 bytes)
[INFO] [stdout] Sample 430: 761856 bytes written (expected: 1048576 bytes)
[INFO] [stdout] Sample 440: 782336 bytes written (expected: 1048576 bytes)
[INFO] [stdout] Sample 450: 802816 bytes written (expected: 1048576 bytes)
[INFO] [stdout] Sample 460: 823296 bytes written (expected: 1048576 bytes)
[INFO] [stdout] Sample 470: 847872 bytes written (expected: 1048576 bytes)
[INFO] [stdout] Sample 480: 876544 bytes written (expected: 1048576 bytes)
[INFO] [stdout] Sample 490: 901120 bytes written (expected: 1048576 bytes)
[INFO] [stdout] Sample 500: 925696 bytes written (expected: 1048576 bytes)
[INFO] [stdout] Sample 510: 946176 bytes written (expected: 1048576 bytes)
[INFO] [stdout] Sample 520: 966656 bytes written (expected: 1048576 bytes)
[INFO] [stdout] Sample 530: 983040 bytes written (expected: 1048576 bytes)
[INFO] [stdout] Sample 540: 1003520 bytes written (expected: 1048576 bytes)
[INFO] [stdout] Sample 550: 1024000 bytes written (expected: 1048576 bytes)
[INFO] [stdout] Sample 560: 1044480 bytes written (expected: 1048576 bytes)
[INFO] [stdout] Sample 570: 1060864 bytes written (expected: 1048576 bytes)
[INFO] [stdout] Test completed:
[INFO] [stdout]   - Duration: 30.41s
[INFO] [stdout]   - Total samples: 577
[INFO] [stdout]   - Expected bytes written: 1048576
[INFO] [stdout]   - Reported bytes written: 1069056
[INFO] [stdout]   - Actual file size: 1048576
[INFO] [stdout] 
[INFO] [stdout] thread 'test_disk_write_metrics_accuracy' (4184) panicked at tests/disk_io_test.rs:119:5:
[INFO] [stdout] Disk write metrics not increasing consistently enough (259 out of 576 samples)
[INFO] [stdout] stack backtrace:
[INFO] [stdout]    0:     0x5c902bd3d8c1 - <<std[70759c8f55707aa4]::sys::backtrace::BacktraceLock>::print::DisplayBacktrace as core[df12db4294e9bfd3]::fmt::Display>::fmt
[INFO] [stdout]    1:     0x5c902bd52a4a - core[df12db4294e9bfd3]::fmt::write
[INFO] [stdout]    2:     0x5c902bd421fc - <alloc[2182bb758b4b3781]::vec::Vec<u8> as core[df12db4294e9bfd3]::io::write::Write>::write_fmt
[INFO] [stdout]    3:     0x5c902bd17876 - std[70759c8f55707aa4]::panicking::default_hook::{closure#0}
[INFO] [stdout]    4:     0x5c902bd34dc9 - std[70759c8f55707aa4]::panicking::default_hook
[INFO] [stdout]    5:     0x5c902bca6db0 - test[9d35eded1c95d3be]::test_main_inner::<test[9d35eded1c95d3be]::test_main_static::{closure#0}>::{closure#0}
[INFO] [stdout]    6:     0x5c902bd34f82 - std[70759c8f55707aa4]::panicking::panic_with_hook
[INFO] [stdout]    7:     0x5c902bd17922 - std[70759c8f55707aa4]::panicking::panic_handler::{closure#0}
[INFO] [stdout]    8:     0x5c902bd10359 - std[70759c8f55707aa4]::sys::backtrace::__rust_end_short_backtrace::<std[70759c8f55707aa4]::panicking::panic_handler::{closure#0}, !>
[INFO] [stdout]    9:     0x5c902bd1851d - __rustc[8fa7c3cbc660c2b3]::rust_begin_unwind
[INFO] [stdout]   10:     0x5c902bd5317c - core[df12db4294e9bfd3]::panicking::panic_fmt
[INFO] [stdout]   11:     0x5c902bc971ce - <disk_io_test[993059ef5bd26d99]::test_disk_write_metrics_accuracy::{closure#0} as core[df12db4294e9bfd3]::ops::function::FnOnce<()>>::call_once
[INFO] [stdout]   12:     0x5c902bc9a09b - test[9d35eded1c95d3be]::__rust_begin_short_backtrace::<core[df12db4294e9bfd3]::result::Result<(), alloc[2182bb758b4b3781]::string::String>, fn() -> core[df12db4294e9bfd3]::result::Result<(), alloc[2182bb758b4b3781]::string::String>>
[INFO] [stdout]   13:     0x5c902bca7705 - test[9d35eded1c95d3be]::run_test::{closure#0}
[INFO] [stdout]   14:     0x5c902bca0fc4 - std[70759c8f55707aa4]::sys::backtrace::__rust_begin_short_backtrace::<test[9d35eded1c95d3be]::run_test::{closure#1}, ()>
[INFO] [stdout]   15:     0x5c902bcaa862 - <std[70759c8f55707aa4]::thread::lifecycle::spawn_unchecked<test[9d35eded1c95d3be]::run_test::{closure#1}, ()>::{closure#1} as core[df12db4294e9bfd3]::ops::function::FnOnce<()>>::call_once::{shim:vtable#0}
[INFO] [stdout]   16:     0x5c902bd3cb09 - <std[70759c8f55707aa4]::sys::thread::unix::Thread>::new::thread_start
[INFO] [stdout]   17:     0x7aa4e51f7dfa - <unknown>
[INFO] [stdout]   18:     0x7aa4e528b3d4 - clone
[INFO] [stdout]   19:                0x0 - <unknown>
[INFO] [stdout] 
[INFO] [stdout] 
[INFO] [stdout] failures:
[INFO] [stdout]     test_disk_write_metrics_accuracy
[INFO] [stdout] 
[INFO] [stdout] test result: FAILED. 5 passed; 1 failed; 0 ignored; 0 measured; 0 filtered out; finished in 30.42s
[INFO] [stdout] 
[INFO] running `Command { std: "docker" "inspect" "85327a247ec10d0eeadc4ce4b664e7cece137b005ef80bbbb4c50eec751210dc", kill_on_drop: false }`
[INFO] running `Command { std: "docker" "rm" "-f" "85327a247ec10d0eeadc4ce4b664e7cece137b005ef80bbbb4c50eec751210dc", kill_on_drop: false }`
[INFO] [stdout] 85327a247ec10d0eeadc4ce4b664e7cece137b005ef80bbbb4c50eec751210dc
