[INFO] fetching crate den-mcp 0.1.0...
[INFO] testing den-mcp-0.1.0 against 1.99.0-beta.8+cargoflags=--release for beta-release-1.100-2
[INFO] extracting crate den-mcp 0.1.0 into /workspace/builds/worker-4-tc1/source
[INFO] started tweaking crates.io crate den-mcp 0.1.0
[INFO] removed 0 missing tests
[INFO] finished tweaking crates.io crate den-mcp 0.1.0
[INFO] tweaked toml for crates.io crate den-mcp 0.1.0 written to /workspace/builds/worker-4-tc1/source/Cargo.toml
[INFO] validating manifest of crates.io crate den-mcp 0.1.0 on toolchain 1.99.0-beta.8
[INFO] running `Command { std: CARGO_HOME="/workspace/cargo-home" RUSTUP_HOME="/workspace/rustup-home" "/workspace/cargo-home/bin/cargo" "+1.99.0-beta.8" "metadata" "--manifest-path" "Cargo.toml" "--no-deps", kill_on_drop: false }`
[INFO] crate crates.io crate den-mcp 0.1.0 already has a lockfile, it will not be regenerated
[INFO] running `Command { std: CARGO_HOME="/workspace/cargo-home" RUSTUP_HOME="/workspace/rustup-home" "/workspace/cargo-home/bin/cargo" "+1.99.0-beta.8" "fetch" "--manifest-path" "Cargo.toml", kill_on_drop: false }`
[INFO] [stderr]     Updating crates.io index
[INFO] [stderr]     Blocking waiting for file lock on package cache
[INFO] [stderr]  Downloading crates ...
[INFO] [stderr]   Downloaded windows-result v0.1.2
[INFO] [stderr]   Downloaded windows-interface v0.56.0
[INFO] [stderr]   Downloaded windows-core v0.56.0
[INFO] [stderr]   Downloaded windows-implement v0.56.0
[INFO] [stderr]   Downloaded gix-utils v0.3.6
[INFO] [stderr]   Downloaded gix-zlib v0.1.0
[INFO] [stderr]   Downloaded gix-validate v0.11.4
[INFO] [stderr]   Downloaded gix-hashtable v0.16.0
[INFO] [stderr]   Downloaded gix-trace v0.1.21
[INFO] [stderr]   Downloaded gix-worktree-stream v0.36.1
[INFO] [stderr]   Downloaded rmcp-macros v3.4.1
[INFO] [stderr]   Downloaded notify-types v2.1.0
[INFO] [stderr]   Downloaded inotify v0.11.5
[INFO] [stderr]   Downloaded gix-traverse v0.61.0
[INFO] [stderr]   Downloaded gix-revwalk v0.35.0
[INFO] [stderr]   Downloaded gix-tempfile v24.0.0
[INFO] [stderr]   Downloaded defmt v0.3.100
[INFO] [stderr]   Downloaded gix-quote v0.8.0
[INFO] [stderr]   Downloaded gix-actor v0.42.0
[INFO] [stderr]   Downloaded gix-chunk v0.8.0
[INFO] [stderr]   Downloaded gix-bitmap v0.4.0
[INFO] [stderr]   Downloaded gix-ignore v0.22.1
[INFO] [stderr]   Downloaded notify v8.2.0
[INFO] [stderr]   Downloaded gix-fs v0.22.1
[INFO] [stderr]   Downloaded gix-features v0.49.1
[INFO] [stderr]   Downloaded gix-hash v0.26.2
[INFO] [stderr]   Downloaded dashmap v6.2.1
[INFO] [stderr]   Downloaded gix-lock v24.0.0
[INFO] [stderr]   Downloaded unicode-bom v2.0.3
[INFO] [stderr]   Downloaded faster-hex v0.10.1
[INFO] [stderr]   Downloaded gix-date v0.16.0
[INFO] [stderr]   Downloaded gix-path v0.12.6
[INFO] [stderr]   Downloaded gix-error v0.3.2
[INFO] [stderr]   Downloaded gix-commitgraph v0.39.0
[INFO] [stderr]   Downloaded gix-packetline v0.22.2
[INFO] [stderr]   Downloaded gix-glob v0.27.1
[INFO] [stderr]   Downloaded gix-url v0.38.0
[INFO] [stderr]   Downloaded gix-note v0.1.1
[INFO] [stderr]   Downloaded scrypt v0.11.0
[INFO] [stderr]   Downloaded rust-embed-utils v8.12.0
[INFO] [stderr]   Downloaded rust-embed-impl v8.12.0
[INFO] [stderr]   Downloaded kem v0.3.0-pre.0
[INFO] [stderr]   Downloaded proc-macro-error-attr3 v3.1.1
[INFO] [stderr]   Downloaded intl-memoizer v0.5.3
[INFO] [stderr]   Downloaded type-map v0.5.1
[INFO] [stderr]   Downloaded i18n-embed-impl v0.8.4
[INFO] [stderr]   Downloaded fluent-langneg v0.13.1
[INFO] [stderr]   Downloaded intl_pluralrules v7.0.2
[INFO] [stderr]   Downloaded unsafe-libyaml-norway v0.2.15
[INFO] [stderr]   Downloaded gix-command v0.10.1
[INFO] [stderr]   Downloaded gix-filter v0.34.0
[INFO] [stderr]   Downloaded gix-attributes v0.35.0
[INFO] [stderr]   Downloaded gix-worktree v0.56.0
[INFO] [stderr]   Downloaded gix-submodule v0.34.0
[INFO] [stderr]   Downloaded i18n-config v0.4.8
[INFO] [stderr]   Downloaded salsa20 v0.10.2
[INFO] [stderr]   Downloaded i18n-embed-fl v0.10.1
[INFO] [stderr]   Downloaded unic-langid v0.9.6
[INFO] [stderr]   Downloaded find-crate v0.6.3
[INFO] [stderr]   Downloaded gix-macros v0.1.6
[INFO] [stderr]   Downloaded gix-pathspec v0.20.0
[INFO] [stderr]   Downloaded proc-macro-error3 v3.1.1
[INFO] [stderr]   Downloaded fluent-syntax v0.12.0
[INFO] [stderr]   Downloaded gix-index v0.55.0
[INFO] [stderr]   Downloaded hybrid-array v0.2.3
[INFO] [stderr]   Downloaded fluent v0.17.0
[INFO] [stderr]   Downloaded ml-kem v0.2.3
[INFO] [stderr]   Downloaded serde_norway v0.9.42
[INFO] [stderr]   Downloaded gix-object v0.64.1
[INFO] [stderr]   Downloaded gix-sec v0.14.2
[INFO] [stderr]   Downloaded fluent-bundle v0.16.0
[INFO] [stderr]   Downloaded gix-refspec v0.45.1
[INFO] [stderr]   Downloaded gix-config-value v0.19.1
[INFO] [stderr]   Downloaded gix-imara-diff v0.2.5
[INFO] [stderr]   Downloaded gix-shallow v0.13.0
[INFO] [stderr]   Downloaded gix-revision v0.49.1
[INFO] [stderr]   Downloaded clru v0.6.3
[INFO] [stderr]   Downloaded gix-blame v0.17.1
[INFO] [stderr]   Downloaded gethostname v1.1.0
[INFO] [stderr]   Downloaded i18n-embed v0.16.0
[INFO] [stderr]   Downloaded toml v0.5.11
[INFO] [stderr]   Downloaded chacha20 v0.9.1
[INFO] [stderr]   Downloaded den-core v0.1.0
[INFO] [stderr]   Downloaded prodash v31.0.0
[INFO] [stderr]   Downloaded heapless v0.8.0
[INFO] [stderr]   Downloaded gix-status v0.34.1
[INFO] [stderr]   Downloaded gix-dir v0.29.1
[INFO] [stderr]   Downloaded gix-protocol v0.65.1
[INFO] [stderr]   Downloaded basic-toml v0.1.10
[INFO] [stderr]   Downloaded io_tee v0.1.1
[INFO] [stderr]   Downloaded gix-ref v0.67.1
[INFO] [stderr]   Downloaded gix-discover v0.55.0
[INFO] [stderr]   Downloaded unic-langid-impl v0.9.6
[INFO] [stderr]   Downloaded gix-diff v0.67.1
[INFO] [stderr]   Downloaded poly1305 v0.8.0
[INFO] [stderr]   Downloaded cookie-factory v0.3.3
[INFO] [stderr]   Downloaded gix-config v0.60.0
[INFO] [stderr]   Downloaded gix-odb v0.84.0
[INFO] [stderr]   Downloaded x25519-dalek v2.0.1
[INFO] [stderr]   Downloaded chacha20poly1305 v0.10.1
[INFO] [stderr]   Downloaded age-core v0.12.0
[INFO] [stderr]   Downloaded gix-transport v0.59.2
[INFO] [stderr]   Downloaded gix-pack v0.74.2
[INFO] [stderr]   Downloaded zerocopy-derive v0.8.58
[INFO] [stderr]   Downloaded age v0.12.1
[INFO] [stderr]   Downloaded zerocopy v0.8.58
[INFO] [stderr]   Downloaded gix v0.87.1
[INFO] [stderr]   Downloaded rmcp v3.4.1
[INFO] [stderr]   Downloaded sha1-checked v0.10.0
[INFO] [stderr]   Downloaded rust-embed v8.12.0
[INFO] [stderr]   Downloaded hpke v0.12.0
[INFO] running `Command { std: "docker" "create" "-v" "/var/lib/crater-agent-workspace/builds/worker-4-tc1/source:/opt/rustwide/workdir:ro,Z" "-v" "/var/lib/crater-agent-workspace/builds/worker-4-tc1/target:/opt/rustwide/target:rw,Z" "-v" "/var/lib/crater-agent-workspace/cargo-home:/opt/rustwide/cargo-home:ro,Z" "-v" "/var/lib/crater-agent-workspace/rustup-home:/opt/rustwide/rustup-home:ro,Z" "-m" "1610612736" "--network" "none" "ghcr.io/rust-lang/crates-build-env/linux@sha256:77db811e55d90add9212f6832c23229e3de5f1c1f9905e8cb07319ea15df73ac" "sleep" "infinity", kill_on_drop: false }`
[INFO] [stdout] 1da2fccc85bb326eacd0e6f155dc40e1efe59e1441c66344a1bda4893bf8f384
[INFO] running `Command { std: "docker" "start" "1da2fccc85bb326eacd0e6f155dc40e1efe59e1441c66344a1bda4893bf8f384", kill_on_drop: false }`
[INFO] running `Command { std: "docker" "inspect" "1da2fccc85bb326eacd0e6f155dc40e1efe59e1441c66344a1bda4893bf8f384", kill_on_drop: false }`
[INFO] running `Command { std: "docker" "exec" "-e" "SOURCE_DIR=/opt/rustwide/workdir" "-e" "CARGO_HOME=/opt/rustwide/cargo-home" "-e" "RUSTUP_HOME=/opt/rustwide/rustup-home" "-e" "CARGO_TARGET_DIR=/opt/rustwide/target" "-w" "/opt/rustwide/workdir" "--user" "0:0" "1da2fccc85bb326eacd0e6f155dc40e1efe59e1441c66344a1bda4893bf8f384" "/opt/rustwide/cargo-home/bin/cargo" "+1.99.0-beta.8" "metadata" "--no-deps" "--format-version=1", kill_on_drop: false }`
[INFO] running `Command { std: "docker" "inspect" "1da2fccc85bb326eacd0e6f155dc40e1efe59e1441c66344a1bda4893bf8f384", kill_on_drop: false }`
[INFO] running `Command { std: "docker" "exec" "-e" "SOURCE_DIR=/opt/rustwide/workdir" "-e" "CARGO_HOME=/opt/rustwide/cargo-home" "-e" "RUSTUP_HOME=/opt/rustwide/rustup-home" "-e" "CARGO_TARGET_DIR=/opt/rustwide/target" "-e" "CARGO_INCREMENTAL=0" "-e" "RUST_BACKTRACE=full" "-e" "RUSTFLAGS=--cap-lints=warn" "-e" "RUSTDOCFLAGS=--cap-lints=warn" "-w" "/opt/rustwide/workdir" "--user" "0:0" "1da2fccc85bb326eacd0e6f155dc40e1efe59e1441c66344a1bda4893bf8f384" "/opt/rustwide/cargo-home/bin/cargo" "+1.99.0-beta.8" "build" "--frozen" "--message-format=json" "--release", kill_on_drop: false }`
[INFO] [stderr]    Compiling libc v0.2.189
[INFO] [stderr]    Compiling typenum v1.20.1
[INFO] [stderr]    Compiling subtle v2.6.1
[INFO] [stderr]    Compiling regex-automata v0.4.18
[INFO] [stderr]    Compiling smallvec v1.16.1
[INFO] [stderr]    Compiling generic-array v0.14.7
[INFO] [stderr]    Compiling gix-trace v0.1.21
[INFO] [stderr]    Compiling syn v2.0.119
[INFO] [stderr]    Compiling tinyvec v1.13.3
[INFO] [stderr]    Compiling bitflags v2.13.2
[INFO] [stderr]    Compiling crc32fast v1.5.2
[INFO] [stderr]    Compiling heapless v0.8.0
[INFO] [stderr]    Compiling thiserror-impl v2.0.21
[INFO] [stderr]    Compiling hash32 v0.3.1
[INFO] [stderr]    Compiling faster-hex v0.10.1
[INFO] [stderr]    Compiling rustix v1.1.5
[INFO] [stderr]    Compiling linux-raw-sys v0.12.1
[INFO] [stderr]    Compiling hashbrown v0.17.1
[INFO] [stderr]    Compiling hashbrown v0.14.5
[INFO] [stderr]    Compiling displaydoc v0.2.7
[INFO] [stderr]    Compiling serde_derive v1.0.229
[INFO] [stderr]    Compiling jiff-core v0.1.1
[INFO] [stderr]    Compiling serde_core v1.0.229
[INFO] [stderr]    Compiling serde v1.0.229
[INFO] [stderr]    Compiling nonempty v0.12.0
[INFO] [stderr]    Compiling unicode-normalization v0.1.25
[INFO] [stderr]    Compiling unicode-bom v2.0.3
[INFO] [stderr]    Compiling tinystr v0.8.4
[INFO] [stderr]    Compiling const-oid v0.10.2
[INFO] [stderr]    Compiling unicase v2.9.0
[INFO] [stderr]    Compiling mime_guess v2.0.5
[INFO] [stderr]    Compiling memchr v2.8.3
[INFO] [stderr]    Compiling thiserror v2.0.21
[INFO] [stderr]    Compiling jiff v0.2.37
[INFO] [stderr]    Compiling hybrid-array v0.4.15
[INFO] [stderr]    Compiling cpufeatures v0.3.1
[INFO] [stderr]    Compiling unic-langid-impl v0.9.6
[INFO] [stderr]    Compiling mime v0.3.17
[INFO] [stderr]    Compiling futures-channel v0.3.34
[INFO] [stderr]    Compiling bstr v1.13.1
[INFO] [stderr]    Compiling unic-langid v0.9.6
[INFO] [stderr]    Compiling thiserror v1.0.69
[INFO] [stderr]    Compiling encoding_rs v0.8.42
[INFO] [stderr]    Compiling futures-macro v0.3.34
[INFO] [stderr]    Compiling zerocopy v0.8.58
[INFO] [stderr]    Compiling rustc-hash v2.1.3
[INFO] [stderr]    Compiling base16ct v0.2.0
[INFO] [stderr]    Compiling crypto-common v0.2.2
[INFO] [stderr]    Compiling block-buffer v0.12.1
[INFO] [stderr]    Compiling type-map v0.5.1
[INFO] [stderr]    Compiling multiversion_no_op v1.0.0
[INFO] [stderr]    Compiling core_detect v1.0.0
[INFO] [stderr]    Compiling simdutf8 v0.1.5
[INFO] [stderr]    Compiling futures-util v0.3.34
[INFO] [stderr]    Compiling fluent-syntax v0.12.0
[INFO] [stderr]    Compiling gix-validate v0.11.4
[INFO] [stderr]    Compiling gix-error v0.3.2
[INFO] [stderr]    Compiling getrandom v0.2.17
[INFO] [stderr]    Compiling getrandom v0.4.3
[INFO] [stderr]    Compiling parking_lot_core v0.9.12
[INFO] [stderr]    Compiling rand_core v0.6.4
[INFO] [stderr]    Compiling gix-utils v0.3.6
[INFO] [stderr]    Compiling gix-path v0.12.6
[INFO] [stderr]    Compiling parking_lot v0.12.5
[INFO] [stderr]    Compiling gix-quote v0.8.0
[INFO] [stderr]    Compiling dashmap v6.2.1
[INFO] [stderr]    Compiling memmap2 v0.9.11
[INFO] [stderr]    Compiling tempfile v3.27.0
[INFO] [stderr]    Compiling prodash v31.0.0
[INFO] [stderr]    Compiling gix-command v0.10.1
[INFO] [stderr]    Compiling gix-chunk v0.8.0
[INFO] [stderr]    Compiling digest v0.11.3
[INFO] [stderr]    Compiling gix-config-value v0.19.1
[INFO] [stderr]    Compiling gix-sec v0.14.2
[INFO] [stderr]    Compiling ff v0.13.1
[INFO] [stderr]    Compiling sha2 v0.11.0
[INFO] [stderr]    Compiling gix-bitmap v0.4.0
[INFO] [stderr]    Compiling filetime v0.2.29
[INFO] [stderr]    Compiling gix-packetline v0.22.2
[INFO] [stderr]    Compiling group v0.13.0
[INFO] [stderr]    Compiling self_cell v1.3.0
[INFO] [stderr]    Compiling gix-features v0.49.1
[INFO] [stderr]    Compiling gix-url v0.38.0
[INFO] [stderr]    Compiling gix-imara-diff v0.2.5
[INFO] [stderr]    Compiling intl-memoizer v0.5.3
[INFO] [stderr]    Compiling gix-fs v0.22.1
[INFO] [stderr]    Compiling gix-glob v0.27.1
[INFO] [stderr]    Compiling gix-tempfile v24.0.0
[INFO] [stderr]    Compiling futures-executor v0.3.34
[INFO] [stderr]    Compiling gix-lock v24.0.0
[INFO] [stderr]    Compiling gix-attributes v0.35.0
[INFO] [stderr]    Compiling rust-embed-utils v8.12.0
[INFO] [stderr]    Compiling gix-ignore v0.22.1
[INFO] [stderr]    Compiling toml v0.5.11
[INFO] [stderr]    Compiling basic-toml v0.1.10
[INFO] [stderr]    Compiling fluent-langneg v0.13.1
[INFO] [stderr]    Compiling intl_pluralrules v7.0.2
[INFO] [stderr]    Compiling zeroize_derive v1.5.0
[INFO] [stderr]    Compiling thiserror-impl v1.0.69
[INFO] [stderr]    Compiling gix-pathspec v0.20.0
[INFO] [stderr]    Compiling rust-embed-impl v8.12.0
[INFO] [stderr]    Compiling zeroize v1.9.0
[INFO] [stderr]    Compiling futures v0.3.34
[INFO] [stderr]    Compiling curve25519-dalek v4.1.3
[INFO] [stderr]    Compiling der v0.7.10
[INFO] [stderr]    Compiling fluent-bundle v0.16.0
[INFO] [stderr]    Compiling arc-swap v1.9.2
[INFO] [stderr]    Compiling hashbrown v0.16.1
[INFO] [stderr]    Compiling num-traits v0.2.19
[INFO] [stderr]    Compiling serde_json v1.0.151
[INFO] [stderr]    Compiling zlib-rs v0.6.8
[INFO] [stderr]    Compiling crypto-common v0.1.7
[INFO] [stderr]    Compiling block-buffer v0.10.4
[INFO] [stderr]    Compiling inout v0.1.4
[INFO] [stderr]    Compiling universal-hash v0.5.1
[INFO] [stderr]    Compiling cipher v0.4.4
[INFO] [stderr]    Compiling digest v0.10.7
[INFO] [stderr]    Compiling sec1 v0.7.3
[INFO] [stderr]    Compiling crypto-bigint v0.5.5
[INFO] [stderr]    Compiling i18n-config v0.4.8
[INFO] [stderr]    Compiling sha1 v0.10.7
[INFO] [stderr]    Compiling gix-date v0.16.0
[INFO] [stderr]    Compiling hmac v0.12.1
[INFO] [stderr]    Compiling find-crate v0.6.3
[INFO] [stderr]    Compiling polyval v0.6.2
[INFO] [stderr]    Compiling hkdf v0.12.4
[INFO] [stderr]    Compiling aead v0.5.2
[INFO] [stderr]    Compiling sha1-checked v0.10.0
[INFO] [stderr]    Compiling ghash v0.5.1
[INFO] [stderr]    Compiling sha2 v0.10.9
[INFO] [stderr]    Compiling chacha20 v0.9.1
[INFO] [stderr]    Compiling ctr v0.9.2
[INFO] [stderr]    Compiling aes v0.8.4
[INFO] [stderr]    Compiling gix-actor v0.42.0
[INFO] [stderr]    Compiling poly1305 v0.8.0
[INFO] [stderr]    Compiling gix-hash v0.26.2
[INFO] [stderr]    Compiling i18n-embed-impl v0.8.4
[INFO] [stderr]    Compiling clru v0.6.3
[INFO] [stderr]    Compiling fluent v0.17.0
[INFO] [stderr]    Compiling rust-embed v8.12.0
[INFO] [stderr]    Compiling chacha20poly1305 v0.10.1
[INFO] [stderr]    Compiling gix-hashtable v0.16.0
[INFO] [stderr]    Compiling gix-commitgraph v0.39.0
[INFO] [stderr]    Compiling aes-gcm v0.10.3
[INFO] [stderr]    Compiling curve25519-dalek-derive v0.1.1
[INFO] [stderr]    Compiling gix-object v0.64.1
[INFO] [stderr]    Compiling elliptic-curve v0.13.8
[INFO] [stderr]    Compiling proc-macro-error-attr3 v3.1.1
[INFO] [stderr]    Compiling ref-cast v1.0.27
[INFO] [stderr]    Compiling primeorder v0.13.6
[INFO] [stderr]    Compiling keccak v0.1.6
[INFO] [stderr]    Compiling nix v0.31.3
[INFO] [stderr]    Compiling sha3 v0.10.9
[INFO] [stderr]    Compiling proc-macro-error3 v3.1.1
[INFO] [stderr]    Compiling i18n-embed v0.16.0
[INFO] [stderr]    Compiling p256 v0.13.2
[INFO] [stderr]    Compiling gix-refspec v0.45.1
[INFO] [stderr]    Compiling gix-shallow v0.13.0
[INFO] [stderr]    Compiling pbkdf2 v0.12.2
[INFO] [stderr]    Compiling salsa20 v0.10.2
[INFO] [stderr]    Compiling inotify-sys v0.1.8
[INFO] [stderr]    Compiling kem v0.3.0-pre.0
[INFO] [stderr]    Compiling secrecy v0.10.3
[INFO] [stderr]    Compiling cookie-factory v0.3.3
[INFO] [stderr]    Compiling pin-project-internal v1.1.13
[INFO] [stderr]    Compiling gix-macros v0.1.6
[INFO] [stderr]    Compiling hpke v0.12.0
[INFO] [stderr]    Compiling gix-transport v0.59.2
[INFO] [stderr]    Compiling indexmap v2.14.2
[INFO] [stderr]    Compiling hybrid-array v0.2.3
[INFO] [stderr]    Compiling serde_derive_internals v0.30.0
[INFO] [stderr]    Compiling ref-cast-impl v1.0.27
[INFO] [stderr]    Compiling ppv-lite86 v0.2.21
[INFO] [stderr]    Compiling tokio-macros v2.7.2
[INFO] [stderr]    Compiling gix-zlib v0.1.0
[INFO] [stderr]    Compiling nom v8.0.0
[INFO] [stderr]    Compiling io_tee v0.1.1
[INFO] [stderr]    Compiling bech32 v0.11.1
[INFO] [stderr]    Compiling gix-revwalk v0.35.0
[INFO] [stderr]    Compiling gix-ref v0.67.1
[INFO] [stderr]    Compiling gix-filter v0.34.0
[INFO] [stderr]    Compiling rand_chacha v0.3.1
[INFO] [stderr]    Compiling gix-traverse v0.61.0
[INFO] [stderr]    Compiling gix-pack v0.74.2
[INFO] [stderr]    Compiling rand v0.8.8
[INFO] [stderr]    Compiling schemars_derive v1.2.2
[INFO] [stderr]    Compiling ml-kem v0.2.3
[INFO] [stderr]    Compiling gix-revision v0.49.1
[INFO] [stderr]    Compiling gix-index v0.55.0
[INFO] [stderr]    Compiling gix-discover v0.55.0
[INFO] [stderr]    Compiling gix-config v0.60.0
[INFO] [stderr]    Compiling gix-protocol v0.65.1
[INFO] [stderr]    Compiling gix-odb v0.84.0
[INFO] [stderr]    Compiling pin-project v1.1.13
[INFO] [stderr]    Compiling tokio v1.53.1
[INFO] [stderr]    Compiling x25519-dalek v2.0.1
[INFO] [stderr]    Compiling i18n-embed-fl v0.10.1
[INFO] [stderr]    Compiling chrono v0.4.45
[INFO] [stderr]    Compiling scrypt v0.11.0
[INFO] [stderr]    Compiling gix-worktree v0.56.0
[INFO] [stderr]    Compiling inotify v0.11.5
[INFO] [stderr]    Compiling gix-diff v0.67.1
[INFO] [stderr]    Compiling gix-dir v0.29.1
[INFO] [stderr]    Compiling age-core v0.12.0
[INFO] [stderr]    Compiling gix-submodule v0.34.0
[INFO] [stderr]    Compiling mio v1.2.3
[INFO] [stderr]    Compiling tracing-attributes v0.1.31
[INFO] [stderr]    Compiling notify-types v2.1.0
[INFO] [stderr]    Compiling rmcp v3.4.1
[INFO] [stderr]    Compiling unsafe-libyaml-norway v0.2.15
[INFO] [stderr]    Compiling gix-blame v0.17.1
[INFO] [stderr]    Compiling gix-status v0.34.1
[INFO] [stderr]    Compiling tracing v0.1.44
[INFO] [stderr]    Compiling notify v8.2.0
[INFO] [stderr]    Compiling age v0.12.1
[INFO] [stderr]    Compiling schemars v1.2.2
[INFO] [stderr]    Compiling gix v0.87.1
[INFO] [stderr]    Compiling serde_norway v0.9.42
[INFO] [stderr]    Compiling rmcp-macros v3.4.1
[INFO] [stderr]    Compiling gethostname v1.1.0
[INFO] [stderr]    Compiling uuid v1.26.1
[INFO] [stderr]    Compiling pastey v0.2.3
[INFO] [stderr]    Compiling tokio-util v0.7.19
[INFO] [stderr]    Compiling den-core v0.1.0
[INFO] [stderr]    Compiling den-mcp v0.1.0 (/opt/rustwide/workdir)
[INFO] [stderr]     Finished `release` profile [optimized] target(s) in 3m 11s
[INFO] running `Command { std: "docker" "inspect" "1da2fccc85bb326eacd0e6f155dc40e1efe59e1441c66344a1bda4893bf8f384", kill_on_drop: false }`
[INFO] running `Command { std: "docker" "exec" "-e" "SOURCE_DIR=/opt/rustwide/workdir" "-e" "CARGO_HOME=/opt/rustwide/cargo-home" "-e" "RUSTUP_HOME=/opt/rustwide/rustup-home" "-e" "CARGO_TARGET_DIR=/opt/rustwide/target" "-e" "CARGO_INCREMENTAL=0" "-e" "RUST_BACKTRACE=full" "-e" "RUSTFLAGS=--cap-lints=warn" "-e" "RUSTDOCFLAGS=--cap-lints=warn" "-w" "/opt/rustwide/workdir" "--user" "0:0" "1da2fccc85bb326eacd0e6f155dc40e1efe59e1441c66344a1bda4893bf8f384" "/opt/rustwide/cargo-home/bin/cargo" "+1.99.0-beta.8" "test" "--frozen" "--no-run" "--message-format=json" "--release", kill_on_drop: false }`
[INFO] [stderr]    Compiling den-mcp v0.1.0 (/opt/rustwide/workdir)
[INFO] [stderr]     Finished `release` profile [optimized] target(s) in 2.78s
[INFO] running `Command { std: "docker" "inspect" "1da2fccc85bb326eacd0e6f155dc40e1efe59e1441c66344a1bda4893bf8f384", kill_on_drop: false }`
[INFO] running `Command { std: "docker" "exec" "-e" "SOURCE_DIR=/opt/rustwide/workdir" "-e" "CARGO_HOME=/opt/rustwide/cargo-home" "-e" "RUSTUP_HOME=/opt/rustwide/rustup-home" "-e" "CARGO_TARGET_DIR=/opt/rustwide/target" "-e" "CARGO_INCREMENTAL=0" "-e" "RUST_BACKTRACE=full" "-e" "RUSTFLAGS=--cap-lints=warn" "-e" "RUSTDOCFLAGS=--cap-lints=warn" "-w" "/opt/rustwide/workdir" "--user" "0:0" "1da2fccc85bb326eacd0e6f155dc40e1efe59e1441c66344a1bda4893bf8f384" "/opt/rustwide/cargo-home/bin/cargo" "+1.99.0-beta.8" "test" "--frozen" "--release", kill_on_drop: false }`
[INFO] [stderr]     Finished `release` profile [optimized] target(s) in 0.31s
[INFO] [stderr]      Running unittests src/main.rs (/opt/rustwide/target/release/deps/den_mcp-6e6dec2d037f3558)
[INFO] [stdout] 
[INFO] [stdout] running 2 tests
[INFO] [stdout] test tests::sections_and_dates_are_checked ... ok
[INFO] [stderr]      Running tests/mcp.rs (/opt/rustwide/target/release/deps/mcp-5863d7e0db956b76)
[INFO] [stdout] test tests::the_instructions_carry_the_nudge_notice ... ok
[INFO] [stdout] 
[INFO] [stdout] test result: ok. 2 passed; 0 failed; 0 ignored; 0 measured; 0 filtered out; finished in 0.00s
[INFO] [stdout] 
[INFO] [stdout] 
[INFO] [stdout] running 5 tests
[INFO] [stdout] test files_being_edited_in_neovim_are_left_alone ... FAILED
[INFO] [stdout] test writes_go_through_the_engine_and_stale_ones_are_refused ... FAILED
[INFO] [stdout] test the_tools_are_den_actions_and_none_switches_nudges_off ... FAILED
[INFO] [stdout] test locked_notes_and_paths_outside_the_vault_stay_closed ... FAILED
[INFO] [stdout] test reading_projects_tasks_notes_and_search ... FAILED
[INFO] [stdout] 
[INFO] [stdout] failures:
[INFO] [stdout] 
[INFO] [stdout] ---- files_being_edited_in_neovim_are_left_alone stdout ----
[INFO] [stdout] 
[INFO] [stdout] thread 'files_being_edited_in_neovim_are_left_alone' (4292) panicked at tests/mcp.rs:14:42:
[INFO] [stdout] called `Result::unwrap()` on an `Err` value: Os { code: 2, kind: NotFound, message: "No such file or directory" }
[INFO] [stdout] stack backtrace:
[INFO] [stdout]    0:     0x58469a7d9911 - <<std[70759c8f55707aa4]::sys::backtrace::BacktraceLock>::print::DisplayBacktrace as core[df12db4294e9bfd3]::fmt::Display>::fmt
[INFO] [stdout]    1:     0x58469a7eea2a - core[df12db4294e9bfd3]::fmt::write
[INFO] [stdout]    2:     0x58469a7de0ec - <alloc[2182bb758b4b3781]::vec::Vec<u8> as core[df12db4294e9bfd3]::io::write::Write>::write_fmt
[INFO] [stdout]    3:     0x58469a7b2f46 - std[70759c8f55707aa4]::panicking::default_hook::{closure#0}
[INFO] [stdout]    4:     0x58469a7d0459 - std[70759c8f55707aa4]::panicking::default_hook
[INFO] [stdout]    5:     0x58469a763c90 - test[9d35eded1c95d3be]::test_main_inner::<test[9d35eded1c95d3be]::test_main_static::{closure#0}>::{closure#0}
[INFO] [stdout]    6:     0x58469a7d0612 - std[70759c8f55707aa4]::panicking::panic_with_hook
[INFO] [stdout]    7:     0x58469a7b2ff2 - std[70759c8f55707aa4]::panicking::panic_handler::{closure#0}
[INFO] [stdout]    8:     0x58469a7aba29 - std[70759c8f55707aa4]::sys::backtrace::__rust_end_short_backtrace::<std[70759c8f55707aa4]::panicking::panic_handler::{closure#0}, !>
[INFO] [stdout]    9:     0x58469a7b3bed - __rustc[8fa7c3cbc660c2b3]::rust_begin_unwind
[INFO] [stdout]   10:     0x58469a7ef15c - core[df12db4294e9bfd3]::panicking::panic_fmt
[INFO] [stdout]   11:     0x58469a7eef32 - core[df12db4294e9bfd3]::result::unwrap_failed
[INFO] [stdout]   12:     0x58469a746001 - mcp[5e533bdf36f70da]::copy_dir
[INFO] [stdout]   13:     0x58469a746c1e - <mcp[5e533bdf36f70da]::Server>::start
[INFO] [stdout]   14:     0x58469a749471 - <mcp[5e533bdf36f70da]::files_being_edited_in_neovim_are_left_alone::{closure#0} as core[df12db4294e9bfd3]::ops::function::FnOnce<()>>::call_once
[INFO] [stdout]   15:     0x58469a756f7b - test[9d35eded1c95d3be]::__rust_begin_short_backtrace::<core[df12db4294e9bfd3]::result::Result<(), alloc[2182bb758b4b3781]::string::String>, fn() -> core[df12db4294e9bfd3]::result::Result<(), alloc[2182bb758b4b3781]::string::String>>
[INFO] [stdout]   16:     0x58469a7645e5 - test[9d35eded1c95d3be]::run_test::{closure#0}
[INFO] [stdout]   17:     0x58469a75dea4 - std[70759c8f55707aa4]::sys::backtrace::__rust_begin_short_backtrace::<test[9d35eded1c95d3be]::run_test::{closure#1}, ()>
[INFO] [stdout]   18:     0x58469a767742 - <std[70759c8f55707aa4]::thread::lifecycle::spawn_unchecked<test[9d35eded1c95d3be]::run_test::{closure#1}, ()>::{closure#1} as core[df12db4294e9bfd3]::ops::function::FnOnce<()>>::call_once::{shim:vtable#0}
[INFO] [stdout]   19:     0x58469a7d8bc9 - <std[70759c8f55707aa4]::sys::thread::unix::Thread>::new::thread_start
[INFO] [stdout]   20:     0x7c87d9d4bdfa - <unknown>
[INFO] [stdout]   21:     0x7c87d9ddf3d4 - clone
[INFO] [stdout]   22:                0x0 - <unknown>
[INFO] [stdout] 
[INFO] [stdout] ---- writes_go_through_the_engine_and_stale_ones_are_refused stdout ----
[INFO] [stdout] 
[INFO] [stdout] thread 'writes_go_through_the_engine_and_stale_ones_are_refused' (4296) panicked at tests/mcp.rs:14:42:
[INFO] [stdout] called `Result::unwrap()` on an `Err` value: Os { code: 2, kind: NotFound, message: "No such file or directory" }
[INFO] [stdout] stack backtrace:
[INFO] [stdout]    0:     0x58469a7d9911 - <<std[70759c8f55707aa4]::sys::backtrace::BacktraceLock>::print::DisplayBacktrace as core[df12db4294e9bfd3]::fmt::Display>::fmt
[INFO] [stdout]    1:     0x58469a7eea2a - core[df12db4294e9bfd3]::fmt::write
[INFO] [stdout]    2:     0x58469a7de0ec - <alloc[2182bb758b4b3781]::vec::Vec<u8> as core[df12db4294e9bfd3]::io::write::Write>::write_fmt
[INFO] [stdout]    3:     0x58469a7b2f46 - std[70759c8f55707aa4]::panicking::default_hook::{closure#0}
[INFO] [stdout]    4:     0x58469a7d0459 - std[70759c8f55707aa4]::panicking::default_hook
[INFO] [stdout]    5:     0x58469a763c90 - test[9d35eded1c95d3be]::test_main_inner::<test[9d35eded1c95d3be]::test_main_static::{closure#0}>::{closure#0}
[INFO] [stdout]    6:     0x58469a7d0612 - std[70759c8f55707aa4]::panicking::panic_with_hook
[INFO] [stdout]    7:     0x58469a7b2ff2 - std[70759c8f55707aa4]::panicking::panic_handler::{closure#0}
[INFO] [stdout]    8:     0x58469a7aba29 - std[70759c8f55707aa4]::sys::backtrace::__rust_end_short_backtrace::<std[70759c8f55707aa4]::panicking::panic_handler::{closure#0}, !>
[INFO] [stdout]    9:     0x58469a7b3bed - __rustc[8fa7c3cbc660c2b3]::rust_begin_unwind
[INFO] [stdout]   10:     0x58469a7ef15c - core[df12db4294e9bfd3]::panicking::panic_fmt
[INFO] [stdout]   11:     0x58469a7eef32 - core[df12db4294e9bfd3]::result::unwrap_failed
[INFO] [stdout]   12:     0x58469a746001 - mcp[5e533bdf36f70da]::copy_dir
[INFO] [stdout]   13:     0x58469a746c1e - <mcp[5e533bdf36f70da]::Server>::start
[INFO] [stdout]   14:     0x58469a74abb1 - <mcp[5e533bdf36f70da]::writes_go_through_the_engine_and_stale_ones_are_refused::{closure#0} as core[df12db4294e9bfd3]::ops::function::FnOnce<()>>::call_once
[INFO] [stdout]   15:     0x58469a756f7b - test[9d35eded1c95d3be]::__rust_begin_short_backtrace::<core[df12db4294e9bfd3]::result::Result<(), alloc[2182bb758b4b3781]::string::String>, fn() -> core[df12db4294e9bfd3]::result::Result<(), alloc[2182bb758b4b3781]::string::String>>
[INFO] [stdout]   16:     0x58469a7645e5 - test[9d35eded1c95d3be]::run_test::{closure#0}
[INFO] [stdout]   17:     0x58469a75dea4 - std[70759c8f55707aa4]::sys::backtrace::__rust_begin_short_backtrace::<test[9d35eded1c95d3be]::run_test::{closure#1}, ()>
[INFO] [stdout]   18:     0x58469a767742 - <std[70759c8f55707aa4]::thread::lifecycle::spawn_unchecked<test[9d35eded1c95d3be]::run_test::{closure#1}, ()>::{closure#1} as core[df12db4294e9bfd3]::ops::function::FnOnce<()>>::call_once::{shim:vtable#0}
[INFO] [stdout]   19:     0x58469a7d8bc9 - <std[70759c8f55707aa4]::sys::thread::unix::Thread>::new::thread_start
[INFO] [stdout]   20:     0x7c87d9d4bdfa - <unknown>
[INFO] [stdout]   21:     0x7c87d9ddf3d4 - clone
[INFO] [stdout]   22:                0x0 - <unknown>
[INFO] [stdout] 
[INFO] [stdout] ---- the_tools_are_den_actions_and_none_switches_nudges_off stdout ----
[INFO] [stdout] 
[INFO] [stdout] thread 'the_tools_are_den_actions_and_none_switches_nudges_off' (4295) panicked at tests/mcp.rs:14:42:
[INFO] [stdout] called `Result::unwrap()` on an `Err` value: Os { code: 2, kind: NotFound, message: "No such file or directory" }
[INFO] [stdout] stack backtrace:
[INFO] [stdout]    0:     0x58469a7d9911 - <<std[70759c8f55707aa4]::sys::backtrace::BacktraceLock>::print::DisplayBacktrace as core[df12db4294e9bfd3]::fmt::Display>::fmt
[INFO] [stdout]    1:     0x58469a7eea2a - core[df12db4294e9bfd3]::fmt::write
[INFO] [stdout]    2:     0x58469a7de0ec - <alloc[2182bb758b4b3781]::vec::Vec<u8> as core[df12db4294e9bfd3]::io::write::Write>::write_fmt
[INFO] [stdout]    3:     0x58469a7b2f46 - std[70759c8f55707aa4]::panicking::default_hook::{closure#0}
[INFO] [stdout]    4:     0x58469a7d0459 - std[70759c8f55707aa4]::panicking::default_hook
[INFO] [stdout]    5:     0x58469a763c90 - test[9d35eded1c95d3be]::test_main_inner::<test[9d35eded1c95d3be]::test_main_static::{closure#0}>::{closure#0}
[INFO] [stdout]    6:     0x58469a7d0612 - std[70759c8f55707aa4]::panicking::panic_with_hook
[INFO] [stdout]    7:     0x58469a7b2ff2 - std[70759c8f55707aa4]::panicking::panic_handler::{closure#0}
[INFO] [stdout]    8:     0x58469a7aba29 - std[70759c8f55707aa4]::sys::backtrace::__rust_end_short_backtrace::<std[70759c8f55707aa4]::panicking::panic_handler::{closure#0}, !>
[INFO] [stdout]    9:     0x58469a7b3bed - __rustc[8fa7c3cbc660c2b3]::rust_begin_unwind
[INFO] [stdout]   10:     0x58469a7ef15c - core[df12db4294e9bfd3]::panicking::panic_fmt
[INFO] [stdout]   11:     0x58469a7eef32 - core[df12db4294e9bfd3]::result::unwrap_failed
[INFO] [stdout]   12:     0x58469a746001 - mcp[5e533bdf36f70da]::copy_dir
[INFO] [stdout]   13:     0x58469a746c1e - <mcp[5e533bdf36f70da]::Server>::start
[INFO] [stdout]   14:     0x58469a74a4a6 - <mcp[5e533bdf36f70da]::the_tools_are_den_actions_and_none_switches_nudges_off::{closure#0} as core[df12db4294e9bfd3]::ops::function::FnOnce<()>>::call_once
[INFO] [stdout]   15:     0x58469a756f7b - test[9d35eded1c95d3be]::__rust_begin_short_backtrace::<core[df12db4294e9bfd3]::result::Result<(), alloc[2182bb758b4b3781]::string::String>, fn() -> core[df12db4294e9bfd3]::result::Result<(), alloc[2182bb758b4b3781]::string::String>>
[INFO] [stdout]   16:     0x58469a7645e5 - test[9d35eded1c95d3be]::run_test::{closure#0}
[INFO] [stdout]   17:     0x58469a75dea4 - std[70759c8f55707aa4]::sys::backtrace::__rust_begin_short_backtrace::<test[9d35eded1c95d3be]::run_test::{closure#1}, ()>
[INFO] [stdout]   18:     0x58469a767742 - <std[70759c8f55707aa4]::thread::lifecycle::spawn_unchecked<test[9d35eded1c95d3be]::run_test::{closure#1}, ()>::{closure#1} as core[df12db4294e9bfd3]::ops::function::FnOnce<()>>::call_once::{shim:vtable#0}
[INFO] [stdout]   19:     0x58469a7d8bc9 - <std[70759c8f55707aa4]::sys::thread::unix::Thread>::new::thread_start
[INFO] [stdout]   20:     0x7c87d9d4bdfa - <unknown>
[INFO] [stdout]   21:     0x7c87d9ddf3d4 - clone
[INFO] [stdout]   22:                0x0 - <unknown>
[INFO] [stdout] 
[INFO] [stdout] ---- locked_notes_and_paths_outside_the_vault_stay_closed stdout ----
[INFO] [stdout] 
[INFO] [stdout] thread 'locked_notes_and_paths_outside_the_vault_stay_closed' (4293) panicked at tests/mcp.rs:14:42:
[INFO] [stdout] called `Result::unwrap()` on an `Err` value: Os { code: 2, kind: NotFound, message: "No such file or directory" }
[INFO] [stdout] stack backtrace:
[INFO] [stdout]    0:     0x58469a7d9911 - <<std[70759c8f55707aa4]::sys::backtrace::BacktraceLock>::print::DisplayBacktrace as core[df12db4294e9bfd3]::fmt::Display>::fmt
[INFO] [stdout]    1:     0x58469a7eea2a - core[df12db4294e9bfd3]::fmt::write
[INFO] [stdout]    2:     0x58469a7de0ec - <alloc[2182bb758b4b3781]::vec::Vec<u8> as core[df12db4294e9bfd3]::io::write::Write>::write_fmt
[INFO] [stdout]    3:     0x58469a7b2f46 - std[70759c8f55707aa4]::panicking::default_hook::{closure#0}
[INFO] [stdout]    4:     0x58469a7d0459 - std[70759c8f55707aa4]::panicking::default_hook
[INFO] [stdout]    5:     0x58469a763c90 - test[9d35eded1c95d3be]::test_main_inner::<test[9d35eded1c95d3be]::test_main_static::{closure#0}>::{closure#0}
[INFO] [stdout]    6:     0x58469a7d0612 - std[70759c8f55707aa4]::panicking::panic_with_hook
[INFO] [stdout]    7:     0x58469a7b2ff2 - std[70759c8f55707aa4]::panicking::panic_handler::{closure#0}
[INFO] [stdout]    8:     0x58469a7aba29 - std[70759c8f55707aa4]::sys::backtrace::__rust_end_short_backtrace::<std[70759c8f55707aa4]::panicking::panic_handler::{closure#0}, !>
[INFO] [stdout]    9:     0x58469a7b3bed - __rustc[8fa7c3cbc660c2b3]::rust_begin_unwind
[INFO] [stdout]   10:     0x58469a7ef15c - core[df12db4294e9bfd3]::panicking::panic_fmt
[INFO] [stdout]   11:     0x58469a7eef32 - core[df12db4294e9bfd3]::result::unwrap_failed
[INFO] [stdout]   12:     0x58469a746001 - mcp[5e533bdf36f70da]::copy_dir
[INFO] [stdout]   13:     0x58469a746c1e - <mcp[5e533bdf36f70da]::Server>::start
[INFO] [stdout]   14:     0x58469a749c6e - <mcp[5e533bdf36f70da]::locked_notes_and_paths_outside_the_vault_stay_closed::{closure#0} as core[df12db4294e9bfd3]::ops::function::FnOnce<()>>::call_once
[INFO] [stdout]   15:     0x58469a756f7b - test[9d35eded1c95d3be]::__rust_begin_short_backtrace::<core[df12db4294e9bfd3]::result::Result<(), alloc[2182bb758b4b3781]::string::String>, fn() -> core[df12db4294e9bfd3]::result::Result<(), alloc[2182bb758b4b3781]::string::String>>
[INFO] [stdout]   16:     0x58469a7645e5 - test[9d35eded1c95d3be]::run_test::{closure#0}
[INFO] [stdout]   17:     0x58469a75dea4 - std[70759c8f55707aa4]::sys::backtrace::__rust_begin_short_backtrace::<test[9d35eded1c95d3be]::run_test::{closure#1}, ()>
[INFO] [stdout]   18:     0x58469a767742 - <std[70759c8f55707aa4]::thread::lifecycle::spawn_unchecked<test[9d35eded1c95d3be]::run_test::{closure#1}, ()>::{closure#1} as core[df12db4294e9bfd3]::ops::function::FnOnce<()>>::call_once::{shim:vtable#0}
[INFO] [stdout]   19:     0x58469a7d8bc9 - <std[70759c8f55707aa4]::sys::thread::unix::Thread>::new::thread_start
[INFO] [stdout]   20:     0x7c87d9d4bdfa - <unknown>
[INFO] [stdout]   21:     0x7c87d9ddf3d4 - clone
[INFO] [stdout]   22:                0x0 - <unknown>
[INFO] [stdout] 
[INFO] [stdout] ---- reading_projects_tasks_notes_and_search stdout ----
[INFO] [stdout] 
[INFO] [stdout] thread 'reading_projects_tasks_notes_and_search' (4294) panicked at tests/mcp.rs:14:42:
[INFO] [stdout] called `Result::unwrap()` on an `Err` value: Os { code: 2, kind: NotFound, message: "No such file or directory" }
[INFO] [stdout] stack backtrace:
[INFO] [stdout]    0:     0x58469a7d9911 - <<std[70759c8f55707aa4]::sys::backtrace::BacktraceLock>::print::DisplayBacktrace as core[df12db4294e9bfd3]::fmt::Display>::fmt
[INFO] [stdout]    1:     0x58469a7eea2a - core[df12db4294e9bfd3]::fmt::write
[INFO] [stdout]    2:     0x58469a7de0ec - <alloc[2182bb758b4b3781]::vec::Vec<u8> as core[df12db4294e9bfd3]::io::write::Write>::write_fmt
[INFO] [stdout]    3:     0x58469a7b2f46 - std[70759c8f55707aa4]::panicking::default_hook::{closure#0}
[INFO] [stdout]    4:     0x58469a7d0459 - std[70759c8f55707aa4]::panicking::default_hook
[INFO] [stdout]    5:     0x58469a763c90 - test[9d35eded1c95d3be]::test_main_inner::<test[9d35eded1c95d3be]::test_main_static::{closure#0}>::{closure#0}
[INFO] [stdout]    6:     0x58469a7d0612 - std[70759c8f55707aa4]::panicking::panic_with_hook
[INFO] [stdout]    7:     0x58469a7b2ff2 - std[70759c8f55707aa4]::panicking::panic_handler::{closure#0}
[INFO] [stdout]    8:     0x58469a7aba29 - std[70759c8f55707aa4]::sys::backtrace::__rust_end_short_backtrace::<std[70759c8f55707aa4]::panicking::panic_handler::{closure#0}, !>
[INFO] [stdout]    9:     0x58469a7b3bed - __rustc[8fa7c3cbc660c2b3]::rust_begin_unwind
[INFO] [stdout]   10:     0x58469a7ef15c - core[df12db4294e9bfd3]::panicking::panic_fmt
[INFO] [stdout]   11:     0x58469a7eef32 - core[df12db4294e9bfd3]::result::unwrap_failed
[INFO] [stdout]   12:     0x58469a746001 - mcp[5e533bdf36f70da]::copy_dir
[INFO] [stdout]   13:     0x58469a746c1e - <mcp[5e533bdf36f70da]::Server>::start
[INFO] [stdout]   14:     0x58469a748ba9 - <mcp[5e533bdf36f70da]::reading_projects_tasks_notes_and_search::{closure#0} as core[df12db4294e9bfd3]::ops::function::FnOnce<()>>::call_once
[INFO] [stdout]   15:     0x58469a756f7b - test[9d35eded1c95d3be]::__rust_begin_short_backtrace::<core[df12db4294e9bfd3]::result::Result<(), alloc[2182bb758b4b3781]::string::String>, fn() -> core[df12db4294e9bfd3]::result::Result<(), alloc[2182bb758b4b3781]::string::String>>
[INFO] [stdout]   16:     0x58469a7645e5 - test[9d35eded1c95d3be]::run_test::{closure#0}
[INFO] [stdout]   17:     0x58469a75dea4 - std[70759c8f55707aa4]::sys::backtrace::__rust_begin_short_backtrace::<test[9d35eded1c95d3be]::run_test::{closure#1}, ()>
[INFO] [stdout]   18:     0x58469a767742 - <std[70759c8f55707aa4]::thread::lifecycle::spawn_unchecked<test[9d35eded1c95d3be]::run_test::{closure#1}, ()>::{closure#1} as core[df12db4294e9bfd3]::ops::function::FnOnce<()>>::call_once::{shim:vtable#0}
[INFO] [stdout]   19:     0x58469a7d8bc9 - <std[70759c8f55707aa4]::sys::thread::unix::Thread>::new::thread_start
[INFO] [stdout]   20:     0x7c87d9d4bdfa - <unknown>
[INFO] [stdout]   21:     0x7c87d9ddf3d4 - clone
[INFO] [stdout]   22:                0x0 - <unknown>
[INFO] [stdout] 
[INFO] [stderr] error: test failed, to rerun pass `--test mcp`
[INFO] [stdout] 
[INFO] [stdout] failures:
[INFO] [stdout]     files_being_edited_in_neovim_are_left_alone
[INFO] [stdout]     locked_notes_and_paths_outside_the_vault_stay_closed
[INFO] [stdout]     reading_projects_tasks_notes_and_search
[INFO] [stdout]     the_tools_are_den_actions_and_none_switches_nudges_off
[INFO] [stdout]     writes_go_through_the_engine_and_stale_ones_are_refused
[INFO] [stdout] 
[INFO] [stdout] test result: FAILED. 0 passed; 5 failed; 0 ignored; 0 measured; 0 filtered out; finished in 0.01s
[INFO] [stdout] 
[INFO] running `Command { std: "docker" "inspect" "1da2fccc85bb326eacd0e6f155dc40e1efe59e1441c66344a1bda4893bf8f384", kill_on_drop: false }`
[INFO] running `Command { std: "docker" "rm" "-f" "1da2fccc85bb326eacd0e6f155dc40e1efe59e1441c66344a1bda4893bf8f384", kill_on_drop: false }`
[INFO] [stdout] 1da2fccc85bb326eacd0e6f155dc40e1efe59e1441c66344a1bda4893bf8f384
